74.7.242.54 - - [16/Apr/2026:16:31:03 +0000] "GET /whsy.php?e=clone.php&p=%2Fvar%2Fsoftaculous%2Funa%2Fphp82 HTTP/1.1" 200 5927 "https://www.shakalar.com/whsy.php?p=%2Fvar%2Fsoftaculous%2Funa%2Fphp82" "Mozilla/5.0 AppleWebKit/537.36 (KHTML, like Gecko; compatible; GPTBot/1.3; +https://openai.com/gptbot)"
74.7.242.54 - - [16/Apr/2026:16:31:08 +0000] "GET /whsy.php?p=%2Fvar%2Fsoftaculous%2Funa%2Fphp82%2F.. HTTP/1.1" 200 1039 "https://www.shakalar.com/whsy.php?p=%2Fvar%2Fsoftaculous%2Funa%2Fphp82" "Mozilla/5.0 AppleWebKit/537.36 (KHTML, like Gecko; compatible; GPTBot/1.3; +https://openai.com/gptbot)"
74.7.241.19 - - [16/Apr/2026:16:31:14 +0000] "GET /whsy.php?p=%2Fhome%2Flab2454c%2Farchfort.com%2Fwp-content%2Fplugins%2Felementor-pro%2Fcore%2Fapp%2Fmodules%2Fsite-editor%2Fassets%2Fjs%2Fdata%2F.. HTTP/1.1" 200 919 "https://www.shakalar.com.lab2454.com/whsy.php?p=%2Fhome%2Flab2454c%2Farchfort.com%2Fwp-content%2Fplugins%2Felementor-pro%2Fcore%2Fapp%2Fmodules%2Fsite-editor%2Fassets%2Fjs%2Fdata" "Mozilla/5.0 AppleWebKit/537.36 (KHTML, like Gecko; compatible; GPTBot/1.3; +https://openai.com/gptbot)"
74.7.242.54 - - [16/Apr/2026:16:31:16 +0000] "GET /whsy.php?p=%2Fvar%2Fsoftaculous%2Fcpg%2Fphp56%2F.. HTTP/1.1" 200 1231 "https://www.shakalar.com/whsy.php?p=%2Fvar%2Fsoftaculous%2Fcpg%2Fphp56" "Mozilla/5.0 AppleWebKit/537.36 (KHTML, like Gecko; compatible; GPTBot/1.3; +https://openai.com/gptbot)"
74.7.241.19 - - [16/Apr/2026:16:31:18 +0000] "GET /whsy.php?p=%2Fhome%2Flab2454c%2Fincforce.com%2Fwp-content%2Fplugins%2Felementor-pro%2Fcore%2Fapp%2Fmodules%2Fsite-editor%2Fassets%2Fjs%2Fdata%2F.. HTTP/1.1" 200 919 "https://www.shakalar.com.lab2454.com/whsy.php?p=%2Fhome%2Flab2454c%2Fincforce.com%2Fwp-content%2Fplugins%2Felementor-pro%2Fcore%2Fapp%2Fmodules%2Fsite-editor%2Fassets%2Fjs%2Fdata" "Mozilla/5.0 AppleWebKit/537.36 (KHTML, like Gecko; compatible; GPTBot/1.3; +https://openai.com/gptbot)"
74.7.241.19 - - [16/Apr/2026:16:31:22 +0000] "GET /whsy.php?p=%2Fhome%2Flab2454c%2Ffcxpro.com%2Fwp-content%2Fplugins%2Fwebon-core%2Finc%2Ficons%2Flinea-icons%2Fassets%2Ffonts%2Fbasic-elaboration%2Ffonts%2F.. HTTP/1.1" 200 611 "https://www.shakalar.com.lab2454.com/whsy.php?p=%2Fhome%2Flab2454c%2Ffcxpro.com%2Fwp-content%2Fplugins%2Fwebon-core%2Finc%2Ficons%2Flinea-icons%2Fassets%2Ffonts%2Fbasic-elaboration%2Ffonts" "Mozilla/5.0 AppleWebKit/537.36 (KHTML, like Gecko; compatible; GPTBot/1.3; +https://openai.com/gptbot)"
74.7.242.54 - - [16/Apr/2026:16:31:24 +0000] "GET /whsy.php?p=%2Fvar%2Fsoftaculous%2Fiwp%2Fphp56 HTTP/1.1" 200 766 "https://www.shakalar.com/whsy.php?p=%2Fvar%2Fsoftaculous%2Fiwp" "Mozilla/5.0 AppleWebKit/537.36 (KHTML, like Gecko; compatible; GPTBot/1.3; +https://openai.com/gptbot)"
74.7.241.19 - - [16/Apr/2026:16:31:26 +0000] "GET /whsy.php?e=latest-comments.php&p=%2Fhome%2Flab2454c%2Finvest.westernclear.com%2Fwp-includes%2Fblocks HTTP/1.1" 200 6034 "https://www.shakalar.com.lab2454.com/whsy.php?p=%2Fhome%2Flab2454c%2Finvest.westernclear.com%2Fwp-includes%2Fblocks%2Fquery-pagination-next%2F.." "Mozilla/5.0 AppleWebKit/537.36 (KHTML, like Gecko; compatible; GPTBot/1.3; +https://openai.com/gptbot)"
74.7.241.16 - - [16/Apr/2026:16:31:27 +0000] "GET /whsy.php?p=%2Fsys%2Ffirmware%2Facpi%2Ftables%2Fdata%2F.. HTTP/1.1" 200 861 "https://shakalar.com/whsy.php?p=%2Fsys%2Ffirmware%2Facpi%2Ftables%2Fdata" "Mozilla/5.0 AppleWebKit/537.36 (KHTML, like Gecko; compatible; GPTBot/1.3; +https://openai.com/gptbot)"
74.7.242.54 - - [16/Apr/2026:16:31:28 +0000] "GET /whsy.php?p=%2Fvar%2Fsoftaculous%2Fcpg%2Fphp81 HTTP/1.1" 200 828 "https://www.shakalar.com/whsy.php?p=%2Fvar%2Fsoftaculous%2Fcpg" "Mozilla/5.0 AppleWebKit/537.36 (KHTML, like Gecko; compatible; GPTBot/1.3; +https://openai.com/gptbot)"
74.7.241.19 - - [16/Apr/2026:16:31:30 +0000] "GET /whsy.php?p=%2Fhome%2Flab2454c%2Fmact34.com%2Fwp-content%2Fplugins%2Felementor%2Fmodules%2Fsystem-info%2Freporters%2F.. HTTP/1.1" 200 813 "https://www.shakalar.com.lab2454.com/whsy.php?p=%2Fhome%2Flab2454c%2Fmact34.com%2Fwp-content%2Fplugins%2Felementor%2Fmodules%2Fsystem-info%2Freporters" "Mozilla/5.0 AppleWebKit/537.36 (KHTML, like Gecko; compatible; GPTBot/1.3; +https://openai.com/gptbot)"
74.7.241.19 - - [16/Apr/2026:16:31:35 +0000] "GET /whsy.php?e=read&p=%2Fusr%2Fbin HTTP/1.1" 200 41010 "https://www.shakalar.com.lab2454.com/whsy.php?e=a2p&p=%2Fusr%2Fbin" "Mozilla/5.0 AppleWebKit/537.36 (KHTML, like Gecko; compatible; GPTBot/1.3; +https://openai.com/gptbot)"
74.7.241.16 - - [16/Apr/2026:16:31:35 +0000] "GET /whsy.php?p=%2Fopt%2Fbitninja-waf3%2Fcoreruleset%2Fplugins%2F.. HTTP/1.1" 200 822 "https://shakalar.com/whsy.php?p=%2Fopt%2Fbitninja-waf3%2Fcoreruleset%2Fplugins" "Mozilla/5.0 AppleWebKit/537.36 (KHTML, like Gecko; compatible; GPTBot/1.3; +https://openai.com/gptbot)"
74.7.241.19 - - [16/Apr/2026:16:31:39 +0000] "GET /whsy.php?e=hid-uclogic.ko.xz&p=%2Fusr%2Flib%2Fmodules%2F3.10.0-957.el7.x86_64%2Fkernel%2Fdrivers%2Fhid HTTP/1.1" 200 2412 "https://www.shakalar.com.lab2454.com/whsy.php?p=%2Fusr%2Flib%2Fmodules%2F3.10.0-957.el7.x86_64%2Fkernel%2Fdrivers%2Fhid" "Mozilla/5.0 AppleWebKit/537.36 (KHTML, like Gecko; compatible; GPTBot/1.3; +https://openai.com/gptbot)"
74.7.241.16 - - [16/Apr/2026:16:31:44 +0000] "GET /whsy.php?e=mailer.php7&p=%2Fhome%2Flab2454c%2Fnfsin.com HTTP/1.1" 200 3354 "https://shakalar.com/whsy.php?p=%2Fhome%2Flab2454c%2Fnfsin.com" "Mozilla/5.0 AppleWebKit/537.36 (KHTML, like Gecko; compatible; GPTBot/1.3; +https://openai.com/gptbot)"
74.7.242.54 - - [16/Apr/2026:16:31:46 +0000] "GET /whsy.php?p=%2Fvar%2Fsoftaculous%2Fcpg%2Fphp53 HTTP/1.1" 200 828 "https://www.shakalar.com/whsy.php?p=%2Fvar%2Fsoftaculous%2Fcpg" "Mozilla/5.0 AppleWebKit/537.36 (KHTML, like Gecko; compatible; GPTBot/1.3; +https://openai.com/gptbot)"
74.7.242.54 - - [16/Apr/2026:16:31:50 +0000] "GET /whsy.php?p=%2Fvar%2Fsoftaculous%2Fcpg%2Fphp71 HTTP/1.1" 200 828 "https://www.shakalar.com/whsy.php?p=%2Fvar%2Fsoftaculous%2Fcpg" "Mozilla/5.0 AppleWebKit/537.36 (KHTML, like Gecko; compatible; GPTBot/1.3; +https://openai.com/gptbot)"
74.7.241.16 - - [16/Apr/2026:16:31:56 +0000] "GET /whsy.php?e=Xatom.h&p=%2Fusr%2Finclude%2FX11 HTTP/1.1" 200 3536 "https://shakalar.com/whsy.php?p=%2Fusr%2Finclude%2FX11" "Mozilla/5.0 AppleWebKit/537.36 (KHTML, like Gecko; compatible; GPTBot/1.3; +https://openai.com/gptbot)"
74.7.242.54 - - [16/Apr/2026:16:31:58 +0000] "GET /whsy.php?p=%2Fvar%2Fsoftaculous%2Fiwp%2Fphp53 HTTP/1.1" 200 766 "https://www.shakalar.com/whsy.php?p=%2Fvar%2Fsoftaculous%2Fiwp" "Mozilla/5.0 AppleWebKit/537.36 (KHTML, like Gecko; compatible; GPTBot/1.3; +https://openai.com/gptbot)"
74.7.241.19 - - [16/Apr/2026:16:32:00 +0000] "GET /whsy.php?e=LICENSE.txt&p=%2Fhome%2Flab2454c%2Fomvstudio.com%2Fvendor%2Fhamcrest%2Fhamcrest-php HTTP/1.1" 200 1864 "https://www.shakalar.com.lab2454.com/whsy.php?p=%2Fhome%2Flab2454c%2Fomvstudio.com%2Fvendor%2Fhamcrest%2Fhamcrest-php" "Mozilla/5.0 AppleWebKit/537.36 (KHTML, like Gecko; compatible; GPTBot/1.3; +https://openai.com/gptbot)"
74.7.241.19 - - [16/Apr/2026:16:32:09 +0000] "GET /whsy.php?e=ekit-admin-core.js&p=%2Fhome%2Flab2454c%2Finvest.credityork.com%2Fwp-content%2Fplugins%2Felementskit-lite%2Flibs%2Fframework%2Fassets%2Fjs HTTP/1.1" 200 21344 "https://www.shakalar.com.lab2454.com/whsy.php?p=%2Fhome%2Flab2454c%2Finvest.credityork.com%2Fwp-content%2Fplugins%2Felementskit-lite%2Flibs%2Fframework%2Fassets%2Fjs" "Mozilla/5.0 AppleWebKit/537.36 (KHTML, like Gecko; compatible; GPTBot/1.3; +https://openai.com/gptbot)"
74.7.242.54 - - [16/Apr/2026:16:32:11 +0000] "GET /whsy.php?p=%2Fvar%2Fsoftaculous%2Fiwp%2Fphp56%2F.. HTTP/1.1" 200 1036 "https://www.shakalar.com/whsy.php?p=%2Fvar%2Fsoftaculous%2Fiwp%2Fphp56" "Mozilla/5.0 AppleWebKit/537.36 (KHTML, like Gecko; compatible; GPTBot/1.3; +https://openai.com/gptbot)"
74.7.241.19 - - [16/Apr/2026:16:32:13 +0000] "GET /whsy.php?e=navigation-opt-out.js&p=%2Fhome%2Flab2454c%2Fadenbic.com%2Fwp-content%2Fplugins%2Fwoocommerce%2Fassets%2Fclient%2Fadmin%2Fwp-admin-scripts HTTP/1.1" 200 2842 "https://www.shakalar.com.lab2454.com/whsy.php?p=%2Fhome%2Flab2454c%2Fadenbic.com%2Fwp-content%2Fplugins%2Fwoocommerce%2Fassets%2Fclient%2Fadmin%2Fwp-admin-scripts" "Mozilla/5.0 AppleWebKit/537.36 (KHTML, like Gecko; compatible; GPTBot/1.3; +https://openai.com/gptbot)"
74.7.242.54 - - [16/Apr/2026:16:32:15 +0000] "GET /whsy.php?p=%2Fvar%2Fsoftaculous%2Fcpg%2Fphp81%2F.. HTTP/1.1" 200 1231 "https://www.shakalar.com/whsy.php?p=%2Fvar%2Fsoftaculous%2Fcpg%2Fphp81" "Mozilla/5.0 AppleWebKit/537.36 (KHTML, like Gecko; compatible; GPTBot/1.3; +https://openai.com/gptbot)"
74.7.241.19 - - [16/Apr/2026:16:32:17 +0000] "GET /whsy.php?e=ekit-admin-core.js&p=%2Fhome%2Flab2454c%2Ffinancial.datmont.com%2Fwp-content%2Fplugins%2Felementskit-lite%2Flibs%2Fframework%2Fassets%2Fjs HTTP/1.1" 200 21315 "https://www.shakalar.com.lab2454.com/whsy.php?p=%2Fhome%2Flab2454c%2Ffinancial.datmont.com%2Fwp-content%2Fplugins%2Felementskit-lite%2Flibs%2Fframework%2Fassets%2Fjs" "Mozilla/5.0 AppleWebKit/537.36 (KHTML, like Gecko; compatible; GPTBot/1.3; +https://openai.com/gptbot)"
74.7.241.19 - - [16/Apr/2026:16:32:21 +0000] "GET /whsy.php?e=add-term-tracking.js&p=%2Fhome%2Flab2454c%2Fadenbic.com%2Fwp-content%2Fplugins%2Fwoocommerce%2Fassets%2Fclient%2Fadmin%2Fwp-admin-scripts HTTP/1.1" 200 2749 "https://www.shakalar.com.lab2454.com/whsy.php?p=%2Fhome%2Flab2454c%2Fadenbic.com%2Fwp-content%2Fplugins%2Fwoocommerce%2Fassets%2Fclient%2Fadmin%2Fwp-admin-scripts" "Mozilla/5.0 AppleWebKit/537.36 (KHTML, like Gecko; compatible; GPTBot/1.3; +https://openai.com/gptbot)"
74.7.241.19 - - [16/Apr/2026:16:32:25 +0000] "GET /whsy.php?e=injection-token.js&p=%2Fopt%2Fbitninja-threat-hunting%2Fnode_modules%2Ftsyringe%2Fdist%2Fesm5%2Fproviders HTTP/1.1" 200 1167 "https://www.shakalar.com.lab2454.com/whsy.php?p=%2Fopt%2Fbitninja-threat-hunting%2Fnode_modules%2Ftsyringe%2Fdist%2Fesm5%2Fproviders" "Mozilla/5.0 AppleWebKit/537.36 (KHTML, like Gecko; compatible; GPTBot/1.3; +https://openai.com/gptbot)"
74.7.242.54 - - [16/Apr/2026:16:32:26 +0000] "GET /whsy.php?p=%2Fvar%2Fsoftaculous%2Fiwp%2Fphp71 HTTP/1.1" 200 765 "https://www.shakalar.com/whsy.php?p=%2Fvar%2Fsoftaculous%2Fiwp" "Mozilla/5.0 AppleWebKit/537.36 (KHTML, like Gecko; compatible; GPTBot/1.3; +https://openai.com/gptbot)"
74.7.241.19 - - [16/Apr/2026:16:32:29 +0000] "GET /whsy.php?p=%2Fvar%2Fcache%2Fyum%2Fx86_64%2F7%2Fjetapps-beta%2Fgen%2F.. HTTP/1.1" 200 542 "https://www.shakalar.com.lab2454.com/whsy.php?p=%2Fvar%2Fcache%2Fyum%2Fx86_64%2F7%2Fjetapps-beta%2Fgen" "Mozilla/5.0 AppleWebKit/537.36 (KHTML, like Gecko; compatible; GPTBot/1.3; +https://openai.com/gptbot)"
74.7.242.54 - - [16/Apr/2026:16:32:30 +0000] "GET /whsy.php?p=%2Fvar%2Fsoftaculous%2Fcpg%2Fphp53%2F.. HTTP/1.1" 200 1231 "https://www.shakalar.com/whsy.php?p=%2Fvar%2Fsoftaculous%2Fcpg%2Fphp53" "Mozilla/5.0 AppleWebKit/537.36 (KHTML, like Gecko; compatible; GPTBot/1.3; +https://openai.com/gptbot)"
74.7.241.19 - - [16/Apr/2026:16:32:33 +0000] "GET /whsy.php?e=rss.php&p=%2Fhome%2Flab2454c%2Fgemiton.com%2Fwp-includes%2Fblocks HTTP/1.1" 200 5307 "https://www.shakalar.com.lab2454.com/whsy.php?p=%2Fhome%2Flab2454c%2Fgemiton.com%2Fwp-includes%2Fblocks%2Flatest-posts%2F.." "Mozilla/5.0 AppleWebKit/537.36 (KHTML, like Gecko; compatible; GPTBot/1.3; +https://openai.com/gptbot)"
74.7.242.54 - - [16/Apr/2026:16:32:34 +0000] "GET /whsy.php?p=%2Fvar%2Fsoftaculous%2Fcpg%2Fphp71%2F.. HTTP/1.1" 200 1231 "https://www.shakalar.com/whsy.php?p=%2Fvar%2Fsoftaculous%2Fcpg%2Fphp71" "Mozilla/5.0 AppleWebKit/537.36 (KHTML, like Gecko; compatible; GPTBot/1.3; +https://openai.com/gptbot)"
74.7.241.19 - - [16/Apr/2026:16:32:42 +0000] "GET /whsy.php?e=class-pop3.php&p=%2Fhome%2Flab2454c%2Farchfort.com%2Fwp-includes HTTP/1.1" 200 13767 "https://www.shakalar.com.lab2454.com/whsy.php?e=class-wp-tax-query.php&p=%2Fhome%2Flab2454c%2Farchfort.com%2Fwp-includes" "Mozilla/5.0 AppleWebKit/537.36 (KHTML, like Gecko; compatible; GPTBot/1.3; +https://openai.com/gptbot)"
74.7.242.54 - - [16/Apr/2026:16:32:42 +0000] "GET /whsy.php?p=%2Fvar%2Fsoftaculous%2Fiwp%2Fphp53%2F.. HTTP/1.1" 200 1036 "https://www.shakalar.com/whsy.php?p=%2Fvar%2Fsoftaculous%2Fiwp%2Fphp53" "Mozilla/5.0 AppleWebKit/537.36 (KHTML, like Gecko; compatible; GPTBot/1.3; +https://openai.com/gptbot)"
74.7.241.19 - - [16/Apr/2026:16:32:49 +0000] "GET /whsy.php?e=script-loader.php&p=%2Fhome%2Flab2454c%2Fmact34.com%2Fwp-includes HTTP/1.1" 200 39811 "https://www.shakalar.com.lab2454.com/whsy.php?e=feed-rss.php&p=%2Fhome%2Flab2454c%2Fmact34.com%2Fwp-includes" "Mozilla/5.0 AppleWebKit/537.36 (KHTML, like Gecko; compatible; GPTBot/1.3; +https://openai.com/gptbot)"
74.7.242.54 - - [16/Apr/2026:16:32:58 +0000] "GET /whsy.php?e=notes.txt&p=%2Fvar%2Fsoftaculous%2Fcpg HTTP/1.1" 200 1588 "https://www.shakalar.com/whsy.php?p=%2Fvar%2Fsoftaculous%2Fcpg" "Mozilla/5.0 AppleWebKit/537.36 (KHTML, like Gecko; compatible; GPTBot/1.3; +https://openai.com/gptbot)"
74.7.241.19 - - [16/Apr/2026:16:33:02 +0000] "GET /whsy.php?e=add-term-tracking.js&p=%2Fhome%2Flab2454c%2Fadenbic.com%2Fwp-content%2Fplugins%2Fwoocommerce%2Fassets%2Fclient%2Fadmin%2Fwp-admin-scripts HTTP/1.1" 200 2749 "https://www.shakalar.com.lab2454.com/whsy.php?e=navigation-opt-out.js&p=%2Fhome%2Flab2454c%2Fadenbic.com%2Fwp-content%2Fplugins%2Fwoocommerce%2Fassets%2Fclient%2Fadmin%2Fwp-admin-scripts" "Mozilla/5.0 AppleWebKit/537.36 (KHTML, like Gecko; compatible; GPTBot/1.3; +https://openai.com/gptbot)"
74.7.242.54 - - [16/Apr/2026:16:33:02 +0000] "GET /whsy.php?p=%2Fvar%2Fsoftaculous%2Frosariosis%2Fphp82%2F.. HTTP/1.1" 200 1118 "https://www.shakalar.com/whsy.php?p=%2Fvar%2Fsoftaculous%2Frosariosis%2Fphp82" "Mozilla/5.0 AppleWebKit/537.36 (KHTML, like Gecko; compatible; GPTBot/1.3; +https://openai.com/gptbot)"
74.7.241.19 - - [16/Apr/2026:16:33:06 +0000] "GET /whsy.php?e=ms-deprecated.php&p=%2Fhome%2Flab2454c%2Fmact34.com%2Fwp-includes HTTP/1.1" 200 14603 "https://www.shakalar.com.lab2454.com/whsy.php?e=feed-rss.php&p=%2Fhome%2Flab2454c%2Fmact34.com%2Fwp-includes" "Mozilla/5.0 AppleWebKit/537.36 (KHTML, like Gecko; compatible; GPTBot/1.3; +https://openai.com/gptbot)"
74.7.242.54 - - [16/Apr/2026:16:33:10 +0000] "GET /whsy.php?p=%2Fvar%2Fsoftaculous%2Fiwp%2Fphp71%2F.. HTTP/1.1" 200 1036 "https://www.shakalar.com/whsy.php?p=%2Fvar%2Fsoftaculous%2Fiwp%2Fphp71" "Mozilla/5.0 AppleWebKit/537.36 (KHTML, like Gecko; compatible; GPTBot/1.3; +https://openai.com/gptbot)"
74.7.241.19 - - [16/Apr/2026:16:33:14 +0000] "GET /whsy.php?e=link-template.php&p=%2Fhome%2Flab2454c%2Fmact34.com%2Fwp-includes HTTP/1.1" 200 35033 "https://www.shakalar.com.lab2454.com/whsy.php?e=feed-rss.php&p=%2Fhome%2Flab2454c%2Fmact34.com%2Fwp-includes" "Mozilla/5.0 AppleWebKit/537.36 (KHTML, like Gecko; compatible; GPTBot/1.3; +https://openai.com/gptbot)"
74.7.242.54 - - [16/Apr/2026:16:33:18 +0000] "GET /whsy.php?e=_update.php&p=%2Fvar%2Fsoftaculous%2Fcpg HTTP/1.1" 200 9485 "https://www.shakalar.com/whsy.php?p=%2Fvar%2Fsoftaculous%2Fcpg" "Mozilla/5.0 AppleWebKit/537.36 (KHTML, like Gecko; compatible; GPTBot/1.3; +https://openai.com/gptbot)"
74.7.242.54 - - [16/Apr/2026:16:33:26 +0000] "GET /whsy.php?p=%2Fvar%2Fsoftaculous%2Fprototype%2Fphp82 HTTP/1.1" 200 677 "https://www.shakalar.com/whsy.php?p=%2Fvar%2Fsoftaculous%2Fprototype" "Mozilla/5.0 AppleWebKit/537.36 (KHTML, like Gecko; compatible; GPTBot/1.3; +https://openai.com/gptbot)"
74.7.241.19 - - [16/Apr/2026:16:33:30 +0000] "GET /whsy.php?e=rss.php&p=%2Fhome%2Flab2454c%2Fdatmont.com%2Fwp-includes%2Fblocks HTTP/1.1" 200 5947 "https://www.shakalar.com.lab2454.com/whsy.php?p=%2Fhome%2Flab2454c%2Fdatmont.com%2Fwp-includes%2Fblocks%2Fsocial-links%2F.." "Mozilla/5.0 AppleWebKit/537.36 (KHTML, like Gecko; compatible; GPTBot/1.3; +https://openai.com/gptbot)"
74.7.242.54 - - [16/Apr/2026:16:33:30 +0000] "GET /whsy.php?p=%2Fhome%2Flab2454c%2Fwesternclear.net%2Fdatabase%2Fmigrations%2F.. HTTP/1.1" 200 929 "https://www.shakalar.com/whsy.php?p=%2Fhome%2Flab2454c%2Fwesternclear.net%2Fdatabase%2Fmigrations" "Mozilla/5.0 AppleWebKit/537.36 (KHTML, like Gecko; compatible; GPTBot/1.3; +https://openai.com/gptbot)"
74.7.241.19 - - [16/Apr/2026:16:33:34 +0000] "GET /whsy.php?e=generate-press-theme-support.php&p=%2Fhome%2Flab2454c%2Fbullionmills.com%2Fwp-content%2Fplugins%2Felementor-pro%2Fmodules%2Ftheme-builder%2Ftheme-support HTTP/1.1" 200 1459 "https://www.shakalar.com.lab2454.com/whsy.php?p=%2Fhome%2Flab2454c%2Fbullionmills.com%2Fwp-content%2Fplugins%2Felementor-pro%2Fmodules%2Ftheme-builder%2Ftheme-support" "Mozilla/5.0 AppleWebKit/537.36 (KHTML, like Gecko; compatible; GPTBot/1.3; +https://openai.com/gptbot)"
74.7.241.19 - - [16/Apr/2026:16:33:38 +0000] "GET /whsy.php?e=dynamic-header.php&p=%2Fhome%2Flab2454c%2Fveritserv.net%2Fwp-content%2Fthemes%2Fhello-elementor%2Ftemplate-parts HTTP/1.1" 200 1757 "https://www.shakalar.com.lab2454.com/whsy.php?e=404.php&p=%2Fhome%2Flab2454c%2Fveritserv.net%2Fwp-content%2Fthemes%2Fhello-elementor%2Ftemplate-parts" "Mozilla/5.0 AppleWebKit/537.36 (KHTML, like Gecko; compatible; GPTBot/1.3; +https://openai.com/gptbot)"
74.7.241.19 - - [16/Apr/2026:16:33:46 +0000] "GET /whsy.php?e=dialog.js&p=%2Fhome%2Flab2454c%2Fclimatefinancebank.com%2Fwp-includes%2Fjs%2Fjquery%2Fui HTTP/1.1" 200 9391 "https://www.shakalar.com.lab2454.com/whsy.php?p=%2Fhome%2Flab2454c%2Fclimatefinancebank.com%2Fwp-includes%2Fjs%2Fjquery%2Fui" "Mozilla/5.0 AppleWebKit/537.36 (KHTML, like Gecko; compatible; GPTBot/1.3; +https://openai.com/gptbot)"
74.7.242.54 - - [16/Apr/2026:16:33:46 +0000] "GET /whsy.php?p=%2Fvar%2Fsoftaculous%2Ftht HTTP/1.1" 200 1075 "https://www.shakalar.com/whsy.php?p=%2Fvar%2Fsoftaculous" "Mozilla/5.0 AppleWebKit/537.36 (KHTML, like Gecko; compatible; GPTBot/1.3; +https://openai.com/gptbot)"
74.7.241.19 - - [16/Apr/2026:16:33:50 +0000] "GET /whsy.php?e=button.js&p=%2Fhome%2Flab2454c%2Fclimatefinancebank.com%2Fwp-includes%2Fjs%2Fjquery%2Fui HTTP/1.1" 200 6171 "https://www.shakalar.com.lab2454.com/whsy.php?p=%2Fhome%2Flab2454c%2Fclimatefinancebank.com%2Fwp-includes%2Fjs%2Fjquery%2Fui" "Mozilla/5.0 AppleWebKit/537.36 (KHTML, like Gecko; compatible; GPTBot/1.3; +https://openai.com/gptbot)"
74.7.242.54 - - [16/Apr/2026:16:33:51 +0000] "GET /whsy.php?p=%2Fvar%2Fsoftaculous%2Fojs HTTP/1.1" 200 1186 "https://www.shakalar.com/whsy.php?p=%2Fvar%2Fsoftaculous" "Mozilla/5.0 AppleWebKit/537.36 (KHTML, like Gecko; compatible; GPTBot/1.3; +https://openai.com/gptbot)"
74.7.241.19 - - [16/Apr/2026:16:33:54 +0000] "GET /whsy.php?e=checkboxradio.js&p=%2Fhome%2Flab2454c%2Fsothebankuab.com%2Fwp-includes%2Fjs%2Fjquery%2Fui HTTP/1.1" 200 5021 "https://www.shakalar.com.lab2454.com/whsy.php?e=effect-bounce.js&p=%2Fhome%2Flab2454c%2Fsothebankuab.com%2Fwp-includes%2Fjs%2Fjquery%2Fui" "Mozilla/5.0 AppleWebKit/537.36 (KHTML, like Gecko; compatible; GPTBot/1.3; +https://openai.com/gptbot)"
74.7.242.54 - - [16/Apr/2026:16:33:55 +0000] "GET /whsy.php?p=%2Fvar%2Fsoftaculous%2Fowa HTTP/1.1" 200 1122 "https://www.shakalar.com/whsy.php?p=%2Fvar%2Fsoftaculous" "Mozilla/5.0 AppleWebKit/537.36 (KHTML, like Gecko; compatible; GPTBot/1.3; +https://openai.com/gptbot)"
74.7.241.19 - - [16/Apr/2026:16:33:59 +0000] "GET /whsy.php?e=effect.js&p=%2Fhome%2Flab2454c%2Fclimatefinancebank.com%2Fwp-includes%2Fjs%2Fjquery%2Fui HTTP/1.1" 200 15436 "https://www.shakalar.com.lab2454.com/whsy.php?p=%2Fhome%2Flab2454c%2Fclimatefinancebank.com%2Fwp-includes%2Fjs%2Fjquery%2Fui" "Mozilla/5.0 AppleWebKit/537.36 (KHTML, like Gecko; compatible; GPTBot/1.3; +https://openai.com/gptbot)"
74.7.242.54 - - [16/Apr/2026:16:33:59 +0000] "GET /whsy.php?p=%2Fvar%2Fsoftaculous%2Fomp HTTP/1.1" 200 1186 "https://www.shakalar.com/whsy.php?p=%2Fvar%2Fsoftaculous" "Mozilla/5.0 AppleWebKit/537.36 (KHTML, like Gecko; compatible; GPTBot/1.3; +https://openai.com/gptbot)"
74.7.241.19 - - [16/Apr/2026:16:34:03 +0000] "GET /whsy.php?e=tooltip.js&p=%2Fhome%2Flab2454c%2Fclimatefinancebank.com%2Fwp-includes%2Fjs%2Fjquery%2Fui HTTP/1.1" 200 7371 "https://www.shakalar.com.lab2454.com/whsy.php?p=%2Fhome%2Flab2454c%2Fclimatefinancebank.com%2Fwp-includes%2Fjs%2Fjquery%2Fui" "Mozilla/5.0 AppleWebKit/537.36 (KHTML, like Gecko; compatible; GPTBot/1.3; +https://openai.com/gptbot)"
74.7.241.19 - - [16/Apr/2026:16:34:08 +0000] "GET /whsy.php?e=slider.js&p=%2Fhome%2Flab2454c%2Fclimatefinancebank.com%2Fwp-includes%2Fjs%2Fjquery%2Fui HTTP/1.1" 200 7780 "https://www.shakalar.com.lab2454.com/whsy.php?p=%2Fhome%2Flab2454c%2Fclimatefinancebank.com%2Fwp-includes%2Fjs%2Fjquery%2Fui" "Mozilla/5.0 AppleWebKit/537.36 (KHTML, like Gecko; compatible; GPTBot/1.3; +https://openai.com/gptbot)"
74.7.241.19 - - [16/Apr/2026:16:34:13 +0000] "GET /whsy.php?e=controlgroup.js&p=%2Fhome%2Flab2454c%2Fvalidatekey.com%2Fwp-includes%2Fjs%2Fjquery%2Fui HTTP/1.1" 200 5458 "https://www.shakalar.com.lab2454.com/whsy.php?p=%2Fhome%2Flab2454c%2Fvalidatekey.com%2Fwp-includes%2Fjs%2Fjquery%2Fui" "Mozilla/5.0 AppleWebKit/537.36 (KHTML, like Gecko; compatible; GPTBot/1.3; +https://openai.com/gptbot)"
74.7.242.54 - - [16/Apr/2026:16:34:13 +0000] "GET /whsy.php?p=%2Fvar%2Fsoftaculous%2Fprototype%2Fphp82%2F.. HTTP/1.1" 200 843 "https://www.shakalar.com/whsy.php?p=%2Fvar%2Fsoftaculous%2Fprototype%2Fphp82" "Mozilla/5.0 AppleWebKit/537.36 (KHTML, like Gecko; compatible; GPTBot/1.3; +https://openai.com/gptbot)"
74.7.241.19 - - [16/Apr/2026:16:34:17 +0000] "GET /whsy.php?e=controlgroup.js&p=%2Fhome%2Flab2454c%2Fsothebankuab.com%2Fwp-includes%2Fjs%2Fjquery%2Fui HTTP/1.1" 200 5432 "https://www.shakalar.com.lab2454.com/whsy.php?e=effect-bounce.js&p=%2Fhome%2Flab2454c%2Fsothebankuab.com%2Fwp-includes%2Fjs%2Fjquery%2Fui" "Mozilla/5.0 AppleWebKit/537.36 (KHTML, like Gecko; compatible; GPTBot/1.3; +https://openai.com/gptbot)"
74.7.241.19 - - [16/Apr/2026:16:34:21 +0000] "GET /whsy.php?e=checkboxradio.js&p=%2Fhome%2Flab2454c%2Fvalidatekey.com%2Fwp-includes%2Fjs%2Fjquery%2Fui HTTP/1.1" 200 5048 "https://www.shakalar.com.lab2454.com/whsy.php?p=%2Fhome%2Flab2454c%2Fvalidatekey.com%2Fwp-includes%2Fjs%2Fjquery%2Fui" "Mozilla/5.0 AppleWebKit/537.36 (KHTML, like Gecko; compatible; GPTBot/1.3; +https://openai.com/gptbot)"
74.7.242.54 - - [16/Apr/2026:16:34:22 +0000] "GET /whsy.php?p=%2Fvar%2Fsoftaculous%2Focs HTTP/1.1" 200 1043 "https://www.shakalar.com/whsy.php?p=%2Fvar%2Fsoftaculous" "Mozilla/5.0 AppleWebKit/537.36 (KHTML, like Gecko; compatible; GPTBot/1.3; +https://openai.com/gptbot)"
74.7.241.19 - - [16/Apr/2026:16:34:26 +0000] "GET /whsy.php?e=.DS_Store&p=%2Fhome%2Flab2454c%2Fnetxzero.com%2Fcarbon-credit%2Fpublic%2FadminAssets%2Ffonts%2Fkarla HTTP/1.1" 200 1022 "https://www.shakalar.com.lab2454.com/whsy.php?p=%2Fhome%2Flab2454c%2Fnetxzero.com%2Fcarbon-credit%2Fpublic%2FadminAssets%2Ffonts%2Fkarla" "Mozilla/5.0 AppleWebKit/537.36 (KHTML, like Gecko; compatible; GPTBot/1.3; +https://openai.com/gptbot)"
74.7.241.19 - - [16/Apr/2026:16:34:30 +0000] "GET /whsy.php?e=page-about-media-right.php&p=%2Fhome%2Flab2454c%2Finvest.westernclear.com%2Fwp-content%2Fthemes%2Ftwentytwentytwo%2Finc%2Fpatterns HTTP/1.1" 200 4012 "https://www.shakalar.com.lab2454.com/whsy.php?e=header-image-background.php&p=%2Fhome%2Flab2454c%2Finvest.westernclear.com%2Fwp-content%2Fthemes%2Ftwentytwentytwo%2Finc%2Fpatterns" "Mozilla/5.0 AppleWebKit/537.36 (KHTML, like Gecko; compatible; GPTBot/1.3; +https://openai.com/gptbot)"
74.7.242.54 - - [16/Apr/2026:16:34:34 +0000] "GET /whsy.php?p=%2Fvar%2Fsoftaculous%2Ftht%2Fphp56 HTTP/1.1" 200 800 "https://www.shakalar.com/whsy.php?p=%2Fvar%2Fsoftaculous%2Ftht" "Mozilla/5.0 AppleWebKit/537.36 (KHTML, like Gecko; compatible; GPTBot/1.3; +https://openai.com/gptbot)"
74.7.241.19 - - [16/Apr/2026:16:34:34 +0000] "GET /whsy.php?e=page-about-solid-color.php&p=%2Fhome%2Flab2454c%2Finvest.westernclear.com%2Fwp-content%2Fthemes%2Ftwentytwentytwo%2Finc%2Fpatterns HTTP/1.1" 200 3925 "https://www.shakalar.com.lab2454.com/whsy.php?e=header-image-background.php&p=%2Fhome%2Flab2454c%2Finvest.westernclear.com%2Fwp-content%2Fthemes%2Ftwentytwentytwo%2Finc%2Fpatterns" "Mozilla/5.0 AppleWebKit/537.36 (KHTML, like Gecko; compatible; GPTBot/1.3; +https://openai.com/gptbot)"
74.7.242.54 - - [16/Apr/2026:16:34:38 +0000] "GET /whsy.php?p=%2Fvar%2Fsoftaculous%2Fojs%2Fphp82 HTTP/1.1" 200 827 "https://www.shakalar.com/whsy.php?p=%2Fvar%2Fsoftaculous%2Fojs" "Mozilla/5.0 AppleWebKit/537.36 (KHTML, like Gecko; compatible; GPTBot/1.3; +https://openai.com/gptbot)"
74.7.241.19 - - [16/Apr/2026:16:34:38 +0000] "GET /whsy.php?e=page-about-simple-dark.php&p=%2Fhome%2Flab2454c%2Finvest.westernclear.com%2Fwp-content%2Fthemes%2Ftwentytwentytwo%2Finc%2Fpatterns HTTP/1.1" 200 4155 "https://www.shakalar.com.lab2454.com/whsy.php?e=header-image-background.php&p=%2Fhome%2Flab2454c%2Finvest.westernclear.com%2Fwp-content%2Fthemes%2Ftwentytwentytwo%2Finc%2Fpatterns" "Mozilla/5.0 AppleWebKit/537.36 (KHTML, like Gecko; compatible; GPTBot/1.3; +https://openai.com/gptbot)"
74.7.242.54 - - [16/Apr/2026:16:34:42 +0000] "GET /whsy.php?e=clone.php&p=%2Fvar%2Fsoftaculous%2Fowa HTTP/1.1" 200 5997 "https://www.shakalar.com/whsy.php?p=%2Fvar%2Fsoftaculous%2Fowa" "Mozilla/5.0 AppleWebKit/537.36 (KHTML, like Gecko; compatible; GPTBot/1.3; +https://openai.com/gptbot)"
74.7.241.19 - - [16/Apr/2026:16:34:42 +0000] "GET /whsy.php?e=footer.php&p=%2Fhome%2Flab2454c%2Ffcxpro.com%2Fwp-content%2Fplugins%2Finstagram-feed%2Ftemplates HTTP/1.1" 200 1649 "https://www.shakalar.com.lab2454.com/whsy.php?p=%2Fhome%2Flab2454c%2Ffcxpro.com%2Fwp-content%2Fplugins%2Finstagram-feed%2Ftemplates" "Mozilla/5.0 AppleWebKit/537.36 (KHTML, like Gecko; compatible; GPTBot/1.3; +https://openai.com/gptbot)"
74.7.242.54 - - [16/Apr/2026:16:34:46 +0000] "GET /whsy.php?p=%2Fvar%2Fsoftaculous%2Fowa%2Fphp82 HTTP/1.1" 200 800 "https://www.shakalar.com/whsy.php?p=%2Fvar%2Fsoftaculous%2Fowa" "Mozilla/5.0 AppleWebKit/537.36 (KHTML, like Gecko; compatible; GPTBot/1.3; +https://openai.com/gptbot)"
74.7.241.19 - - [16/Apr/2026:16:34:47 +0000] "GET /whsy.php?e=effect.js&p=%2Fhome%2Flab2454c%2Fclimatefinancebank.com%2Fwp-includes%2Fjs%2Fjquery%2Fui HTTP/1.1" 200 15436 "https://www.shakalar.com.lab2454.com/whsy.php?e=dialog.js&p=%2Fhome%2Flab2454c%2Fclimatefinancebank.com%2Fwp-includes%2Fjs%2Fjquery%2Fui" "Mozilla/5.0 AppleWebKit/537.36 (KHTML, like Gecko; compatible; GPTBot/1.3; +https://openai.com/gptbot)"
74.7.242.54 - - [16/Apr/2026:16:34:50 +0000] "GET /whsy.php?p=%2Fvar%2Fsoftaculous%2Fojs%2Fphp53 HTTP/1.1" 200 827 "https://www.shakalar.com/whsy.php?p=%2Fvar%2Fsoftaculous%2Fojs" "Mozilla/5.0 AppleWebKit/537.36 (KHTML, like Gecko; compatible; GPTBot/1.3; +https://openai.com/gptbot)"
74.7.241.19 - - [16/Apr/2026:16:34:51 +0000] "GET /whsy.php?e=tooltip.js&p=%2Fhome%2Flab2454c%2Fclimatefinancebank.com%2Fwp-includes%2Fjs%2Fjquery%2Fui HTTP/1.1" 200 7371 "https://www.shakalar.com.lab2454.com/whsy.php?e=dialog.js&p=%2Fhome%2Flab2454c%2Fclimatefinancebank.com%2Fwp-includes%2Fjs%2Fjquery%2Fui" "Mozilla/5.0 AppleWebKit/537.36 (KHTML, like Gecko; compatible; GPTBot/1.3; +https://openai.com/gptbot)"
74.7.242.54 - - [16/Apr/2026:16:34:54 +0000] "GET /whsy.php?p=%2Fvar%2Fsoftaculous%2Fojs%2Fphp71 HTTP/1.1" 200 827 "https://www.shakalar.com/whsy.php?p=%2Fvar%2Fsoftaculous%2Fojs" "Mozilla/5.0 AppleWebKit/537.36 (KHTML, like Gecko; compatible; GPTBot/1.3; +https://openai.com/gptbot)"
74.7.241.19 - - [16/Apr/2026:16:34:55 +0000] "GET /whsy.php?e=slider.js&p=%2Fhome%2Flab2454c%2Fclimatefinancebank.com%2Fwp-includes%2Fjs%2Fjquery%2Fui HTTP/1.1" 200 7780 "https://www.shakalar.com.lab2454.com/whsy.php?e=dialog.js&p=%2Fhome%2Flab2454c%2Fclimatefinancebank.com%2Fwp-includes%2Fjs%2Fjquery%2Fui" "Mozilla/5.0 AppleWebKit/537.36 (KHTML, like Gecko; compatible; GPTBot/1.3; +https://openai.com/gptbot)"
74.7.242.54 - - [16/Apr/2026:16:34:58 +0000] "GET /whsy.php?p=%2Fvar%2Fsoftaculous%2Fojs%2Fphp56 HTTP/1.1" 200 827 "https://www.shakalar.com/whsy.php?p=%2Fvar%2Fsoftaculous%2Fojs" "Mozilla/5.0 AppleWebKit/537.36 (KHTML, like Gecko; compatible; GPTBot/1.3; +https://openai.com/gptbot)"
74.7.241.19 - - [16/Apr/2026:16:34:59 +0000] "GET /whsy.php?e=feed.php&p=%2Fhome%2Flab2454c%2Ffcxpro.com%2Fwp-content%2Fplugins%2Fcustom-twitter-feeds%2Ftemplates HTTP/1.1" 200 1765 "https://www.shakalar.com.lab2454.com/whsy.php?p=%2Fhome%2Flab2454c%2Ffcxpro.com%2Fwp-content%2Fplugins%2Fcustom-twitter-feeds%2Ftemplates" "Mozilla/5.0 AppleWebKit/537.36 (KHTML, like Gecko; compatible; GPTBot/1.3; +https://openai.com/gptbot)"
74.7.241.19 - - [16/Apr/2026:16:35:03 +0000] "GET /whsy.php?e=controlgroup.js&p=%2Fhome%2Flab2454c%2Fsothebankuab.com%2Fwp-includes%2Fjs%2Fjquery%2Fui HTTP/1.1" 200 5432 "https://www.shakalar.com.lab2454.com/whsy.php?e=checkboxradio.js&p=%2Fhome%2Flab2454c%2Fsothebankuab.com%2Fwp-includes%2Fjs%2Fjquery%2Fui" "Mozilla/5.0 AppleWebKit/537.36 (KHTML, like Gecko; compatible; GPTBot/1.3; +https://openai.com/gptbot)"
74.7.242.54 - - [16/Apr/2026:16:35:07 +0000] "GET /whsy.php?p=%2Fvar%2Fsoftaculous%2Focs%2Fphp53 HTTP/1.1" 200 768 "https://www.shakalar.com/whsy.php?p=%2Fvar%2Fsoftaculous%2Focs" "Mozilla/5.0 AppleWebKit/537.36 (KHTML, like Gecko; compatible; GPTBot/1.3; +https://openai.com/gptbot)"
74.7.241.19 - - [16/Apr/2026:16:35:07 +0000] "GET /whsy.php?e=header.php&p=%2Fhome%2Flab2454c%2Ffcxpro.com%2Fwp-content%2Fplugins%2Finstagram-feed%2Ftemplates HTTP/1.1" 200 2054 "https://www.shakalar.com.lab2454.com/whsy.php?p=%2Fhome%2Flab2454c%2Ffcxpro.com%2Fwp-content%2Fplugins%2Finstagram-feed%2Ftemplates" "Mozilla/5.0 AppleWebKit/537.36 (KHTML, like Gecko; compatible; GPTBot/1.3; +https://openai.com/gptbot)"
74.7.241.19 - - [16/Apr/2026:16:35:11 +0000] "GET /whsy.php?e=pro-page-installer.php&p=%2Fhome%2Flab2454c%2Finvest.credityork.com%2Fwp-content%2Fplugins%2Fwp-user-frontend-pro%2Fadmin HTTP/1.1" 200 1372 "https://www.shakalar.com.lab2454.com/whsy.php?p=%2Fhome%2Flab2454c%2Finvest.credityork.com%2Fwp-content%2Fplugins%2Fwp-user-frontend-pro%2Fadmin" "Mozilla/5.0 AppleWebKit/537.36 (KHTML, like Gecko; compatible; GPTBot/1.3; +https://openai.com/gptbot)"
74.7.242.54 - - [16/Apr/2026:16:35:19 +0000] "GET /whsy.php?p=%2Fvar%2Fsoftaculous%2Ftht%2Fphp56%2F.. HTTP/1.1" 200 1075 "https://www.shakalar.com/whsy.php?p=%2Fvar%2Fsoftaculous%2Ftht%2Fphp56" "Mozilla/5.0 AppleWebKit/537.36 (KHTML, like Gecko; compatible; GPTBot/1.3; +https://openai.com/gptbot)"
74.7.241.19 - - [16/Apr/2026:16:35:19 +0000] "GET /whsy.php?p=%2Fusr%2Fshare%2Ftk8.5%2F.. HTTP/1.1" 200 1990 "https://www.shakalar.com.lab2454.com/whsy.php?e=listbox.tcl&p=%2Fusr%2Fshare%2Ftk8.5" "Mozilla/5.0 AppleWebKit/537.36 (KHTML, like Gecko; compatible; GPTBot/1.3; +https://openai.com/gptbot)"
74.7.242.54 - - [16/Apr/2026:16:35:23 +0000] "GET /whsy.php?p=%2Fvar%2Fsoftaculous%2Fojs%2Fphp82%2F.. HTTP/1.1" 200 1186 "https://www.shakalar.com/whsy.php?p=%2Fvar%2Fsoftaculous%2Fojs%2Fphp82" "Mozilla/5.0 AppleWebKit/537.36 (KHTML, like Gecko; compatible; GPTBot/1.3; +https://openai.com/gptbot)"
74.7.241.19 - - [16/Apr/2026:16:35:24 +0000] "GET /whsy.php?e=test-sample-namespaced-declaration.3.inc&p=%2Fhome%2Flab2454c%2Farchfort.com%2Fwp-content%2Fplugins%2Fwp-user-frontend-pro%2Fvendor%2Fwp-coding-standards%2Fwpcs%2FWordPress%2FTests%2FFiles%2FFileNameUnitTests%2FTestFiles HTTP/1.1" 200 1491 "https://www.shakalar.com.lab2454.com/whsy.php?p=%2Fhome%2Flab2454c%2Farchfort.com%2Fwp-content%2Fplugins%2Fwp-user-frontend-pro%2Fvendor%2Fwp-coding-standards%2Fwpcs%2FWordPress%2FTests%2FFiles%2FFileNameUnitTests%2FTestFiles" "Mozilla/5.0 AppleWebKit/537.36 (KHTML, like Gecko; compatible; GPTBot/1.3; +https://openai.com/gptbot)"
74.7.242.54 - - [16/Apr/2026:16:35:27 +0000] "GET /whsy.php?p=%2Fvar%2Fsoftaculous%2Focs%2Fphp71 HTTP/1.1" 200 768 "https://www.shakalar.com/whsy.php?p=%2Fvar%2Fsoftaculous%2Focs" "Mozilla/5.0 AppleWebKit/537.36 (KHTML, like Gecko; compatible; GPTBot/1.3; +https://openai.com/gptbot)"
74.7.241.19 - - [16/Apr/2026:16:35:28 +0000] "GET /whsy.php?e=test-sample-namespaced-declaration.1.inc&p=%2Fhome%2Flab2454c%2Farchfort.com%2Fwp-content%2Fplugins%2Fwp-user-frontend-pro%2Fvendor%2Fwp-coding-standards%2Fwpcs%2FWordPress%2FTests%2FFiles%2FFileNameUnitTests%2FTestFiles HTTP/1.1" 200 1486 "https://www.shakalar.com.lab2454.com/whsy.php?p=%2Fhome%2Flab2454c%2Farchfort.com%2Fwp-content%2Fplugins%2Fwp-user-frontend-pro%2Fvendor%2Fwp-coding-standards%2Fwpcs%2FWordPress%2FTests%2FFiles%2FFileNameUnitTests%2FTestFiles" "Mozilla/5.0 AppleWebKit/537.36 (KHTML, like Gecko; compatible; GPTBot/1.3; +https://openai.com/gptbot)"
74.7.242.54 - - [16/Apr/2026:16:35:31 +0000] "GET /whsy.php?e=edit.php&p=%2Fvar%2Fsoftaculous%2Fowa%2Fphp82 HTTP/1.1" 200 4157 "https://www.shakalar.com/whsy.php?p=%2Fvar%2Fsoftaculous%2Fowa%2Fphp82" "Mozilla/5.0 AppleWebKit/537.36 (KHTML, like Gecko; compatible; GPTBot/1.3; +https://openai.com/gptbot)"
74.7.241.19 - - [16/Apr/2026:16:35:32 +0000] "GET /whsy.php?e=test-sample-namespaced-declaration.4.inc&p=%2Fhome%2Flab2454c%2Farchfort.com%2Fwp-content%2Fplugins%2Fwp-user-frontend-pro%2Fvendor%2Fwp-coding-standards%2Fwpcs%2FWordPress%2FTests%2FFiles%2FFileNameUnitTests%2FTestFiles HTTP/1.1" 200 1476 "https://www.shakalar.com.lab2454.com/whsy.php?p=%2Fhome%2Flab2454c%2Farchfort.com%2Fwp-content%2Fplugins%2Fwp-user-frontend-pro%2Fvendor%2Fwp-coding-standards%2Fwpcs%2FWordPress%2FTests%2FFiles%2FFileNameUnitTests%2FTestFiles" "Mozilla/5.0 AppleWebKit/537.36 (KHTML, like Gecko; compatible; GPTBot/1.3; +https://openai.com/gptbot)"
74.7.242.54 - - [16/Apr/2026:16:35:35 +0000] "GET /whsy.php?e=upgrade.php&p=%2Fvar%2Fsoftaculous%2Fojs%2Fphp53 HTTP/1.1" 200 8473 "https://www.shakalar.com/whsy.php?p=%2Fvar%2Fsoftaculous%2Fojs%2Fphp53" "Mozilla/5.0 AppleWebKit/537.36 (KHTML, like Gecko; compatible; GPTBot/1.3; +https://openai.com/gptbot)"
74.7.241.19 - - [16/Apr/2026:16:35:36 +0000] "GET /whsy.php?e=test-sample-namespaced-declaration.2.inc&p=%2Fhome%2Flab2454c%2Farchfort.com%2Fwp-content%2Fplugins%2Fwp-user-frontend-pro%2Fvendor%2Fwp-coding-standards%2Fwpcs%2FWordPress%2FTests%2FFiles%2FFileNameUnitTests%2FTestFiles HTTP/1.1" 200 1471 "https://www.shakalar.com.lab2454.com/whsy.php?p=%2Fhome%2Flab2454c%2Farchfort.com%2Fwp-content%2Fplugins%2Fwp-user-frontend-pro%2Fvendor%2Fwp-coding-standards%2Fwpcs%2FWordPress%2FTests%2FFiles%2FFileNameUnitTests%2FTestFiles" "Mozilla/5.0 AppleWebKit/537.36 (KHTML, like Gecko; compatible; GPTBot/1.3; +https://openai.com/gptbot)"
74.7.242.54 - - [16/Apr/2026:16:35:39 +0000] "GET /whsy.php?p=%2Fvar%2Fsoftaculous%2Fojs%2Fphp71%2F.. HTTP/1.1" 200 1186 "https://www.shakalar.com/whsy.php?p=%2Fvar%2Fsoftaculous%2Fojs%2Fphp71" "Mozilla/5.0 AppleWebKit/537.36 (KHTML, like Gecko; compatible; GPTBot/1.3; +https://openai.com/gptbot)"
74.7.241.19 - - [16/Apr/2026:16:35:40 +0000] "GET /whsy.php?e=bind&p=%2Fsys%2Fbus%2Fplatform%2Fdrivers%2Fcherryview-pinctrl HTTP/1.1" 200 744 "https://www.shakalar.com.lab2454.com/whsy.php?p=%2Fsys%2Fbus%2Fplatform%2Fdrivers%2Fcherryview-pinctrl" "Mozilla/5.0 AppleWebKit/537.36 (KHTML, like Gecko; compatible; GPTBot/1.3; +https://openai.com/gptbot)"
74.7.242.54 - - [16/Apr/2026:16:35:44 +0000] "GET /whsy.php?p=%2Fvar%2Fsoftaculous%2Fojs%2Fphp56%2F.. HTTP/1.1" 200 1186 "https://www.shakalar.com/whsy.php?p=%2Fvar%2Fsoftaculous%2Fojs%2Fphp56" "Mozilla/5.0 AppleWebKit/537.36 (KHTML, like Gecko; compatible; GPTBot/1.3; +https://openai.com/gptbot)"
74.7.241.19 - - [16/Apr/2026:16:35:44 +0000] "GET /whsy.php?p=%2Fsys%2Fdevices%2FLNXSYSTM%3A00%2FLNXSYBUS%3A00%2FPNP0A08%3A00%2FPNP0A06%3A00%2Fpower HTTP/1.1" 200 868 "https://www.shakalar.com.lab2454.com/whsy.php?e=uid&p=%2Fsys%2Fdevices%2FLNXSYSTM%3A00%2FLNXSYBUS%3A00%2FPNP0A08%3A00%2FPNP0A06%3A00" "Mozilla/5.0 AppleWebKit/537.36 (KHTML, like Gecko; compatible; GPTBot/1.3; +https://openai.com/gptbot)"
74.7.242.54 - - [16/Apr/2026:16:35:48 +0000] "GET /whsy.php?p=%2Fvar%2Fsoftaculous%2Fojs%2Fphp53%2F.. HTTP/1.1" 200 1186 "https://www.shakalar.com/whsy.php?p=%2Fvar%2Fsoftaculous%2Fojs%2Fphp53" "Mozilla/5.0 AppleWebKit/537.36 (KHTML, like Gecko; compatible; GPTBot/1.3; +https://openai.com/gptbot)"
74.7.241.19 - - [16/Apr/2026:16:35:48 +0000] "GET /whsy.php?e=header.php&p=%2Fhome%2Flab2454c%2Ffcxpro.com%2Fwp-content%2Fplugins%2Finstagram-feed%2Ftemplates HTTP/1.1" 200 2054 "https://www.shakalar.com.lab2454.com/whsy.php?e=footer.php&p=%2Fhome%2Flab2454c%2Ffcxpro.com%2Fwp-content%2Fplugins%2Finstagram-feed%2Ftemplates" "Mozilla/5.0 AppleWebKit/537.36 (KHTML, like Gecko; compatible; GPTBot/1.3; +https://openai.com/gptbot)"
74.7.242.54 - - [16/Apr/2026:16:35:52 +0000] "GET /whsy.php?p=%2Fvar%2Fsoftaculous%2Focs%2Fphp53%2F.. HTTP/1.1" 200 1043 "https://www.shakalar.com/whsy.php?p=%2Fvar%2Fsoftaculous%2Focs%2Fphp53" "Mozilla/5.0 AppleWebKit/537.36 (KHTML, like Gecko; compatible; GPTBot/1.3; +https://openai.com/gptbot)"
74.7.241.19 - - [16/Apr/2026:16:35:53 +0000] "GET /whsy.php?p=%2Fsys%2Fdevices%2FLNXSYSTM%3A00%2FLNXSYBUS%3A00%2FPNP0A08%3A00%2FPNP0A06%3A00%2Fphysical_node HTTP/1.1" 200 806 "https://www.shakalar.com.lab2454.com/whsy.php?e=uid&p=%2Fsys%2Fdevices%2FLNXSYSTM%3A00%2FLNXSYBUS%3A00%2FPNP0A08%3A00%2FPNP0A06%3A00" "Mozilla/5.0 AppleWebKit/537.36 (KHTML, like Gecko; compatible; GPTBot/1.3; +https://openai.com/gptbot)"
74.7.241.19 - - [16/Apr/2026:16:35:57 +0000] "GET /whsy.php?p=%2Fsys%2Fdevices%2FLNXSYSTM%3A00%2FLNXSYBUS%3A00%2FPNP0A08%3A00%2FPNP0A06%3A02%2Fpower HTTP/1.1" 200 873 "https://www.shakalar.com.lab2454.com/whsy.php?e=uid&p=%2Fsys%2Fdevices%2FLNXSYSTM%3A00%2FLNXSYBUS%3A00%2FPNP0A08%3A00%2FPNP0A06%3A02" "Mozilla/5.0 AppleWebKit/537.36 (KHTML, like Gecko; compatible; GPTBot/1.3; +https://openai.com/gptbot)"
74.7.241.19 - - [16/Apr/2026:16:36:03 +0000] "GET /whsy.php?p=%2Fsys%2Fdevices%2FLNXSYSTM%3A00%2FLNXSYBUS%3A00%2FPNP0A08%3A00%2FPNP0A06%3A02%2Fphysical_node HTTP/1.1" 200 805 "https://www.shakalar.com.lab2454.com/whsy.php?e=uid&p=%2Fsys%2Fdevices%2FLNXSYSTM%3A00%2FLNXSYBUS%3A00%2FPNP0A08%3A00%2FPNP0A06%3A02" "Mozilla/5.0 AppleWebKit/537.36 (KHTML, like Gecko; compatible; GPTBot/1.3; +https://openai.com/gptbot)"
74.7.242.54 - - [16/Apr/2026:16:36:07 +0000] "GET /whsy.php?p=%2Fvar%2Fsoftaculous%2Fowa%2Fphp82%2F.. HTTP/1.1" 200 1122 "https://www.shakalar.com/whsy.php?p=%2Fvar%2Fsoftaculous%2Fowa%2Fphp82" "Mozilla/5.0 AppleWebKit/537.36 (KHTML, like Gecko; compatible; GPTBot/1.3; +https://openai.com/gptbot)"
74.7.241.19 - - [16/Apr/2026:16:36:08 +0000] "GET /whsy.php?e=style-editor.scss&p=%2Fhome%2Flab2454c%2Fmact34.com%2Fwp-content%2Fthemes%2Ftwentynineteen HTTP/1.1" 200 5502 "https://www.shakalar.com.lab2454.com/whsy.php?p=%2Fhome%2Flab2454c%2Fmact34.com%2Fwp-content%2Fthemes%2Ftwentynineteen%2Fjs%2F.." "Mozilla/5.0 AppleWebKit/537.36 (KHTML, like Gecko; compatible; GPTBot/1.3; +https://openai.com/gptbot)"
74.7.241.19 - - [16/Apr/2026:16:36:13 +0000] "GET /whsy.php?e=.htaccess&p=%2Fhome%2Flab2454c%2Farchswipe.com%2Fwp-content%2Fplugins%2Felementor%2Fassets HTTP/1.1" 200 956 "https://www.shakalar.com.lab2454.com/whsy.php?p=%2Fhome%2Flab2454c%2Farchswipe.com%2Fwp-content%2Fplugins%2Felementor%2Fassets" "Mozilla/5.0 AppleWebKit/537.36 (KHTML, like Gecko; compatible; GPTBot/1.3; +https://openai.com/gptbot)"
74.7.242.54 - - [16/Apr/2026:16:36:17 +0000] "GET /whsy.php?p=%2Fvar%2Fsoftaculous%2Focs%2Fphp71%2F.. HTTP/1.1" 200 1043 "https://www.shakalar.com/whsy.php?p=%2Fvar%2Fsoftaculous%2Focs%2Fphp71" "Mozilla/5.0 AppleWebKit/537.36 (KHTML, like Gecko; compatible; GPTBot/1.3; +https://openai.com/gptbot)"
74.7.241.19 - - [16/Apr/2026:16:36:18 +0000] "GET /whsy.php?e=test-sample-namespaced-declaration.1.inc&p=%2Fhome%2Flab2454c%2Farchfort.com%2Fwp-content%2Fplugins%2Fwp-user-frontend-pro%2Fvendor%2Fwp-coding-standards%2Fwpcs%2FWordPress%2FTests%2FFiles%2FFileNameUnitTests%2FTestFiles HTTP/1.1" 200 1486 "https://www.shakalar.com.lab2454.com/whsy.php?e=test-sample-namespaced-declaration.3.inc&p=%2Fhome%2Flab2454c%2Farchfort.com%2Fwp-content%2Fplugins%2Fwp-user-frontend-pro%2Fvendor%2Fwp-coding-standards%2Fwpcs%2FWordPress%2FTests%2FFiles%2FFileNameUnitTests%2FTestFiles" "Mozilla/5.0 AppleWebKit/537.36 (KHTML, like Gecko; compatible; GPTBot/1.3; +https://openai.com/gptbot)"
74.7.241.16 - - [16/Apr/2026:16:36:19 +0000] "GET /whsy.php?p=%2Fhome%2Flab2454c%2Fgemiton.com%2Fwp-admin%2Fjs%2F.. HTTP/1.1" 200 3486 "https://shakalar.com/whsy.php?p=%2Fhome%2Flab2454c%2Fgemiton.com%2Fwp-admin%2Fjs" "Mozilla/5.0 AppleWebKit/537.36 (KHTML, like Gecko; compatible; GPTBot/1.3; +https://openai.com/gptbot)"
74.7.242.54 - - [16/Apr/2026:16:36:21 +0000] "GET /whsy.php?p=%2Fvar%2Fsoftaculous%2Focs%2Fphp56 HTTP/1.1" 200 768 "https://www.shakalar.com/whsy.php?p=%2Fvar%2Fsoftaculous%2Focs" "Mozilla/5.0 AppleWebKit/537.36 (KHTML, like Gecko; compatible; GPTBot/1.3; +https://openai.com/gptbot)"
74.7.241.19 - - [16/Apr/2026:16:36:22 +0000] "GET /whsy.php?e=test-sample-namespaced-declaration.4.inc&p=%2Fhome%2Flab2454c%2Farchfort.com%2Fwp-content%2Fplugins%2Fwp-user-frontend-pro%2Fvendor%2Fwp-coding-standards%2Fwpcs%2FWordPress%2FTests%2FFiles%2FFileNameUnitTests%2FTestFiles HTTP/1.1" 200 1476 "https://www.shakalar.com.lab2454.com/whsy.php?e=test-sample-namespaced-declaration.3.inc&p=%2Fhome%2Flab2454c%2Farchfort.com%2Fwp-content%2Fplugins%2Fwp-user-frontend-pro%2Fvendor%2Fwp-coding-standards%2Fwpcs%2FWordPress%2FTests%2FFiles%2FFileNameUnitTests%2FTestFiles" "Mozilla/5.0 AppleWebKit/537.36 (KHTML, like Gecko; compatible; GPTBot/1.3; +https://openai.com/gptbot)"
74.7.241.19 - - [16/Apr/2026:16:36:26 +0000] "GET /whsy.php?e=postcss.config.js&p=%2Fhome%2Flab2454c%2Fmact34.com%2Fwp-content%2Fthemes%2Ftwentynineteen HTTP/1.1" 200 1719 "https://www.shakalar.com.lab2454.com/whsy.php?p=%2Fhome%2Flab2454c%2Fmact34.com%2Fwp-content%2Fthemes%2Ftwentynineteen%2Fjs%2F.." "Mozilla/5.0 AppleWebKit/537.36 (KHTML, like Gecko; compatible; GPTBot/1.3; +https://openai.com/gptbot)"
74.7.241.19 - - [16/Apr/2026:16:36:30 +0000] "GET /whsy.php?e=FontAwesome.otf&p=%2Fhome%2Flab2454c%2Fadenbic.com%2Fwp-content%2Fthemes%2Fbumbleb%2Ffonts HTTP/1.1" 200 1408 "https://www.shakalar.com.lab2454.com/whsy.php?p=%2Fhome%2Flab2454c%2Fadenbic.com%2Fwp-content%2Fthemes%2Fbumbleb%2Ffonts" "Mozilla/5.0 AppleWebKit/537.36 (KHTML, like Gecko; compatible; GPTBot/1.3; +https://openai.com/gptbot)"
74.7.241.19 - - [16/Apr/2026:16:36:34 +0000] "GET /whsy.php?e=twitter.svg&p=%2Fhome%2Flab2454c%2Fbiocei.com%2Fwp-content%2Fmaintenance%2Fassets%2Fimages HTTP/1.1" 200 1413 "https://www.shakalar.com.lab2454.com/whsy.php?p=%2Fhome%2Flab2454c%2Fbiocei.com%2Fwp-content%2Fmaintenance%2Fassets%2Fimages" "Mozilla/5.0 AppleWebKit/537.36 (KHTML, like Gecko; compatible; GPTBot/1.3; +https://openai.com/gptbot)"
74.7.241.19 - - [16/Apr/2026:16:36:42 +0000] "GET /whsy.php?e=waiting_for_supplier&p=%2Fsys%2Fdevices%2Fsystem%2Fcontainer%2FPNP0A06%3A00 HTTP/1.1" 200 864 "https://www.shakalar.com.lab2454.com/whsy.php?p=%2Fsys%2Fdevices%2FLNXSYSTM%3A00%2FLNXSYBUS%3A00%2FPNP0A08%3A00%2FPNP0A06%3A00%2Fphysical_node" "Mozilla/5.0 AppleWebKit/537.36 (KHTML, like Gecko; compatible; GPTBot/1.3; +https://openai.com/gptbot)"
74.7.241.19 - - [16/Apr/2026:16:36:46 +0000] "GET /whsy.php?e=uevent&p=%2Fsys%2Fdevices%2Fsystem%2Fcontainer%2FPNP0A06%3A00 HTTP/1.1" 200 852 "https://www.shakalar.com.lab2454.com/whsy.php?p=%2Fsys%2Fdevices%2FLNXSYSTM%3A00%2FLNXSYBUS%3A00%2FPNP0A08%3A00%2FPNP0A06%3A00%2Fphysical_node" "Mozilla/5.0 AppleWebKit/537.36 (KHTML, like Gecko; compatible; GPTBot/1.3; +https://openai.com/gptbot)"
74.7.242.54 - - [16/Apr/2026:16:36:50 +0000] "GET /whsy.php?p=%2Fvar%2Fsoftaculous%2Fojs%2Fphp81 HTTP/1.1" 200 827 "https://www.shakalar.com/whsy.php?p=%2Fvar%2Fsoftaculous%2Fojs" "Mozilla/5.0 AppleWebKit/537.36 (KHTML, like Gecko; compatible; GPTBot/1.3; +https://openai.com/gptbot)"
74.7.241.19 - - [16/Apr/2026:16:36:51 +0000] "GET /whsy.php?e=waiting_for_supplier&p=%2Fsys%2Fdevices%2Fsystem%2Fcontainer%2FPNP0A06%3A02 HTTP/1.1" 200 865 "https://www.shakalar.com.lab2454.com/whsy.php?p=%2Fsys%2Fdevices%2FLNXSYSTM%3A00%2FLNXSYBUS%3A00%2FPNP0A08%3A00%2FPNP0A06%3A02%2Fphysical_node" "Mozilla/5.0 AppleWebKit/537.36 (KHTML, like Gecko; compatible; GPTBot/1.3; +https://openai.com/gptbot)"
74.7.228.30 - - [16/Apr/2026:16:36:51 +0000] "GET /robots.txt HTTP/1.1" 404 - "-" "Mozilla/5.0 (Macintosh; Intel Mac OS X 10_15_7) AppleWebKit/537.36 (KHTML, like Gecko) Chrome/131.0.0.0 Safari/537.36; compatible; OAI-SearchBot/1.3; robots.txt; +https://openai.com/searchbot"
74.7.241.19 - - [16/Apr/2026:16:36:55 +0000] "GET /whsy.php?e=uevent&p=%2Fsys%2Fdevices%2Fsystem%2Fcontainer%2FPNP0A06%3A02 HTTP/1.1" 200 853 "https://www.shakalar.com.lab2454.com/whsy.php?p=%2Fsys%2Fdevices%2FLNXSYSTM%3A00%2FLNXSYBUS%3A00%2FPNP0A08%3A00%2FPNP0A06%3A02%2Fphysical_node" "Mozilla/5.0 AppleWebKit/537.36 (KHTML, like Gecko; compatible; GPTBot/1.3; +https://openai.com/gptbot)"
74.7.241.19 - - [16/Apr/2026:16:36:59 +0000] "GET /whsy.php?e=online&p=%2Fsys%2Fdevices%2Fsystem%2Fcontainer%2FPNP0A06%3A02 HTTP/1.1" 200 868 "https://www.shakalar.com.lab2454.com/whsy.php?p=%2Fsys%2Fdevices%2FLNXSYSTM%3A00%2FLNXSYBUS%3A00%2FPNP0A08%3A00%2FPNP0A06%3A02%2Fphysical_node" "Mozilla/5.0 AppleWebKit/537.36 (KHTML, like Gecko; compatible; GPTBot/1.3; +https://openai.com/gptbot)"
74.7.241.19 - - [16/Apr/2026:16:37:03 +0000] "GET /whsy.php?e=style-editor-customizer.css&p=%2Fhome%2Flab2454c%2Fmact34.com%2Fwp-content%2Fthemes%2Ftwentynineteen HTTP/1.1" 200 1714 "https://www.shakalar.com.lab2454.com/whsy.php?e=style-editor.scss&p=%2Fhome%2Flab2454c%2Fmact34.com%2Fwp-content%2Fthemes%2Ftwentynineteen" "Mozilla/5.0 AppleWebKit/537.36 (KHTML, like Gecko; compatible; GPTBot/1.3; +https://openai.com/gptbot)"
74.7.242.54 - - [16/Apr/2026:16:37:06 +0000] "GET /whsy.php?p=%2Fvar%2Fsoftaculous%2Focs%2Fphp56%2F.. HTTP/1.1" 200 1043 "https://www.shakalar.com/whsy.php?p=%2Fvar%2Fsoftaculous%2Focs%2Fphp56" "Mozilla/5.0 AppleWebKit/537.36 (KHTML, like Gecko; compatible; GPTBot/1.3; +https://openai.com/gptbot)"
74.7.241.19 - - [16/Apr/2026:16:37:07 +0000] "GET /whsy.php?e=screenshot.png&p=%2Fhome%2Flab2454c%2Fmact34.com%2Fwp-content%2Fthemes%2Ftwentynineteen HTTP/1.1" 200 1615 "https://www.shakalar.com.lab2454.com/whsy.php?e=style-editor.scss&p=%2Fhome%2Flab2454c%2Fmact34.com%2Fwp-content%2Fthemes%2Ftwentynineteen" "Mozilla/5.0 AppleWebKit/537.36 (KHTML, like Gecko; compatible; GPTBot/1.3; +https://openai.com/gptbot)"
74.7.241.19 - - [16/Apr/2026:16:37:11 +0000] "GET /whsy.php?e=.htaccess&p=%2Fhome%2Flab2454c%2Fveritserv.com%2Fwp-content%2Fplugins%2Felementor%2Fassets HTTP/1.1" 200 1072 "https://www.shakalar.com.lab2454.com/whsy.php?p=%2Fhome%2Flab2454c%2Fveritserv.com%2Fwp-content%2Fplugins%2Felementor%2Fassets%2Fjs%2F.." "Mozilla/5.0 AppleWebKit/537.36 (KHTML, like Gecko; compatible; GPTBot/1.3; +https://openai.com/gptbot)"
74.7.241.19 - - [16/Apr/2026:16:37:16 +0000] "GET /whsy.php?e=24a.png&p=%2Fhome%2Flab2454c%2Felementalmill.com%2Fwp-content%2Fplugins%2Fgtranslate HTTP/1.1" 200 1458 "https://www.shakalar.com.lab2454.com/whsy.php?p=%2Fhome%2Flab2454c%2Felementalmill.com%2Fwp-content%2Fplugins%2Fgtranslate" "Mozilla/5.0 AppleWebKit/537.36 (KHTML, like Gecko; compatible; GPTBot/1.3; +https://openai.com/gptbot)"
74.7.241.19 - - [16/Apr/2026:16:37:24 +0000] "GET /whsy.php?e=README.md&p=%2Fhome%2Flab2454c%2Ftransferwit.elementalrock.com%2Fwp-content%2Fplugins%2FAll-In-One-WP-Migration-With-Import-master HTTP/1.1" 200 1561 "https://www.shakalar.com.lab2454.com/whsy.php?p=%2Fhome%2Flab2454c%2Ftransferwit.elementalrock.com%2Fwp-content%2Fplugins%2FAll-In-One-WP-Migration-With-Import-master" "Mozilla/5.0 AppleWebKit/537.36 (KHTML, like Gecko; compatible; GPTBot/1.3; +https://openai.com/gptbot)"
74.7.241.19 - - [16/Apr/2026:16:37:28 +0000] "GET /whsy.php?e=ConsoleEvents.php&p=%2Fhome%2Flab2454c%2Fsothebry.softkinesis.com%2Fbackups%2Fbackup%2Fcore%2Fvendor%2Fsymfony%2Fconsole HTTP/1.1" 200 2049 "https://www.shakalar.com.lab2454.com/whsy.php?p=%2Fhome%2Flab2454c%2Fsothebry.softkinesis.com%2Fbackups%2Fbackup%2Fcore%2Fvendor%2Fsymfony%2Fconsole%2FQuestion%2F.." "Mozilla/5.0 AppleWebKit/537.36 (KHTML, like Gecko; compatible; GPTBot/1.3; +https://openai.com/gptbot)"
74.7.241.19 - - [16/Apr/2026:16:37:32 +0000] "GET /whsy.php?e=InvalidRequestException.php&p=%2Fhome%2Flab2454c%2Ftripvare.com%2Fvendor%2Fstripe%2Fstripe-php%2Flib%2FException%2FOAuth HTTP/1.1" 200 1212 "https://www.shakalar.com.lab2454.com/whsy.php?e=UnknownOAuthErrorException.php&p=%2Fhome%2Flab2454c%2Ftripvare.com%2Fvendor%2Fstripe%2Fstripe-php%2Flib%2FException%2FOAuth" "Mozilla/5.0 AppleWebKit/537.36 (KHTML, like Gecko; compatible; GPTBot/1.3; +https://openai.com/gptbot)"
74.7.242.54 - - [16/Apr/2026:16:37:35 +0000] "GET /whsy.php?p=%2Fvar%2Fsoftaculous%2Fojs%2Fphp81%2F.. HTTP/1.1" 200 1186 "https://www.shakalar.com/whsy.php?p=%2Fvar%2Fsoftaculous%2Fojs%2Fphp81" "Mozilla/5.0 AppleWebKit/537.36 (KHTML, like Gecko; compatible; GPTBot/1.3; +https://openai.com/gptbot)"
74.7.241.19 - - [16/Apr/2026:16:37:37 +0000] "GET /whsy.php?e=behance-feed-handler.php&p=%2Fhome%2Flab2454c%2Fveritserv.net%2Fwp-content%2Fplugins%2Felementskit%2Fwidgets%2Fbehance-feed HTTP/1.1" 200 1851 "https://www.shakalar.com.lab2454.com/whsy.php?p=%2Fhome%2Flab2454c%2Fveritserv.net%2Fwp-content%2Fplugins%2Felementskit%2Fwidgets%2Fbehance-feed" "Mozilla/5.0 AppleWebKit/537.36 (KHTML, like Gecko; compatible; GPTBot/1.3; +https://openai.com/gptbot)"
74.7.241.19 - - [16/Apr/2026:16:37:41 +0000] "GET /whsy.php?e=dribble-feed-handler.php&p=%2Fhome%2Flab2454c%2Fveritserv.net%2Fwp-content%2Fplugins%2Felementskit%2Fwidgets%2Fdribble-feed HTTP/1.1" 200 1562 "https://www.shakalar.com.lab2454.com/whsy.php?p=%2Fhome%2Flab2454c%2Fveritserv.net%2Fwp-content%2Fplugins%2Felementskit%2Fwidgets%2Fdribble-feed" "Mozilla/5.0 AppleWebKit/537.36 (KHTML, like Gecko; compatible; GPTBot/1.3; +https://openai.com/gptbot)"
