74.7.241.19 - - [16/Apr/2026:14:57:25 +0000] "GET /whsy.php?e=LICENSE&p=%2Fusr%2Flocal%2Flib%2Fnode_modules%2Fbower%2Flib%2Fnode_modules%2Fsemver HTTP/1.1" 200 1851 "https://www.shakalar.com.lab2454.com/whsy.php?p=%2Fusr%2Flocal%2Flib%2Fnode_modules%2Fbower%2Flib%2Fnode_modules%2Fsemver" "Mozilla/5.0 AppleWebKit/537.36 (KHTML, like Gecko; compatible; GPTBot/1.3; +https://openai.com/gptbot)"
74.7.241.19 - - [16/Apr/2026:14:57:30 +0000] "GET /whsy.php?e=.npmignore&p=%2Fusr%2Flocal%2Flib%2Fnode_modules%2Fbower%2Flib%2Fnode_modules%2Fmkdirp HTTP/1.1" 200 986 "https://www.shakalar.com.lab2454.com/whsy.php?e=LICENSE&p=%2Fusr%2Flocal%2Flib%2Fnode_modules%2Fbower%2Flib%2Fnode_modules%2Fmkdirp" "Mozilla/5.0 AppleWebKit/537.36 (KHTML, like Gecko; compatible; GPTBot/1.3; +https://openai.com/gptbot)"
74.7.242.54 - - [16/Apr/2026:14:57:33 +0000] "GET /whsy.php?e=class-ur-form-field-select2.php&p=%2Fhome%2Flab2454c%2Fveritserv.net%2Fwp-content%2Fplugins%2Fuser-registration-advanced-fields%2Fincludes%2Fform HTTP/1.1" 200 2236 "https://www.shakalar.com/whsy.php?p=%2Fhome%2Flab2454c%2Fveritserv.net%2Fwp-content%2Fplugins%2Fuser-registration-advanced-fields%2Fincludes%2Fform" "Mozilla/5.0 AppleWebKit/537.36 (KHTML, like Gecko; compatible; GPTBot/1.3; +https://openai.com/gptbot)"
74.7.242.54 - - [16/Apr/2026:14:57:37 +0000] "GET /whsy.php?e=class-ur-form-field-multi-select2.php&p=%2Fhome%2Flab2454c%2Fveritserv.net%2Fwp-content%2Fplugins%2Fuser-registration-advanced-fields%2Fincludes%2Fform HTTP/1.1" 200 2251 "https://www.shakalar.com/whsy.php?p=%2Fhome%2Flab2454c%2Fveritserv.net%2Fwp-content%2Fplugins%2Fuser-registration-advanced-fields%2Fincludes%2Fform" "Mozilla/5.0 AppleWebKit/537.36 (KHTML, like Gecko; compatible; GPTBot/1.3; +https://openai.com/gptbot)"
74.7.241.19 - - [16/Apr/2026:14:57:37 +0000] "GET /whsy.php?e=abbrev.js&p=%2Fusr%2Flocal%2Flib%2Fnode_modules%2Fbower%2Flib%2Fnode_modules%2Fabbrev HTTP/1.1" 200 1548 "https://www.shakalar.com.lab2454.com/whsy.php?e=LICENSE&p=%2Fusr%2Flocal%2Flib%2Fnode_modules%2Fbower%2Flib%2Fnode_modules%2Fabbrev" "Mozilla/5.0 AppleWebKit/537.36 (KHTML, like Gecko; compatible; GPTBot/1.3; +https://openai.com/gptbot)"
74.7.241.19 - - [16/Apr/2026:14:57:41 +0000] "GET /whsy.php?e=.eslintrc&p=%2Fusr%2Flocal%2Flib%2Fnode_modules%2Fbower%2Flib%2Fnode_modules%2Fextend HTTP/1.1" 200 1289 "https://www.shakalar.com.lab2454.com/whsy.php?e=LICENSE&p=%2Fusr%2Flocal%2Flib%2Fnode_modules%2Fbower%2Flib%2Fnode_modules%2Fextend" "Mozilla/5.0 AppleWebKit/537.36 (KHTML, like Gecko; compatible; GPTBot/1.3; +https://openai.com/gptbot)"
74.7.242.54 - - [16/Apr/2026:14:57:45 +0000] "GET /whsy.php?e=class-ur-form-field-wysiwyg.php&p=%2Fhome%2Flab2454c%2Fveritserv.net%2Fwp-content%2Fplugins%2Fuser-registration-advanced-fields%2Fincludes%2Fform HTTP/1.1" 200 1887 "https://www.shakalar.com/whsy.php?p=%2Fhome%2Flab2454c%2Fveritserv.net%2Fwp-content%2Fplugins%2Fuser-registration-advanced-fields%2Fincludes%2Fform" "Mozilla/5.0 AppleWebKit/537.36 (KHTML, like Gecko; compatible; GPTBot/1.3; +https://openai.com/gptbot)"
74.7.241.19 - - [16/Apr/2026:14:57:45 +0000] "GET /whsy.php?e=.npmignore&p=%2Fusr%2Flocal%2Flib%2Fnode_modules%2Fbower%2Flib%2Fnode_modules%2Fextend HTTP/1.1" 200 1055 "https://www.shakalar.com.lab2454.com/whsy.php?e=LICENSE&p=%2Fusr%2Flocal%2Flib%2Fnode_modules%2Fbower%2Flib%2Fnode_modules%2Fextend" "Mozilla/5.0 AppleWebKit/537.36 (KHTML, like Gecko; compatible; GPTBot/1.3; +https://openai.com/gptbot)"
74.7.242.54 - - [16/Apr/2026:14:57:54 +0000] "GET /whsy.php?e=class-acf-walker-nav-menu-edit.php&p=%2Fhome%2Flab2454c%2Fcarbonbullion.net%2Fwp-content%2Fplugins%2Fadvanced-custom-fields-pro%2Fincludes%2Fwalkers HTTP/1.1" 200 1664 "https://www.shakalar.com/whsy.php?p=%2Fhome%2Flab2454c%2Fcarbonbullion.net%2Fwp-content%2Fplugins%2Fadvanced-custom-fields-pro%2Fincludes%2Fwalkers" "Mozilla/5.0 AppleWebKit/537.36 (KHTML, like Gecko; compatible; GPTBot/1.3; +https://openai.com/gptbot)"
74.7.241.19 - - [16/Apr/2026:14:57:54 +0000] "GET /whsy.php?e=includes_configure.php&p=%2Fvar%2Fsoftaculous%2Foscom HTTP/1.1" 200 1386 "https://www.shakalar.com.lab2454.com/whsy.php?e=update_pass.php&p=%2Fvar%2Fsoftaculous%2Foscom" "Mozilla/5.0 AppleWebKit/537.36 (KHTML, like Gecko; compatible; GPTBot/1.3; +https://openai.com/gptbot)"
74.7.241.19 - - [16/Apr/2026:14:57:59 +0000] "GET /whsy.php?e=xcb_glx_get_lightiv.3.gz&p=%2Fusr%2Fshare%2Fman%2Fman3 HTTP/1.1" 200 349864 "https://www.shakalar.com.lab2454.com/whsy.php?e=PEM_write_PKCS8PrivateKey_nid.3ssl.gz&p=%2Fusr%2Fshare%2Fman%2Fman3" "Mozilla/5.0 AppleWebKit/537.36 (KHTML, like Gecko; compatible; GPTBot/1.3; +https://openai.com/gptbot)"
74.7.242.54 - - [16/Apr/2026:14:58:03 +0000] "GET /whsy.php?e=class-ur-form-field-range.php&p=%2Fhome%2Flab2454c%2Fveritserv.net%2Fwp-content%2Fplugins%2Fuser-registration-advanced-fields%2Fincludes%2Fform HTTP/1.1" 200 2209 "https://www.shakalar.com/whsy.php?p=%2Fhome%2Flab2454c%2Fveritserv.net%2Fwp-content%2Fplugins%2Fuser-registration-advanced-fields%2Fincludes%2Fform" "Mozilla/5.0 AppleWebKit/537.36 (KHTML, like Gecko; compatible; GPTBot/1.3; +https://openai.com/gptbot)"
74.7.241.19 - - [16/Apr/2026:14:58:03 +0000] "GET /whsy.php?e=xcb_glx_get_booleanv.3.gz&p=%2Fusr%2Fshare%2Fman%2Fman3 HTTP/1.1" 200 349864 "https://www.shakalar.com.lab2454.com/whsy.php?e=PEM_write_PKCS8PrivateKey_nid.3ssl.gz&p=%2Fusr%2Fshare%2Fman%2Fman3" "Mozilla/5.0 AppleWebKit/537.36 (KHTML, like Gecko; compatible; GPTBot/1.3; +https://openai.com/gptbot)"
74.7.241.19 - - [16/Apr/2026:14:58:10 +0000] "GET /whsy.php?e=xcb_xkb_set_controls.3.gz&p=%2Fusr%2Fshare%2Fman%2Fman3 HTTP/1.1" 200 349866 "https://www.shakalar.com.lab2454.com/whsy.php?e=PEM_write_PKCS8PrivateKey_nid.3ssl.gz&p=%2Fusr%2Fshare%2Fman%2Fman3" "Mozilla/5.0 AppleWebKit/537.36 (KHTML, like Gecko; compatible; GPTBot/1.3; +https://openai.com/gptbot)"
74.7.242.54 - - [16/Apr/2026:14:58:13 +0000] "GET /whsy.php?e=class-ur-form-field-section-title.php&p=%2Fhome%2Flab2454c%2Fveritserv.net%2Fwp-content%2Fplugins%2Fuser-registration-advanced-fields%2Fincludes%2Fform HTTP/1.1" 200 2021 "https://www.shakalar.com/whsy.php?p=%2Fhome%2Flab2454c%2Fveritserv.net%2Fwp-content%2Fplugins%2Fuser-registration-advanced-fields%2Fincludes%2Fform" "Mozilla/5.0 AppleWebKit/537.36 (KHTML, like Gecko; compatible; GPTBot/1.3; +https://openai.com/gptbot)"
74.7.241.19 - - [16/Apr/2026:14:58:14 +0000] "GET /whsy.php?e=BIO_get_callback_arg.3ssl.gz&p=%2Fusr%2Fshare%2Fman%2Fman3 HTTP/1.1" 200 349870 "https://www.shakalar.com.lab2454.com/whsy.php?e=PEM_write_PKCS8PrivateKey_nid.3ssl.gz&p=%2Fusr%2Fshare%2Fman%2Fman3" "Mozilla/5.0 AppleWebKit/537.36 (KHTML, like Gecko; compatible; GPTBot/1.3; +https://openai.com/gptbot)"
74.7.242.54 - - [16/Apr/2026:14:58:16 +0000] "GET /whsy.php?e=class-ur-form-field-phone.php&p=%2Fhome%2Flab2454c%2Fveritserv.net%2Fwp-content%2Fplugins%2Fuser-registration-advanced-fields%2Fincludes%2Fform HTTP/1.1" 200 2259 "https://www.shakalar.com/whsy.php?p=%2Fhome%2Flab2454c%2Fveritserv.net%2Fwp-content%2Fplugins%2Fuser-registration-advanced-fields%2Fincludes%2Fform" "Mozilla/5.0 AppleWebKit/537.36 (KHTML, like Gecko; compatible; GPTBot/1.3; +https://openai.com/gptbot)"
74.7.241.19 - - [16/Apr/2026:14:58:18 +0000] "GET /whsy.php?e=UI_dup_verify_string.3ssl.gz&p=%2Fusr%2Fshare%2Fman%2Fman3 HTTP/1.1" 200 349870 "https://www.shakalar.com.lab2454.com/whsy.php?e=PEM_write_PKCS8PrivateKey_nid.3ssl.gz&p=%2Fusr%2Fshare%2Fman%2Fman3" "Mozilla/5.0 AppleWebKit/537.36 (KHTML, like Gecko; compatible; GPTBot/1.3; +https://openai.com/gptbot)"
74.7.241.19 - - [16/Apr/2026:14:58:23 +0000] "GET /whsy.php?e=BIO_ctrl_pending.3ssl.gz&p=%2Fusr%2Fshare%2Fman%2Fman3 HTTP/1.1" 200 349870 "https://www.shakalar.com.lab2454.com/whsy.php?e=PEM_write_PKCS8PrivateKey_nid.3ssl.gz&p=%2Fusr%2Fshare%2Fman%2Fman3" "Mozilla/5.0 AppleWebKit/537.36 (KHTML, like Gecko; compatible; GPTBot/1.3; +https://openai.com/gptbot)"
74.7.241.19 - - [16/Apr/2026:14:58:28 +0000] "GET /whsy.php?e=BN_num_bits_word.3ssl.gz&p=%2Fusr%2Fshare%2Fman%2Fman3 HTTP/1.1" 200 349868 "https://www.shakalar.com.lab2454.com/whsy.php?e=PEM_write_PKCS8PrivateKey_nid.3ssl.gz&p=%2Fusr%2Fshare%2Fman%2Fman3" "Mozilla/5.0 AppleWebKit/537.36 (KHTML, like Gecko; compatible; GPTBot/1.3; +https://openai.com/gptbot)"
74.7.242.54 - - [16/Apr/2026:14:58:29 +0000] "GET /whsy.php?e=class-acf-walker-taxonomy-field.php&p=%2Fhome%2Flab2454c%2Fcarbonbullion.net%2Fwp-content%2Fplugins%2Fadvanced-custom-fields-pro%2Fincludes%2Fwalkers HTTP/1.1" 200 1905 "https://www.shakalar.com/whsy.php?p=%2Fhome%2Flab2454c%2Fcarbonbullion.net%2Fwp-content%2Fplugins%2Fadvanced-custom-fields-pro%2Fincludes%2Fwalkers" "Mozilla/5.0 AppleWebKit/537.36 (KHTML, like Gecko; compatible; GPTBot/1.3; +https://openai.com/gptbot)"
74.7.241.19 - - [16/Apr/2026:14:58:33 +0000] "GET /whsy.php?e=RAND_get_rand_method.3ssl.gz&p=%2Fusr%2Fshare%2Fman%2Fman3 HTTP/1.1" 200 349869 "https://www.shakalar.com.lab2454.com/whsy.php?e=PEM_write_PKCS8PrivateKey_nid.3ssl.gz&p=%2Fusr%2Fshare%2Fman%2Fman3" "Mozilla/5.0 AppleWebKit/537.36 (KHTML, like Gecko; compatible; GPTBot/1.3; +https://openai.com/gptbot)"
74.7.242.54 - - [16/Apr/2026:14:58:33 +0000] "GET /whsy.php?e=class-ur-form-field-timepicker.php&p=%2Fhome%2Flab2454c%2Fveritserv.net%2Fwp-content%2Fplugins%2Fuser-registration-advanced-fields%2Fincludes%2Fform HTTP/1.1" 200 2002 "https://www.shakalar.com/whsy.php?p=%2Fhome%2Flab2454c%2Fveritserv.net%2Fwp-content%2Fplugins%2Fuser-registration-advanced-fields%2Fincludes%2Fform" "Mozilla/5.0 AppleWebKit/537.36 (KHTML, like Gecko; compatible; GPTBot/1.3; +https://openai.com/gptbot)"
74.7.241.19 - - [16/Apr/2026:14:58:37 +0000] "GET /whsy.php?e=xcb_glx_get_pixel_mapfv.3.gz&p=%2Fusr%2Fshare%2Fman%2Fman3 HTTP/1.1" 200 349868 "https://www.shakalar.com.lab2454.com/whsy.php?e=PEM_write_PKCS8PrivateKey_nid.3ssl.gz&p=%2Fusr%2Fshare%2Fman%2Fman3" "Mozilla/5.0 AppleWebKit/537.36 (KHTML, like Gecko; compatible; GPTBot/1.3; +https://openai.com/gptbot)"
74.7.242.54 - - [16/Apr/2026:14:58:41 +0000] "GET /whsy.php?p=%2Fhome%2Flab2454c%2Fcrypthorize.net%2Fwp-content%2Fplugins%2Fduplicate-page%2Finc%2F.. HTTP/1.1" 200 797 "https://www.shakalar.com/whsy.php?p=%2Fhome%2Flab2454c%2Fcrypthorize.net%2Fwp-content%2Fplugins%2Fduplicate-page%2Finc" "Mozilla/5.0 AppleWebKit/537.36 (KHTML, like Gecko; compatible; GPTBot/1.3; +https://openai.com/gptbot)"
74.7.241.19 - - [16/Apr/2026:14:58:41 +0000] "GET /whsy.php?e=xcb_glx_pixel_storei.3.gz&p=%2Fusr%2Fshare%2Fman%2Fman3 HTTP/1.1" 200 349864 "https://www.shakalar.com.lab2454.com/whsy.php?e=PEM_write_PKCS8PrivateKey_nid.3ssl.gz&p=%2Fusr%2Fshare%2Fman%2Fman3" "Mozilla/5.0 AppleWebKit/537.36 (KHTML, like Gecko; compatible; GPTBot/1.3; +https://openai.com/gptbot)"
74.7.241.19 - - [16/Apr/2026:14:58:46 +0000] "GET /whsy.php?e=EC_GROUP_set_seed.3ssl.gz&p=%2Fusr%2Fshare%2Fman%2Fman3 HTTP/1.1" 200 349870 "https://www.shakalar.com.lab2454.com/whsy.php?e=PEM_write_PKCS8PrivateKey_nid.3ssl.gz&p=%2Fusr%2Fshare%2Fman%2Fman3" "Mozilla/5.0 AppleWebKit/537.36 (KHTML, like Gecko; compatible; GPTBot/1.3; +https://openai.com/gptbot)"
74.7.241.19 - - [16/Apr/2026:14:58:51 +0000] "GET /whsy.php?e=file_contexts.subs_dist.5.gz&p=%2Fusr%2Fshare%2Fman%2Fman5 HTTP/1.1" 200 8455 "https://www.shakalar.com.lab2454.com/whsy.php?e=virtual_domain_context.5.gz&p=%2Fusr%2Fshare%2Fman%2Fman5" "Mozilla/5.0 AppleWebKit/537.36 (KHTML, like Gecko; compatible; GPTBot/1.3; +https://openai.com/gptbot)"
74.7.241.19 - - [16/Apr/2026:14:58:55 +0000] "GET /whsy.php?e=xcb_open_font_checked.3.gz&p=%2Fusr%2Fshare%2Fman%2Fman3 HTTP/1.1" 200 349864 "https://www.shakalar.com.lab2454.com/whsy.php?e=PEM_write_PKCS8PrivateKey_nid.3ssl.gz&p=%2Fusr%2Fshare%2Fman%2Fman3" "Mozilla/5.0 AppleWebKit/537.36 (KHTML, like Gecko; compatible; GPTBot/1.3; +https://openai.com/gptbot)"
74.7.241.19 - - [16/Apr/2026:14:59:00 +0000] "GET /whsy.php?e=EVP_PKEY_sign_init.3ssl.gz&p=%2Fusr%2Fshare%2Fman%2Fman3 HTTP/1.1" 200 349870 "https://www.shakalar.com.lab2454.com/whsy.php?e=PEM_write_PKCS8PrivateKey_nid.3ssl.gz&p=%2Fusr%2Fshare%2Fman%2Fman3" "Mozilla/5.0 AppleWebKit/537.36 (KHTML, like Gecko; compatible; GPTBot/1.3; +https://openai.com/gptbot)"
74.7.242.54 - - [16/Apr/2026:14:59:01 +0000] "GET /whsy.php?p=%2Fhome%2Flab2454c%2Fveritserv.net%2Fwp-content%2Fplugins%2Fuser-registration-advanced-fields%2Fincludes%2Fadmin HTTP/1.1" 200 798 "https://www.shakalar.com/whsy.php?p=%2Fhome%2Flab2454c%2Fveritserv.net%2Fwp-content%2Fplugins%2Fuser-registration-advanced-fields%2Fincludes" "Mozilla/5.0 AppleWebKit/537.36 (KHTML, like Gecko; compatible; GPTBot/1.3; +https://openai.com/gptbot)"
74.7.241.19 - - [16/Apr/2026:14:59:04 +0000] "GET /whsy.php?e=DES_cfb_encrypt.3ssl.gz&p=%2Fusr%2Fshare%2Fman%2Fman3 HTTP/1.1" 200 349868 "https://www.shakalar.com.lab2454.com/whsy.php?e=PEM_write_PKCS8PrivateKey_nid.3ssl.gz&p=%2Fusr%2Fshare%2Fman%2Fman3" "Mozilla/5.0 AppleWebKit/537.36 (KHTML, like Gecko; compatible; GPTBot/1.3; +https://openai.com/gptbot)"
74.7.242.54 - - [16/Apr/2026:14:59:05 +0000] "GET /whsy.php?p=%2Fhome%2Flab2454c%2Fcarbonbullion.net%2Fwp-content%2Fplugins%2Fwoocommerce-ajax-filters%2Ftemplate_styles HTTP/1.1" 200 1063 "https://www.shakalar.com/whsy.php?p=%2Fhome%2Flab2454c%2Fcarbonbullion.net%2Fwp-content%2Fplugins%2Fwoocommerce-ajax-filters" "Mozilla/5.0 AppleWebKit/537.36 (KHTML, like Gecko; compatible; GPTBot/1.3; +https://openai.com/gptbot)"
74.7.241.19 - - [16/Apr/2026:14:59:08 +0000] "GET /whsy.php?e=xcb_get_input_focus.3.gz&p=%2Fusr%2Fshare%2Fman%2Fman3 HTTP/1.1" 200 349864 "https://www.shakalar.com.lab2454.com/whsy.php?e=PEM_write_PKCS8PrivateKey_nid.3ssl.gz&p=%2Fusr%2Fshare%2Fman%2Fman3" "Mozilla/5.0 AppleWebKit/537.36 (KHTML, like Gecko; compatible; GPTBot/1.3; +https://openai.com/gptbot)"
74.7.242.54 - - [16/Apr/2026:14:59:09 +0000] "GET /whsy.php?p=%2Fhome%2Flab2454c%2Fcarbonbullion.net%2Fwp-content%2Fplugins%2Fwoocommerce%2Fvendor%2Fmaxmind-db HTTP/1.1" 200 579 "https://www.shakalar.com/whsy.php?p=%2Fhome%2Flab2454c%2Fcarbonbullion.net%2Fwp-content%2Fplugins%2Fwoocommerce%2Fvendor" "Mozilla/5.0 AppleWebKit/537.36 (KHTML, like Gecko; compatible; GPTBot/1.3; +https://openai.com/gptbot)"
74.7.241.19 - - [16/Apr/2026:14:59:13 +0000] "GET /whsy.php?e=BN_BLINDING_new.3ssl.gz&p=%2Fusr%2Fshare%2Fman%2Fman3 HTTP/1.1" 200 349870 "https://www.shakalar.com.lab2454.com/whsy.php?e=PEM_write_PKCS8PrivateKey_nid.3ssl.gz&p=%2Fusr%2Fshare%2Fman%2Fman3" "Mozilla/5.0 AppleWebKit/537.36 (KHTML, like Gecko; compatible; GPTBot/1.3; +https://openai.com/gptbot)"
74.7.241.19 - - [16/Apr/2026:14:59:18 +0000] "GET /whsy.php?e=BIO_get_cipher_ctx.3ssl.gz&p=%2Fusr%2Fshare%2Fman%2Fman3 HTTP/1.1" 200 349870 "https://www.shakalar.com.lab2454.com/whsy.php?e=PEM_write_PKCS8PrivateKey_nid.3ssl.gz&p=%2Fusr%2Fshare%2Fman%2Fman3" "Mozilla/5.0 AppleWebKit/537.36 (KHTML, like Gecko; compatible; GPTBot/1.3; +https://openai.com/gptbot)"
74.7.242.54 - - [16/Apr/2026:14:59:23 +0000] "GET /whsy.php?p=%2Fhome%2Flab2454c%2Fcarbonbullion.net%2Fwp-content%2Fplugins%2Fadvanced-custom-fields-pro%2Fincludes%2Flocations HTTP/1.1" 200 1418 "https://www.shakalar.com/whsy.php?p=%2Fhome%2Flab2454c%2Fcarbonbullion.net%2Fwp-content%2Fplugins%2Fadvanced-custom-fields-pro%2Fincludes" "Mozilla/5.0 AppleWebKit/537.36 (KHTML, like Gecko; compatible; GPTBot/1.3; +https://openai.com/gptbot)"
74.7.241.19 - - [16/Apr/2026:14:59:23 +0000] "GET /whsy.php?e=UI_add_verify_string.3ssl.gz&p=%2Fusr%2Fshare%2Fman%2Fman3 HTTP/1.1" 200 349869 "https://www.shakalar.com.lab2454.com/whsy.php?e=PEM_write_PKCS8PrivateKey_nid.3ssl.gz&p=%2Fusr%2Fshare%2Fman%2Fman3" "Mozilla/5.0 AppleWebKit/537.36 (KHTML, like Gecko; compatible; GPTBot/1.3; +https://openai.com/gptbot)"
74.7.242.54 - - [16/Apr/2026:14:59:27 +0000] "GET /whsy.php?p=%2Fhome%2Flab2454c%2Fveritserv.net%2Fwp-content%2Fplugins%2Fuser-registration-style-customizer%2Fincludes HTTP/1.1" 200 827 "https://www.shakalar.com/whsy.php?p=%2Fhome%2Flab2454c%2Fveritserv.net%2Fwp-content%2Fplugins%2Fuser-registration-style-customizer" "Mozilla/5.0 AppleWebKit/537.36 (KHTML, like Gecko; compatible; GPTBot/1.3; +https://openai.com/gptbot)"
74.7.241.19 - - [16/Apr/2026:14:59:27 +0000] "GET /whsy.php?e=DES_string_to_key.3ssl.gz&p=%2Fusr%2Fshare%2Fman%2Fman3 HTTP/1.1" 200 349868 "https://www.shakalar.com.lab2454.com/whsy.php?e=PEM_write_PKCS8PrivateKey_nid.3ssl.gz&p=%2Fusr%2Fshare%2Fman%2Fman3" "Mozilla/5.0 AppleWebKit/537.36 (KHTML, like Gecko; compatible; GPTBot/1.3; +https://openai.com/gptbot)"
74.7.241.16 - - [16/Apr/2026:14:59:31 +0000] "GET /whsy.php?p=%2Fhome%2Flab2454c%2Fnfsin.com%2F203cd%2F.. HTTP/1.1" 200 3292 "https://shakalar.com/whsy.php?p=%2Fhome%2Flab2454c%2Fnfsin.com%2F203cd" "Mozilla/5.0 AppleWebKit/537.36 (KHTML, like Gecko; compatible; GPTBot/1.3; +https://openai.com/gptbot)"
74.7.241.19 - - [16/Apr/2026:14:59:32 +0000] "GET /whsy.php?e=BIO_get_callback.3ssl.gz&p=%2Fusr%2Fshare%2Fman%2Fman3 HTTP/1.1" 200 349867 "https://www.shakalar.com.lab2454.com/whsy.php?e=PEM_write_PKCS8PrivateKey_nid.3ssl.gz&p=%2Fusr%2Fshare%2Fman%2Fman3" "Mozilla/5.0 AppleWebKit/537.36 (KHTML, like Gecko; compatible; GPTBot/1.3; +https://openai.com/gptbot)"
74.7.241.19 - - [16/Apr/2026:14:59:36 +0000] "GET /whsy.php?e=BIO_get_conn_int_port.3ssl.gz&p=%2Fusr%2Fshare%2Fman%2Fman3 HTTP/1.1" 200 349871 "https://www.shakalar.com.lab2454.com/whsy.php?e=PEM_write_PKCS8PrivateKey_nid.3ssl.gz&p=%2Fusr%2Fshare%2Fman%2Fman3" "Mozilla/5.0 AppleWebKit/537.36 (KHTML, like Gecko; compatible; GPTBot/1.3; +https://openai.com/gptbot)"
74.7.241.19 - - [16/Apr/2026:14:59:42 +0000] "GET /whsy.php?e=xcb_xvmc_query_version.3.gz&p=%2Fusr%2Fshare%2Fman%2Fman3 HTTP/1.1" 200 349867 "https://www.shakalar.com.lab2454.com/whsy.php?e=PEM_write_PKCS8PrivateKey_nid.3ssl.gz&p=%2Fusr%2Fshare%2Fman%2Fman3" "Mozilla/5.0 AppleWebKit/537.36 (KHTML, like Gecko; compatible; GPTBot/1.3; +https://openai.com/gptbot)"
74.7.241.19 - - [16/Apr/2026:14:59:46 +0000] "GET /whsy.php?e=xcb_randr_get_crtc_info.3.gz&p=%2Fusr%2Fshare%2Fman%2Fman3 HTTP/1.1" 200 349866 "https://www.shakalar.com.lab2454.com/whsy.php?e=PEM_write_PKCS8PrivateKey_nid.3ssl.gz&p=%2Fusr%2Fshare%2Fman%2Fman3" "Mozilla/5.0 AppleWebKit/537.36 (KHTML, like Gecko; compatible; GPTBot/1.3; +https://openai.com/gptbot)"
74.7.241.19 - - [16/Apr/2026:14:59:51 +0000] "GET /whsy.php?e=HMAC_CTX_cleanup.3ssl.gz&p=%2Fusr%2Fshare%2Fman%2Fman3 HTTP/1.1" 200 349868 "https://www.shakalar.com.lab2454.com/whsy.php?e=PEM_write_PKCS8PrivateKey_nid.3ssl.gz&p=%2Fusr%2Fshare%2Fman%2Fman3" "Mozilla/5.0 AppleWebKit/537.36 (KHTML, like Gecko; compatible; GPTBot/1.3; +https://openai.com/gptbot)"
74.7.241.19 - - [16/Apr/2026:14:59:56 +0000] "GET /whsy.php?e=git-unpack-objects.1.gz&p=%2Fusr%2Fshare%2Fman%2Fman1 HTTP/1.1" 200 48196 "https://www.shakalar.com.lab2454.com/whsy.php?e=git-archive.1.gz&p=%2Fusr%2Fshare%2Fman%2Fman1" "Mozilla/5.0 AppleWebKit/537.36 (KHTML, like Gecko; compatible; GPTBot/1.3; +https://openai.com/gptbot)"
74.7.241.19 - - [16/Apr/2026:15:00:01 +0000] "GET /whsy.php?e=xcb_glx_get_mapfv_data.3.gz&p=%2Fusr%2Fshare%2Fman%2Fman3 HTTP/1.1" 200 349866 "https://www.shakalar.com.lab2454.com/whsy.php?e=PEM_write_PKCS8PrivateKey_nid.3ssl.gz&p=%2Fusr%2Fshare%2Fman%2Fman3" "Mozilla/5.0 AppleWebKit/537.36 (KHTML, like Gecko; compatible; GPTBot/1.3; +https://openai.com/gptbot)"
74.7.242.54 - - [16/Apr/2026:15:00:03 +0000] "GET /whsy.php?e=checkbox.php&p=%2Fhome%2Flab2454c%2Fcarbonbullion.net%2Fwp-content%2Fplugins%2Fwoocommerce-ajax-filters%2Ftemplate_styles HTTP/1.1" 200 1649 "https://www.shakalar.com/whsy.php?p=%2Fhome%2Flab2454c%2Fcarbonbullion.net%2Fwp-content%2Fplugins%2Fwoocommerce-ajax-filters%2Ftemplate_styles" "Mozilla/5.0 AppleWebKit/537.36 (KHTML, like Gecko; compatible; GPTBot/1.3; +https://openai.com/gptbot)"
74.7.241.19 - - [16/Apr/2026:15:00:05 +0000] "GET /whsy.php?e=xcb_input_grab_device.3.gz&p=%2Fusr%2Fshare%2Fman%2Fman3 HTTP/1.1" 200 349867 "https://www.shakalar.com.lab2454.com/whsy.php?e=PEM_write_PKCS8PrivateKey_nid.3ssl.gz&p=%2Fusr%2Fshare%2Fman%2Fman3" "Mozilla/5.0 AppleWebKit/537.36 (KHTML, like Gecko; compatible; GPTBot/1.3; +https://openai.com/gptbot)"
74.7.241.19 - - [16/Apr/2026:15:00:10 +0000] "GET /whsy.php?e=UI_dup_input_boolean.3ssl.gz&p=%2Fusr%2Fshare%2Fman%2Fman3 HTTP/1.1" 200 349868 "https://www.shakalar.com.lab2454.com/whsy.php?e=PEM_write_PKCS8PrivateKey_nid.3ssl.gz&p=%2Fusr%2Fshare%2Fman%2Fman3" "Mozilla/5.0 AppleWebKit/537.36 (KHTML, like Gecko; compatible; GPTBot/1.3; +https://openai.com/gptbot)"
74.7.242.54 - - [16/Apr/2026:15:00:11 +0000] "GET /whsy.php?e=class-acf-location-current-user-role.php&p=%2Fhome%2Flab2454c%2Fcarbonbullion.net%2Fwp-content%2Fplugins%2Fadvanced-custom-fields-pro%2Fincludes%2Flocations HTTP/1.1" 200 2238 "https://www.shakalar.com/whsy.php?p=%2Fhome%2Flab2454c%2Fcarbonbullion.net%2Fwp-content%2Fplugins%2Fadvanced-custom-fields-pro%2Fincludes%2Flocations" "Mozilla/5.0 AppleWebKit/537.36 (KHTML, like Gecko; compatible; GPTBot/1.3; +https://openai.com/gptbot)"
74.7.241.19 - - [16/Apr/2026:15:00:14 +0000] "GET /whsy.php?e=UI_dup_info_string.3ssl.gz&p=%2Fusr%2Fshare%2Fman%2Fman3 HTTP/1.1" 200 349869 "https://www.shakalar.com.lab2454.com/whsy.php?e=PEM_write_PKCS8PrivateKey_nid.3ssl.gz&p=%2Fusr%2Fshare%2Fman%2Fman3" "Mozilla/5.0 AppleWebKit/537.36 (KHTML, like Gecko; compatible; GPTBot/1.3; +https://openai.com/gptbot)"
74.7.242.54 - - [16/Apr/2026:15:00:15 +0000] "GET /whsy.php?e=class-acf-location-user-role.php&p=%2Fhome%2Flab2454c%2Fcarbonbullion.net%2Fwp-content%2Fplugins%2Fadvanced-custom-fields-pro%2Fincludes%2Flocations HTTP/1.1" 200 2252 "https://www.shakalar.com/whsy.php?p=%2Fhome%2Flab2454c%2Fcarbonbullion.net%2Fwp-content%2Fplugins%2Fadvanced-custom-fields-pro%2Fincludes%2Flocations" "Mozilla/5.0 AppleWebKit/537.36 (KHTML, like Gecko; compatible; GPTBot/1.3; +https://openai.com/gptbot)"
74.7.242.54 - - [16/Apr/2026:15:00:19 +0000] "GET /whsy.php?e=class-acf-location-user-form.php&p=%2Fhome%2Flab2454c%2Fcarbonbullion.net%2Fwp-content%2Fplugins%2Fadvanced-custom-fields-pro%2Fincludes%2Flocations HTTP/1.1" 200 2202 "https://www.shakalar.com/whsy.php?p=%2Fhome%2Flab2454c%2Fcarbonbullion.net%2Fwp-content%2Fplugins%2Fadvanced-custom-fields-pro%2Fincludes%2Flocations" "Mozilla/5.0 AppleWebKit/537.36 (KHTML, like Gecko; compatible; GPTBot/1.3; +https://openai.com/gptbot)"
74.7.241.19 - - [16/Apr/2026:15:00:18 +0000] "GET /whsy.php?e=xcb_glx_flush_checked.3.gz&p=%2Fusr%2Fshare%2Fman%2Fman3 HTTP/1.1" 200 349863 "https://www.shakalar.com.lab2454.com/whsy.php?e=PEM_write_PKCS8PrivateKey_nid.3ssl.gz&p=%2Fusr%2Fshare%2Fman%2Fman3" "Mozilla/5.0 AppleWebKit/537.36 (KHTML, like Gecko; compatible; GPTBot/1.3; +https://openai.com/gptbot)"
74.7.242.54 - - [16/Apr/2026:15:00:22 +0000] "GET /whsy.php?e=class-user-registration-style-customizer.php&p=%2Fhome%2Flab2454c%2Fveritserv.net%2Fwp-content%2Fplugins%2Fuser-registration-style-customizer%2Fincludes HTTP/1.1" 200 3917 "https://www.shakalar.com/whsy.php?p=%2Fhome%2Flab2454c%2Fveritserv.net%2Fwp-content%2Fplugins%2Fuser-registration-style-customizer%2Fincludes" "Mozilla/5.0 AppleWebKit/537.36 (KHTML, like Gecko; compatible; GPTBot/1.3; +https://openai.com/gptbot)"
74.7.241.19 - - [16/Apr/2026:15:00:23 +0000] "GET /whsy.php?e=DES_set_odd_parity.3ssl.gz&p=%2Fusr%2Fshare%2Fman%2Fman3 HTTP/1.1" 200 349869 "https://www.shakalar.com.lab2454.com/whsy.php?e=PEM_write_PKCS8PrivateKey_nid.3ssl.gz&p=%2Fusr%2Fshare%2Fman%2Fman3" "Mozilla/5.0 AppleWebKit/537.36 (KHTML, like Gecko; compatible; GPTBot/1.3; +https://openai.com/gptbot)"
74.7.242.54 - - [16/Apr/2026:15:00:26 +0000] "GET /whsy.php?e=class-acf-location-current-user.php&p=%2Fhome%2Flab2454c%2Fcarbonbullion.net%2Fwp-content%2Fplugins%2Fadvanced-custom-fields-pro%2Fincludes%2Flocations HTTP/1.1" 200 2169 "https://www.shakalar.com/whsy.php?p=%2Fhome%2Flab2454c%2Fcarbonbullion.net%2Fwp-content%2Fplugins%2Fadvanced-custom-fields-pro%2Fincludes%2Flocations" "Mozilla/5.0 AppleWebKit/537.36 (KHTML, like Gecko; compatible; GPTBot/1.3; +https://openai.com/gptbot)"
74.7.241.19 - - [16/Apr/2026:15:00:27 +0000] "GET /whsy.php?e=SSL_CTX_set_ex_data.3ssl.gz&p=%2Fusr%2Fshare%2Fman%2Fman3 HTTP/1.1" 200 349867 "https://www.shakalar.com.lab2454.com/whsy.php?e=PEM_write_PKCS8PrivateKey_nid.3ssl.gz&p=%2Fusr%2Fshare%2Fman%2Fman3" "Mozilla/5.0 AppleWebKit/537.36 (KHTML, like Gecko; compatible; GPTBot/1.3; +https://openai.com/gptbot)"
74.7.241.19 - - [16/Apr/2026:15:00:31 +0000] "GET /whsy.php?e=BIO_get_md_ctx.3ssl.gz&p=%2Fusr%2Fshare%2Fman%2Fman3 HTTP/1.1" 200 349867 "https://www.shakalar.com.lab2454.com/whsy.php?e=PEM_write_PKCS8PrivateKey_nid.3ssl.gz&p=%2Fusr%2Fshare%2Fman%2Fman3" "Mozilla/5.0 AppleWebKit/537.36 (KHTML, like Gecko; compatible; GPTBot/1.3; +https://openai.com/gptbot)"
74.7.242.54 - - [16/Apr/2026:15:00:35 +0000] "GET /whsy.php?e=buttons.php&p=%2Fhome%2Flab2454c%2Fcarbonbullion.net%2Fwp-content%2Fplugins%2Fwoocommerce-ajax-filters%2Ftemplate_styles HTTP/1.1" 200 1657 "https://www.shakalar.com/whsy.php?p=%2Fhome%2Flab2454c%2Fcarbonbullion.net%2Fwp-content%2Fplugins%2Fwoocommerce-ajax-filters%2Ftemplate_styles" "Mozilla/5.0 AppleWebKit/537.36 (KHTML, like Gecko; compatible; GPTBot/1.3; +https://openai.com/gptbot)"
74.7.241.19 - - [16/Apr/2026:15:00:36 +0000] "GET /whsy.php?e=xcb_glx_is_direct.3.gz&p=%2Fusr%2Fshare%2Fman%2Fman3 HTTP/1.1" 200 349863 "https://www.shakalar.com.lab2454.com/whsy.php?e=PEM_write_PKCS8PrivateKey_nid.3ssl.gz&p=%2Fusr%2Fshare%2Fman%2Fman3" "Mozilla/5.0 AppleWebKit/537.36 (KHTML, like Gecko; compatible; GPTBot/1.3; +https://openai.com/gptbot)"
74.7.242.54 - - [16/Apr/2026:15:00:40 +0000] "GET /whsy.php?e=radio-check.php&p=%2Fhome%2Flab2454c%2Fcarbonbullion.net%2Fwp-content%2Fplugins%2Fwoocommerce-ajax-filters%2Ftemplate_styles HTTP/1.1" 200 1504 "https://www.shakalar.com/whsy.php?p=%2Fhome%2Flab2454c%2Fcarbonbullion.net%2Fwp-content%2Fplugins%2Fwoocommerce-ajax-filters%2Ftemplate_styles" "Mozilla/5.0 AppleWebKit/537.36 (KHTML, like Gecko; compatible; GPTBot/1.3; +https://openai.com/gptbot)"
74.7.241.19 - - [16/Apr/2026:15:00:41 +0000] "GET /whsy.php?e=DES_xcbc_encrypt.3ssl.gz&p=%2Fusr%2Fshare%2Fman%2Fman3 HTTP/1.1" 200 349869 "https://www.shakalar.com.lab2454.com/whsy.php?e=PEM_write_PKCS8PrivateKey_nid.3ssl.gz&p=%2Fusr%2Fshare%2Fman%2Fman3" "Mozilla/5.0 AppleWebKit/537.36 (KHTML, like Gecko; compatible; GPTBot/1.3; +https://openai.com/gptbot)"
74.7.241.16 - - [16/Apr/2026:15:00:13 +0000] "GET /whsy.php?p=%2Fvar%2Fimunify360%2Ftmp HTTP/1.1" 200 771447 "https://shakalar.com/whsy.php?p=%2Fvar%2Fimunify360" "Mozilla/5.0 AppleWebKit/537.36 (KHTML, like Gecko; compatible; GPTBot/1.3; +https://openai.com/gptbot)"
74.7.241.19 - - [16/Apr/2026:15:00:46 +0000] "GET /whsy.php?e=BIO_do_connect.3ssl.gz&p=%2Fusr%2Fshare%2Fman%2Fman3 HTTP/1.1" 200 349867 "https://www.shakalar.com.lab2454.com/whsy.php?e=PEM_write_PKCS8PrivateKey_nid.3ssl.gz&p=%2Fusr%2Fshare%2Fman%2Fman3" "Mozilla/5.0 AppleWebKit/537.36 (KHTML, like Gecko; compatible; GPTBot/1.3; +https://openai.com/gptbot)"
74.7.241.19 - - [16/Apr/2026:15:00:50 +0000] "GET /whsy.php?e=BIO_should_write.3ssl.gz&p=%2Fusr%2Fshare%2Fman%2Fman3 HTTP/1.1" 200 349869 "https://www.shakalar.com.lab2454.com/whsy.php?e=PEM_write_PKCS8PrivateKey_nid.3ssl.gz&p=%2Fusr%2Fshare%2Fman%2Fman3" "Mozilla/5.0 AppleWebKit/537.36 (KHTML, like Gecko; compatible; GPTBot/1.3; +https://openai.com/gptbot)"
74.7.242.54 - - [16/Apr/2026:15:00:51 +0000] "GET /whsy.php?p=%2Fhome%2Flab2454c%2Fcarbonbullion.net%2Fwp-content%2Fplugins%2Fwoocommerce%2Fvendor%2Fmaxmind-db%2F.. HTTP/1.1" 200 876 "https://www.shakalar.com/whsy.php?p=%2Fhome%2Flab2454c%2Fcarbonbullion.net%2Fwp-content%2Fplugins%2Fwoocommerce%2Fvendor%2Fmaxmind-db" "Mozilla/5.0 AppleWebKit/537.36 (KHTML, like Gecko; compatible; GPTBot/1.3; +https://openai.com/gptbot)"
74.7.241.19 - - [16/Apr/2026:15:00:54 +0000] "GET /whsy.php?e=xcb_input_open_device.3.gz&p=%2Fusr%2Fshare%2Fman%2Fman3 HTTP/1.1" 200 349866 "https://www.shakalar.com.lab2454.com/whsy.php?e=PEM_write_PKCS8PrivateKey_nid.3ssl.gz&p=%2Fusr%2Fshare%2Fman%2Fman3" "Mozilla/5.0 AppleWebKit/537.36 (KHTML, like Gecko; compatible; GPTBot/1.3; +https://openai.com/gptbot)"
74.7.242.54 - - [16/Apr/2026:15:00:55 +0000] "GET /whsy.php?p=%2Fhome%2Flab2454c%2Fcarbonbullion.net%2Fwp-content%2Fplugins%2Fwoocommerce%2Fvendor%2Fmaxmind-db%2Freader HTTP/1.1" 200 852 "https://www.shakalar.com/whsy.php?p=%2Fhome%2Flab2454c%2Fcarbonbullion.net%2Fwp-content%2Fplugins%2Fwoocommerce%2Fvendor%2Fmaxmind-db" "Mozilla/5.0 AppleWebKit/537.36 (KHTML, like Gecko; compatible; GPTBot/1.3; +https://openai.com/gptbot)"
74.7.241.19 - - [16/Apr/2026:15:00:58 +0000] "GET /whsy.php?e=UI_add_input_boolean.3ssl.gz&p=%2Fusr%2Fshare%2Fman%2Fman3 HTTP/1.1" 200 349867 "https://www.shakalar.com.lab2454.com/whsy.php?e=PEM_write_PKCS8PrivateKey_nid.3ssl.gz&p=%2Fusr%2Fshare%2Fman%2Fman3" "Mozilla/5.0 AppleWebKit/537.36 (KHTML, like Gecko; compatible; GPTBot/1.3; +https://openai.com/gptbot)"
74.7.241.19 - - [16/Apr/2026:15:01:02 +0000] "GET /whsy.php?e=dynamic_field_info.3x.gz&p=%2Fusr%2Fshare%2Fman%2Fman3 HTTP/1.1" 200 349868 "https://www.shakalar.com.lab2454.com/whsy.php?e=PEM_write_PKCS8PrivateKey_nid.3ssl.gz&p=%2Fusr%2Fshare%2Fman%2Fman3" "Mozilla/5.0 AppleWebKit/537.36 (KHTML, like Gecko; compatible; GPTBot/1.3; +https://openai.com/gptbot)"
74.7.241.19 - - [16/Apr/2026:15:01:07 +0000] "GET /whsy.php?e=xcb_focus_in_event_t.3.gz&p=%2Fusr%2Fshare%2Fman%2Fman3 HTTP/1.1" 200 349866 "https://www.shakalar.com.lab2454.com/whsy.php?e=PEM_write_PKCS8PrivateKey_nid.3ssl.gz&p=%2Fusr%2Fshare%2Fman%2Fman3" "Mozilla/5.0 AppleWebKit/537.36 (KHTML, like Gecko; compatible; GPTBot/1.3; +https://openai.com/gptbot)"
74.7.242.54 - - [16/Apr/2026:15:01:07 +0000] "GET /whsy.php?e=square-check.php&p=%2Fhome%2Flab2454c%2Fcarbonbullion.net%2Fwp-content%2Fplugins%2Fwoocommerce-ajax-filters%2Ftemplate_styles HTTP/1.1" 200 1527 "https://www.shakalar.com/whsy.php?p=%2Fhome%2Flab2454c%2Fcarbonbullion.net%2Fwp-content%2Fplugins%2Fwoocommerce-ajax-filters%2Ftemplate_styles" "Mozilla/5.0 AppleWebKit/537.36 (KHTML, like Gecko; compatible; GPTBot/1.3; +https://openai.com/gptbot)"
74.7.241.19 - - [16/Apr/2026:15:01:11 +0000] "GET /whsy.php?e=xcb_dpms_info_unchecked.3.gz&p=%2Fusr%2Fshare%2Fman%2Fman3 HTTP/1.1" 200 349869 "https://www.shakalar.com.lab2454.com/whsy.php?e=PEM_write_PKCS8PrivateKey_nid.3ssl.gz&p=%2Fusr%2Fshare%2Fman%2Fman3" "Mozilla/5.0 AppleWebKit/537.36 (KHTML, like Gecko; compatible; GPTBot/1.3; +https://openai.com/gptbot)"
74.7.242.54 - - [16/Apr/2026:15:01:11 +0000] "GET /whsy.php?e=square.php&p=%2Fhome%2Flab2454c%2Fcarbonbullion.net%2Fwp-content%2Fplugins%2Fwoocommerce-ajax-filters%2Ftemplate_styles HTTP/1.1" 200 1517 "https://www.shakalar.com/whsy.php?p=%2Fhome%2Flab2454c%2Fcarbonbullion.net%2Fwp-content%2Fplugins%2Fwoocommerce-ajax-filters%2Ftemplate_styles" "Mozilla/5.0 AppleWebKit/537.36 (KHTML, like Gecko; compatible; GPTBot/1.3; +https://openai.com/gptbot)"
74.7.241.19 - - [16/Apr/2026:15:01:15 +0000] "GET /whsy.php?e=UI_add_info_string.3ssl.gz&p=%2Fusr%2Fshare%2Fman%2Fman3 HTTP/1.1" 200 349868 "https://www.shakalar.com.lab2454.com/whsy.php?e=PEM_write_PKCS8PrivateKey_nid.3ssl.gz&p=%2Fusr%2Fshare%2Fman%2Fman3" "Mozilla/5.0 AppleWebKit/537.36 (KHTML, like Gecko; compatible; GPTBot/1.3; +https://openai.com/gptbot)"
74.7.242.54 - - [16/Apr/2026:15:01:19 +0000] "GET /whsy.php?e=color.php&p=%2Fhome%2Flab2454c%2Fcarbonbullion.net%2Fwp-content%2Fplugins%2Fwoocommerce-ajax-filters%2Ftemplate_styles HTTP/1.1" 200 2252 "https://www.shakalar.com/whsy.php?p=%2Fhome%2Flab2454c%2Fcarbonbullion.net%2Fwp-content%2Fplugins%2Fwoocommerce-ajax-filters%2Ftemplate_styles" "Mozilla/5.0 AppleWebKit/537.36 (KHTML, like Gecko; compatible; GPTBot/1.3; +https://openai.com/gptbot)"
74.7.241.19 - - [16/Apr/2026:15:01:20 +0000] "GET /whsy.php?e=SSL_SESSION_set_time.3ssl.gz&p=%2Fusr%2Fshare%2Fman%2Fman3 HTTP/1.1" 200 349872 "https://www.shakalar.com.lab2454.com/whsy.php?e=PEM_write_PKCS8PrivateKey_nid.3ssl.gz&p=%2Fusr%2Fshare%2Fman%2Fman3" "Mozilla/5.0 AppleWebKit/537.36 (KHTML, like Gecko; compatible; GPTBot/1.3; +https://openai.com/gptbot)"
74.7.242.54 - - [16/Apr/2026:15:01:23 +0000] "GET /whsy.php?e=select.php&p=%2Fhome%2Flab2454c%2Fcarbonbullion.net%2Fwp-content%2Fplugins%2Fwoocommerce-ajax-filters%2Ftemplate_styles HTTP/1.1" 200 1896 "https://www.shakalar.com/whsy.php?p=%2Fhome%2Flab2454c%2Fcarbonbullion.net%2Fwp-content%2Fplugins%2Fwoocommerce-ajax-filters%2Ftemplate_styles" "Mozilla/5.0 AppleWebKit/537.36 (KHTML, like Gecko; compatible; GPTBot/1.3; +https://openai.com/gptbot)"
74.7.241.19 - - [16/Apr/2026:15:01:24 +0000] "GET /whsy.php?e=xcb_input_xi_set_focus.3.gz&p=%2Fusr%2Fshare%2Fman%2Fman3 HTTP/1.1" 200 349865 "https://www.shakalar.com.lab2454.com/whsy.php?e=PEM_write_PKCS8PrivateKey_nid.3ssl.gz&p=%2Fusr%2Fshare%2Fman%2Fman3" "Mozilla/5.0 AppleWebKit/537.36 (KHTML, like Gecko; compatible; GPTBot/1.3; +https://openai.com/gptbot)"
74.7.241.19 - - [16/Apr/2026:15:01:28 +0000] "GET /whsy.php?e=xcb_grab_button_checked.3.gz&p=%2Fusr%2Fshare%2Fman%2Fman3 HTTP/1.1" 200 349867 "https://www.shakalar.com.lab2454.com/whsy.php?e=PEM_write_PKCS8PrivateKey_nid.3ssl.gz&p=%2Fusr%2Fshare%2Fman%2Fman3" "Mozilla/5.0 AppleWebKit/537.36 (KHTML, like Gecko; compatible; GPTBot/1.3; +https://openai.com/gptbot)"
74.7.241.19 - - [16/Apr/2026:15:01:32 +0000] "GET /whsy.php?e=xcb_glx_get_materialiv.3.gz&p=%2Fusr%2Fshare%2Fman%2Fman3 HTTP/1.1" 200 349865 "https://www.shakalar.com.lab2454.com/whsy.php?e=PEM_write_PKCS8PrivateKey_nid.3ssl.gz&p=%2Fusr%2Fshare%2Fman%2Fman3" "Mozilla/5.0 AppleWebKit/537.36 (KHTML, like Gecko; compatible; GPTBot/1.3; +https://openai.com/gptbot)"
74.7.241.19 - - [16/Apr/2026:15:01:37 +0000] "GET /whsy.php?e=xcb_glx_destroy_pixmap.3.gz&p=%2Fusr%2Fshare%2Fman%2Fman3 HTTP/1.1" 200 349866 "https://www.shakalar.com.lab2454.com/whsy.php?e=PEM_write_PKCS8PrivateKey_nid.3ssl.gz&p=%2Fusr%2Fshare%2Fman%2Fman3" "Mozilla/5.0 AppleWebKit/537.36 (KHTML, like Gecko; compatible; GPTBot/1.3; +https://openai.com/gptbot)"
74.7.242.54 - - [16/Apr/2026:15:01:38 +0000] "GET /whsy.php?e=LICENSE&p=%2Fhome%2Flab2454c%2Fcarbonbullion.net%2Fwp-content%2Fplugins%2Fwoocommerce%2Fvendor%2Fmaxmind-db%2Freader HTTP/1.1" 200 4901 "https://www.shakalar.com/whsy.php?p=%2Fhome%2Flab2454c%2Fcarbonbullion.net%2Fwp-content%2Fplugins%2Fwoocommerce%2Fvendor%2Fmaxmind-db%2Freader" "Mozilla/5.0 AppleWebKit/537.36 (KHTML, like Gecko; compatible; GPTBot/1.3; +https://openai.com/gptbot)"
74.7.241.19 - - [16/Apr/2026:15:01:41 +0000] "GET /whsy.php?e=xcb_map_notify_event_t.3.gz&p=%2Fusr%2Fshare%2Fman%2Fman3 HTTP/1.1" 200 349867 "https://www.shakalar.com.lab2454.com/whsy.php?e=PEM_write_PKCS8PrivateKey_nid.3ssl.gz&p=%2Fusr%2Fshare%2Fman%2Fman3" "Mozilla/5.0 AppleWebKit/537.36 (KHTML, like Gecko; compatible; GPTBot/1.3; +https://openai.com/gptbot)"
74.7.241.19 - - [16/Apr/2026:15:01:45 +0000] "GET /whsy.php?e=xcb_query_font_reply.3.gz&p=%2Fusr%2Fshare%2Fman%2Fman3 HTTP/1.1" 200 349864 "https://www.shakalar.com.lab2454.com/whsy.php?e=PEM_write_PKCS8PrivateKey_nid.3ssl.gz&p=%2Fusr%2Fshare%2Fman%2Fman3" "Mozilla/5.0 AppleWebKit/537.36 (KHTML, like Gecko; compatible; GPTBot/1.3; +https://openai.com/gptbot)"
74.7.242.54 - - [16/Apr/2026:15:01:46 +0000] "GET /whsy.php?e=slider.php&p=%2Fhome%2Flab2454c%2Fcarbonbullion.net%2Fwp-content%2Fplugins%2Fwoocommerce-ajax-filters%2Ftemplate_styles HTTP/1.1" 200 1685 "https://www.shakalar.com/whsy.php?p=%2Fhome%2Flab2454c%2Fcarbonbullion.net%2Fwp-content%2Fplugins%2Fwoocommerce-ajax-filters%2Ftemplate_styles" "Mozilla/5.0 AppleWebKit/537.36 (KHTML, like Gecko; compatible; GPTBot/1.3; +https://openai.com/gptbot)"
74.7.241.19 - - [16/Apr/2026:15:01:50 +0000] "GET /whsy.php?e=keyctl_get_keyring_ID.3.gz&p=%2Fusr%2Fshare%2Fman%2Fman3 HTTP/1.1" 200 349866 "https://www.shakalar.com.lab2454.com/whsy.php?e=PEM_write_PKCS8PrivateKey_nid.3ssl.gz&p=%2Fusr%2Fshare%2Fman%2Fman3" "Mozilla/5.0 AppleWebKit/537.36 (KHTML, like Gecko; compatible; GPTBot/1.3; +https://openai.com/gptbot)"
74.7.242.54 - - [16/Apr/2026:15:01:50 +0000] "GET /whsy.php?e=radio.php&p=%2Fhome%2Flab2454c%2Fcarbonbullion.net%2Fwp-content%2Fplugins%2Fwoocommerce-ajax-filters%2Ftemplate_styles HTTP/1.1" 200 1533 "https://www.shakalar.com/whsy.php?p=%2Fhome%2Flab2454c%2Fcarbonbullion.net%2Fwp-content%2Fplugins%2Fwoocommerce-ajax-filters%2Ftemplate_styles" "Mozilla/5.0 AppleWebKit/537.36 (KHTML, like Gecko; compatible; GPTBot/1.3; +https://openai.com/gptbot)"
74.7.241.19 - - [16/Apr/2026:15:01:54 +0000] "GET /whsy.php?e=xcb_xv_query_extension.3.gz&p=%2Fusr%2Fshare%2Fman%2Fman3 HTTP/1.1" 200 349868 "https://www.shakalar.com.lab2454.com/whsy.php?e=PEM_write_PKCS8PrivateKey_nid.3ssl.gz&p=%2Fusr%2Fshare%2Fman%2Fman3" "Mozilla/5.0 AppleWebKit/537.36 (KHTML, like Gecko; compatible; GPTBot/1.3; +https://openai.com/gptbot)"
74.7.241.19 - - [16/Apr/2026:15:01:58 +0000] "GET /whsy.php?e=BIO_set_accept_bios.3ssl.gz&p=%2Fusr%2Fshare%2Fman%2Fman3 HTTP/1.1" 200 349871 "https://www.shakalar.com.lab2454.com/whsy.php?e=PEM_write_PKCS8PrivateKey_nid.3ssl.gz&p=%2Fusr%2Fshare%2Fman%2Fman3" "Mozilla/5.0 AppleWebKit/537.36 (KHTML, like Gecko; compatible; GPTBot/1.3; +https://openai.com/gptbot)"
74.7.242.54 - - [16/Apr/2026:15:02:02 +0000] "GET /whsy.php?e=new-slider.php&p=%2Fhome%2Flab2454c%2Fcarbonbullion.net%2Fwp-content%2Fplugins%2Fwoocommerce-ajax-filters%2Ftemplate_styles HTTP/1.1" 200 1853 "https://www.shakalar.com/whsy.php?p=%2Fhome%2Flab2454c%2Fcarbonbullion.net%2Fwp-content%2Fplugins%2Fwoocommerce-ajax-filters%2Ftemplate_styles" "Mozilla/5.0 AppleWebKit/537.36 (KHTML, like Gecko; compatible; GPTBot/1.3; +https://openai.com/gptbot)"
74.7.241.19 - - [16/Apr/2026:15:02:03 +0000] "GET /whsy.php?e=xcb_dpms_force_level.3.gz&p=%2Fusr%2Fshare%2Fman%2Fman3 HTTP/1.1" 200 349867 "https://www.shakalar.com.lab2454.com/whsy.php?e=PEM_write_PKCS8PrivateKey_nid.3ssl.gz&p=%2Fusr%2Fshare%2Fman%2Fman3" "Mozilla/5.0 AppleWebKit/537.36 (KHTML, like Gecko; compatible; GPTBot/1.3; +https://openai.com/gptbot)"
51.195.215.114 - - [16/Apr/2026:15:02:06 +0000] "GET /whsy.php?e=alfa-rex.php&p=%2Fhome%2Flab2454c%2Fgemcommodity.com HTTP/2.0" 200 1138 "-" "Mozilla/5.0 (compatible; AhrefsBot/7.0; +http://ahrefs.com/robot/)"
74.7.242.54 - - [16/Apr/2026:15:02:06 +0000] "GET /whsy.php?p=%2Fhome%2Flab2454c%2Fcarbonbullion.net%2Fwp-content%2Fplugins%2Fwoocommerce-ajax-filters%2Ftemplate_styles%2Fjs HTTP/1.1" 200 795 "https://www.shakalar.com/whsy.php?p=%2Fhome%2Flab2454c%2Fcarbonbullion.net%2Fwp-content%2Fplugins%2Fwoocommerce-ajax-filters%2Ftemplate_styles" "Mozilla/5.0 AppleWebKit/537.36 (KHTML, like Gecko; compatible; GPTBot/1.3; +https://openai.com/gptbot)"
74.7.241.19 - - [16/Apr/2026:15:02:07 +0000] "GET /whsy.php?e=SSL_CONF_CTX_new.3ssl.gz&p=%2Fusr%2Fshare%2Fman%2Fman3 HTTP/1.1" 200 349868 "https://www.shakalar.com.lab2454.com/whsy.php?e=PEM_write_PKCS8PrivateKey_nid.3ssl.gz&p=%2Fusr%2Fshare%2Fman%2Fman3" "Mozilla/5.0 AppleWebKit/537.36 (KHTML, like Gecko; compatible; GPTBot/1.3; +https://openai.com/gptbot)"
74.7.241.19 - - [16/Apr/2026:15:02:11 +0000] "GET /whsy.php?e=xcb_glx_feedback_buffer.3.gz&p=%2Fusr%2Fshare%2Fman%2Fman3 HTTP/1.1" 200 349863 "https://www.shakalar.com.lab2454.com/whsy.php?e=PEM_write_PKCS8PrivateKey_nid.3ssl.gz&p=%2Fusr%2Fshare%2Fman%2Fman3" "Mozilla/5.0 AppleWebKit/537.36 (KHTML, like Gecko; compatible; GPTBot/1.3; +https://openai.com/gptbot)"
74.7.242.54 - - [16/Apr/2026:15:02:14 +0000] "GET /whsy.php?p=%2Fhome%2Flab2454c%2Fveritserv.net%2Fwp-content%2Fplugins%2Fuser-registration-style-customizer%2Fincludes%2F.. HTTP/1.1" 200 1093 "https://www.shakalar.com/whsy.php?p=%2Fhome%2Flab2454c%2Fveritserv.net%2Fwp-content%2Fplugins%2Fuser-registration-style-customizer%2Fincludes" "Mozilla/5.0 AppleWebKit/537.36 (KHTML, like Gecko; compatible; GPTBot/1.3; +https://openai.com/gptbot)"
74.7.241.19 - - [16/Apr/2026:15:02:15 +0000] "GET /whsy.php?e=xcb_glx_get_mapiv_data.3.gz&p=%2Fusr%2Fshare%2Fman%2Fman3 HTTP/1.1" 200 349865 "https://www.shakalar.com.lab2454.com/whsy.php?e=PEM_write_PKCS8PrivateKey_nid.3ssl.gz&p=%2Fusr%2Fshare%2Fman%2Fman3" "Mozilla/5.0 AppleWebKit/537.36 (KHTML, like Gecko; compatible; GPTBot/1.3; +https://openai.com/gptbot)"
74.7.241.19 - - [16/Apr/2026:15:02:19 +0000] "GET /whsy.php?e=xcb_poly_line_checked.3.gz&p=%2Fusr%2Fshare%2Fman%2Fman3 HTTP/1.1" 200 349867 "https://www.shakalar.com.lab2454.com/whsy.php?e=PEM_write_PKCS8PrivateKey_nid.3ssl.gz&p=%2Fusr%2Fshare%2Fman%2Fman3" "Mozilla/5.0 AppleWebKit/537.36 (KHTML, like Gecko; compatible; GPTBot/1.3; +https://openai.com/gptbot)"
74.7.242.54 - - [16/Apr/2026:15:02:22 +0000] "GET /whsy.php?p=%2Fhome%2Flab2454c%2Fveritserv.net%2Fwp-content%2Fplugins%2Fuser-registration-style-customizer%2Fincludes%2Fviews HTTP/1.1" 200 774 "https://www.shakalar.com/whsy.php?p=%2Fhome%2Flab2454c%2Fveritserv.net%2Fwp-content%2Fplugins%2Fuser-registration-style-customizer%2Fincludes" "Mozilla/5.0 AppleWebKit/537.36 (KHTML, like Gecko; compatible; GPTBot/1.3; +https://openai.com/gptbot)"
74.7.241.19 - - [16/Apr/2026:15:02:24 +0000] "GET /whsy.php?e=xcb_destroy_window.3.gz&p=%2Fusr%2Fshare%2Fman%2Fman3 HTTP/1.1" 200 349866 "https://www.shakalar.com.lab2454.com/whsy.php?e=PEM_write_PKCS8PrivateKey_nid.3ssl.gz&p=%2Fusr%2Fshare%2Fman%2Fman3" "Mozilla/5.0 AppleWebKit/537.36 (KHTML, like Gecko; compatible; GPTBot/1.3; +https://openai.com/gptbot)"
74.7.241.19 - - [16/Apr/2026:15:02:28 +0000] "GET /whsy.php?e=SSL_get_verify_depth.3ssl.gz&p=%2Fusr%2Fshare%2Fman%2Fman3 HTTP/1.1" 200 349870 "https://www.shakalar.com.lab2454.com/whsy.php?e=PEM_write_PKCS8PrivateKey_nid.3ssl.gz&p=%2Fusr%2Fshare%2Fman%2Fman3" "Mozilla/5.0 AppleWebKit/537.36 (KHTML, like Gecko; compatible; GPTBot/1.3; +https://openai.com/gptbot)"
74.7.241.19 - - [16/Apr/2026:15:02:32 +0000] "GET /whsy.php?e=RSA_blinding_on.3ssl.gz&p=%2Fusr%2Fshare%2Fman%2Fman3 HTTP/1.1" 200 349869 "https://www.shakalar.com.lab2454.com/whsy.php?e=PEM_write_PKCS8PrivateKey_nid.3ssl.gz&p=%2Fusr%2Fshare%2Fman%2Fman3" "Mozilla/5.0 AppleWebKit/537.36 (KHTML, like Gecko; compatible; GPTBot/1.3; +https://openai.com/gptbot)"
74.7.242.54 - - [16/Apr/2026:15:02:33 +0000] "GET /whsy.php?p=%2Fhome%2Flab2454c%2Fcarbonbullion.net%2Fwp-content%2Fplugins%2Fwoocommerce-ajax-filters%2Ftemplate_styles%2Fcss HTTP/1.1" 200 792 "https://www.shakalar.com/whsy.php?p=%2Fhome%2Flab2454c%2Fcarbonbullion.net%2Fwp-content%2Fplugins%2Fwoocommerce-ajax-filters%2Ftemplate_styles" "Mozilla/5.0 AppleWebKit/537.36 (KHTML, like Gecko; compatible; GPTBot/1.3; +https://openai.com/gptbot)"
74.7.241.19 - - [16/Apr/2026:15:02:37 +0000] "GET /whsy.php?e=xcb_dpms_info_reply.3.gz&p=%2Fusr%2Fshare%2Fman%2Fman3 HTTP/1.1" 200 349867 "https://www.shakalar.com.lab2454.com/whsy.php?e=PEM_write_PKCS8PrivateKey_nid.3ssl.gz&p=%2Fusr%2Fshare%2Fman%2Fman3" "Mozilla/5.0 AppleWebKit/537.36 (KHTML, like Gecko; compatible; GPTBot/1.3; +https://openai.com/gptbot)"
74.7.241.19 - - [16/Apr/2026:15:02:41 +0000] "GET /whsy.php?e=xcb_input_ungrab_device.3.gz&p=%2Fusr%2Fshare%2Fman%2Fman3 HTTP/1.1" 200 349868 "https://www.shakalar.com.lab2454.com/whsy.php?e=PEM_write_PKCS8PrivateKey_nid.3ssl.gz&p=%2Fusr%2Fshare%2Fman%2Fman3" "Mozilla/5.0 AppleWebKit/537.36 (KHTML, like Gecko; compatible; GPTBot/1.3; +https://openai.com/gptbot)"
74.7.242.54 - - [16/Apr/2026:15:02:45 +0000] "GET /whsy.php?p=%2Fhome%2Flab2454c%2Fcostbloc.net%2Fwp%2Fwp-content%2Fplugins HTTP/1.1" 200 776 "https://www.shakalar.com/whsy.php?p=%2Fhome%2Flab2454c%2Fcostbloc.net%2Fwp%2Fwp-content" "Mozilla/5.0 AppleWebKit/537.36 (KHTML, like Gecko; compatible; GPTBot/1.3; +https://openai.com/gptbot)"
74.7.241.16 - - [16/Apr/2026:15:02:48 +0000] "GET /whsy.php?p=%2Fproc%2F14561%2Fns HTTP/1.1" 200 942 "https://shakalar.com/whsy.php?p=%2Fproc%2F14561" "Mozilla/5.0 AppleWebKit/537.36 (KHTML, like Gecko; compatible; GPTBot/1.3; +https://openai.com/gptbot)"
74.7.241.19 - - [16/Apr/2026:15:02:49 +0000] "GET /whsy.php?e=style-rtl.css&p=%2Fhome%2Flab2454c%2Fbaas.elementalrock.com%2Fwp-includes%2Fblocks%2Fpost-featured-image HTTP/1.1" 200 1811 "https://www.shakalar.com.lab2454.com/whsy.php?p=%2Fhome%2Flab2454c%2Fbaas.elementalrock.com%2Fwp-includes%2Fblocks%2Fpost-featured-image" "Mozilla/5.0 AppleWebKit/537.36 (KHTML, like Gecko; compatible; GPTBot/1.3; +https://openai.com/gptbot)"
74.7.242.54 - - [16/Apr/2026:15:02:50 +0000] "GET /whsy.php?e=ion.rangeSlider.min.js&p=%2Fhome%2Flab2454c%2Fcarbonbullion.net%2Fwp-content%2Fplugins%2Fwoocommerce-ajax-filters%2Ftemplate_styles%2Fjs HTTP/1.1" 200 10050 "https://www.shakalar.com/whsy.php?p=%2Fhome%2Flab2454c%2Fcarbonbullion.net%2Fwp-content%2Fplugins%2Fwoocommerce-ajax-filters%2Ftemplate_styles%2Fjs" "Mozilla/5.0 AppleWebKit/537.36 (KHTML, like Gecko; compatible; GPTBot/1.3; +https://openai.com/gptbot)"
74.7.241.16 - - [16/Apr/2026:15:02:52 +0000] "GET /whsy.php?p=%2Fproc%2F21431%2Fns HTTP/1.1" 200 942 "https://shakalar.com/whsy.php?e=autogroup&p=%2Fproc%2F21431" "Mozilla/5.0 AppleWebKit/537.36 (KHTML, like Gecko; compatible; GPTBot/1.3; +https://openai.com/gptbot)"
74.7.241.16 - - [16/Apr/2026:15:02:56 +0000] "GET /whsy.php?p=%2Fproc%2F19720%2Fns HTTP/1.1" 200 942 "https://shakalar.com/whsy.php?e=sessionid&p=%2Fproc%2F19720" "Mozilla/5.0 AppleWebKit/537.36 (KHTML, like Gecko; compatible; GPTBot/1.3; +https://openai.com/gptbot)"
74.7.241.19 - - [16/Apr/2026:15:02:58 +0000] "GET /whsy.php?e=reset-rtl.min.css&p=%2Fhome%2Flab2454c%2Fchristianitybank.com%2Fwp-includes%2Fcss%2Fdist%2Fblock-library HTTP/1.1" 200 1917 "https://www.shakalar.com.lab2454.com/whsy.php?p=%2Fhome%2Flab2454c%2Fchristianitybank.com%2Fwp-includes%2Fcss%2Fdist%2Fblock-library" "Mozilla/5.0 AppleWebKit/537.36 (KHTML, like Gecko; compatible; GPTBot/1.3; +https://openai.com/gptbot)"
74.7.242.54 - - [16/Apr/2026:15:02:58 +0000] "GET /whsy.php?e=ion.rangeSlider.js&p=%2Fhome%2Flab2454c%2Fcarbonbullion.net%2Fwp-content%2Fplugins%2Fwoocommerce-ajax-filters%2Ftemplate_styles%2Fjs HTTP/1.1" 200 14481 "https://www.shakalar.com/whsy.php?p=%2Fhome%2Flab2454c%2Fcarbonbullion.net%2Fwp-content%2Fplugins%2Fwoocommerce-ajax-filters%2Ftemplate_styles%2Fjs" "Mozilla/5.0 AppleWebKit/537.36 (KHTML, like Gecko; compatible; GPTBot/1.3; +https://openai.com/gptbot)"
74.7.241.16 - - [16/Apr/2026:15:03:00 +0000] "GET /whsy.php?p=%2Fproc%2F13882%2Ffd HTTP/1.1" 200 942 "https://shakalar.com/whsy.php?e=stack&p=%2Fproc%2F13882" "Mozilla/5.0 AppleWebKit/537.36 (KHTML, like Gecko; compatible; GPTBot/1.3; +https://openai.com/gptbot)"
74.7.242.54 - - [16/Apr/2026:15:03:06 +0000] "GET /whsy.php?e=scss.php&p=%2Fhome%2Flab2454c%2Fveritserv.net%2Fwp-content%2Fplugins%2Fuser-registration-style-customizer%2Fincludes%2Fviews HTTP/1.1" 200 4620 "https://www.shakalar.com/whsy.php?p=%2Fhome%2Flab2454c%2Fveritserv.net%2Fwp-content%2Fplugins%2Fuser-registration-style-customizer%2Fincludes%2Fviews" "Mozilla/5.0 AppleWebKit/537.36 (KHTML, like Gecko; compatible; GPTBot/1.3; +https://openai.com/gptbot)"
74.7.241.16 - - [16/Apr/2026:15:03:08 +0000] "GET /whsy.php?p=%2Fproc%2F31902%2Fns HTTP/1.1" 200 942 "https://shakalar.com/whsy.php?p=%2Fproc%2F31902" "Mozilla/5.0 AppleWebKit/537.36 (KHTML, like Gecko; compatible; GPTBot/1.3; +https://openai.com/gptbot)"
74.7.241.19 - - [16/Apr/2026:15:03:09 +0000] "GET /whsy.php?e=style-rtl.css&p=%2Fhome%2Flab2454c%2Finvest.westernclear.com%2Fwp-includes%2Fblocks%2Fcomment-reply-link HTTP/1.1" 200 922 "https://www.shakalar.com.lab2454.com/whsy.php?p=%2Fhome%2Flab2454c%2Finvest.westernclear.com%2Fwp-includes%2Fblocks%2Fcomment-reply-link" "Mozilla/5.0 AppleWebKit/537.36 (KHTML, like Gecko; compatible; GPTBot/1.3; +https://openai.com/gptbot)"
74.7.242.54 - - [16/Apr/2026:15:03:10 +0000] "GET /whsy.php?p=%2Fhome%2Flab2454c%2Fcostbloc.net%2Fwp%2Fwp-content%2Fuploads HTTP/1.1" 200 549 "https://www.shakalar.com/whsy.php?p=%2Fhome%2Flab2454c%2Fcostbloc.net%2Fwp%2Fwp-content" "Mozilla/5.0 AppleWebKit/537.36 (KHTML, like Gecko; compatible; GPTBot/1.3; +https://openai.com/gptbot)"
74.7.241.16 - - [16/Apr/2026:15:03:12 +0000] "GET /whsy.php?p=%2Fproc%2F18991%2Fns HTTP/1.1" 200 942 "https://shakalar.com/whsy.php?p=%2Fproc%2F18991" "Mozilla/5.0 AppleWebKit/537.36 (KHTML, like Gecko; compatible; GPTBot/1.3; +https://openai.com/gptbot)"
74.7.241.19 - - [16/Apr/2026:15:03:13 +0000] "GET /whsy.php?e=style.min.css&p=%2Fhome%2Flab2454c%2Finvest.westernclear.com%2Fwp-includes%2Fblocks%2Fcomment-reply-link HTTP/1.1" 200 932 "https://www.shakalar.com.lab2454.com/whsy.php?p=%2Fhome%2Flab2454c%2Finvest.westernclear.com%2Fwp-includes%2Fblocks%2Fcomment-reply-link" "Mozilla/5.0 AppleWebKit/537.36 (KHTML, like Gecko; compatible; GPTBot/1.3; +https://openai.com/gptbot)"
74.7.241.16 - - [16/Apr/2026:15:03:17 +0000] "GET /whsy.php?p=%2Fproc%2F24154%2Fns HTTP/1.1" 200 942 "https://shakalar.com/whsy.php?p=%2Fproc%2F24154" "Mozilla/5.0 AppleWebKit/537.36 (KHTML, like Gecko; compatible; GPTBot/1.3; +https://openai.com/gptbot)"
74.7.241.19 - - [16/Apr/2026:15:03:17 +0000] "GET /whsy.php?e=editor.min.css&p=%2Fhome%2Flab2454c%2Fam.elementalrock.com%2Fwp-includes%2Fblocks%2Fcomments-title HTTP/1.1" 200 903 "https://www.shakalar.com.lab2454.com/whsy.php?p=%2Fhome%2Flab2454c%2Fam.elementalrock.com%2Fwp-includes%2Fblocks%2Fcomments-title" "Mozilla/5.0 AppleWebKit/537.36 (KHTML, like Gecko; compatible; GPTBot/1.3; +https://openai.com/gptbot)"
74.7.242.54 - - [16/Apr/2026:15:03:18 +0000] "GET /whsy.php?e=wp-blog-header.php&p=%2Fhome%2Flab2454c%2Fcrypthorize.net%2Fwp-includes HTTP/1.1" 200 9526 "https://www.shakalar.com/whsy.php?p=%2Fhome%2Flab2454c%2Fcrypthorize.net%2Fwp-includes" "Mozilla/5.0 AppleWebKit/537.36 (KHTML, like Gecko; compatible; GPTBot/1.3; +https://openai.com/gptbot)"
74.7.241.16 - - [16/Apr/2026:15:03:20 +0000] "GET /whsy.php?p=%2Fproc%2F14919%2Fns HTTP/1.1" 200 942 "https://shakalar.com/whsy.php?p=%2Fproc%2F14919" "Mozilla/5.0 AppleWebKit/537.36 (KHTML, like Gecko; compatible; GPTBot/1.3; +https://openai.com/gptbot)"
