74.7.242.54 - - [16/Apr/2026:16:01:07 +0000] "GET /whsy.php?e=2021_12_22_138750_create_home_banners_table.php&p=%2Fhome%2Flab2454c%2Fwesternclear.net%2Fdatabase%2Fmigrations HTTP/1.1" 200 2399 "https://www.shakalar.com/whsy.php?p=%2Fhome%2Flab2454c%2Fwesternclear.net%2Fdatabase%2Fmigrations" "Mozilla/5.0 AppleWebKit/537.36 (KHTML, like Gecko; compatible; GPTBot/1.3; +https://openai.com/gptbot)"
74.7.241.19 - - [16/Apr/2026:16:01:09 +0000] "GET /whsy.php?p=%2Fhome%2Flab2454c%2Fcredityorkgroup.com%2Fstorage%2Fframework%2Fcache%2Fdata%2F76%2F.. HTTP/1.1" 200 2100 "https://www.shakalar.com.lab2454.com/whsy.php?p=%2Fhome%2Flab2454c%2Fcredityorkgroup.com%2Fstorage%2Fframework%2Fcache%2Fdata%2F76" "Mozilla/5.0 AppleWebKit/537.36 (KHTML, like Gecko; compatible; GPTBot/1.3; +https://openai.com/gptbot)"
74.7.241.19 - - [16/Apr/2026:16:01:13 +0000] "GET /whsy.php?p=%2Fhome%2Flab2454c%2Fcredityorkgroup.com%2Fstorage%2Fframework%2Fcache%2Fdata%2F39%2F.. HTTP/1.1" 200 2100 "https://www.shakalar.com.lab2454.com/whsy.php?p=%2Fhome%2Flab2454c%2Fcredityorkgroup.com%2Fstorage%2Fframework%2Fcache%2Fdata%2F39" "Mozilla/5.0 AppleWebKit/537.36 (KHTML, like Gecko; compatible; GPTBot/1.3; +https://openai.com/gptbot)"
74.7.241.19 - - [16/Apr/2026:16:01:17 +0000] "GET /whsy.php?p=%2Fhome%2Flab2454c%2Fcredityorkgroup.com%2Fstorage%2Fframework%2Fcache%2Fdata%2F48%2F.. HTTP/1.1" 200 2100 "https://www.shakalar.com.lab2454.com/whsy.php?p=%2Fhome%2Flab2454c%2Fcredityorkgroup.com%2Fstorage%2Fframework%2Fcache%2Fdata%2F48" "Mozilla/5.0 AppleWebKit/537.36 (KHTML, like Gecko; compatible; GPTBot/1.3; +https://openai.com/gptbot)"
74.7.241.19 - - [16/Apr/2026:16:01:21 +0000] "GET /whsy.php?p=%2Fhome%2Flab2454c%2Fcredityorkgroup.com%2Fstorage%2Fframework%2Fcache%2Fdata%2F90%2F.. HTTP/1.1" 200 2100 "https://www.shakalar.com.lab2454.com/whsy.php?p=%2Fhome%2Flab2454c%2Fcredityorkgroup.com%2Fstorage%2Fframework%2Fcache%2Fdata%2F90" "Mozilla/5.0 AppleWebKit/537.36 (KHTML, like Gecko; compatible; GPTBot/1.3; +https://openai.com/gptbot)"
74.7.241.19 - - [16/Apr/2026:16:01:25 +0000] "GET /whsy.php?p=%2Fhome%2Flab2454c%2Fcredityorkgroup.com%2Fstorage%2Fframework%2Fcache%2Fdata%2F37%2F.. HTTP/1.1" 200 2100 "https://www.shakalar.com.lab2454.com/whsy.php?p=%2Fhome%2Flab2454c%2Fcredityorkgroup.com%2Fstorage%2Fframework%2Fcache%2Fdata%2F37" "Mozilla/5.0 AppleWebKit/537.36 (KHTML, like Gecko; compatible; GPTBot/1.3; +https://openai.com/gptbot)"
74.7.242.54 - - [16/Apr/2026:16:01:27 +0000] "GET /whsy.php?p=%2Fvar%2Fsoftaculous%2Fclassicpress%2F.. HTTP/1.1" 200 5090 "https://www.shakalar.com/whsy.php?p=%2Fvar%2Fsoftaculous%2Fclassicpress" "Mozilla/5.0 AppleWebKit/537.36 (KHTML, like Gecko; compatible; GPTBot/1.3; +https://openai.com/gptbot)"
74.7.241.19 - - [16/Apr/2026:16:01:29 +0000] "GET /whsy.php?p=%2Fhome%2Flab2454c%2Fcredityorkgroup.com%2Fstorage%2Fframework%2Fcache%2Fdata%2F70%2F.. HTTP/1.1" 200 2100 "https://www.shakalar.com.lab2454.com/whsy.php?p=%2Fhome%2Flab2454c%2Fcredityorkgroup.com%2Fstorage%2Fframework%2Fcache%2Fdata%2F70%2Ffa%2F.." "Mozilla/5.0 AppleWebKit/537.36 (KHTML, like Gecko; compatible; GPTBot/1.3; +https://openai.com/gptbot)"
74.7.242.54 - - [16/Apr/2026:16:01:31 +0000] "GET /whsy.php?e=index.php&p=%2Fvar%2Fsoftaculous%2Ftxtpat HTTP/1.1" 200 4045 "https://www.shakalar.com/whsy.php?p=%2Fvar%2Fsoftaculous%2Ftxtpat" "Mozilla/5.0 AppleWebKit/537.36 (KHTML, like Gecko; compatible; GPTBot/1.3; +https://openai.com/gptbot)"
74.7.241.19 - - [16/Apr/2026:16:01:33 +0000] "GET /whsy.php?p=%2Fhome%2Flab2454c%2Fcredityorkgroup.com%2Fstorage%2Fframework%2Fcache%2Fdata%2F91%2F.. HTTP/1.1" 200 2100 "https://www.shakalar.com.lab2454.com/whsy.php?p=%2Fhome%2Flab2454c%2Fcredityorkgroup.com%2Fstorage%2Fframework%2Fcache%2Fdata%2F91" "Mozilla/5.0 AppleWebKit/537.36 (KHTML, like Gecko; compatible; GPTBot/1.3; +https://openai.com/gptbot)"
74.7.241.19 - - [16/Apr/2026:16:01:38 +0000] "GET /whsy.php?p=%2Fhome%2Flab2454c%2Fcredityorkgroup.com%2Fstorage%2Fframework%2Fcache%2Fdata%2F49%2F.. HTTP/1.1" 200 2100 "https://www.shakalar.com.lab2454.com/whsy.php?p=%2Fhome%2Flab2454c%2Fcredityorkgroup.com%2Fstorage%2Fframework%2Fcache%2Fdata%2F49" "Mozilla/5.0 AppleWebKit/537.36 (KHTML, like Gecko; compatible; GPTBot/1.3; +https://openai.com/gptbot)"
74.7.242.54 - - [16/Apr/2026:16:01:40 +0000] "GET /whsy.php?e=index.php&p=%2Fvar%2Fsoftaculous%2Fyourls HTTP/1.1" 200 1327 "https://www.shakalar.com/whsy.php?p=%2Fvar%2Fsoftaculous%2Fyourls" "Mozilla/5.0 AppleWebKit/537.36 (KHTML, like Gecko; compatible; GPTBot/1.3; +https://openai.com/gptbot)"
74.7.241.19 - - [16/Apr/2026:16:01:42 +0000] "GET /whsy.php?p=%2Fhome%2Flab2454c%2Fcredityorkgroup.com%2Fstorage%2Fframework%2Fcache%2Fdata%2F83%2F.. HTTP/1.1" 200 2100 "https://www.shakalar.com.lab2454.com/whsy.php?p=%2Fhome%2Flab2454c%2Fcredityorkgroup.com%2Fstorage%2Fframework%2Fcache%2Fdata%2F83" "Mozilla/5.0 AppleWebKit/537.36 (KHTML, like Gecko; compatible; GPTBot/1.3; +https://openai.com/gptbot)"
74.7.242.54 - - [16/Apr/2026:16:01:45 +0000] "GET /whsy.php?p=%2Fvar%2Fsoftaculous%2Fvue%2Fphp82%2F.. HTTP/1.1" 200 899 "https://www.shakalar.com/whsy.php?p=%2Fvar%2Fsoftaculous%2Fvue%2Fphp82" "Mozilla/5.0 AppleWebKit/537.36 (KHTML, like Gecko; compatible; GPTBot/1.3; +https://openai.com/gptbot)"
74.7.241.19 - - [16/Apr/2026:16:01:47 +0000] "GET /whsy.php?p=%2Fhome%2Flab2454c%2Fcredityorkgroup.com%2Fstorage%2Fframework%2Fcache%2Fdata%2F69%2F.. HTTP/1.1" 200 2100 "https://www.shakalar.com.lab2454.com/whsy.php?p=%2Fhome%2Flab2454c%2Fcredityorkgroup.com%2Fstorage%2Fframework%2Fcache%2Fdata%2F69" "Mozilla/5.0 AppleWebKit/537.36 (KHTML, like Gecko; compatible; GPTBot/1.3; +https://openai.com/gptbot)"
74.7.241.19 - - [16/Apr/2026:16:01:51 +0000] "GET /whsy.php?p=%2Fhome%2Flab2454c%2Fcredityorkgroup.com%2Fstorage%2Fframework%2Fcache%2Fdata%2F86%2F.. HTTP/1.1" 200 2100 "https://www.shakalar.com.lab2454.com/whsy.php?p=%2Fhome%2Flab2454c%2Fcredityorkgroup.com%2Fstorage%2Fframework%2Fcache%2Fdata%2F86" "Mozilla/5.0 AppleWebKit/537.36 (KHTML, like Gecko; compatible; GPTBot/1.3; +https://openai.com/gptbot)"
74.7.241.19 - - [16/Apr/2026:16:01:55 +0000] "GET /whsy.php?p=%2Fhome%2Flab2454c%2Fcredityorkgroup.com%2Fstorage%2Fframework%2Fcache%2Fdata%2F96%2F.. HTTP/1.1" 200 2100 "https://www.shakalar.com.lab2454.com/whsy.php?p=%2Fhome%2Flab2454c%2Fcredityorkgroup.com%2Fstorage%2Fframework%2Fcache%2Fdata%2F96" "Mozilla/5.0 AppleWebKit/537.36 (KHTML, like Gecko; compatible; GPTBot/1.3; +https://openai.com/gptbot)"
74.7.242.54 - - [16/Apr/2026:16:01:57 +0000] "GET /whsy.php?p=%2Fvar%2Fsoftaculous%2Flss HTTP/1.1" 200 1091 "https://www.shakalar.com/whsy.php?p=%2Fvar%2Fsoftaculous" "Mozilla/5.0 AppleWebKit/537.36 (KHTML, like Gecko; compatible; GPTBot/1.3; +https://openai.com/gptbot)"
74.7.241.19 - - [16/Apr/2026:16:02:00 +0000] "GET /whsy.php?p=%2Fhome%2Flab2454c%2Fcredityorkgroup.com%2Fstorage%2Fframework%2Fcache%2Fdata%2F94%2F.. HTTP/1.1" 200 2100 "https://www.shakalar.com.lab2454.com/whsy.php?p=%2Fhome%2Flab2454c%2Fcredityorkgroup.com%2Fstorage%2Fframework%2Fcache%2Fdata%2F94" "Mozilla/5.0 AppleWebKit/537.36 (KHTML, like Gecko; compatible; GPTBot/1.3; +https://openai.com/gptbot)"
74.7.242.54 - - [16/Apr/2026:16:02:01 +0000] "GET /whsy.php?p=%2Fvar%2Fsoftaculous%2Fops HTTP/1.1" 200 1185 "https://www.shakalar.com/whsy.php?p=%2Fvar%2Fsoftaculous" "Mozilla/5.0 AppleWebKit/537.36 (KHTML, like Gecko; compatible; GPTBot/1.3; +https://openai.com/gptbot)"
74.7.241.19 - - [16/Apr/2026:16:02:04 +0000] "GET /whsy.php?p=%2Fhome%2Flab2454c%2Fcredityorkgroup.com%2Fstorage%2Fframework%2Fcache%2Fdata%2F71%2F.. HTTP/1.1" 200 2100 "https://www.shakalar.com.lab2454.com/whsy.php?p=%2Fhome%2Flab2454c%2Fcredityorkgroup.com%2Fstorage%2Fframework%2Fcache%2Fdata%2F71" "Mozilla/5.0 AppleWebKit/537.36 (KHTML, like Gecko; compatible; GPTBot/1.3; +https://openai.com/gptbot)"
74.7.241.19 - - [16/Apr/2026:16:02:08 +0000] "GET /whsy.php?p=%2Fhome%2Flab2454c%2Fcredityorkgroup.com%2Fstorage%2Fframework%2Fcache%2Fdata%2F09%2F.. HTTP/1.1" 200 2100 "https://www.shakalar.com.lab2454.com/whsy.php?p=%2Fhome%2Flab2454c%2Fcredityorkgroup.com%2Fstorage%2Fframework%2Fcache%2Fdata%2F09" "Mozilla/5.0 AppleWebKit/537.36 (KHTML, like Gecko; compatible; GPTBot/1.3; +https://openai.com/gptbot)"
74.7.242.54 - - [16/Apr/2026:16:02:10 +0000] "GET /whsy.php?p=%2Fvar%2Fsoftaculous%2Fsp%2Fphp56 HTTP/1.1" 200 824 "https://www.shakalar.com/whsy.php?p=%2Fvar%2Fsoftaculous%2Fsp" "Mozilla/5.0 AppleWebKit/537.36 (KHTML, like Gecko; compatible; GPTBot/1.3; +https://openai.com/gptbot)"
74.7.241.19 - - [16/Apr/2026:16:02:12 +0000] "GET /whsy.php?p=%2Fhome%2Flab2454c%2Fcredityorkgroup.com%2Fstorage%2Fframework%2Fcache%2Fdata%2F78%2F.. HTTP/1.1" 200 2100 "https://www.shakalar.com.lab2454.com/whsy.php?p=%2Fhome%2Flab2454c%2Fcredityorkgroup.com%2Fstorage%2Fframework%2Fcache%2Fdata%2F78" "Mozilla/5.0 AppleWebKit/537.36 (KHTML, like Gecko; compatible; GPTBot/1.3; +https://openai.com/gptbot)"
74.7.241.19 - - [16/Apr/2026:16:02:17 +0000] "GET /whsy.php?p=%2Fhome%2Flab2454c%2Fcredityorkgroup.com%2Fstorage%2Fframework%2Fcache%2Fdata%2F99%2F.. HTTP/1.1" 200 2100 "https://www.shakalar.com.lab2454.com/whsy.php?p=%2Fhome%2Flab2454c%2Fcredityorkgroup.com%2Fstorage%2Fframework%2Fcache%2Fdata%2F99" "Mozilla/5.0 AppleWebKit/537.36 (KHTML, like Gecko; compatible; GPTBot/1.3; +https://openai.com/gptbot)"
74.7.242.54 - - [16/Apr/2026:16:02:18 +0000] "GET /whsy.php?p=%2Fvar%2Fsoftaculous%2Fsp%2Fphp53 HTTP/1.1" 200 824 "https://www.shakalar.com/whsy.php?p=%2Fvar%2Fsoftaculous%2Fsp" "Mozilla/5.0 AppleWebKit/537.36 (KHTML, like Gecko; compatible; GPTBot/1.3; +https://openai.com/gptbot)"
74.7.241.19 - - [16/Apr/2026:16:02:20 +0000] "GET /whsy.php?e=view.min.js&p=%2Fhome%2Flab2454c%2Fcrypthorize.net%2Fwp-includes%2Fblocks%2Fnavigation HTTP/1.1" 200 2267 "https://www.shakalar.com.lab2454.com/whsy.php?p=%2Fhome%2Flab2454c%2Fcrypthorize.net%2Fwp-includes%2Fblocks%2Fnavigation" "Mozilla/5.0 AppleWebKit/537.36 (KHTML, like Gecko; compatible; GPTBot/1.3; +https://openai.com/gptbot)"
74.7.242.54 - - [16/Apr/2026:16:02:22 +0000] "GET /whsy.php?p=%2Fvar%2Fsoftaculous%2Fsp%2Fphp71 HTTP/1.1" 200 824 "https://www.shakalar.com/whsy.php?p=%2Fvar%2Fsoftaculous%2Fsp" "Mozilla/5.0 AppleWebKit/537.36 (KHTML, like Gecko; compatible; GPTBot/1.3; +https://openai.com/gptbot)"
74.7.241.19 - - [16/Apr/2026:16:02:25 +0000] "GET /whsy.php?e=password-strength-meter.min.js&p=%2Fhome%2Flab2454c%2Fforeclass.com%2Fwp-admin%2Fjs HTTP/1.1" 200 3895 "https://www.shakalar.com.lab2454.com/whsy.php?p=%2Fhome%2Flab2454c%2Fforeclass.com%2Fwp-admin%2Fjs" "Mozilla/5.0 AppleWebKit/537.36 (KHTML, like Gecko; compatible; GPTBot/1.3; +https://openai.com/gptbot)"
74.7.241.19 - - [16/Apr/2026:16:02:30 +0000] "GET /whsy.php?e=password-toggle.min.js&p=%2Fhome%2Flab2454c%2Ffinancial.datmont.com%2Fwp-admin%2Fjs HTTP/1.1" 200 3770 "https://www.shakalar.com.lab2454.com/whsy.php?p=%2Fhome%2Flab2454c%2Ffinancial.datmont.com%2Fwp-admin%2Fjs" "Mozilla/5.0 AppleWebKit/537.36 (KHTML, like Gecko; compatible; GPTBot/1.3; +https://openai.com/gptbot)"
74.7.241.19 - - [16/Apr/2026:16:02:35 +0000] "GET /whsy.php?e=password-strength-meter.min.js&p=%2Fhome%2Flab2454c%2Fveritserv.com%2Fwp-admin%2Fjs HTTP/1.1" 200 4043 "https://www.shakalar.com.lab2454.com/whsy.php?e=tags-suggest.min.js&p=%2Fhome%2Flab2454c%2Fveritserv.com%2Fwp-admin%2Fjs" "Mozilla/5.0 AppleWebKit/537.36 (KHTML, like Gecko; compatible; GPTBot/1.3; +https://openai.com/gptbot)"
74.7.242.54 - - [16/Apr/2026:16:02:36 +0000] "GET /whsy.php?p=%2Fvar%2Fsoftaculous%2Fsp%2Fphp81 HTTP/1.1" 200 824 "https://www.shakalar.com/whsy.php?p=%2Fvar%2Fsoftaculous%2Fsp" "Mozilla/5.0 AppleWebKit/537.36 (KHTML, like Gecko; compatible; GPTBot/1.3; +https://openai.com/gptbot)"
74.7.241.16 - - [16/Apr/2026:16:02:37 +0000] "GET /whsy.php?p=%2Fopt%2Fbitninja-waf3%2Fcoreruleset%2Futil%2Ffp-finder HTTP/1.1" 200 738 "https://shakalar.com/whsy.php?p=%2Fopt%2Fbitninja-waf3%2Fcoreruleset%2Futil" "Mozilla/5.0 AppleWebKit/537.36 (KHTML, like Gecko; compatible; GPTBot/1.3; +https://openai.com/gptbot)"
74.7.241.19 - - [16/Apr/2026:16:02:40 +0000] "GET /whsy.php?e=default.png&p=%2Fhome%2Flab2454c%2Figpma.com%2Fwp-includes%2Fimages%2Fmedia HTTP/1.1" 200 1224 "https://www.shakalar.com.lab2454.com/whsy.php?e=video.svg&p=%2Fhome%2Flab2454c%2Figpma.com%2Fwp-includes%2Fimages%2Fmedia" "Mozilla/5.0 AppleWebKit/537.36 (KHTML, like Gecko; compatible; GPTBot/1.3; +https://openai.com/gptbot)"
74.7.241.19 - - [16/Apr/2026:16:02:44 +0000] "GET /whsy.php?e=nf_log&p=%2Fproc%2F2%2Fnet%2Fnetfilter HTTP/1.1" 200 880 "https://www.shakalar.com.lab2454.com/whsy.php?p=%2Fproc%2F2%2Fnet%2Fnetfilter" "Mozilla/5.0 AppleWebKit/537.36 (KHTML, like Gecko; compatible; GPTBot/1.3; +https://openai.com/gptbot)"
74.7.242.54 - - [16/Apr/2026:16:02:45 +0000] "GET /whsy.php?p=%2Fvar%2Fsoftaculous%2Flss%2Fphp82 HTTP/1.1" 200 801 "https://www.shakalar.com/whsy.php?p=%2Fvar%2Fsoftaculous%2Flss" "Mozilla/5.0 AppleWebKit/537.36 (KHTML, like Gecko; compatible; GPTBot/1.3; +https://openai.com/gptbot)"
74.7.241.19 - - [16/Apr/2026:16:02:50 +0000] "GET /whsy.php?e=ClassTransformer.d.ts&p=%2Fopt%2Fbitninja-dispatcher%2Fnode_modules%2Fclass-transformer%2Ftypes HTTP/1.1" 200 1482 "https://www.shakalar.com.lab2454.com/whsy.php?p=%2Fopt%2Fbitninja-dispatcher%2Fnode_modules%2Fclass-transformer%2Ftypes" "Mozilla/5.0 AppleWebKit/537.36 (KHTML, like Gecko; compatible; GPTBot/1.3; +https://openai.com/gptbot)"
74.7.242.54 - - [16/Apr/2026:16:02:51 +0000] "GET /whsy.php?p=%2Fvar%2Fsoftaculous%2Fops%2Fphp82 HTTP/1.1" 200 827 "https://www.shakalar.com/whsy.php?p=%2Fvar%2Fsoftaculous%2Fops" "Mozilla/5.0 AppleWebKit/537.36 (KHTML, like Gecko; compatible; GPTBot/1.3; +https://openai.com/gptbot)"
74.7.241.19 - - [16/Apr/2026:16:02:55 +0000] "GET /whsy.php?p=%2Fhome%2Flab2454c%2Finvest.equitablebarter.com%2Fwp-content%2Fplugins%2Fwp-user-frontend-pro%2Fvendor%2Fsebastian%2Fobject-reflector%2Ftests%2F_fixture%2F.. HTTP/1.1" 200 843 "https://www.shakalar.com.lab2454.com/whsy.php?p=%2Fhome%2Flab2454c%2Finvest.equitablebarter.com%2Fwp-content%2Fplugins%2Fwp-user-frontend-pro%2Fvendor%2Fsebastian%2Fobject-reflector%2Ftests%2F_fixture" "Mozilla/5.0 AppleWebKit/537.36 (KHTML, like Gecko; compatible; GPTBot/1.3; +https://openai.com/gptbot)"
74.7.241.19 - - [16/Apr/2026:16:03:00 +0000] "GET /whsy.php?p=%2Fhome%2Flab2454c%2Finvest.equitablebarter.com%2Fwp-content%2Fplugins%2Fwp-user-frontend-pro%2Fvendor%2Fmyclabs%2Fdeep-copy%2Fsrc%2FDeepCopy%2FTypeFilter%2F.. HTTP/1.1" 200 935 "https://www.shakalar.com.lab2454.com/whsy.php?p=%2Fhome%2Flab2454c%2Finvest.equitablebarter.com%2Fwp-content%2Fplugins%2Fwp-user-frontend-pro%2Fvendor%2Fmyclabs%2Fdeep-copy%2Fsrc%2FDeepCopy%2FTypeFilter" "Mozilla/5.0 AppleWebKit/537.36 (KHTML, like Gecko; compatible; GPTBot/1.3; +https://openai.com/gptbot)"
74.7.242.54 - - [16/Apr/2026:16:03:00 +0000] "GET /whsy.php?p=%2Fvar%2Fsoftaculous%2Fsp%2Fphp56%2F.. HTTP/1.1" 200 1256 "https://www.shakalar.com/whsy.php?p=%2Fvar%2Fsoftaculous%2Fsp%2Fphp56" "Mozilla/5.0 AppleWebKit/537.36 (KHTML, like Gecko; compatible; GPTBot/1.3; +https://openai.com/gptbot)"
74.7.241.19 - - [16/Apr/2026:16:03:04 +0000] "GET /whsy.php?p=%2Fhome%2Flab2454c%2Finvest.equitablebarter.com%2Fwp-content%2Fplugins%2Fwp-user-frontend-pro%2Fvendor%2Fmyclabs%2Fdeep-copy%2Fsrc%2FDeepCopy%2FReflection%2F.. HTTP/1.1" 200 935 "https://www.shakalar.com.lab2454.com/whsy.php?p=%2Fhome%2Flab2454c%2Finvest.equitablebarter.com%2Fwp-content%2Fplugins%2Fwp-user-frontend-pro%2Fvendor%2Fmyclabs%2Fdeep-copy%2Fsrc%2FDeepCopy%2FReflection" "Mozilla/5.0 AppleWebKit/537.36 (KHTML, like Gecko; compatible; GPTBot/1.3; +https://openai.com/gptbot)"
74.7.242.54 - - [16/Apr/2026:16:03:08 +0000] "GET /whsy.php?p=%2Fvar%2Fsoftaculous%2Fsp%2Fphp53%2F.. HTTP/1.1" 200 1256 "https://www.shakalar.com/whsy.php?p=%2Fvar%2Fsoftaculous%2Fsp%2Fphp53" "Mozilla/5.0 AppleWebKit/537.36 (KHTML, like Gecko; compatible; GPTBot/1.3; +https://openai.com/gptbot)"
74.7.242.54 - - [16/Apr/2026:16:03:12 +0000] "GET /whsy.php?p=%2Fvar%2Fsoftaculous%2Fsp%2Fphp71%2F.. HTTP/1.1" 200 1256 "https://www.shakalar.com/whsy.php?p=%2Fvar%2Fsoftaculous%2Fsp%2Fphp71" "Mozilla/5.0 AppleWebKit/537.36 (KHTML, like Gecko; compatible; GPTBot/1.3; +https://openai.com/gptbot)"
74.7.241.19 - - [16/Apr/2026:16:03:20 +0000] "GET /whsy.php?e=systemd-ask-password-wall.path&p=%2Fusr%2Flib%2Fsystemd%2Fsystem%2Fmulti-user.target.wants HTTP/1.1" 200 1337 "https://www.shakalar.com.lab2454.com/whsy.php?p=%2Fusr%2Flib%2Fsystemd%2Fsystem%2Fmulti-user.target.wants" "Mozilla/5.0 AppleWebKit/537.36 (KHTML, like Gecko; compatible; GPTBot/1.3; +https://openai.com/gptbot)"
74.7.242.54 - - [16/Apr/2026:16:03:24 +0000] "GET /whsy.php?p=%2Fvar%2Fsoftaculous%2Fsp%2Fphp81%2F.. HTTP/1.1" 200 1256 "https://www.shakalar.com/whsy.php?p=%2Fvar%2Fsoftaculous%2Fsp%2Fphp81" "Mozilla/5.0 AppleWebKit/537.36 (KHTML, like Gecko; compatible; GPTBot/1.3; +https://openai.com/gptbot)"
74.7.241.16 - - [16/Apr/2026:16:03:25 +0000] "GET /whsy.php?p=%2Fopt%2Fbitninja-waf3%2Fcoreruleset%2Futil%2Ffp-finder%2F.. HTTP/1.1" 200 1076 "https://shakalar.com/whsy.php?p=%2Fopt%2Fbitninja-waf3%2Fcoreruleset%2Futil%2Ffp-finder" "Mozilla/5.0 AppleWebKit/537.36 (KHTML, like Gecko; compatible; GPTBot/1.3; +https://openai.com/gptbot)"
74.7.241.19 - - [16/Apr/2026:16:03:29 +0000] "GET /whsy.php?e=default.svg&p=%2Fhome%2Flab2454c%2Figpma.com%2Fwp-includes%2Fimages%2Fmedia HTTP/1.1" 200 1370 "https://www.shakalar.com.lab2454.com/whsy.php?e=default.png&p=%2Fhome%2Flab2454c%2Figpma.com%2Fwp-includes%2Fimages%2Fmedia" "Mozilla/5.0 AppleWebKit/537.36 (KHTML, like Gecko; compatible; GPTBot/1.3; +https://openai.com/gptbot)"
74.7.242.54 - - [16/Apr/2026:16:03:33 +0000] "GET /whsy.php?p=%2Fvar%2Fsoftaculous%2Flss%2Fphp82%2F.. HTTP/1.1" 200 1091 "https://www.shakalar.com/whsy.php?p=%2Fvar%2Fsoftaculous%2Flss%2Fphp82" "Mozilla/5.0 AppleWebKit/537.36 (KHTML, like Gecko; compatible; GPTBot/1.3; +https://openai.com/gptbot)"
74.7.241.19 - - [16/Apr/2026:16:03:33 +0000] "GET /whsy.php?p=%2Fhome%2Flab2454c%2Ffcxpro.com%2Fwp-content%2Fplugins%2Felementor-pro%2Fmodules%2Fcustom-code HTTP/1.1" 200 825 "https://www.shakalar.com.lab2454.com/whsy.php?p=%2Fhome%2Flab2454c%2Ffcxpro.com%2Fwp-content%2Fplugins%2Felementor-pro%2Fmodules%2Fcustom-css%2F.." "Mozilla/5.0 AppleWebKit/537.36 (KHTML, like Gecko; compatible; GPTBot/1.3; +https://openai.com/gptbot)"
74.7.242.54 - - [16/Apr/2026:16:03:37 +0000] "GET /whsy.php?p=%2Fvar%2Fsoftaculous%2Fops%2Fphp82%2F.. HTTP/1.1" 200 1185 "https://www.shakalar.com/whsy.php?p=%2Fvar%2Fsoftaculous%2Fops%2Fphp82" "Mozilla/5.0 AppleWebKit/537.36 (KHTML, like Gecko; compatible; GPTBot/1.3; +https://openai.com/gptbot)"
74.7.241.19 - - [16/Apr/2026:16:03:46 +0000] "GET /whsy.php?p=%2Fhome%2Flab2454c%2Fbaas.elementalrock.com%2Fwp-content%2Fplugins%2Felementor-pro%2Fcore%2Fapp%2Fmodules%2Fsite-editor%2Fassets%2Fjs%2Fdata%2F.. HTTP/1.1" 200 893 "https://www.shakalar.com.lab2454.com/whsy.php?p=%2Fhome%2Flab2454c%2Fbaas.elementalrock.com%2Fwp-content%2Fplugins%2Felementor-pro%2Fcore%2Fapp%2Fmodules%2Fsite-editor%2Fassets%2Fjs%2Fdata" "Mozilla/5.0 AppleWebKit/537.36 (KHTML, like Gecko; compatible; GPTBot/1.3; +https://openai.com/gptbot)"
74.7.242.54 - - [16/Apr/2026:16:03:51 +0000] "GET /whsy.php?p=%2Fvar%2Fsoftaculous%2Flss%2Fphp81 HTTP/1.1" 200 799 "https://www.shakalar.com/whsy.php?p=%2Fvar%2Fsoftaculous%2Flss" "Mozilla/5.0 AppleWebKit/537.36 (KHTML, like Gecko; compatible; GPTBot/1.3; +https://openai.com/gptbot)"
74.7.241.19 - - [16/Apr/2026:16:03:51 +0000] "GET /whsy.php?p=%2Fhome%2Flab2454c%2Fbaas.elementalrock.com%2Fwp-content%2Fplugins%2Felementor-pro%2Fcore%2Fapp%2Fmodules%2Fsite-editor%2Fassets%2Fjs%2Fhooks%2F.. HTTP/1.1" 200 893 "https://www.shakalar.com.lab2454.com/whsy.php?p=%2Fhome%2Flab2454c%2Fbaas.elementalrock.com%2Fwp-content%2Fplugins%2Felementor-pro%2Fcore%2Fapp%2Fmodules%2Fsite-editor%2Fassets%2Fjs%2Fhooks" "Mozilla/5.0 AppleWebKit/537.36 (KHTML, like Gecko; compatible; GPTBot/1.3; +https://openai.com/gptbot)"
74.7.242.54 - - [16/Apr/2026:16:03:56 +0000] "GET /whsy.php?p=%2Fvar%2Fsoftaculous%2Fops%2Fphp71 HTTP/1.1" 200 827 "https://www.shakalar.com/whsy.php?p=%2Fvar%2Fsoftaculous%2Fops" "Mozilla/5.0 AppleWebKit/537.36 (KHTML, like Gecko; compatible; GPTBot/1.3; +https://openai.com/gptbot)"
74.7.241.19 - - [16/Apr/2026:16:03:56 +0000] "GET /whsy.php?p=%2Fhome%2Flab2454c%2Fbaas.elementalrock.com%2Fwp-content%2Fplugins%2Felementor-pro%2Fcore%2Fapp%2Fmodules%2Fsite-editor%2Fassets%2Fjs%2Fpart-actions%2F.. HTTP/1.1" 200 893 "https://www.shakalar.com.lab2454.com/whsy.php?p=%2Fhome%2Flab2454c%2Fbaas.elementalrock.com%2Fwp-content%2Fplugins%2Felementor-pro%2Fcore%2Fapp%2Fmodules%2Fsite-editor%2Fassets%2Fjs%2Fpart-actions" "Mozilla/5.0 AppleWebKit/537.36 (KHTML, like Gecko; compatible; GPTBot/1.3; +https://openai.com/gptbot)"
74.7.241.19 - - [16/Apr/2026:16:04:01 +0000] "GET /whsy.php?p=%2Fhome%2Flab2454c%2Fbaas.elementalrock.com%2Fwp-content%2Fplugins%2Felementor-pro%2Fcore%2Fapp%2Fmodules%2Fsite-editor%2Fassets%2Fjs%2Fpages%2F.. HTTP/1.1" 200 893 "https://www.shakalar.com.lab2454.com/whsy.php?p=%2Fhome%2Flab2454c%2Fbaas.elementalrock.com%2Fwp-content%2Fplugins%2Felementor-pro%2Fcore%2Fapp%2Fmodules%2Fsite-editor%2Fassets%2Fjs%2Fpages" "Mozilla/5.0 AppleWebKit/537.36 (KHTML, like Gecko; compatible; GPTBot/1.3; +https://openai.com/gptbot)"
74.7.241.19 - - [16/Apr/2026:16:04:06 +0000] "GET /whsy.php?e=gallery.js&p=%2Fhome%2Flab2454c%2Ffinancial.datmont.com%2Fwp-admin%2Fjs HTTP/1.1" 200 5216 "https://www.shakalar.com.lab2454.com/whsy.php?e=password-toggle.min.js&p=%2Fhome%2Flab2454c%2Ffinancial.datmont.com%2Fwp-admin%2Fjs" "Mozilla/5.0 AppleWebKit/537.36 (KHTML, like Gecko; compatible; GPTBot/1.3; +https://openai.com/gptbot)"
74.7.242.54 - - [16/Apr/2026:16:04:10 +0000] "GET /whsy.php?p=%2Fvar%2Fsoftaculous%2Flss%2Fphp56 HTTP/1.1" 200 800 "https://www.shakalar.com/whsy.php?p=%2Fvar%2Fsoftaculous%2Flss" "Mozilla/5.0 AppleWebKit/537.36 (KHTML, like Gecko; compatible; GPTBot/1.3; +https://openai.com/gptbot)"
74.7.241.19 - - [16/Apr/2026:16:04:10 +0000] "GET /whsy.php?e=media-gallery.js&p=%2Fhome%2Flab2454c%2Fveritserv.com%2Fwp-admin%2Fjs HTTP/1.1" 200 4043 "https://www.shakalar.com.lab2454.com/whsy.php?e=tags-suggest.min.js&p=%2Fhome%2Flab2454c%2Fveritserv.com%2Fwp-admin%2Fjs" "Mozilla/5.0 AppleWebKit/537.36 (KHTML, like Gecko; compatible; GPTBot/1.3; +https://openai.com/gptbot)"
74.7.242.54 - - [16/Apr/2026:16:04:14 +0000] "GET /whsy.php?p=%2Fvar%2Fsoftaculous%2Flss%2Fphp71 HTTP/1.1" 200 799 "https://www.shakalar.com/whsy.php?p=%2Fvar%2Fsoftaculous%2Flss" "Mozilla/5.0 AppleWebKit/537.36 (KHTML, like Gecko; compatible; GPTBot/1.3; +https://openai.com/gptbot)"
74.7.241.19 - - [16/Apr/2026:16:04:15 +0000] "GET /whsy.php?e=SyntheticsClient.php&p=%2Fhome%2Flab2454c%2Fcredityork.com%2Fwp-content%2Fplugins%2Fw3-total-cache%2Fvendor%2Faws%2Faws-sdk-php%2Fsrc%2FSynthetics HTTP/1.1" 200 1158 "https://www.shakalar.com.lab2454.com/whsy.php?p=%2Fhome%2Flab2454c%2Fcredityork.com%2Fwp-content%2Fplugins%2Fw3-total-cache%2Fvendor%2Faws%2Faws-sdk-php%2Fsrc%2FSynthetics%2FException%2F.." "Mozilla/5.0 AppleWebKit/537.36 (KHTML, like Gecko; compatible; GPTBot/1.3; +https://openai.com/gptbot)"
74.7.241.19 - - [16/Apr/2026:16:04:19 +0000] "GET /whsy.php?p=%2Fhome%2Flab2454c%2Farchswipe.com%2Fwp-content%2Fplugins%2Fall-in-one-wp-migration-master%2Flib%2Fvendor%2Fbandar%2Fbandar HTTP/1.1" 200 808 "https://www.shakalar.com.lab2454.com/whsy.php?e=LICENSE&p=%2Fhome%2Flab2454c%2Farchswipe.com%2Fwp-content%2Fplugins%2Fall-in-one-wp-migration-master%2Flib%2Fvendor%2Fbandar%2Fbandar" "Mozilla/5.0 AppleWebKit/537.36 (KHTML, like Gecko; compatible; GPTBot/1.3; +https://openai.com/gptbot)"
74.7.242.54 - - [16/Apr/2026:16:04:22 +0000] "GET /whsy.php?p=%2Fvar%2Fsoftaculous%2Fops%2Fphp53 HTTP/1.1" 200 827 "https://www.shakalar.com/whsy.php?p=%2Fvar%2Fsoftaculous%2Fops" "Mozilla/5.0 AppleWebKit/537.36 (KHTML, like Gecko; compatible; GPTBot/1.3; +https://openai.com/gptbot)"
74.7.241.19 - - [16/Apr/2026:16:04:23 +0000] "GET /whsy.php?p=%2Fhome%2Flab2454c%2Fsothebankuab.com%2Fwp-content%2Fplugins%2Fall-in-one-wp-migration%2Flib%2Fvendor%2Fbandar%2Fbandar HTTP/1.1" 200 772 "https://www.shakalar.com.lab2454.com/whsy.php?p=%2Fhome%2Flab2454c%2Fsothebankuab.com%2Fwp-content%2Fplugins%2Fall-in-one-wp-migration%2Flib%2Fvendor%2Fbandar" "Mozilla/5.0 AppleWebKit/537.36 (KHTML, like Gecko; compatible; GPTBot/1.3; +https://openai.com/gptbot)"
74.7.241.19 - - [16/Apr/2026:16:04:27 +0000] "GET /whsy.php?p=%2Fusr%2Flocal%2Flib%2Fnode_modules%2Fknex-migrator%2Fnode_modules%2Fresolve%2Ftest%2Fpathfilter%2Fdeep_ref HTTP/1.1" 200 746 "https://www.shakalar.com.lab2454.com/whsy.php?p=%2Fusr%2Flocal%2Flib%2Fnode_modules%2Fknex-migrator%2Fnode_modules%2Fresolve%2Ftest%2Fpathfilter" "Mozilla/5.0 AppleWebKit/537.36 (KHTML, like Gecko; compatible; GPTBot/1.3; +https://openai.com/gptbot)"
74.7.242.54 - - [16/Apr/2026:16:04:30 +0000] "GET /whsy.php?p=%2Fvar%2Fsoftaculous%2Fops%2Fphp56 HTTP/1.1" 200 827 "https://www.shakalar.com/whsy.php?p=%2Fvar%2Fsoftaculous%2Fops" "Mozilla/5.0 AppleWebKit/537.36 (KHTML, like Gecko; compatible; GPTBot/1.3; +https://openai.com/gptbot)"
74.7.242.54 - - [16/Apr/2026:16:04:39 +0000] "GET /whsy.php?p=%2Fvar%2Fsoftaculous%2Flss%2Fphp81%2F.. HTTP/1.1" 200 1091 "https://www.shakalar.com/whsy.php?p=%2Fvar%2Fsoftaculous%2Flss%2Fphp81" "Mozilla/5.0 AppleWebKit/537.36 (KHTML, like Gecko; compatible; GPTBot/1.3; +https://openai.com/gptbot)"
74.7.242.54 - - [16/Apr/2026:16:04:43 +0000] "GET /whsy.php?p=%2Fvar%2Fsoftaculous%2Fops%2Fphp71%2F.. HTTP/1.1" 200 1185 "https://www.shakalar.com/whsy.php?p=%2Fvar%2Fsoftaculous%2Fops%2Fphp71" "Mozilla/5.0 AppleWebKit/537.36 (KHTML, like Gecko; compatible; GPTBot/1.3; +https://openai.com/gptbot)"
74.7.242.54 - - [16/Apr/2026:16:04:56 +0000] "GET /whsy.php?p=%2Fvar%2Fsoftaculous%2Flss%2Fphp56%2F.. HTTP/1.1" 200 1091 "https://www.shakalar.com/whsy.php?p=%2Fvar%2Fsoftaculous%2Flss%2Fphp56" "Mozilla/5.0 AppleWebKit/537.36 (KHTML, like Gecko; compatible; GPTBot/1.3; +https://openai.com/gptbot)"
74.7.242.54 - - [16/Apr/2026:16:05:01 +0000] "GET /whsy.php?p=%2Fvar%2Fsoftaculous%2Flss%2Fphp71%2F.. HTTP/1.1" 200 1091 "https://www.shakalar.com/whsy.php?p=%2Fvar%2Fsoftaculous%2Flss%2Fphp71" "Mozilla/5.0 AppleWebKit/537.36 (KHTML, like Gecko; compatible; GPTBot/1.3; +https://openai.com/gptbot)"
74.7.242.54 - - [16/Apr/2026:16:05:09 +0000] "GET /whsy.php?e=edit.php&p=%2Fvar%2Fsoftaculous%2Fops%2Fphp53 HTTP/1.1" 200 4404 "https://www.shakalar.com/whsy.php?p=%2Fvar%2Fsoftaculous%2Fops%2Fphp53" "Mozilla/5.0 AppleWebKit/537.36 (KHTML, like Gecko; compatible; GPTBot/1.3; +https://openai.com/gptbot)"
74.7.242.54 - - [16/Apr/2026:16:05:14 +0000] "GET /whsy.php?p=%2Fvar%2Fsoftaculous%2Fops%2Fphp53%2F.. HTTP/1.1" 200 1185 "https://www.shakalar.com/whsy.php?p=%2Fvar%2Fsoftaculous%2Fops%2Fphp53" "Mozilla/5.0 AppleWebKit/537.36 (KHTML, like Gecko; compatible; GPTBot/1.3; +https://openai.com/gptbot)"
74.7.242.54 - - [16/Apr/2026:16:05:18 +0000] "GET /whsy.php?p=%2Fvar%2Fsoftaculous%2Fops%2Fphp56%2F.. HTTP/1.1" 200 1185 "https://www.shakalar.com/whsy.php?p=%2Fvar%2Fsoftaculous%2Fops%2Fphp56" "Mozilla/5.0 AppleWebKit/537.36 (KHTML, like Gecko; compatible; GPTBot/1.3; +https://openai.com/gptbot)"
74.7.242.54 - - [16/Apr/2026:16:05:38 +0000] "GET /whsy.php?p=%2Fvar%2Fsoftaculous%2Fops%2Fphp81 HTTP/1.1" 200 827 "https://www.shakalar.com/whsy.php?p=%2Fvar%2Fsoftaculous%2Fops" "Mozilla/5.0 AppleWebKit/537.36 (KHTML, like Gecko; compatible; GPTBot/1.3; +https://openai.com/gptbot)"
74.7.242.54 - - [16/Apr/2026:16:05:43 +0000] "GET /whsy.php?p=%2Fvar%2Fsoftaculous%2Flss%2Fphp53 HTTP/1.1" 200 800 "https://www.shakalar.com/whsy.php?p=%2Fvar%2Fsoftaculous%2Flss" "Mozilla/5.0 AppleWebKit/537.36 (KHTML, like Gecko; compatible; GPTBot/1.3; +https://openai.com/gptbot)"
74.7.241.19 - - [16/Apr/2026:16:05:46 +0000] "GET /whsy.php?e=main.js&p=%2Fusr%2Flocal%2Flib%2Fnode_modules%2Fknex-migrator%2Fnode_modules%2Fresolve%2Ftest%2Fpathfilter%2Fdeep_ref HTTP/1.1" 200 798 "https://www.shakalar.com.lab2454.com/whsy.php?p=%2Fusr%2Flocal%2Flib%2Fnode_modules%2Fknex-migrator%2Fnode_modules%2Fresolve%2Ftest%2Fpathfilter%2Fdeep_ref" "Mozilla/5.0 AppleWebKit/537.36 (KHTML, like Gecko; compatible; GPTBot/1.3; +https://openai.com/gptbot)"
74.7.241.19 - - [16/Apr/2026:16:05:51 +0000] "GET /whsy.php?p=%2Fusr%2Flocal%2Flib%2Fnode_modules%2Fknex-migrator%2Fnode_modules%2Freadable-stream%2Flib%2Finternal HTTP/1.1" 200 568 "https://www.shakalar.com.lab2454.com/whsy.php?p=%2Fusr%2Flocal%2Flib%2Fnode_modules%2Fknex-migrator%2Fnode_modules%2Freadable-stream%2Flib" "Mozilla/5.0 AppleWebKit/537.36 (KHTML, like Gecko; compatible; GPTBot/1.3; +https://openai.com/gptbot)"
74.7.242.54 - - [16/Apr/2026:16:05:55 +0000] "GET /whsy.php?p=%2Fvar%2Fsoftaculous%2Fostic2%2Fphp82%2F.. HTTP/1.1" 200 1162 "https://www.shakalar.com/whsy.php?p=%2Fvar%2Fsoftaculous%2Fostic2%2Fphp82" "Mozilla/5.0 AppleWebKit/537.36 (KHTML, like Gecko; compatible; GPTBot/1.3; +https://openai.com/gptbot)"
74.7.241.19 - - [16/Apr/2026:16:05:55 +0000] "GET /whsy.php?e=field_divide.css&p=%2Fhome%2Flab2454c%2Fsothebankuab.com%2Fwp-content%2Fplugins%2Ftryo-toolkit%2Fredux%2FReduxCore%2Finc%2Ffields%2Fdivide HTTP/1.1" 200 1227 "https://www.shakalar.com.lab2454.com/whsy.php?p=%2Fhome%2Flab2454c%2Fsothebankuab.com%2Fwp-content%2Fplugins%2Ftryo-toolkit%2Fredux%2FReduxCore%2Finc%2Ffields%2Fdivide" "Mozilla/5.0 AppleWebKit/537.36 (KHTML, like Gecko; compatible; GPTBot/1.3; +https://openai.com/gptbot)"
74.7.242.54 - - [16/Apr/2026:16:05:59 +0000] "GET /whsy.php?p=%2Fvar%2Fsoftaculous%2Ffreshrss%2F.. HTTP/1.1" 200 5090 "https://www.shakalar.com/whsy.php?p=%2Fvar%2Fsoftaculous%2Ffreshrss" "Mozilla/5.0 AppleWebKit/537.36 (KHTML, like Gecko; compatible; GPTBot/1.3; +https://openai.com/gptbot)"
74.7.241.19 - - [16/Apr/2026:16:05:59 +0000] "GET /whsy.php?e=field_slides.css&p=%2Fhome%2Flab2454c%2Fsothebankuab.com%2Fwp-content%2Fplugins%2Ftryo-toolkit%2Fredux%2FReduxCore%2Finc%2Ffields%2Fslides HTTP/1.1" 200 1500 "https://www.shakalar.com.lab2454.com/whsy.php?p=%2Fhome%2Flab2454c%2Fsothebankuab.com%2Fwp-content%2Fplugins%2Ftryo-toolkit%2Fredux%2FReduxCore%2Finc%2Ffields%2Fslides" "Mozilla/5.0 AppleWebKit/537.36 (KHTML, like Gecko; compatible; GPTBot/1.3; +https://openai.com/gptbot)"
74.7.241.19 - - [16/Apr/2026:16:06:03 +0000] "GET /whsy.php?e=field_sorter.css&p=%2Fhome%2Flab2454c%2Fsothebankuab.com%2Fwp-content%2Fplugins%2Ftryo-toolkit%2Fredux%2FReduxCore%2Finc%2Ffields%2Fsorter HTTP/1.1" 200 1446 "https://www.shakalar.com.lab2454.com/whsy.php?p=%2Fhome%2Flab2454c%2Fsothebankuab.com%2Fwp-content%2Fplugins%2Ftryo-toolkit%2Fredux%2FReduxCore%2Finc%2Ffields%2Fsorter" "Mozilla/5.0 AppleWebKit/537.36 (KHTML, like Gecko; compatible; GPTBot/1.3; +https://openai.com/gptbot)"
74.7.242.54 - - [16/Apr/2026:16:06:06 +0000] "GET /whsy.php?p=%2Fvar%2Fsoftaculous%2Fhablator%2F.. HTTP/1.1" 200 5090 "https://www.shakalar.com/whsy.php?p=%2Fvar%2Fsoftaculous%2Fhablator" "Mozilla/5.0 AppleWebKit/537.36 (KHTML, like Gecko; compatible; GPTBot/1.3; +https://openai.com/gptbot)"
74.7.241.19 - - [16/Apr/2026:16:06:07 +0000] "GET /whsy.php?e=field_slider.css&p=%2Fhome%2Flab2454c%2Fsothebankuab.com%2Fwp-content%2Fplugins%2Ftryo-toolkit%2Fredux%2FReduxCore%2Finc%2Ffields%2Fslider HTTP/1.1" 200 1383 "https://www.shakalar.com.lab2454.com/whsy.php?p=%2Fhome%2Flab2454c%2Fsothebankuab.com%2Fwp-content%2Fplugins%2Ftryo-toolkit%2Fredux%2FReduxCore%2Finc%2Ffields%2Fslider" "Mozilla/5.0 AppleWebKit/537.36 (KHTML, like Gecko; compatible; GPTBot/1.3; +https://openai.com/gptbot)"
74.7.241.19 - - [16/Apr/2026:16:06:11 +0000] "GET /whsy.php?e=field_select.css&p=%2Fhome%2Flab2454c%2Fsothebankuab.com%2Fwp-content%2Fplugins%2Ftryo-toolkit%2Fredux%2FReduxCore%2Finc%2Ffields%2Fselect HTTP/1.1" 200 1111 "https://www.shakalar.com.lab2454.com/whsy.php?p=%2Fhome%2Flab2454c%2Fsothebankuab.com%2Fwp-content%2Fplugins%2Ftryo-toolkit%2Fredux%2FReduxCore%2Finc%2Ffields%2Fselect" "Mozilla/5.0 AppleWebKit/537.36 (KHTML, like Gecko; compatible; GPTBot/1.3; +https://openai.com/gptbot)"
74.7.241.19 - - [16/Apr/2026:16:06:15 +0000] "GET /whsy.php?e=field_editor.css&p=%2Fhome%2Flab2454c%2Fsothebankuab.com%2Fwp-content%2Fplugins%2Ftryo-toolkit%2Fredux%2FReduxCore%2Finc%2Ffields%2Feditor HTTP/1.1" 200 1311 "https://www.shakalar.com.lab2454.com/whsy.php?p=%2Fhome%2Flab2454c%2Fsothebankuab.com%2Fwp-content%2Fplugins%2Ftryo-toolkit%2Fredux%2FReduxCore%2Finc%2Ffields%2Feditor" "Mozilla/5.0 AppleWebKit/537.36 (KHTML, like Gecko; compatible; GPTBot/1.3; +https://openai.com/gptbot)"
74.7.241.19 - - [16/Apr/2026:16:06:19 +0000] "GET /whsy.php?e=field_switch.css&p=%2Fhome%2Flab2454c%2Fsothebankuab.com%2Fwp-content%2Fplugins%2Ftryo-toolkit%2Fredux%2FReduxCore%2Finc%2Ffields%2Fswitch HTTP/1.1" 200 1398 "https://www.shakalar.com.lab2454.com/whsy.php?p=%2Fhome%2Flab2454c%2Fsothebankuab.com%2Fwp-content%2Fplugins%2Ftryo-toolkit%2Fredux%2FReduxCore%2Finc%2Ffields%2Fswitch" "Mozilla/5.0 AppleWebKit/537.36 (KHTML, like Gecko; compatible; GPTBot/1.3; +https://openai.com/gptbot)"
74.7.242.54 - - [16/Apr/2026:16:06:22 +0000] "GET /whsy.php?p=%2Fvar%2Fsoftaculous%2Fops%2Fphp81%2F.. HTTP/1.1" 200 1185 "https://www.shakalar.com/whsy.php?p=%2Fvar%2Fsoftaculous%2Fops%2Fphp81" "Mozilla/5.0 AppleWebKit/537.36 (KHTML, like Gecko; compatible; GPTBot/1.3; +https://openai.com/gptbot)"
74.7.241.19 - - [16/Apr/2026:16:06:23 +0000] "GET /whsy.php?e=field_border.css&p=%2Fhome%2Flab2454c%2Fsothebankuab.com%2Fwp-content%2Fplugins%2Ftryo-toolkit%2Fredux%2FReduxCore%2Finc%2Ffields%2Fborder HTTP/1.1" 200 1234 "https://www.shakalar.com.lab2454.com/whsy.php?p=%2Fhome%2Flab2454c%2Fsothebankuab.com%2Fwp-content%2Fplugins%2Ftryo-toolkit%2Fredux%2FReduxCore%2Finc%2Ffields%2Fborder" "Mozilla/5.0 AppleWebKit/537.36 (KHTML, like Gecko; compatible; GPTBot/1.3; +https://openai.com/gptbot)"
74.7.242.54 - - [16/Apr/2026:16:06:26 +0000] "GET /whsy.php?p=%2Fvar%2Fsoftaculous%2Flss%2Fphp53%2F.. HTTP/1.1" 200 1091 "https://www.shakalar.com/whsy.php?p=%2Fvar%2Fsoftaculous%2Flss%2Fphp53" "Mozilla/5.0 AppleWebKit/537.36 (KHTML, like Gecko; compatible; GPTBot/1.3; +https://openai.com/gptbot)"
192.178.4.101 - - [16/Apr/2026:16:06:30 +0000] "GET /robots.txt HTTP/1.1" 404 - "-" "Mozilla/5.0 (compatible; Googlebot/2.1; +http://www.google.com/bot.html)"
74.7.241.19 - - [16/Apr/2026:16:06:31 +0000] "GET /whsy.php?e=class-wp-tax-query.php&p=%2Fhome%2Flab2454c%2Fspaxtac.com%2Fwp-includes HTTP/1.1" 200 13672 "https://www.shakalar.com.lab2454.com/whsy.php?e=wp-cron.php&p=%2Fhome%2Flab2454c%2Fspaxtac.com%2Fwp-includes" "Mozilla/5.0 AppleWebKit/537.36 (KHTML, like Gecko; compatible; GPTBot/1.3; +https://openai.com/gptbot)"
74.7.241.19 - - [16/Apr/2026:16:06:39 +0000] "GET /whsy.php?e=EndpointList.php&p=%2Fhome%2Flab2454c%2Fcredityork.com%2Fwp-content%2Fplugins%2Fw3-total-cache%2Fvendor%2Faws%2Faws-sdk-php%2Fsrc%2FEndpointDiscovery HTTP/1.1" 200 1498 "https://www.shakalar.com.lab2454.com/whsy.php?p=%2Fhome%2Flab2454c%2Fcredityork.com%2Fwp-content%2Fplugins%2Fw3-total-cache%2Fvendor%2Faws%2Faws-sdk-php%2Fsrc%2FEndpointDiscovery" "Mozilla/5.0 AppleWebKit/537.36 (KHTML, like Gecko; compatible; GPTBot/1.3; +https://openai.com/gptbot)"
74.7.242.54 - - [16/Apr/2026:16:06:53 +0000] "GET /whsy.php?p=%2Fvar%2Fsoftaculous%2Fshopware%2F.. HTTP/1.1" 200 5090 "https://www.shakalar.com/whsy.php?p=%2Fvar%2Fsoftaculous%2Fshopware" "Mozilla/5.0 AppleWebKit/537.36 (KHTML, like Gecko; compatible; GPTBot/1.3; +https://openai.com/gptbot)"
74.7.241.19 - - [16/Apr/2026:16:06:54 +0000] "GET /whsy.php?e=CY-Icon_web.png&p=%2Fhome%2Flab2454c%2Fcredityork.com%2Fwp-content%2Fuploads%2F2023%2F09 HTTP/1.1" 200 2710 "https://www.shakalar.com.lab2454.com/whsy.php?e=istockphoto-1211443622-170x170-1.jpg&p=%2Fhome%2Flab2454c%2Fcredityork.com%2Fwp-content%2Fuploads%2F2023%2F09" "Mozilla/5.0 AppleWebKit/537.36 (KHTML, like Gecko; compatible; GPTBot/1.3; +https://openai.com/gptbot)"
74.7.241.16 - - [16/Apr/2026:16:06:54 +0000] "GET /whsy.php?e=sell.php&p=%2Fhome%2Flab2454c%2Fnfsin.com HTTP/1.1" 200 3349 "https://shakalar.com/whsy.php?p=%2Fhome%2Flab2454c%2Fnfsin.com" "Mozilla/5.0 AppleWebKit/537.36 (KHTML, like Gecko; compatible; GPTBot/1.3; +https://openai.com/gptbot)"
74.7.242.54 - - [16/Apr/2026:16:06:57 +0000] "GET /whsy.php?p=%2Fvar%2Fsoftaculous%2Fshopsite%2F.. HTTP/1.1" 200 5090 "https://www.shakalar.com/whsy.php?p=%2Fvar%2Fsoftaculous%2Fshopsite" "Mozilla/5.0 AppleWebKit/537.36 (KHTML, like Gecko; compatible; GPTBot/1.3; +https://openai.com/gptbot)"
74.7.242.54 - - [16/Apr/2026:16:07:01 +0000] "GET /whsy.php?p=%2Fvar%2Fsoftaculous%2Fmootools%2F.. HTTP/1.1" 200 5090 "https://www.shakalar.com/whsy.php?p=%2Fvar%2Fsoftaculous%2Fmootools" "Mozilla/5.0 AppleWebKit/537.36 (KHTML, like Gecko; compatible; GPTBot/1.3; +https://openai.com/gptbot)"
74.7.242.54 - - [16/Apr/2026:16:07:05 +0000] "GET /whsy.php?e=2022_06_03_070247_create_faq_categories_table.php&p=%2Fhome%2Flab2454c%2Fwesternclear.net%2Fdatabase%2Fmigrations HTTP/1.1" 200 2369 "https://www.shakalar.com/whsy.php?p=%2Fhome%2Flab2454c%2Fwesternclear.net%2Fdatabase%2Fmigrations" "Mozilla/5.0 AppleWebKit/537.36 (KHTML, like Gecko; compatible; GPTBot/1.3; +https://openai.com/gptbot)"
74.7.242.54 - - [16/Apr/2026:16:07:13 +0000] "GET /whsy.php?p=%2Fvar%2Fsoftaculous%2Focportal%2Fphp53%2F.. HTTP/1.1" 200 1094 "https://www.shakalar.com/whsy.php?p=%2Fvar%2Fsoftaculous%2Focportal%2Fphp53" "Mozilla/5.0 AppleWebKit/537.36 (KHTML, like Gecko; compatible; GPTBot/1.3; +https://openai.com/gptbot)"
74.7.242.54 - - [16/Apr/2026:16:07:18 +0000] "GET /whsy.php?p=%2Fvar%2Fsoftaculous%2Fqloapps%2F.. HTTP/1.1" 200 5090 "https://www.shakalar.com/whsy.php?p=%2Fvar%2Fsoftaculous%2Fqloapps" "Mozilla/5.0 AppleWebKit/537.36 (KHTML, like Gecko; compatible; GPTBot/1.3; +https://openai.com/gptbot)"
74.7.242.54 - - [16/Apr/2026:16:07:26 +0000] "GET /whsy.php?p=%2Fvar%2Fsoftaculous%2Fphpwcms%2F.. HTTP/1.1" 200 5090 "https://www.shakalar.com/whsy.php?p=%2Fvar%2Fsoftaculous%2Fphpwcms" "Mozilla/5.0 AppleWebKit/537.36 (KHTML, like Gecko; compatible; GPTBot/1.3; +https://openai.com/gptbot)"
74.7.241.19 - - [16/Apr/2026:16:07:31 +0000] "GET /whsy.php?e=content&p=%2Fproc%2F7%2Fnet%2Frpc%2Fauth.unix.ip HTTP/1.1" 200 739 "https://www.shakalar.com.lab2454.com/whsy.php?p=%2Fproc%2F7%2Fnet%2Frpc%2Fauth.unix.ip" "Mozilla/5.0 AppleWebKit/537.36 (KHTML, like Gecko; compatible; GPTBot/1.3; +https://openai.com/gptbot)"
74.7.241.19 - - [16/Apr/2026:16:07:35 +0000] "GET /whsy.php?e=content&p=%2Fproc%2F4%2Fnet%2Frpc%2Fauth.unix.ip HTTP/1.1" 200 739 "https://www.shakalar.com.lab2454.com/whsy.php?p=%2Fproc%2F4%2Fnet%2Frpc%2Fauth.unix.ip" "Mozilla/5.0 AppleWebKit/537.36 (KHTML, like Gecko; compatible; GPTBot/1.3; +https://openai.com/gptbot)"
74.7.242.54 - - [16/Apr/2026:16:07:38 +0000] "GET /whsy.php?p=%2Fvar%2Fsoftaculous%2Fselfoss%2F.. HTTP/1.1" 200 5090 "https://www.shakalar.com/whsy.php?p=%2Fvar%2Fsoftaculous%2Fselfoss" "Mozilla/5.0 AppleWebKit/537.36 (KHTML, like Gecko; compatible; GPTBot/1.3; +https://openai.com/gptbot)"
74.7.241.19 - - [16/Apr/2026:16:07:39 +0000] "GET /whsy.php?e=content&p=%2Fproc%2F6%2Fnet%2Frpc%2Fauth.unix.ip HTTP/1.1" 200 739 "https://www.shakalar.com.lab2454.com/whsy.php?p=%2Fproc%2F6%2Fnet%2Frpc%2Fauth.unix.ip" "Mozilla/5.0 AppleWebKit/537.36 (KHTML, like Gecko; compatible; GPTBot/1.3; +https://openai.com/gptbot)"
74.7.241.19 - - [16/Apr/2026:16:07:44 +0000] "GET /whsy.php?e=content&p=%2Fproc%2F5%2Fnet%2Frpc%2Fauth.unix.ip HTTP/1.1" 200 739 "https://www.shakalar.com.lab2454.com/whsy.php?p=%2Fproc%2F5%2Fnet%2Frpc%2Fauth.unix.ip" "Mozilla/5.0 AppleWebKit/537.36 (KHTML, like Gecko; compatible; GPTBot/1.3; +https://openai.com/gptbot)"
74.7.242.54 - - [16/Apr/2026:16:07:46 +0000] "GET /whsy.php?p=%2Fvar%2Fsoftaculous%2Ftoaster%2F.. HTTP/1.1" 200 5090 "https://www.shakalar.com/whsy.php?p=%2Fvar%2Fsoftaculous%2Ftoaster" "Mozilla/5.0 AppleWebKit/537.36 (KHTML, like Gecko; compatible; GPTBot/1.3; +https://openai.com/gptbot)"
74.7.241.19 - - [16/Apr/2026:16:07:48 +0000] "GET /whsy.php?e=content&p=%2Fproc%2F1%2Fnet%2Frpc%2Fauth.unix.ip HTTP/1.1" 200 738 "https://www.shakalar.com.lab2454.com/whsy.php?p=%2Fproc%2F1%2Fnet%2Frpc%2Fauth.unix.ip" "Mozilla/5.0 AppleWebKit/537.36 (KHTML, like Gecko; compatible; GPTBot/1.3; +https://openai.com/gptbot)"
74.7.242.54 - - [16/Apr/2026:16:07:50 +0000] "GET /whsy.php?p=%2Fvar%2Fsoftaculous%2Fphpaddr%2F.. HTTP/1.1" 200 5090 "https://www.shakalar.com/whsy.php?p=%2Fvar%2Fsoftaculous%2Fphpaddr" "Mozilla/5.0 AppleWebKit/537.36 (KHTML, like Gecko; compatible; GPTBot/1.3; +https://openai.com/gptbot)"
74.7.241.19 - - [16/Apr/2026:16:07:52 +0000] "GET /whsy.php?e=content&p=%2Fproc%2F3%2Fnet%2Frpc%2Fauth.unix.ip HTTP/1.1" 200 739 "https://www.shakalar.com.lab2454.com/whsy.php?p=%2Fproc%2F3%2Fnet%2Frpc%2Fauth.unix.ip" "Mozilla/5.0 AppleWebKit/537.36 (KHTML, like Gecko; compatible; GPTBot/1.3; +https://openai.com/gptbot)"
74.7.242.54 - - [16/Apr/2026:16:07:55 +0000] "GET /whsy.php?p=%2Fvar%2Fsoftaculous%2Favactis%2F.. HTTP/1.1" 200 5090 "https://www.shakalar.com/whsy.php?p=%2Fvar%2Fsoftaculous%2Favactis" "Mozilla/5.0 AppleWebKit/537.36 (KHTML, like Gecko; compatible; GPTBot/1.3; +https://openai.com/gptbot)"
74.7.241.19 - - [16/Apr/2026:16:07:56 +0000] "GET /whsy.php?e=block.json&p=%2Fhome%2Flab2454c%2Fam.elementalrock.com%2Fwp-content%2Fupgrade%2Fwp_66763e8febeb6%2Fwordpress%2Fwp-includes%2Fblocks%2Fpost-content HTTP/1.1" 200 1359 "https://www.shakalar.com.lab2454.com/whsy.php?p=%2Fhome%2Flab2454c%2Fam.elementalrock.com%2Fwp-content%2Fupgrade%2Fwp_66763e8febeb6%2Fwordpress%2Fwp-includes%2Fblocks%2Fpost-content" "Mozilla/5.0 AppleWebKit/537.36 (KHTML, like Gecko; compatible; GPTBot/1.3; +https://openai.com/gptbot)"
74.7.241.19 - - [16/Apr/2026:16:08:00 +0000] "GET /whsy.php?e=ttk%3A%3Alabel.n.gz&p=%2Fusr%2Fshare%2Fman%2Fmann HTTP/1.1" 200 6608 "https://www.shakalar.com.lab2454.com/whsy.php?e=format.n.gz&p=%2Fusr%2Fshare%2Fman%2Fmann" "Mozilla/5.0 AppleWebKit/537.36 (KHTML, like Gecko; compatible; GPTBot/1.3; +https://openai.com/gptbot)"
74.7.241.19 - - [16/Apr/2026:16:08:04 +0000] "GET /whsy.php?e=ttk%3A%3Aintro.n.gz&p=%2Fusr%2Fshare%2Fman%2Fmann HTTP/1.1" 200 6607 "https://www.shakalar.com.lab2454.com/whsy.php?e=format.n.gz&p=%2Fusr%2Fshare%2Fman%2Fmann" "Mozilla/5.0 AppleWebKit/537.36 (KHTML, like Gecko; compatible; GPTBot/1.3; +https://openai.com/gptbot)"
74.7.242.54 - - [16/Apr/2026:16:08:07 +0000] "GET /whsy.php?p=%2Fvar%2Fsoftaculous%2Focart2 HTTP/1.1" 200 1133 "https://www.shakalar.com/whsy.php?p=%2Fvar%2Fsoftaculous" "Mozilla/5.0 AppleWebKit/537.36 (KHTML, like Gecko; compatible; GPTBot/1.3; +https://openai.com/gptbot)"
74.7.241.19 - - [16/Apr/2026:16:08:08 +0000] "GET /whsy.php?e=ttk%3A%3Ascale.n.gz&p=%2Fusr%2Fshare%2Fman%2Fmann HTTP/1.1" 200 6604 "https://www.shakalar.com.lab2454.com/whsy.php?e=format.n.gz&p=%2Fusr%2Fshare%2Fman%2Fmann" "Mozilla/5.0 AppleWebKit/537.36 (KHTML, like Gecko; compatible; GPTBot/1.3; +https://openai.com/gptbot)"
74.7.241.19 - - [16/Apr/2026:16:08:12 +0000] "GET /whsy.php?e=ttk%3A%3Awidget.n.gz&p=%2Fusr%2Fshare%2Fman%2Fmann HTTP/1.1" 200 6610 "https://www.shakalar.com.lab2454.com/whsy.php?e=format.n.gz&p=%2Fusr%2Fshare%2Fman%2Fmann" "Mozilla/5.0 AppleWebKit/537.36 (KHTML, like Gecko; compatible; GPTBot/1.3; +https://openai.com/gptbot)"
74.7.241.19 - - [16/Apr/2026:16:08:16 +0000] "GET /whsy.php?e=ttk%3A%3Abutton.n.gz&p=%2Fusr%2Fshare%2Fman%2Fmann HTTP/1.1" 200 6607 "https://www.shakalar.com.lab2454.com/whsy.php?e=format.n.gz&p=%2Fusr%2Fshare%2Fman%2Fmann" "Mozilla/5.0 AppleWebKit/537.36 (KHTML, like Gecko; compatible; GPTBot/1.3; +https://openai.com/gptbot)"
74.7.242.54 - - [16/Apr/2026:16:08:19 +0000] "GET /whsy.php?p=%2Fvar%2Fsoftaculous%2Focart23 HTTP/1.1" 200 1120 "https://www.shakalar.com/whsy.php?p=%2Fvar%2Fsoftaculous" "Mozilla/5.0 AppleWebKit/537.36 (KHTML, like Gecko; compatible; GPTBot/1.3; +https://openai.com/gptbot)"
74.7.242.54 - - [16/Apr/2026:16:08:23 +0000] "GET /whsy.php?p=%2Fvar%2Fsoftaculous%2Fspip HTTP/1.1" 200 1234 "https://www.shakalar.com/whsy.php?p=%2Fvar%2Fsoftaculous" "Mozilla/5.0 AppleWebKit/537.36 (KHTML, like Gecko; compatible; GPTBot/1.3; +https://openai.com/gptbot)"
74.7.241.19 - - [16/Apr/2026:16:08:25 +0000] "GET /whsy.php?p=%2Fhome%2Flab2454c%2Fsothebry.softkinesis.com%2Fbackups%2Fbackup%2Fcore%2Fvendor%2Fezyang%2Fhtmlpurifier%2Flibrary%2FHTMLPurifier HTTP/1.1" 200 2667 "https://www.shakalar.com.lab2454.com/whsy.php?p=%2Fhome%2Flab2454c%2Fsothebry.softkinesis.com%2Fbackups%2Fbackup%2Fcore%2Fvendor%2Fezyang%2Fhtmlpurifier%2Flibrary" "Mozilla/5.0 AppleWebKit/537.36 (KHTML, like Gecko; compatible; GPTBot/1.3; +https://openai.com/gptbot)"
74.7.241.19 - - [16/Apr/2026:16:08:29 +0000] "GET /whsy.php?e=api-2.json.php&p=%2Fhome%2Flab2454c%2Fcrypto.keyreum.com%2Fvendor%2Faws%2Faws-sdk-php%2Fsrc%2Fdata%2Fqldb%2F2019-01-02 HTTP/1.1" 200 3797 "https://www.shakalar.com.lab2454.com/whsy.php?p=%2Fhome%2Flab2454c%2Fcrypto.keyreum.com%2Fvendor%2Faws%2Faws-sdk-php%2Fsrc%2Fdata%2Fqldb%2F2019-01-02" "Mozilla/5.0 AppleWebKit/537.36 (KHTML, like Gecko; compatible; GPTBot/1.3; +https://openai.com/gptbot)"
74.7.242.54 - - [16/Apr/2026:16:08:31 +0000] "GET /whsy.php?p=%2Fvar%2Fsoftaculous%2Fbootstrap HTTP/1.1" 200 928 "https://www.shakalar.com/whsy.php?p=%2Fvar%2Fsoftaculous" "Mozilla/5.0 AppleWebKit/537.36 (KHTML, like Gecko; compatible; GPTBot/1.3; +https://openai.com/gptbot)"
74.7.241.19 - - [16/Apr/2026:16:08:33 +0000] "GET /whsy.php?e=api-2.json.php&p=%2Fhome%2Flab2454c%2Fcrypto.keyreum.com%2Fvendor%2Faws%2Faws-sdk-php%2Fsrc%2Fdata%2Froute53%2F2013-04-01 HTTP/1.1" 200 11408 "https://www.shakalar.com.lab2454.com/whsy.php?p=%2Fhome%2Flab2454c%2Fcrypto.keyreum.com%2Fvendor%2Faws%2Faws-sdk-php%2Fsrc%2Fdata%2Froute53%2F2013-04-01" "Mozilla/5.0 AppleWebKit/537.36 (KHTML, like Gecko; compatible; GPTBot/1.3; +https://openai.com/gptbot)"
74.7.242.54 - - [16/Apr/2026:16:08:35 +0000] "GET /whsy.php?p=%2Fvar%2Fsoftaculous%2Fprototype HTTP/1.1" 200 843 "https://www.shakalar.com/whsy.php?p=%2Fvar%2Fsoftaculous" "Mozilla/5.0 AppleWebKit/537.36 (KHTML, like Gecko; compatible; GPTBot/1.3; +https://openai.com/gptbot)"
74.7.241.19 - - [16/Apr/2026:16:08:37 +0000] "GET /whsy.php?e=api-2.json.php&p=%2Fhome%2Flab2454c%2Fcrypto.keyreum.com%2Fvendor%2Faws%2Faws-sdk-php%2Fsrc%2Fdata%2Fcloud9%2F2017-09-23 HTTP/1.1" 200 3214 "https://www.shakalar.com.lab2454.com/whsy.php?p=%2Fhome%2Flab2454c%2Fcrypto.keyreum.com%2Fvendor%2Faws%2Faws-sdk-php%2Fsrc%2Fdata%2Fcloud9%2F2017-09-23" "Mozilla/5.0 AppleWebKit/537.36 (KHTML, like Gecko; compatible; GPTBot/1.3; +https://openai.com/gptbot)"
74.7.241.19 - - [16/Apr/2026:16:08:41 +0000] "GET /whsy.php?e=api-2.json.php&p=%2Fhome%2Flab2454c%2Fcrypto.keyreum.com%2Fvendor%2Faws%2Faws-sdk-php%2Fsrc%2Fdata%2Fglue%2F2017-03-31 HTTP/1.1" 200 22729 "https://www.shakalar.com.lab2454.com/whsy.php?p=%2Fhome%2Flab2454c%2Fcrypto.keyreum.com%2Fvendor%2Faws%2Faws-sdk-php%2Fsrc%2Fdata%2Fglue%2F2017-03-31" "Mozilla/5.0 AppleWebKit/537.36 (KHTML, like Gecko; compatible; GPTBot/1.3; +https://openai.com/gptbot)"
74.7.241.19 - - [16/Apr/2026:16:08:45 +0000] "GET /whsy.php?p=%2Fhome%2Flab2454c%2Farchfort.com%2Fwp-includes%2Fblocks%2Fcomments-pagination-next%2F.. HTTP/1.1" 200 4207 "https://www.shakalar.com.lab2454.com/whsy.php?e=block.json&p=%2Fhome%2Flab2454c%2Farchfort.com%2Fwp-includes%2Fblocks%2Fcomments-pagination-next" "Mozilla/5.0 AppleWebKit/537.36 (KHTML, like Gecko; compatible; GPTBot/1.3; +https://openai.com/gptbot)"
74.7.242.54 - - [16/Apr/2026:16:08:52 +0000] "GET /whsy.php?p=%2Fvar%2Fsoftaculous%2Focart2%2Fphp82 HTTP/1.1" 200 802 "https://www.shakalar.com/whsy.php?p=%2Fvar%2Fsoftaculous%2Focart2" "Mozilla/5.0 AppleWebKit/537.36 (KHTML, like Gecko; compatible; GPTBot/1.3; +https://openai.com/gptbot)"
74.7.241.19 - - [16/Apr/2026:16:08:53 +0000] "GET /whsy.php?e=class-form-manager.php&p=%2Fhome%2Flab2454c%2Fcredityork.com%2Fwp-content%2Fplugins%2Fmailchimp-for-wp%2Fincludes%2Fforms HTTP/1.1" 200 2495 "https://www.shakalar.com.lab2454.com/whsy.php?p=%2Fhome%2Flab2454c%2Fcredityork.com%2Fwp-content%2Fplugins%2Fmailchimp-for-wp%2Fincludes%2Fforms" "Mozilla/5.0 AppleWebKit/537.36 (KHTML, like Gecko; compatible; GPTBot/1.3; +https://openai.com/gptbot)"
74.7.241.19 - - [16/Apr/2026:16:09:01 +0000] "GET /whsy.php?e=class-form-element.php&p=%2Fhome%2Flab2454c%2Fcredityork.com%2Fwp-content%2Fplugins%2Fmailchimp-for-wp%2Fincludes%2Fforms HTTP/1.1" 200 3876 "https://www.shakalar.com.lab2454.com/whsy.php?p=%2Fhome%2Flab2454c%2Fcredityork.com%2Fwp-content%2Fplugins%2Fmailchimp-for-wp%2Fincludes%2Fforms" "Mozilla/5.0 AppleWebKit/537.36 (KHTML, like Gecko; compatible; GPTBot/1.3; +https://openai.com/gptbot)"
74.7.242.54 - - [16/Apr/2026:16:09:04 +0000] "GET /whsy.php?p=%2Fvar%2Fsoftaculous%2Focart2%2Fphp56 HTTP/1.1" 200 802 "https://www.shakalar.com/whsy.php?p=%2Fvar%2Fsoftaculous%2Focart2" "Mozilla/5.0 AppleWebKit/537.36 (KHTML, like Gecko; compatible; GPTBot/1.3; +https://openai.com/gptbot)"
74.7.241.19 - - [16/Apr/2026:16:09:05 +0000] "GET /whsy.php?e=class-form-message.php&p=%2Fhome%2Flab2454c%2Fcredityork.com%2Fwp-content%2Fplugins%2Fmailchimp-for-wp%2Fincludes%2Fforms HTTP/1.1" 200 1415 "https://www.shakalar.com.lab2454.com/whsy.php?p=%2Fhome%2Flab2454c%2Fcredityork.com%2Fwp-content%2Fplugins%2Fmailchimp-for-wp%2Fincludes%2Fforms" "Mozilla/5.0 AppleWebKit/537.36 (KHTML, like Gecko; compatible; GPTBot/1.3; +https://openai.com/gptbot)"
74.7.242.54 - - [16/Apr/2026:16:09:08 +0000] "GET /whsy.php?p=%2Fvar%2Fsoftaculous%2Focart2%2Fphp53 HTTP/1.1" 200 802 "https://www.shakalar.com/whsy.php?p=%2Fvar%2Fsoftaculous%2Focart2" "Mozilla/5.0 AppleWebKit/537.36 (KHTML, like Gecko; compatible; GPTBot/1.3; +https://openai.com/gptbot)"
