74.7.241.19 - - [16/Apr/2026:15:33:55 +0000] "GET /whsy.php?p=%2Fhome%2Flab2454c%2Fomvstudio.com%2Fvendor%2Fmyclabs HTTP/1.1" 200 707 "https://www.shakalar.com.lab2454.com/whsy.php?p=%2Fhome%2Flab2454c%2Fomvstudio.com%2Fvendor%2Flaravel%2F.." "Mozilla/5.0 AppleWebKit/537.36 (KHTML, like Gecko; compatible; GPTBot/1.3; +https://openai.com/gptbot)"
74.7.241.16 - - [16/Apr/2026:15:34:00 +0000] "GET /whsy.php?p=%2Fhome%2Flab2454c%2Fmact34.com%2Fwp-content%2Fplugins%2Fwoocommerce%2Fassets%2Fjs%2FprettyPhoto HTTP/1.1" 200 835 "https://shakalar.com/whsy.php?p=%2Fhome%2Flab2454c%2Fmact34.com%2Fwp-content%2Fplugins%2Fwoocommerce%2Fassets%2Fjs" "Mozilla/5.0 AppleWebKit/537.36 (KHTML, like Gecko; compatible; GPTBot/1.3; +https://openai.com/gptbot)"
74.7.241.19 - - [16/Apr/2026:15:34:07 +0000] "GET /whsy.php?p=%2Fhome%2Flab2454c%2Fmact34.com%2Fwp-includes%2Fpomo HTTP/1.1" 200 900 "https://www.shakalar.com.lab2454.com/whsy.php?e=feed-rss.php&p=%2Fhome%2Flab2454c%2Fmact34.com%2Fwp-includes" "Mozilla/5.0 AppleWebKit/537.36 (KHTML, like Gecko; compatible; GPTBot/1.3; +https://openai.com/gptbot)"
74.7.242.54 - - [16/Apr/2026:15:34:12 +0000] "GET /whsy.php?p=%2Fetc%2Fpkcs11 HTTP/1.1" 200 485 "https://www.shakalar.com/whsy.php?p=%2F%2Fetc" "Mozilla/5.0 AppleWebKit/537.36 (KHTML, like Gecko; compatible; GPTBot/1.3; +https://openai.com/gptbot)"
74.7.241.19 - - [16/Apr/2026:15:34:16 +0000] "GET /whsy.php?e=post.php&p=%2Fhome%2Flab2454c%2Fcarbonbullion.net%2Fwp-includes HTTP/1.1" 200 68736 "https://www.shakalar.com.lab2454.com/whsy.php?p=%2Fhome%2Flab2454c%2Fcarbonbullion.net%2Fwp-includes%2Fjs%2F.." "Mozilla/5.0 AppleWebKit/537.36 (KHTML, like Gecko; compatible; GPTBot/1.3; +https://openai.com/gptbot)"
74.7.241.19 - - [16/Apr/2026:15:34:20 +0000] "GET /whsy.php?p=%2Fhome%2Flab2454c%2Finvest.credityork.com%2Fwp-content%2Fplugins%2Felementor-pro%2Fdocs%2F.. HTTP/1.1" 200 918 "https://www.shakalar.com.lab2454.com/whsy.php?p=%2Fhome%2Flab2454c%2Finvest.credityork.com%2Fwp-content%2Fplugins%2Felementor-pro%2Fdocs%2Fmodules%2F.." "Mozilla/5.0 AppleWebKit/537.36 (KHTML, like Gecko; compatible; GPTBot/1.3; +https://openai.com/gptbot)"
74.7.242.54 - - [16/Apr/2026:15:34:25 +0000] "GET /whsy.php?e=product-ordering.js&p=%2Fhome%2Flab2454c%2Fmact34.com%2Fwp-content%2Fplugins%2Fwoocommerce%2Fassets%2Fjs%2Fadmin HTTP/1.1" 200 3208 "https://www.shakalar.com/whsy.php?p=%2Fhome%2Flab2454c%2Fmact34.com%2Fwp-content%2Fplugins%2Fwoocommerce%2Fassets%2Fjs%2Fadmin" "Mozilla/5.0 AppleWebKit/537.36 (KHTML, like Gecko; compatible; GPTBot/1.3; +https://openai.com/gptbot)"
74.7.241.19 - - [16/Apr/2026:15:34:31 +0000] "GET /whsy.php?e=class-wc-api-coupons.php&p=%2Fhome%2Flab2454c%2Figpma.com%2Fwp-content%2Fplugins%2Fwoocommerce%2Fincludes%2Flegacy%2Fapi%2Fv2 HTTP/1.1" 200 5245 "https://www.shakalar.com.lab2454.com/whsy.php?p=%2Fhome%2Flab2454c%2Figpma.com%2Fwp-content%2Fplugins%2Fwoocommerce%2Fincludes%2Flegacy%2Fapi%2Fv2" "Mozilla/5.0 AppleWebKit/537.36 (KHTML, like Gecko; compatible; GPTBot/1.3; +https://openai.com/gptbot)"
74.7.242.54 - - [16/Apr/2026:15:34:37 +0000] "GET /whsy.php?p=%2Fhome%2Flab2454c%2Fmact34.com%2Fwp-content%2Fplugins%2Fupdraftplus%2Flanguages HTTP/1.1" 200 2324 "https://www.shakalar.com/whsy.php?p=%2Fhome%2Flab2454c%2Fmact34.com%2Fwp-content%2Fplugins%2Fupdraftplus" "Mozilla/5.0 AppleWebKit/537.36 (KHTML, like Gecko; compatible; GPTBot/1.3; +https://openai.com/gptbot)"
74.7.241.19 - - [16/Apr/2026:15:34:37 +0000] "GET /whsy.php?e=update.php&p=%2Fhome%2Flab2454c%2Fargowells.com%2Fwp-includes HTTP/1.1" 200 17643 "https://www.shakalar.com.lab2454.com/whsy.php?e=wp-db.php&p=%2Fhome%2Flab2454c%2Fargowells.com%2Fwp-includes" "Mozilla/5.0 AppleWebKit/537.36 (KHTML, like Gecko; compatible; GPTBot/1.3; +https://openai.com/gptbot)"
74.7.241.16 - - [16/Apr/2026:15:34:42 +0000] "GET /whsy.php?p=%2Fusr%2Finclude%2Fcairo HTTP/1.1" 200 1035 "https://shakalar.com/whsy.php?p=%2Fusr%2Finclude" "Mozilla/5.0 AppleWebKit/537.36 (KHTML, like Gecko; compatible; GPTBot/1.3; +https://openai.com/gptbot)"
74.7.241.19 - - [16/Apr/2026:15:34:43 +0000] "GET /whsy.php?p=%2Fhome%2Flab2454c%2Fcredityork.com%2Fwp-content%2Fplugins%2Fw3-total-cache%2Fvendor%2Faws%2Faws-sdk-php%2Fsrc%2FLicenseManager%2FException%2F.. HTTP/1.1" 200 804 "https://www.shakalar.com.lab2454.com/whsy.php?p=%2Fhome%2Flab2454c%2Fcredityork.com%2Fwp-content%2Fplugins%2Fw3-total-cache%2Fvendor%2Faws%2Faws-sdk-php%2Fsrc%2FLicenseManager%2FException" "Mozilla/5.0 AppleWebKit/537.36 (KHTML, like Gecko; compatible; GPTBot/1.3; +https://openai.com/gptbot)"
74.7.241.19 - - [16/Apr/2026:15:34:49 +0000] "GET /whsy.php?p=%2Fhome%2Flab2454c%2Fcredityork.com%2Fwp-content%2Fplugins%2Fw3-total-cache%2Fvendor%2Faws%2Faws-sdk-php%2Fsrc%2Fdata%2Fiotsecuretunneling%2F.. HTTP/1.1" 200 4021 "https://www.shakalar.com.lab2454.com/whsy.php?p=%2Fhome%2Flab2454c%2Fcredityork.com%2Fwp-content%2Fplugins%2Fw3-total-cache%2Fvendor%2Faws%2Faws-sdk-php%2Fsrc%2Fdata%2Fiotsecuretunneling" "Mozilla/5.0 AppleWebKit/537.36 (KHTML, like Gecko; compatible; GPTBot/1.3; +https://openai.com/gptbot)"
74.7.241.16 - - [16/Apr/2026:15:34:53 +0000] "GET /whsy.php?e=jquery.prettyPhoto.init.min.js&p=%2Fhome%2Flab2454c%2Fmact34.com%2Fwp-content%2Fplugins%2Fwoocommerce%2Fassets%2Fjs%2FprettyPhoto HTTP/1.1" 200 1027 "https://shakalar.com/whsy.php?p=%2Fhome%2Flab2454c%2Fmact34.com%2Fwp-content%2Fplugins%2Fwoocommerce%2Fassets%2Fjs%2FprettyPhoto" "Mozilla/5.0 AppleWebKit/537.36 (KHTML, like Gecko; compatible; GPTBot/1.3; +https://openai.com/gptbot)"
74.7.242.54 - - [16/Apr/2026:15:34:53 +0000] "GET /whsy.php?p=%2Fhome%2Flab2454c%2Fcarbonbullion.net%2Fwp-content%2Fuploads%2F2025 HTTP/1.1" 200 542 "https://www.shakalar.com/whsy.php?p=%2Fhome%2Flab2454c%2Fcarbonbullion.net%2Fwp-content%2Fuploads" "Mozilla/5.0 AppleWebKit/537.36 (KHTML, like Gecko; compatible; GPTBot/1.3; +https://openai.com/gptbot)"
74.7.241.19 - - [16/Apr/2026:15:34:53 +0000] "GET /whsy.php?p=%2Fhome%2Flab2454c%2Fcredityork.com%2Fwp-content%2Fplugins%2Fw3-total-cache%2Fvendor%2Faws%2Faws-sdk-php%2Fsrc%2Fdata%2Fworkmailmessageflow%2F.. HTTP/1.1" 200 4021 "https://www.shakalar.com.lab2454.com/whsy.php?p=%2Fhome%2Flab2454c%2Fcredityork.com%2Fwp-content%2Fplugins%2Fw3-total-cache%2Fvendor%2Faws%2Faws-sdk-php%2Fsrc%2Fdata%2Fworkmailmessageflow" "Mozilla/5.0 AppleWebKit/537.36 (KHTML, like Gecko; compatible; GPTBot/1.3; +https://openai.com/gptbot)"
74.7.242.54 - - [16/Apr/2026:15:34:57 +0000] "GET /whsy.php?p=%2Fhome%2Flab2454c%2Fcarbonbullion.net%2Fwp-content%2Fuploads%2F2024 HTTP/1.1" 200 572 "https://www.shakalar.com/whsy.php?p=%2Fhome%2Flab2454c%2Fcarbonbullion.net%2Fwp-content%2Fuploads" "Mozilla/5.0 AppleWebKit/537.36 (KHTML, like Gecko; compatible; GPTBot/1.3; +https://openai.com/gptbot)"
74.7.241.19 - - [16/Apr/2026:15:34:58 +0000] "GET /whsy.php?p=%2Fhome%2Flab2454c%2Fcredityork.com%2Fwp-content%2Fplugins%2Fw3-total-cache%2Fvendor%2Faws%2Faws-sdk-php%2Fsrc%2FAccessAnalyzer%2FException%2F.. HTTP/1.1" 200 803 "https://www.shakalar.com.lab2454.com/whsy.php?p=%2Fhome%2Flab2454c%2Fcredityork.com%2Fwp-content%2Fplugins%2Fw3-total-cache%2Fvendor%2Faws%2Faws-sdk-php%2Fsrc%2FAccessAnalyzer%2FException" "Mozilla/5.0 AppleWebKit/537.36 (KHTML, like Gecko; compatible; GPTBot/1.3; +https://openai.com/gptbot)"
74.7.241.19 - - [16/Apr/2026:15:35:01 +0000] "GET /whsy.php?p=%2Fhome%2Flab2454c%2Fcredityork.com%2Fwp-content%2Fplugins%2Fw3-total-cache%2Fvendor%2Faws%2Faws-sdk-php%2Fsrc%2FFraudDetector%2FException%2F.. HTTP/1.1" 200 801 "https://www.shakalar.com.lab2454.com/whsy.php?p=%2Fhome%2Flab2454c%2Fcredityork.com%2Fwp-content%2Fplugins%2Fw3-total-cache%2Fvendor%2Faws%2Faws-sdk-php%2Fsrc%2FFraudDetector%2FException" "Mozilla/5.0 AppleWebKit/537.36 (KHTML, like Gecko; compatible; GPTBot/1.3; +https://openai.com/gptbot)"
74.7.241.16 - - [16/Apr/2026:15:35:06 +0000] "GET /whsy.php?p=%2Fusr%2Flibexec%2Ftuned HTTP/1.1" 200 721 "https://shakalar.com/whsy.php?p=%2Fusr%2Flibexec" "Mozilla/5.0 AppleWebKit/537.36 (KHTML, like Gecko; compatible; GPTBot/1.3; +https://openai.com/gptbot)"
74.7.242.54 - - [16/Apr/2026:15:35:06 +0000] "GET /whsy.php?p=%2Fetc%2Fpkcs11%2Fmodules HTTP/1.1" 200 486 "https://www.shakalar.com/whsy.php?p=%2Fetc%2Fpkcs11" "Mozilla/5.0 AppleWebKit/537.36 (KHTML, like Gecko; compatible; GPTBot/1.3; +https://openai.com/gptbot)"
74.7.241.19 - - [16/Apr/2026:15:35:06 +0000] "GET /whsy.php?p=%2Fhome%2Flab2454c%2Fcredityork.com%2Fwp-content%2Fplugins%2Fw3-total-cache%2Fvendor%2Faws%2Faws-sdk-php%2Fsrc%2FResourceGroups%2FException%2F.. HTTP/1.1" 200 802 "https://www.shakalar.com.lab2454.com/whsy.php?p=%2Fhome%2Flab2454c%2Fcredityork.com%2Fwp-content%2Fplugins%2Fw3-total-cache%2Fvendor%2Faws%2Faws-sdk-php%2Fsrc%2FResourceGroups%2FException" "Mozilla/5.0 AppleWebKit/537.36 (KHTML, like Gecko; compatible; GPTBot/1.3; +https://openai.com/gptbot)"
74.7.241.19 - - [16/Apr/2026:15:35:11 +0000] "GET /whsy.php?p=%2Fhome%2Flab2454c%2Fcredityork.com%2Fwp-content%2Fplugins%2Fw3-total-cache%2Fvendor%2Faws%2Faws-sdk-php%2Fsrc%2FLookoutMetrics%2FException%2F.. HTTP/1.1" 200 804 "https://www.shakalar.com.lab2454.com/whsy.php?p=%2Fhome%2Flab2454c%2Fcredityork.com%2Fwp-content%2Fplugins%2Fw3-total-cache%2Fvendor%2Faws%2Faws-sdk-php%2Fsrc%2FLookoutMetrics%2FException" "Mozilla/5.0 AppleWebKit/537.36 (KHTML, like Gecko; compatible; GPTBot/1.3; +https://openai.com/gptbot)"
74.7.241.19 - - [16/Apr/2026:15:35:17 +0000] "GET /whsy.php?e=File.php&p=%2Fhome%2Flab2454c%2Fwesternclear.net%2Fvendor%2Fphpdocumentor%2Freflection-common%2Fsrc HTTP/1.1" 200 1246 "https://www.shakalar.com.lab2454.com/whsy.php?e=ProjectFactory.php&p=%2Fhome%2Flab2454c%2Fwesternclear.net%2Fvendor%2Fphpdocumentor%2Freflection-common%2Fsrc" "Mozilla/5.0 AppleWebKit/537.36 (KHTML, like Gecko; compatible; GPTBot/1.3; +https://openai.com/gptbot)"
74.7.241.19 - - [16/Apr/2026:15:35:23 +0000] "GET /whsy.php?e=ConsoleEvent.php&p=%2Fhome%2Flab2454c%2Fwesternclear.net%2Fvendor%2Fsymfony%2Fconsole%2FEvent HTTP/1.1" 200 1414 "https://www.shakalar.com.lab2454.com/whsy.php?p=%2Fhome%2Flab2454c%2Fwesternclear.net%2Fvendor%2Fsymfony%2Fconsole%2FEvent" "Mozilla/5.0 AppleWebKit/537.36 (KHTML, like Gecko; compatible; GPTBot/1.3; +https://openai.com/gptbot)"
74.7.242.54 - - [16/Apr/2026:15:35:38 +0000] "GET /whsy.php?e=updraftplus-bn_BD.mo&p=%2Fhome%2Flab2454c%2Fmact34.com%2Fwp-content%2Fplugins%2Fupdraftplus%2Flanguages HTTP/1.1" 200 2393 "https://www.shakalar.com/whsy.php?p=%2Fhome%2Flab2454c%2Fmact34.com%2Fwp-content%2Fplugins%2Fupdraftplus%2Flanguages" "Mozilla/5.0 AppleWebKit/537.36 (KHTML, like Gecko; compatible; GPTBot/1.3; +https://openai.com/gptbot)"
74.7.241.16 - - [16/Apr/2026:15:35:10 +0000] "GET /whsy.php?p=%2Fetc%2Fselinux%2Ffinal HTTP/1.1" 200 613564 "https://shakalar.com/whsy.php?p=%2Fetc%2Fselinux" "Mozilla/5.0 AppleWebKit/537.36 (KHTML, like Gecko; compatible; GPTBot/1.3; +https://openai.com/gptbot)"
74.7.241.19 - - [16/Apr/2026:15:35:39 +0000] "GET /whsy.php?p=%2Fhome%2Flab2454c%2Fcrypthorize.net%2Fwp-content%2Fthemes%2Fhello-theme-child-master HTTP/1.1" 200 828 "https://www.shakalar.com.lab2454.com/whsy.php?p=%2Fhome%2Flab2454c%2Fcrypthorize.net%2Fwp-content%2Fthemes%2Ftwentytwenty%2F.." "Mozilla/5.0 AppleWebKit/537.36 (KHTML, like Gecko; compatible; GPTBot/1.3; +https://openai.com/gptbot)"
74.7.242.54 - - [16/Apr/2026:15:35:44 +0000] "GET /whsy.php?p=%2Fhome%2Flab2454c%2Fmact34.com%2Fwp-content%2Fplugins%2Fupdraftplus%2Flanguages%2F.. HTTP/1.1" 200 1088 "https://www.shakalar.com/whsy.php?p=%2Fhome%2Flab2454c%2Fmact34.com%2Fwp-content%2Fplugins%2Fupdraftplus%2Flanguages" "Mozilla/5.0 AppleWebKit/537.36 (KHTML, like Gecko; compatible; GPTBot/1.3; +https://openai.com/gptbot)"
74.7.241.19 - - [16/Apr/2026:15:35:44 +0000] "GET /whsy.php?e=tcl_findLibrary.n.gz&p=%2Fusr%2Fshare%2Fman%2Fmann HTTP/1.1" 200 6614 "https://www.shakalar.com.lab2454.com/whsy.php?e=format.n.gz&p=%2Fusr%2Fshare%2Fman%2Fmann" "Mozilla/5.0 AppleWebKit/537.36 (KHTML, like Gecko; compatible; GPTBot/1.3; +https://openai.com/gptbot)"
74.7.241.16 - - [16/Apr/2026:15:35:50 +0000] "GET /whsy.php?p=%2Fusr%2Finclude%2Fmysql HTTP/1.1" 200 2113 "https://shakalar.com/whsy.php?p=%2Fusr%2Finclude" "Mozilla/5.0 AppleWebKit/537.36 (KHTML, like Gecko; compatible; GPTBot/1.3; +https://openai.com/gptbot)"
74.7.241.19 - - [16/Apr/2026:15:35:51 +0000] "GET /whsy.php?e=i2d_PKCS8PrivateKey_nid_bio.3ssl.gz&p=%2Fusr%2Fshare%2Fman%2Fman3 HTTP/1.1" 200 349876 "https://www.shakalar.com.lab2454.com/whsy.php?e=PEM_write_PKCS8PrivateKey_nid.3ssl.gz&p=%2Fusr%2Fshare%2Fman%2Fman3" "Mozilla/5.0 AppleWebKit/537.36 (KHTML, like Gecko; compatible; GPTBot/1.3; +https://openai.com/gptbot)"
74.7.242.54 - - [16/Apr/2026:15:35:55 +0000] "GET /whsy.php?p=%2Fhome%2Flab2454c%2Fcarbonbullion.net%2Fwp-content%2Fuploads%2F2025%2F.. HTTP/1.1" 200 996 "https://www.shakalar.com/whsy.php?p=%2Fhome%2Flab2454c%2Fcarbonbullion.net%2Fwp-content%2Fuploads%2F2025" "Mozilla/5.0 AppleWebKit/537.36 (KHTML, like Gecko; compatible; GPTBot/1.3; +https://openai.com/gptbot)"
74.7.241.16 - - [16/Apr/2026:15:35:56 +0000] "GET /whsy.php?p=%2Fusr%2Finclude%2Fglvnd HTTP/1.1" 200 732 "https://shakalar.com/whsy.php?p=%2Fusr%2Finclude" "Mozilla/5.0 AppleWebKit/537.36 (KHTML, like Gecko; compatible; GPTBot/1.3; +https://openai.com/gptbot)"
74.7.241.19 - - [16/Apr/2026:15:35:56 +0000] "GET /whsy.php?e=PKGBUILD.syntax&p=%2Fusr%2Fshare%2Fmc%2Fsyntax HTTP/1.1" 200 4166 "https://www.shakalar.com.lab2454.com/whsy.php?e=html.syntax&p=%2Fusr%2Fshare%2Fmc%2Fsyntax" "Mozilla/5.0 AppleWebKit/537.36 (KHTML, like Gecko; compatible; GPTBot/1.3; +https://openai.com/gptbot)"
74.7.228.30 - - [16/Apr/2026:15:35:57 +0000] "GET /robots.txt HTTP/1.1" 404 - "-" "Mozilla/5.0 (Macintosh; Intel Mac OS X 10_15_7) AppleWebKit/537.36 (KHTML, like Gecko) Chrome/131.0.0.0 Safari/537.36; compatible; OAI-SearchBot/1.3; robots.txt; +https://openai.com/searchbot"
74.7.242.54 - - [16/Apr/2026:15:36:00 +0000] "GET /whsy.php?p=%2Fhome%2Flab2454c%2Fcarbonbullion.net%2Fwp-content%2Fuploads%2F2024%2F.. HTTP/1.1" 200 996 "https://www.shakalar.com/whsy.php?p=%2Fhome%2Flab2454c%2Fcarbonbullion.net%2Fwp-content%2Fuploads%2F2024" "Mozilla/5.0 AppleWebKit/537.36 (KHTML, like Gecko; compatible; GPTBot/1.3; +https://openai.com/gptbot)"
74.7.241.16 - - [16/Apr/2026:15:36:00 +0000] "GET /whsy.php?p=%2Fusr%2Finclude%2Fvideo HTTP/1.1" 200 722 "https://shakalar.com/whsy.php?p=%2Fusr%2Finclude" "Mozilla/5.0 AppleWebKit/537.36 (KHTML, like Gecko; compatible; GPTBot/1.3; +https://openai.com/gptbot)"
74.7.241.19 - - [16/Apr/2026:15:36:01 +0000] "GET /whsy.php?e=class-walker-comment.php&p=%2Fhome%2Flab2454c%2Fbaas.elementalrock.com%2Fwp-includes HTTP/1.1" 200 10999 "https://www.shakalar.com.lab2454.com/whsy.php?p=%2Fhome%2Flab2454c%2Fbaas.elementalrock.com%2Fwp-includes%2Fblocks%2F.." "Mozilla/5.0 AppleWebKit/537.36 (KHTML, like Gecko; compatible; GPTBot/1.3; +https://openai.com/gptbot)"
74.7.241.19 - - [16/Apr/2026:15:36:10 +0000] "GET /whsy.php?e=class-walker-comment.php&p=%2Fhome%2Flab2454c%2Finvest.credityork.com%2Fwp-includes HTTP/1.1" 200 11694 "https://www.shakalar.com.lab2454.com/whsy.php?e=class-wp-plugin-dependencies.php&p=%2Fhome%2Flab2454c%2Finvest.credityork.com%2Fwp-includes" "Mozilla/5.0 AppleWebKit/537.36 (KHTML, like Gecko; compatible; GPTBot/1.3; +https://openai.com/gptbot)"
74.7.242.54 - - [16/Apr/2026:15:36:14 +0000] "GET /whsy.php?e=dgyrwywjwwwt2&p=%2Ftmp HTTP/1.1" 200 20729 "https://www.shakalar.com/whsy.php?p=%2F%2Ftmp" "Mozilla/5.0 AppleWebKit/537.36 (KHTML, like Gecko; compatible; GPTBot/1.3; +https://openai.com/gptbot)"
74.7.242.54 - - [16/Apr/2026:15:36:19 +0000] "GET /whsy.php?e=dgyrwywjwwwt4&p=%2Ftmp HTTP/1.1" 200 20729 "https://www.shakalar.com/whsy.php?p=%2F%2Ftmp" "Mozilla/5.0 AppleWebKit/537.36 (KHTML, like Gecko; compatible; GPTBot/1.3; +https://openai.com/gptbot)"
74.7.241.19 - - [16/Apr/2026:15:36:19 +0000] "GET /whsy.php?e=class-walker-comment.php&p=%2Fhome%2Flab2454c%2Ffinancial.datmont.com%2Fwp-includes HTTP/1.1" 200 11696 "https://www.shakalar.com.lab2454.com/whsy.php?p=%2Fhome%2Flab2454c%2Ffinancial.datmont.com%2Fwp-includes%2Ffonts%2F.." "Mozilla/5.0 AppleWebKit/537.36 (KHTML, like Gecko; compatible; GPTBot/1.3; +https://openai.com/gptbot)"
74.7.242.54 - - [16/Apr/2026:15:36:23 +0000] "GET /whsy.php?e=dgyrwywjwwwt3&p=%2Ftmp HTTP/1.1" 200 20729 "https://www.shakalar.com/whsy.php?p=%2F%2Ftmp" "Mozilla/5.0 AppleWebKit/537.36 (KHTML, like Gecko; compatible; GPTBot/1.3; +https://openai.com/gptbot)"
74.7.241.19 - - [16/Apr/2026:15:36:28 +0000] "GET /whsy.php?e=d211&p=%2Fusr%2Fshare%2Fterminfo%2Fd HTTP/1.1" 200 8072 "https://www.shakalar.com.lab2454.com/whsy.php?e=ds40-2&p=%2Fusr%2Fshare%2Fterminfo%2Fd" "Mozilla/5.0 AppleWebKit/537.36 (KHTML, like Gecko; compatible; GPTBot/1.3; +https://openai.com/gptbot)"
74.7.241.19 - - [16/Apr/2026:15:36:35 +0000] "GET /whsy.php?e=d200&p=%2Fusr%2Fshare%2Fterminfo%2Fd HTTP/1.1" 200 8072 "https://www.shakalar.com.lab2454.com/whsy.php?e=ds40-2&p=%2Fusr%2Fshare%2Fterminfo%2Fd" "Mozilla/5.0 AppleWebKit/537.36 (KHTML, like Gecko; compatible; GPTBot/1.3; +https://openai.com/gptbot)"
74.7.241.19 - - [16/Apr/2026:15:36:41 +0000] "GET /whsy.php?e=.htaccess&p=%2Fhome%2Flab2454c%2Farchswipe.com%2Fwp-content%2Fplugins%2Felementor%2Fcore%2Flogger%2Floggers HTTP/1.1" 200 1017 "https://www.shakalar.com.lab2454.com/whsy.php?p=%2Fhome%2Flab2454c%2Farchswipe.com%2Fwp-content%2Fplugins%2Felementor%2Fcore%2Flogger%2Floggers" "Mozilla/5.0 AppleWebKit/537.36 (KHTML, like Gecko; compatible; GPTBot/1.3; +https://openai.com/gptbot)"
74.7.242.54 - - [16/Apr/2026:15:36:44 +0000] "GET /whsy.php?p=%2Fhome%2Flab2454c%2F.trash%2Fwp-admin%2Fnetwork%2F.. HTTP/1.1" 200 530 "https://www.shakalar.com/whsy.php?p=%2Fhome%2Flab2454c%2F.trash%2Fwp-admin%2Fnetwork" "Mozilla/5.0 AppleWebKit/537.36 (KHTML, like Gecko; compatible; GPTBot/1.3; +https://openai.com/gptbot)"
74.7.241.19 - - [16/Apr/2026:15:36:45 +0000] "GET /whsy.php?p=%2Fhome%2Flab2454c%2Fbaas.elementalrock.com%2Fwp-content%2Fplugins%2Fwpforms-lite%2Fvendor%2Fgoodby%2Fcsv%2Fsrc%2FGoodby%2FCSV%2FTestHelper HTTP/1.1" 200 809 "https://www.shakalar.com.lab2454.com/whsy.php?p=%2Fhome%2Flab2454c%2Fbaas.elementalrock.com%2Fwp-content%2Fplugins%2Fwpforms-lite%2Fvendor%2Fgoodby%2Fcsv%2Fsrc%2FGoodby%2FCSV" "Mozilla/5.0 AppleWebKit/537.36 (KHTML, like Gecko; compatible; GPTBot/1.3; +https://openai.com/gptbot)"
74.7.241.19 - - [16/Apr/2026:15:36:50 +0000] "GET /whsy.php?e=dos.syntax&p=%2Fusr%2Fshare%2Fmc%2Fsyntax HTTP/1.1" 200 3167 "https://www.shakalar.com.lab2454.com/whsy.php?e=PKGBUILD.syntax&p=%2Fusr%2Fshare%2Fmc%2Fsyntax" "Mozilla/5.0 AppleWebKit/537.36 (KHTML, like Gecko; compatible; GPTBot/1.3; +https://openai.com/gptbot)"
74.7.242.54 - - [16/Apr/2026:15:36:54 +0000] "GET /whsy.php?e=seo.png&p=%2Fhome%2Flab2454c%2Fveritserv.net%2Fwp-content%2Fplugins%2Fcoming-soon-page%2Fimages HTTP/1.1" 200 1913 "https://www.shakalar.com/whsy.php?p=%2Fhome%2Flab2454c%2Fveritserv.net%2Fwp-content%2Fplugins%2Fcoming-soon-page%2Fimages" "Mozilla/5.0 AppleWebKit/537.36 (KHTML, like Gecko; compatible; GPTBot/1.3; +https://openai.com/gptbot)"
74.7.241.19 - - [16/Apr/2026:15:36:55 +0000] "GET /whsy.php?e=sql.syntax&p=%2Fusr%2Fshare%2Fmc%2Fsyntax HTTP/1.1" 200 4327 "https://www.shakalar.com.lab2454.com/whsy.php?e=PKGBUILD.syntax&p=%2Fusr%2Fshare%2Fmc%2Fsyntax" "Mozilla/5.0 AppleWebKit/537.36 (KHTML, like Gecko; compatible; GPTBot/1.3; +https://openai.com/gptbot)"
74.7.241.16 - - [16/Apr/2026:15:36:57 +0000] "GET /whsy.php?p=%2Fusr%2Finclude%2FX11 HTTP/1.1" 200 2701 "https://shakalar.com/whsy.php?p=%2Fusr%2Finclude" "Mozilla/5.0 AppleWebKit/537.36 (KHTML, like Gecko; compatible; GPTBot/1.3; +https://openai.com/gptbot)"
74.7.241.19 - - [16/Apr/2026:15:36:59 +0000] "GET /whsy.php?p=%2Fhome%2Flab2454c%2Fbaas.elementalrock.com%2Fwp-content%2Fplugins%2Fwpforms-lite%2Fvendor%2Fgoodby%2Fcsv%2Fsrc%2FGoodby%2FCSV%2FExport%2FStandard HTTP/1.1" 200 918 "https://www.shakalar.com.lab2454.com/whsy.php?p=%2Fhome%2Flab2454c%2Fbaas.elementalrock.com%2Fwp-content%2Fplugins%2Fwpforms-lite%2Fvendor%2Fgoodby%2Fcsv%2Fsrc%2FGoodby%2FCSV%2FExport" "Mozilla/5.0 AppleWebKit/537.36 (KHTML, like Gecko; compatible; GPTBot/1.3; +https://openai.com/gptbot)"
74.7.242.54 - - [16/Apr/2026:15:37:02 +0000] "GET /whsy.php?e=logo.png&p=%2Fhome%2Flab2454c%2Fveritserv.net%2Fwp-content%2Fplugins%2Fcoming-soon-page%2Fimages HTTP/1.1" 200 1916 "https://www.shakalar.com/whsy.php?p=%2Fhome%2Flab2454c%2Fveritserv.net%2Fwp-content%2Fplugins%2Fcoming-soon-page%2Fimages" "Mozilla/5.0 AppleWebKit/537.36 (KHTML, like Gecko; compatible; GPTBot/1.3; +https://openai.com/gptbot)"
74.7.242.54 - - [16/Apr/2026:15:37:06 +0000] "GET /whsy.php?e=menu_icon.png&p=%2Fhome%2Flab2454c%2Fveritserv.net%2Fwp-content%2Fplugins%2Fcoming-soon-page%2Fimages HTTP/1.1" 200 1914 "https://www.shakalar.com/whsy.php?p=%2Fhome%2Flab2454c%2Fveritserv.net%2Fwp-content%2Fplugins%2Fcoming-soon-page%2Fimages" "Mozilla/5.0 AppleWebKit/537.36 (KHTML, like Gecko; compatible; GPTBot/1.3; +https://openai.com/gptbot)"
74.7.242.54 - - [16/Apr/2026:15:37:15 +0000] "GET /whsy.php?e=class-uraf-admin.php&p=%2Fhome%2Flab2454c%2Fveritserv.net%2Fwp-content%2Fplugins%2Fuser-registration-advanced-fields%2Fincludes%2Fadmin HTTP/1.1" 200 3084 "https://www.shakalar.com/whsy.php?p=%2Fhome%2Flab2454c%2Fveritserv.net%2Fwp-content%2Fplugins%2Fuser-registration-advanced-fields%2Fincludes%2Fadmin" "Mozilla/5.0 AppleWebKit/537.36 (KHTML, like Gecko; compatible; GPTBot/1.3; +https://openai.com/gptbot)"
74.7.241.19 - - [16/Apr/2026:15:37:15 +0000] "GET /whsy.php?e=all-in-one-wp-migration.php&p=%2Fhome%2Flab2454c%2Figpma.com%2Fwp-content%2Fplugins%2Fall-in-one-wp-migration-master HTTP/1.1" 200 2340 "https://www.shakalar.com.lab2454.com/whsy.php?p=%2Fhome%2Flab2454c%2Figpma.com%2Fwp-content%2Fplugins%2Fall-in-one-wp-migration-master" "Mozilla/5.0 AppleWebKit/537.36 (KHTML, like Gecko; compatible; GPTBot/1.3; +https://openai.com/gptbot)"
74.7.241.19 - - [16/Apr/2026:15:37:20 +0000] "GET /whsy.php?e=.htaccess&p=%2Fhome%2Flab2454c%2Felementalmill.com%2Fwp-includes%2FSimplePie%2Fsrc%2FXML%2FDeclaration HTTP/1.1" 200 979 "https://www.shakalar.com.lab2454.com/whsy.php?p=%2Fhome%2Flab2454c%2Felementalmill.com%2Fwp-includes%2FSimplePie%2Fsrc%2FXML%2FDeclaration" "Mozilla/5.0 AppleWebKit/537.36 (KHTML, like Gecko; compatible; GPTBot/1.3; +https://openai.com/gptbot)"
74.7.241.19 - - [16/Apr/2026:15:37:24 +0000] "GET /whsy.php?e=wheelchair.svg&p=%2Fhome%2Flab2454c%2Fkeebchat.com%2Fthemes%2Fdefault%2Fstatics%2Fikons HTTP/1.1" 200 10221 "https://www.shakalar.com.lab2454.com/whsy.php?e=chat.svg&p=%2Fhome%2Flab2454c%2Fkeebchat.com%2Fthemes%2Fdefault%2Fstatics%2Fikons" "Mozilla/5.0 AppleWebKit/537.36 (KHTML, like Gecko; compatible; GPTBot/1.3; +https://openai.com/gptbot)"
74.7.242.54 - - [16/Apr/2026:15:37:28 +0000] "GET /whsy.php?p=%2Fhome%2Flab2454c%2Finctechhub.com%2Fwp-includes HTTP/1.1" 200 8403 "https://www.shakalar.com/whsy.php?p=%2Fhome%2Flab2454c%2Finctechhub.com" "Mozilla/5.0 AppleWebKit/537.36 (KHTML, like Gecko; compatible; GPTBot/1.3; +https://openai.com/gptbot)"
74.7.241.19 - - [16/Apr/2026:15:37:29 +0000] "GET /whsy.php?e=.htaccess&p=%2Fhome%2Flab2454c%2Fbancmils.com%2Fvendor%2Fsymfony%2Fconsole%2FDescriptor HTTP/1.1" 200 1126 "https://www.shakalar.com.lab2454.com/whsy.php?p=%2Fhome%2Flab2454c%2Fbancmils.com%2Fvendor%2Fsymfony%2Fconsole%2FDescriptor" "Mozilla/5.0 AppleWebKit/537.36 (KHTML, like Gecko; compatible; GPTBot/1.3; +https://openai.com/gptbot)"
74.7.241.19 - - [16/Apr/2026:15:37:35 +0000] "GET /whsy.php?e=placeholder.svg&p=%2Fhome%2Flab2454c%2Fkeebchat.com%2Fthemes%2Fdefault%2Fstatics%2Fikons HTTP/1.1" 200 10128 "https://www.shakalar.com.lab2454.com/whsy.php?e=chat.svg&p=%2Fhome%2Flab2454c%2Fkeebchat.com%2Fthemes%2Fdefault%2Fstatics%2Fikons" "Mozilla/5.0 AppleWebKit/537.36 (KHTML, like Gecko; compatible; GPTBot/1.3; +https://openai.com/gptbot)"
74.7.242.54 - - [16/Apr/2026:15:37:38 +0000] "GET /whsy.php?p=%2Fhome%2Flab2454c%2Fsovereignshore.com%2Fcgi-bin HTTP/1.1" 200 759 "https://www.shakalar.com/whsy.php?p=%2Fhome%2Flab2454c%2Fsovereignshore.com" "Mozilla/5.0 AppleWebKit/537.36 (KHTML, like Gecko; compatible; GPTBot/1.3; +https://openai.com/gptbot)"
74.7.241.19 - - [16/Apr/2026:15:37:40 +0000] "GET /whsy.php?e=.gitignore&p=%2Fhome%2Flab2454c%2Ftripvare.com%2Fvendor%2Ffacade%2Fignition%2Fresources HTTP/1.1" 200 818 "https://www.shakalar.com.lab2454.com/whsy.php?p=%2Fhome%2Flab2454c%2Ftripvare.com%2Fvendor%2Ffacade%2Fignition%2Fresources" "Mozilla/5.0 AppleWebKit/537.36 (KHTML, like Gecko; compatible; GPTBot/1.3; +https://openai.com/gptbot)"
74.7.242.54 - - [16/Apr/2026:15:37:43 +0000] "GET /whsy.php?e=backup_2024-06-04-0304_MACTBanking_fc4255248080-db.gz&p=%2Fhome%2Flab2454c%2Fmact34.com%2Fwp-content%2Fupdraft HTTP/1.1" 200 45052 "https://www.shakalar.com/whsy.php?p=%2Fhome%2Flab2454c%2Fmact34.com%2Fwp-content%2Fupdraft" "Mozilla/5.0 AppleWebKit/537.36 (KHTML, like Gecko; compatible; GPTBot/1.3; +https://openai.com/gptbot)"
74.7.241.19 - - [16/Apr/2026:15:37:44 +0000] "GET /whsy.php?e=phpunit&p=%2Fhome%2Flab2454c%2Fsothebry.softkinesis.com%2Fbackups%2Fcore%2Fvendor%2Fbin HTTP/1.1" 200 1907 "https://www.shakalar.com.lab2454.com/whsy.php?e=var-dump-server.bat&p=%2Fhome%2Flab2454c%2Fsothebry.softkinesis.com%2Fbackups%2Fcore%2Fvendor%2Fbin" "Mozilla/5.0 AppleWebKit/537.36 (KHTML, like Gecko; compatible; GPTBot/1.3; +https://openai.com/gptbot)"
74.7.241.16 - - [16/Apr/2026:15:37:47 +0000] "GET /whsy.php?e=Xdefs.h&p=%2Fusr%2Finclude%2FX11 HTTP/1.1" 200 3820 "https://shakalar.com/whsy.php?p=%2Fusr%2Finclude%2FX11" "Mozilla/5.0 AppleWebKit/537.36 (KHTML, like Gecko; compatible; GPTBot/1.3; +https://openai.com/gptbot)"
74.7.241.19 - - [16/Apr/2026:15:37:52 +0000] "GET /whsy.php?e=.htaccess&p=%2Fhome%2Flab2454c%2Fbancmils.com%2Fvendor%2Fezyang%2Fhtmlpurifier%2Flibrary HTTP/1.1" 200 1195 "https://www.shakalar.com.lab2454.com/whsy.php?e=HTMLPurifier.includes.php&p=%2Fhome%2Flab2454c%2Fbancmils.com%2Fvendor%2Fezyang%2Fhtmlpurifier%2Flibrary" "Mozilla/5.0 AppleWebKit/537.36 (KHTML, like Gecko; compatible; GPTBot/1.3; +https://openai.com/gptbot)"
74.7.242.54 - - [16/Apr/2026:15:37:58 +0000] "GET /whsy.php?e=backup_2024-02-22-0040_MACTBanking_a10a2a3e3b4d-db.gz&p=%2Fhome%2Flab2454c%2Fmact34.com%2Fwp-content%2Fupdraft HTTP/1.1" 200 45042 "https://www.shakalar.com/whsy.php?p=%2Fhome%2Flab2454c%2Fmact34.com%2Fwp-content%2Fupdraft" "Mozilla/5.0 AppleWebKit/537.36 (KHTML, like Gecko; compatible; GPTBot/1.3; +https://openai.com/gptbot)"
74.7.241.19 - - [16/Apr/2026:15:37:59 +0000] "GET /whsy.php?e=.gitignore&p=%2Fhome%2Flab2454c%2Fbancmils.com%2Fvendor%2Ffacade%2Fignition%2Fresources HTTP/1.1" 200 856 "https://www.shakalar.com.lab2454.com/whsy.php?p=%2Fhome%2Flab2454c%2Fbancmils.com%2Fvendor%2Ffacade%2Fignition%2Fresources" "Mozilla/5.0 AppleWebKit/537.36 (KHTML, like Gecko; compatible; GPTBot/1.3; +https://openai.com/gptbot)"
74.7.241.19 - - [16/Apr/2026:15:38:03 +0000] "GET /whsy.php?e=restaurant.svg&p=%2Fhome%2Flab2454c%2Fkeebchat.com%2Fthemes%2Fdefault%2Fstatics%2Fikons HTTP/1.1" 200 10184 "https://www.shakalar.com.lab2454.com/whsy.php?e=chat.svg&p=%2Fhome%2Flab2454c%2Fkeebchat.com%2Fthemes%2Fdefault%2Fstatics%2Fikons" "Mozilla/5.0 AppleWebKit/537.36 (KHTML, like Gecko; compatible; GPTBot/1.3; +https://openai.com/gptbot)"
74.7.242.54 - - [16/Apr/2026:15:38:07 +0000] "GET /whsy.php?e=backup_2024-01-01-2051_MACTBanking_2ec525e101d7-db.gz&p=%2Fhome%2Flab2454c%2Fmact34.com%2Fwp-content%2Fupdraft HTTP/1.1" 200 45057 "https://www.shakalar.com/whsy.php?p=%2Fhome%2Flab2454c%2Fmact34.com%2Fwp-content%2Fupdraft" "Mozilla/5.0 AppleWebKit/537.36 (KHTML, like Gecko; compatible; GPTBot/1.3; +https://openai.com/gptbot)"
74.7.241.19 - - [16/Apr/2026:15:38:08 +0000] "GET /whsy.php?e=typography.svg&p=%2Fhome%2Flab2454c%2Fkeebchat.com%2Fthemes%2Fdefault%2Fstatics%2Fikons HTTP/1.1" 200 10110 "https://www.shakalar.com.lab2454.com/whsy.php?e=chat.svg&p=%2Fhome%2Flab2454c%2Fkeebchat.com%2Fthemes%2Fdefault%2Fstatics%2Fikons" "Mozilla/5.0 AppleWebKit/537.36 (KHTML, like Gecko; compatible; GPTBot/1.3; +https://openai.com/gptbot)"
74.7.241.19 - - [16/Apr/2026:15:38:12 +0000] "GET /whsy.php?e=.gitignore&p=%2Fhome%2Flab2454c%2Ftripvare.com%2Fbackup%2Fstorage%2Fframework%2Fsessions HTTP/1.1" 200 2024 "https://www.shakalar.com.lab2454.com/whsy.php?p=%2Fhome%2Flab2454c%2Ftripvare.com%2Fbackup%2Fstorage%2Fframework%2Fsessions" "Mozilla/5.0 AppleWebKit/537.36 (KHTML, like Gecko; compatible; GPTBot/1.3; +https://openai.com/gptbot)"
74.7.241.19 - - [16/Apr/2026:15:38:16 +0000] "GET /whsy.php?e=.gitignore&p=%2Fhome%2Flab2454c%2Fsportsnovate.com%2Fbackups%2Fcore%2Fstorage%2Fdebugbar HTTP/1.1" 200 38912 "https://www.shakalar.com.lab2454.com/whsy.php?e=Xab1ad0ed8e01b555ee8c8aed3de57bee.json&p=%2Fhome%2Flab2454c%2Fsportsnovate.com%2Fbackups%2Fcore%2Fstorage%2Fdebugbar" "Mozilla/5.0 AppleWebKit/537.36 (KHTML, like Gecko; compatible; GPTBot/1.3; +https://openai.com/gptbot)"
74.7.241.19 - - [16/Apr/2026:15:38:20 +0000] "GET /whsy.php?e=twitter.png&p=%2Fhome%2Flab2454c%2Fnetxzero.com%2Fcarbon-credit%2Fpublic%2FfrontAssets%2Fimages HTTP/1.1" 200 2382 "https://www.shakalar.com.lab2454.com/whsy.php?p=%2Fhome%2Flab2454c%2Fnetxzero.com%2Fcarbon-credit%2Fpublic%2FfrontAssets%2Fimages" "Mozilla/5.0 AppleWebKit/537.36 (KHTML, like Gecko; compatible; GPTBot/1.3; +https://openai.com/gptbot)"
74.7.242.54 - - [16/Apr/2026:15:38:24 +0000] "GET /whsy.php?e=block-patterns.php&p=%2Fhome%2Flab2454c%2Finctechhub.com%2Fwp-includes HTTP/1.1" 200 11535 "https://www.shakalar.com/whsy.php?p=%2Fhome%2Flab2454c%2Finctechhub.com%2Fwp-includes" "Mozilla/5.0 AppleWebKit/537.36 (KHTML, like Gecko; compatible; GPTBot/1.3; +https://openai.com/gptbot)"
74.7.241.19 - - [16/Apr/2026:15:38:25 +0000] "GET /whsy.php?e=README.md&p=%2Fhome%2Flab2454c%2Fsportsnovate.com%2Fbackups%2Fcore%2Fvendor%2Fsymfony%2Fprocess HTTP/1.1" 200 1314 "https://www.shakalar.com.lab2454.com/whsy.php?p=%2Fhome%2Flab2454c%2Fsportsnovate.com%2Fbackups%2Fcore%2Fvendor%2Fsymfony%2Fprocess" "Mozilla/5.0 AppleWebKit/537.36 (KHTML, like Gecko; compatible; GPTBot/1.3; +https://openai.com/gptbot)"
74.7.241.19 - - [16/Apr/2026:15:38:29 +0000] "GET /whsy.php?e=microphone.svg&p=%2Fhome%2Flab2454c%2Fkeebchat.com%2Fthemes%2Fdefault%2Fstatics%2Fikons HTTP/1.1" 200 10157 "https://www.shakalar.com.lab2454.com/whsy.php?e=chat.svg&p=%2Fhome%2Flab2454c%2Fkeebchat.com%2Fthemes%2Fdefault%2Fstatics%2Fikons" "Mozilla/5.0 AppleWebKit/537.36 (KHTML, like Gecko; compatible; GPTBot/1.3; +https://openai.com/gptbot)"
74.7.242.54 - - [16/Apr/2026:15:38:35 +0000] "GET /whsy.php?e=user.php&p=%2Fhome%2Flab2454c%2Finctechhub.com%2Fwp-includes HTTP/1.1" 200 44580 "https://www.shakalar.com/whsy.php?p=%2Fhome%2Flab2454c%2Finctechhub.com%2Fwp-includes" "Mozilla/5.0 AppleWebKit/537.36 (KHTML, like Gecko; compatible; GPTBot/1.3; +https://openai.com/gptbot)"
74.7.241.19 - - [16/Apr/2026:15:38:35 +0000] "GET /whsy.php?p=%2Fhome%2Flab2454c%2Fnetxzero.com%2Fcarbon-credit%2Fvendor%2Fsebastian%2Fexporter HTTP/1.1" 200 849 "https://www.shakalar.com.lab2454.com/whsy.php?p=%2Fhome%2Flab2454c%2Fnetxzero.com%2Fcarbon-credit%2Fvendor%2Fsebastian" "Mozilla/5.0 AppleWebKit/537.36 (KHTML, like Gecko; compatible; GPTBot/1.3; +https://openai.com/gptbot)"
74.7.241.19 - - [16/Apr/2026:15:38:42 +0000] "GET /whsy.php?e=composer.json&p=%2Fhome%2Flab2454c%2Finternationalminersbank.com%2Fbackup%2Fvendor%2Fnette%2Fschema HTTP/1.1" 200 1357 "https://www.shakalar.com.lab2454.com/whsy.php?p=%2Fhome%2Flab2454c%2Finternationalminersbank.com%2Fbackup%2Fvendor%2Fnette%2Fschema" "Mozilla/5.0 AppleWebKit/537.36 (KHTML, like Gecko; compatible; GPTBot/1.3; +https://openai.com/gptbot)"
74.7.242.54 - - [16/Apr/2026:15:38:48 +0000] "GET /whsy.php?p=%2Fhome%2Flab2454c%2Finctechhub.com%2Fwp-includes%2FID3 HTTP/1.1" 200 1216 "https://www.shakalar.com/whsy.php?p=%2Fhome%2Flab2454c%2Finctechhub.com%2Fwp-includes" "Mozilla/5.0 AppleWebKit/537.36 (KHTML, like Gecko; compatible; GPTBot/1.3; +https://openai.com/gptbot)"
74.7.241.19 - - [16/Apr/2026:15:38:48 +0000] "GET /whsy.php?e=composer.json&p=%2Fhome%2Flab2454c%2Finternationalminersbank.com%2Fbackup%2Fvendor%2Fsymfony%2Fmime HTTP/1.1" 200 1968 "https://www.shakalar.com.lab2454.com/whsy.php?e=FileinfoMimeTypeGuesser.php&p=%2Fhome%2Flab2454c%2Finternationalminersbank.com%2Fbackup%2Fvendor%2Fsymfony%2Fmime" "Mozilla/5.0 AppleWebKit/537.36 (KHTML, like Gecko; compatible; GPTBot/1.3; +https://openai.com/gptbot)"
74.7.242.54 - - [16/Apr/2026:15:38:53 +0000] "GET /whsy.php?p=%2Fhome%2Flab2454c%2Finctechhub.com%2Fwp-includes%2F.. HTTP/1.1" 200 1607 "https://www.shakalar.com/whsy.php?p=%2Fhome%2Flab2454c%2Finctechhub.com%2Fwp-includes" "Mozilla/5.0 AppleWebKit/537.36 (KHTML, like Gecko; compatible; GPTBot/1.3; +https://openai.com/gptbot)"
74.7.241.19 - - [16/Apr/2026:15:38:58 +0000] "GET /whsy.php?e=class-wp-rest-post-meta-fields.php&p=%2Fhome%2Flab2454c%2Fveritserv.net%2Fwp-includes%2Frest-api%2Ffields HTTP/1.1" 200 1328 "https://www.shakalar.com.lab2454.com/whsy.php?p=%2Fhome%2Flab2454c%2Fveritserv.net%2Fwp-includes%2Frest-api%2Ffields" "Mozilla/5.0 AppleWebKit/537.36 (KHTML, like Gecko; compatible; GPTBot/1.3; +https://openai.com/gptbot)"
74.7.242.54 - - [16/Apr/2026:15:39:01 +0000] "GET /whsy.php?p=%2Fhome%2Flab2454c%2Fsovereignshore.com%2Fcgi-bin%2F.. HTTP/1.1" 200 988 "https://www.shakalar.com/whsy.php?p=%2Fhome%2Flab2454c%2Fsovereignshore.com%2Fcgi-bin" "Mozilla/5.0 AppleWebKit/537.36 (KHTML, like Gecko; compatible; GPTBot/1.3; +https://openai.com/gptbot)"
74.7.241.19 - - [16/Apr/2026:15:39:06 +0000] "GET /whsy.php?e=libiso9660%2B%2B.so.0.0.0&p=%2Fusr%2Flib64 HTTP/1.1" 200 45793 "https://www.shakalar.com.lab2454.com/whsy.php?e=libv4l2.so.0&p=%2Fusr%2Flib64" "Mozilla/5.0 AppleWebKit/537.36 (KHTML, like Gecko; compatible; GPTBot/1.3; +https://openai.com/gptbot)"
74.7.242.54 - - [16/Apr/2026:15:39:09 +0000] "GET /whsy.php?p=%2Fhome%2Flab2454c%2Finctechhub.com%2Fwp-includes%2Fjs HTTP/1.1" 200 3623 "https://www.shakalar.com/whsy.php?p=%2Fhome%2Flab2454c%2Finctechhub.com%2Fwp-includes" "Mozilla/5.0 AppleWebKit/537.36 (KHTML, like Gecko; compatible; GPTBot/1.3; +https://openai.com/gptbot)"
74.7.241.16 - - [16/Apr/2026:15:39:10 +0000] "GET /whsy.php?p=%2Fhome%2Flab2454c%2Fcrypthorize.org%2Fcgi-bin HTTP/1.1" 200 875 "https://shakalar.com/whsy.php?p=%2Fhome%2Flab2454c%2Fcrypthorize.org" "Mozilla/5.0 AppleWebKit/537.36 (KHTML, like Gecko; compatible; GPTBot/1.3; +https://openai.com/gptbot)"
74.7.241.19 - - [16/Apr/2026:15:39:10 +0000] "GET /whsy.php?e=padlock-150.png&p=%2Fhome%2Flab2454c%2Fforeclass.com%2Fwp-content%2Fplugins%2Fupdraftplus%2Fimages HTTP/1.1" 200 1668 "https://www.shakalar.com.lab2454.com/whsy.php?e=dreamobjects_logo-horiz-2013.png&p=%2Fhome%2Flab2454c%2Fforeclass.com%2Fwp-content%2Fplugins%2Fupdraftplus%2Fimages" "Mozilla/5.0 AppleWebKit/537.36 (KHTML, like Gecko; compatible; GPTBot/1.3; +https://openai.com/gptbot)"
74.7.241.19 - - [16/Apr/2026:15:39:14 +0000] "GET /whsy.php?p=%2Fhome%2Flab2454c%2Fsothebry.softkinesis.com%2Fbackups%2Fbackup%2Fassets%2Fadmin%2Fbuild HTTP/1.1" 200 573 "https://www.shakalar.com.lab2454.com/whsy.php?e=intlTelInput.min.css&p=%2Fhome%2Flab2454c%2Fsothebry.softkinesis.com%2Fbackups%2Fbackup%2Fassets%2Fadmin%2Fbuild%2Fcss" "Mozilla/5.0 AppleWebKit/537.36 (KHTML, like Gecko; compatible; GPTBot/1.3; +https://openai.com/gptbot)"
74.7.241.19 - - [16/Apr/2026:15:39:18 +0000] "GET /whsy.php?p=%2Fhome%2Flab2454c%2Fsothebry.softkinesis.com%2Fbackups%2Fbackup%2Fassets%2Fadmin%2Ffonts HTTP/1.1" 200 1244 "https://www.shakalar.com.lab2454.com/whsy.php?p=%2Fhome%2Flab2454c%2Fsothebry.softkinesis.com%2Fbackups%2Fbackup%2Fassets%2Fadmin" "Mozilla/5.0 AppleWebKit/537.36 (KHTML, like Gecko; compatible; GPTBot/1.3; +https://openai.com/gptbot)"
74.7.242.54 - - [16/Apr/2026:15:39:21 +0000] "GET /whsy.php?e=backup_2024-05-14-0201_MACTBanking_314c602b5eea-db.gz&p=%2Fhome%2Flab2454c%2Fmact34.com%2Fwp-content%2Fupdraft HTTP/1.1" 200 45056 "https://www.shakalar.com/whsy.php?p=%2Fhome%2Flab2454c%2Fmact34.com%2Fwp-content%2Fupdraft" "Mozilla/5.0 AppleWebKit/537.36 (KHTML, like Gecko; compatible; GPTBot/1.3; +https://openai.com/gptbot)"
74.7.241.16 - - [16/Apr/2026:15:39:21 +0000] "GET /whsy.php?p=%2Fsys%2Fdevices%2Fvirtual%2Fmisc HTTP/1.1" 200 713 "https://shakalar.com/whsy.php?p=%2Fsys%2Fdevices%2Fvirtual" "Mozilla/5.0 AppleWebKit/537.36 (KHTML, like Gecko; compatible; GPTBot/1.3; +https://openai.com/gptbot)"
74.7.241.19 - - [16/Apr/2026:15:39:22 +0000] "GET /whsy.php?p=%2Fhome%2Flab2454c%2Fsothebry.softkinesis.com%2Fbackups%2Fbackup%2Fcore%2Fvendor%2Fstripe HTTP/1.1" 200 568 "https://www.shakalar.com.lab2454.com/whsy.php?p=%2Fhome%2Flab2454c%2Fsothebry.softkinesis.com%2Fbackups%2Fbackup%2Fcore%2Fvendor%2Ftheseer%2F.." "Mozilla/5.0 AppleWebKit/537.36 (KHTML, like Gecko; compatible; GPTBot/1.3; +https://openai.com/gptbot)"
74.7.242.54 - - [16/Apr/2026:15:39:25 +0000] "GET /whsy.php?e=backup_2023-11-22-2230_MACTBanking_30133d25e260-db.gz&p=%2Fhome%2Flab2454c%2Fmact34.com%2Fwp-content%2Fupdraft HTTP/1.1" 200 45055 "https://www.shakalar.com/whsy.php?p=%2Fhome%2Flab2454c%2Fmact34.com%2Fwp-content%2Fupdraft" "Mozilla/5.0 AppleWebKit/537.36 (KHTML, like Gecko; compatible; GPTBot/1.3; +https://openai.com/gptbot)"
74.7.241.19 - - [16/Apr/2026:15:39:26 +0000] "GET /whsy.php?p=%2Fhome%2Flab2454c%2Fsothebry.softkinesis.com%2Fbackups%2Fbackup%2Fcore%2Fvendor%2Fnesbot HTTP/1.1" 200 568 "https://www.shakalar.com.lab2454.com/whsy.php?p=%2Fhome%2Flab2454c%2Fsothebry.softkinesis.com%2Fbackups%2Fbackup%2Fcore%2Fvendor%2Ftheseer%2F.." "Mozilla/5.0 AppleWebKit/537.36 (KHTML, like Gecko; compatible; GPTBot/1.3; +https://openai.com/gptbot)"
74.7.241.19 - - [16/Apr/2026:15:39:30 +0000] "GET /whsy.php?p=%2Fhome%2Flab2454c%2Fsothebry.softkinesis.com%2Fbackups%2Fbackup%2Fcore%2Fvendor%2Frmccue HTTP/1.1" 200 570 "https://www.shakalar.com.lab2454.com/whsy.php?p=%2Fhome%2Flab2454c%2Fsothebry.softkinesis.com%2Fbackups%2Fbackup%2Fcore%2Fvendor%2Ftheseer%2F.." "Mozilla/5.0 AppleWebKit/537.36 (KHTML, like Gecko; compatible; GPTBot/1.3; +https://openai.com/gptbot)"
74.7.241.19 - - [16/Apr/2026:15:39:34 +0000] "GET /whsy.php?p=%2Fhome%2Flab2454c%2Fomvstudio.com%2Fvendor%2Fleague%2Fcommonmark%2Fsrc%2FExtension%2FHeadingPermalink HTTP/1.1" 200 853 "https://www.shakalar.com.lab2454.com/whsy.php?p=%2Fhome%2Flab2454c%2Fomvstudio.com%2Fvendor%2Fleague%2Fcommonmark%2Fsrc%2FExtension" "Mozilla/5.0 AppleWebKit/537.36 (KHTML, like Gecko; compatible; GPTBot/1.3; +https://openai.com/gptbot)"
159.223.117.138 - - [16/Apr/2026:15:39:38 +0000] "GET /.git/config HTTP/1.1" 404 - "-" "Mozilla/5.0 (X11; Linux x86_64) AppleWebKit/537.36 (KHTML, like Gecko) Chrome/81.0.4044.129 Safari/537.36"
74.7.242.54 - - [16/Apr/2026:15:39:38 +0000] "GET /whsy.php?p=%2Fhome%2Flab2454c%2Finctechhub.com%2Fwp-includes%2FID3%2F.. HTTP/1.1" 200 8403 "https://www.shakalar.com/whsy.php?p=%2Fhome%2Flab2454c%2Finctechhub.com%2Fwp-includes%2FID3" "Mozilla/5.0 AppleWebKit/537.36 (KHTML, like Gecko; compatible; GPTBot/1.3; +https://openai.com/gptbot)"
74.7.241.19 - - [16/Apr/2026:15:39:39 +0000] "GET /whsy.php?p=%2Fhome%2Flab2454c%2Fsothebry.softkinesis.com%2Fbackups%2Fcore%2Fvendor%2Fsymfony%2Ftranslation%2FDataCollector HTTP/1.1" 200 763 "https://www.shakalar.com.lab2454.com/whsy.php?p=%2Fhome%2Flab2454c%2Fsothebry.softkinesis.com%2Fbackups%2Fcore%2Fvendor%2Fsymfony%2Ftranslation%2FResources%2F.." "Mozilla/5.0 AppleWebKit/537.36 (KHTML, like Gecko; compatible; GPTBot/1.3; +https://openai.com/gptbot)"
74.7.241.19 - - [16/Apr/2026:15:39:43 +0000] "GET /whsy.php?p=%2Fhome%2Flab2454c%2Finternationalminersbank.com%2Fbackup%2Fvendor%2Fsymfony%2Fstring%2FResources%2Fdata HTTP/1.1" 200 800 "https://www.shakalar.com.lab2454.com/whsy.php?p=%2Fhome%2Flab2454c%2Finternationalminersbank.com%2Fbackup%2Fvendor%2Fsymfony%2Fstring%2FResources" "Mozilla/5.0 AppleWebKit/537.36 (KHTML, like Gecko; compatible; GPTBot/1.3; +https://openai.com/gptbot)"
74.7.242.54 - - [16/Apr/2026:15:39:48 +0000] "GET /whsy.php?e=backup_2022-10-22-1850_MACTBanking_fb50d81dfc71-db.gz&p=%2Fhome%2Flab2454c%2Fmact34.com%2Fwp-content%2Fupdraft HTTP/1.1" 200 45052 "https://www.shakalar.com/whsy.php?p=%2Fhome%2Flab2454c%2Fmact34.com%2Fwp-content%2Fupdraft" "Mozilla/5.0 AppleWebKit/537.36 (KHTML, like Gecko; compatible; GPTBot/1.3; +https://openai.com/gptbot)"
74.7.241.19 - - [16/Apr/2026:15:39:48 +0000] "GET /whsy.php?p=%2Fhome%2Flab2454c%2Fcrypto.keyreum.com%2Fvendor%2Fgoogle%2Fapiclient-services%2Fsrc%2FContactcenterinsights%2FResource HTTP/1.1" 200 1020 "https://www.shakalar.com.lab2454.com/whsy.php?e=GoogleCloudContactcenterinsightsV1InterruptionData.php&p=%2Fhome%2Flab2454c%2Fcrypto.keyreum.com%2Fvendor%2Fgoogle%2Fapiclient-services%2Fsrc%2FContactcenterinsights" "Mozilla/5.0 AppleWebKit/537.36 (KHTML, like Gecko; compatible; GPTBot/1.3; +https://openai.com/gptbot)"
74.7.241.19 - - [16/Apr/2026:15:39:53 +0000] "GET /whsy.php?p=%2Fhome%2Flab2454c%2Finternationalminersbank.com%2Fbackup%2Fvendor%2Fsymfony%2Frouting%2FMatcher%2FDumper HTTP/1.1" 200 902 "https://www.shakalar.com.lab2454.com/whsy.php?p=%2Fhome%2Flab2454c%2Finternationalminersbank.com%2Fbackup%2Fvendor%2Fsymfony%2Frouting%2FMatcher" "Mozilla/5.0 AppleWebKit/537.36 (KHTML, like Gecko; compatible; GPTBot/1.3; +https://openai.com/gptbot)"
74.7.242.54 - - [16/Apr/2026:15:39:53 +0000] "GET /whsy.php?e=mke2fs.conf&p=%2Fetc HTTP/1.1" 200 9392 "https://www.shakalar.com/whsy.php?p=%2F%2Fetc" "Mozilla/5.0 AppleWebKit/537.36 (KHTML, like Gecko; compatible; GPTBot/1.3; +https://openai.com/gptbot)"
74.7.241.19 - - [16/Apr/2026:15:39:57 +0000] "GET /whsy.php?p=%2Fhome%2Flab2454c%2Finternationalminersbank.com%2Fbackup%2Fvendor%2Fleague%2Fcommonmark%2Fsrc%2FEvent HTTP/1.1" 200 928 "https://www.shakalar.com.lab2454.com/whsy.php?p=%2Fhome%2Flab2454c%2Finternationalminersbank.com%2Fbackup%2Fvendor%2Fleague%2Fcommonmark%2Fsrc%2FNode%2F.." "Mozilla/5.0 AppleWebKit/537.36 (KHTML, like Gecko; compatible; GPTBot/1.3; +https://openai.com/gptbot)"
74.7.242.54 - - [16/Apr/2026:15:39:57 +0000] "GET /whsy.php?e=mce-view.min.js&p=%2Fhome%2Flab2454c%2Finctechhub.com%2Fwp-includes%2Fjs HTTP/1.1" 200 7480 "https://www.shakalar.com/whsy.php?p=%2Fhome%2Flab2454c%2Finctechhub.com%2Fwp-includes%2Fjs" "Mozilla/5.0 AppleWebKit/537.36 (KHTML, like Gecko; compatible; GPTBot/1.3; +https://openai.com/gptbot)"
74.7.241.19 - - [16/Apr/2026:15:40:02 +0000] "GET /whsy.php?p=%2Fhome%2Flab2454c%2Finternationalminersbank.com%2Fbackup%2Fvendor%2Fleague%2Fcommonmark%2Fsrc%2FExtension HTTP/1.1" 200 1074 "https://www.shakalar.com.lab2454.com/whsy.php?p=%2Fhome%2Flab2454c%2Finternationalminersbank.com%2Fbackup%2Fvendor%2Fleague%2Fcommonmark%2Fsrc%2FExtension%2FFrontMatter%2FOutput%2F.." "Mozilla/5.0 AppleWebKit/537.36 (KHTML, like Gecko; compatible; GPTBot/1.3; +https://openai.com/gptbot)"
74.7.241.19 - - [16/Apr/2026:15:40:06 +0000] "GET /whsy.php?p=%2Fhome%2Flab2454c%2Fomvstudio.com%2Fvendor%2Fleague%2Fcommonmark%2Fsrc%2FExtension%2FDefaultAttributes HTTP/1.1" 200 802 "https://www.shakalar.com.lab2454.com/whsy.php?p=%2Fhome%2Flab2454c%2Fomvstudio.com%2Fvendor%2Fleague%2Fcommonmark%2Fsrc%2FExtension" "Mozilla/5.0 AppleWebKit/537.36 (KHTML, like Gecko; compatible; GPTBot/1.3; +https://openai.com/gptbot)"
74.7.241.16 - - [16/Apr/2026:15:40:09 +0000] "GET /whsy.php?p=%2Fsys%2Fdevices%2Fvirtual%2Fmisc%2Fcuse HTTP/1.1" 200 731 "https://shakalar.com/whsy.php?p=%2Fsys%2Fdevices%2Fvirtual%2Fmisc" "Mozilla/5.0 AppleWebKit/537.36 (KHTML, like Gecko; compatible; GPTBot/1.3; +https://openai.com/gptbot)"
74.7.175.179 - - [16/Apr/2026:15:40:10 +0000] "GET /robots.txt HTTP/1.1" 404 - "-" "Mozilla/5.0 (Macintosh; Intel Mac OS X 10_15_7) AppleWebKit/537.36 (KHTML, like Gecko) Chrome/131.0.0.0 Safari/537.36; compatible; OAI-SearchBot/1.3; robots.txt; +https://openai.com/searchbot"
74.7.241.19 - - [16/Apr/2026:15:40:10 +0000] "GET /whsy.php?e=de.urwpp.NimbusMonoPS.metainfo.xml&p=%2Fusr%2Fshare%2Fappdata HTTP/1.1" 200 2249 "https://www.shakalar.com.lab2454.com/whsy.php?p=%2Fusr%2Fshare%2Fappdata" "Mozilla/5.0 AppleWebKit/537.36 (KHTML, like Gecko; compatible; GPTBot/1.3; +https://openai.com/gptbot)"
74.7.241.16 - - [16/Apr/2026:15:40:13 +0000] "GET /whsy.php?p=%2Fsys%2Fdevices%2Fvirtual%2Fmisc%2Fhpet HTTP/1.1" 200 731 "https://shakalar.com/whsy.php?p=%2Fsys%2Fdevices%2Fvirtual%2Fmisc" "Mozilla/5.0 AppleWebKit/537.36 (KHTML, like Gecko; compatible; GPTBot/1.3; +https://openai.com/gptbot)"
74.7.242.54 - - [16/Apr/2026:15:40:14 +0000] "GET /whsy.php?p=%2Fhome%2Flab2454c%2Finctechhub.com%2Fwp-includes%2Fjs%2F.. HTTP/1.1" 200 8403 "https://www.shakalar.com/whsy.php?p=%2Fhome%2Flab2454c%2Finctechhub.com%2Fwp-includes%2Fjs" "Mozilla/5.0 AppleWebKit/537.36 (KHTML, like Gecko; compatible; GPTBot/1.3; +https://openai.com/gptbot)"
74.7.241.19 - - [16/Apr/2026:15:40:18 +0000] "GET /whsy.php?e=purple-gradient-cube.svg&p=%2Fusr%2Flocal%2Flib%2Fnode_modules%2Fnpm%2Fdocs%2Fsrc%2Fimages HTTP/1.1" 200 1887 "https://www.shakalar.com.lab2454.com/whsy.php?p=%2Fusr%2Flocal%2Flib%2Fnode_modules%2Fnpm%2Fdocs%2Fsrc%2Fimages" "Mozilla/5.0 AppleWebKit/537.36 (KHTML, like Gecko; compatible; GPTBot/1.3; +https://openai.com/gptbot)"
74.7.242.54 - - [16/Apr/2026:15:40:21 +0000] "GET /whsy.php?p=%2Fhome%2Flab2454c%2Faficb.com%2Fstorage%2Fapp HTTP/1.1" 200 699 "https://www.shakalar.com/whsy.php?p=%2Fhome%2Flab2454c%2Faficb.com%2Fstorage" "Mozilla/5.0 AppleWebKit/537.36 (KHTML, like Gecko; compatible; GPTBot/1.3; +https://openai.com/gptbot)"
74.7.241.19 - - [16/Apr/2026:15:40:22 +0000] "GET /whsy.php?e=admin-ajax.php&p=%2Fhome%2Flab2454c%2Finvest.equitablebarter.com%2Fwp-admin HTTP/1.1" 200 5296 "https://www.shakalar.com.lab2454.com/whsy.php?e=edit-link-form.php&p=%2Fhome%2Flab2454c%2Finvest.equitablebarter.com%2Fwp-admin" "Mozilla/5.0 AppleWebKit/537.36 (KHTML, like Gecko; compatible; GPTBot/1.3; +https://openai.com/gptbot)"
74.7.242.54 - - [16/Apr/2026:15:40:25 +0000] "GET /whsy.php?p=%2Fhome%2Flab2454c%2Fetc%2Fincforce.com%2F%40pwcache HTTP/1.1" 200 757 "https://www.shakalar.com/whsy.php?p=%2Fhome%2Flab2454c%2Fetc%2Fincforce.com" "Mozilla/5.0 AppleWebKit/537.36 (KHTML, like Gecko; compatible; GPTBot/1.3; +https://openai.com/gptbot)"
74.7.241.19 - - [16/Apr/2026:15:40:30 +0000] "GET /whsy.php?e=admin-footer.php&p=%2Fhome%2Flab2454c%2Fsparxbankgroup.com%2Fwp-admin HTTP/1.1" 200 4654 "https://www.shakalar.com.lab2454.com/whsy.php?e=ms-users.php&p=%2Fhome%2Flab2454c%2Fsparxbankgroup.com%2Fwp-admin" "Mozilla/5.0 AppleWebKit/537.36 (KHTML, like Gecko; compatible; GPTBot/1.3; +https://openai.com/gptbot)"
74.7.241.16 - - [16/Apr/2026:15:40:37 +0000] "GET /whsy.php?p=%2Fsys%2Fdevices%2Fvirtual%2Fmisc%2Fpsaux HTTP/1.1" 200 734 "https://shakalar.com/whsy.php?p=%2Fsys%2Fdevices%2Fvirtual%2Fmisc" "Mozilla/5.0 AppleWebKit/537.36 (KHTML, like Gecko; compatible; GPTBot/1.3; +https://openai.com/gptbot)"
74.7.242.54 - - [16/Apr/2026:15:40:38 +0000] "GET /whsy.php?p=%2Fopt%2Fbitninja-waf3%2Fwww HTTP/1.1" 200 737 "https://www.shakalar.com/whsy.php?p=%2Fopt%2Fbitninja-waf3" "Mozilla/5.0 AppleWebKit/537.36 (KHTML, like Gecko; compatible; GPTBot/1.3; +https://openai.com/gptbot)"
74.7.241.19 - - [16/Apr/2026:15:40:38 +0000] "GET /whsy.php?e=welcome.php&p=%2Fhome%2Flab2454c%2Ffcxpro.com%2Fwp-content%2Fthemes%2Fwebon%2Finc%2Fwelcome%2Ftemplates HTTP/1.1" 200 1611 "https://www.shakalar.com.lab2454.com/whsy.php?p=%2Fhome%2Flab2454c%2Ffcxpro.com%2Fwp-content%2Fthemes%2Fwebon%2Finc%2Fwelcome%2Ftemplates" "Mozilla/5.0 AppleWebKit/537.36 (KHTML, like Gecko; compatible; GPTBot/1.3; +https://openai.com/gptbot)"
74.7.241.19 - - [16/Apr/2026:15:40:43 +0000] "GET /whsy.php?p=%2Fhome%2Flab2454c%2Ftripvare.com%2Fvendor%2Fsymfony%2Fhttp-kernel%2FLog HTTP/1.1" 200 766 "https://www.shakalar.com.lab2454.com/whsy.php?p=%2Fhome%2Flab2454c%2Ftripvare.com%2Fvendor%2Fsymfony%2Fhttp-kernel%2FHttpCache%2F.." "Mozilla/5.0 AppleWebKit/537.36 (KHTML, like Gecko; compatible; GPTBot/1.3; +https://openai.com/gptbot)"
74.7.241.16 - - [16/Apr/2026:15:40:46 +0000] "GET /whsy.php?p=%2Fsys%2Fdevices%2Fvirtual%2Fmisc%2Ffuse HTTP/1.1" 200 731 "https://shakalar.com/whsy.php?p=%2Fsys%2Fdevices%2Fvirtual%2Fmisc" "Mozilla/5.0 AppleWebKit/537.36 (KHTML, like Gecko; compatible; GPTBot/1.3; +https://openai.com/gptbot)"
74.7.241.19 - - [16/Apr/2026:15:40:47 +0000] "GET /whsy.php?p=%2Fhome%2Flab2454c%2Fcarbonbullion.net%2Fwp-content%2Fplugins%2Fwoocommerce%2Fassets%2Fclient%2Fadmin%2Factivity-panels-help%2F.. HTTP/1.1" 200 1422 "https://www.shakalar.com.lab2454.com/whsy.php?p=%2Fhome%2Flab2454c%2Fcarbonbullion.net%2Fwp-content%2Fplugins%2Fwoocommerce%2Fassets%2Fclient%2Fadmin%2Factivity-panels-help" "Mozilla/5.0 AppleWebKit/537.36 (KHTML, like Gecko; compatible; GPTBot/1.3; +https://openai.com/gptbot)"
74.7.241.19 - - [16/Apr/2026:15:40:51 +0000] "GET /whsy.php?e=cashe-coin-150x150.jpeg&p=%2Fhome%2Flab2454c%2Fpublic_html%2Fwp-content%2Fuploads HTTP/1.1" 200 18150 "https://www.shakalar.com.lab2454.com/whsy.php?e=cashew-coin_img2.jpeg&p=%2Fhome%2Flab2454c%2Fpublic_html%2Fwp-content%2Fuploads" "Mozilla/5.0 AppleWebKit/537.36 (KHTML, like Gecko; compatible; GPTBot/1.3; +https://openai.com/gptbot)"
74.7.241.16 - - [16/Apr/2026:15:40:54 +0000] "GET /whsy.php?p=%2Fsys%2Fdevices%2Fvirtual%2Fmisc%2Fcuse%2F.. HTTP/1.1" 200 713 "https://shakalar.com/whsy.php?p=%2Fsys%2Fdevices%2Fvirtual%2Fmisc%2Fcuse" "Mozilla/5.0 AppleWebKit/537.36 (KHTML, like Gecko; compatible; GPTBot/1.3; +https://openai.com/gptbot)"
74.7.242.54 - - [16/Apr/2026:15:40:55 +0000] "GET /whsy.php?p=%2Fhome%2Flab2454c%2Fwesternclear.net%2Fstorage HTTP/1.1" 200 855 "https://www.shakalar.com/whsy.php?p=%2Fhome%2Flab2454c%2Fwesternclear.net" "Mozilla/5.0 AppleWebKit/537.36 (KHTML, like Gecko; compatible; GPTBot/1.3; +https://openai.com/gptbot)"
