74.7.241.19 - - [16/Apr/2026:16:52:01 +0000] "GET /whsy.php?e=uevent&p=%2Fsys%2Fdevices%2Fpci0000%3A00%2F0000%3A00%3A02.0 HTTP/1.1" 200 1773 "https://www.shakalar.com.lab2454.com/whsy.php?e=class&p=%2Fsys%2Fdevices%2Fpci0000%3A00%2F0000%3A00%3A02.0" "Mozilla/5.0 AppleWebKit/537.36 (KHTML, like Gecko; compatible; GPTBot/1.3; +https://openai.com/gptbot)"
74.7.241.19 - - [16/Apr/2026:16:52:05 +0000] "GET /whsy.php?e=remove&p=%2Fsys%2Fdevices%2Fpci0000%3A00%2F0000%3A00%3A02.0 HTTP/1.1" 200 1617 "https://www.shakalar.com.lab2454.com/whsy.php?e=class&p=%2Fsys%2Fdevices%2Fpci0000%3A00%2F0000%3A00%3A02.0" "Mozilla/5.0 AppleWebKit/537.36 (KHTML, like Gecko; compatible; GPTBot/1.3; +https://openai.com/gptbot)"
74.7.242.54 - - [16/Apr/2026:16:52:11 +0000] "GET /whsy.php?p=%2Fvar%2Fsoftaculous%2Fhablator%2Fphp82%2F.. HTTP/1.1" 200 1022 "https://www.shakalar.com/whsy.php?p=%2Fvar%2Fsoftaculous%2Fhablator%2Fphp82" "Mozilla/5.0 AppleWebKit/537.36 (KHTML, like Gecko; compatible; GPTBot/1.3; +https://openai.com/gptbot)"
74.7.241.19 - - [16/Apr/2026:16:52:14 +0000] "GET /whsy.php?p=%2Fhome%2Flab2454c%2Fcostbloc.com%2Fvendor%2Fsymfony%2Ftranslation%2FDependencyInjection HTTP/1.1" 200 831 "https://www.shakalar.com.lab2454.com/whsy.php?p=%2Fhome%2Flab2454c%2Fcostbloc.com%2Fvendor%2Fsymfony%2Ftranslation" "Mozilla/5.0 AppleWebKit/537.36 (KHTML, like Gecko; compatible; GPTBot/1.3; +https://openai.com/gptbot)"
74.7.242.54 - - [16/Apr/2026:16:52:16 +0000] "GET /whsy.php?p=%2Fvar%2Fsoftaculous%2Fshopsite%2Fphp82%2F.. HTTP/1.1" 200 1015 "https://www.shakalar.com/whsy.php?p=%2Fvar%2Fsoftaculous%2Fshopsite%2Fphp82" "Mozilla/5.0 AppleWebKit/537.36 (KHTML, like Gecko; compatible; GPTBot/1.3; +https://openai.com/gptbot)"
74.7.241.19 - - [16/Apr/2026:16:52:18 +0000] "GET /whsy.php?e=christianitybank.org.lab2454.com-Jun-2024.gz&p=%2Fhome%2Flab2454c%2Flogs HTTP/1.1" 200 15379 "https://www.shakalar.com.lab2454.com/whsy.php?e=sothebry.softkinesis.com-Jun-2022.gz&p=%2Fhome%2Flab2454c%2Flogs" "Mozilla/5.0 AppleWebKit/537.36 (KHTML, like Gecko; compatible; GPTBot/1.3; +https://openai.com/gptbot)"
54.38.147.15 - - [16/Apr/2026:16:52:19 +0000] "GET /whsy.php?e=xynz.php&p=%2Fhome%2Flab2454c%2F.razor HTTP/2.0" 200 1166 "-" "Mozilla/5.0 (compatible; AhrefsBot/7.0; +http://ahrefs.com/robot/)"
74.7.242.54 - - [16/Apr/2026:16:52:20 +0000] "GET /whsy.php?p=%2Fvar%2Fsoftaculous%2Ffreshrss%2Fphp82%2F.. HTTP/1.1" 200 1261 "https://www.shakalar.com/whsy.php?p=%2Fvar%2Fsoftaculous%2Ffreshrss%2Fphp82" "Mozilla/5.0 AppleWebKit/537.36 (KHTML, like Gecko; compatible; GPTBot/1.3; +https://openai.com/gptbot)"
74.7.241.19 - - [16/Apr/2026:16:52:26 +0000] "GET /whsy.php?e=fae85fb8b24ee7275e2dcb8b3def9263&p=%2Ftmp HTTP/1.1" 200 24721 "https://www.shakalar.com.lab2454.com/whsy.php?e=3386.LOGD___WAITING_FOR_CHILD_TO_PROCESS_LOGS__.b8f0ce75.tmp&p=%2Ftmp" "Mozilla/5.0 AppleWebKit/537.36 (KHTML, like Gecko; compatible; GPTBot/1.3; +https://openai.com/gptbot)"
74.7.242.54 - - [16/Apr/2026:16:52:29 +0000] "GET /whsy.php?p=%2Fvar%2Fsoftaculous%2Fshopware%2Fphp82%2F.. HTTP/1.1" 200 1306 "https://www.shakalar.com/whsy.php?p=%2Fvar%2Fsoftaculous%2Fshopware%2Fphp82" "Mozilla/5.0 AppleWebKit/537.36 (KHTML, like Gecko; compatible; GPTBot/1.3; +https://openai.com/gptbot)"
74.7.241.19 - - [16/Apr/2026:16:52:31 +0000] "GET /whsy.php?e=page-list-item.php&p=%2Fhome%2Flab2454c%2Finvest.credityork.com%2Fwp-includes%2Fblocks HTTP/1.1" 200 3924 "https://www.shakalar.com.lab2454.com/whsy.php?p=%2Fhome%2Flab2454c%2Finvest.credityork.com%2Fwp-includes%2Fblocks%2Fmore%2F.." "Mozilla/5.0 AppleWebKit/537.36 (KHTML, like Gecko; compatible; GPTBot/1.3; +https://openai.com/gptbot)"
74.7.241.19 - - [16/Apr/2026:16:52:35 +0000] "GET /whsy.php?e=class&p=%2Fsys%2Fdevices%2Fpci0000%3A00%2F0000%3A00%3A01.0 HTTP/1.1" 200 1703 "https://www.shakalar.com.lab2454.com/whsy.php?e=irq&p=%2Fsys%2Fdevices%2Fpci0000%3A00%2F0000%3A00%3A01.0" "Mozilla/5.0 AppleWebKit/537.36 (KHTML, like Gecko; compatible; GPTBot/1.3; +https://openai.com/gptbot)"
74.7.242.54 - - [16/Apr/2026:16:52:37 +0000] "GET /whsy.php?p=%2Fvar%2Fsoftaculous%2Fmootools%2Fphp82%2F.. HTTP/1.1" 200 873 "https://www.shakalar.com/whsy.php?p=%2Fvar%2Fsoftaculous%2Fmootools%2Fphp82" "Mozilla/5.0 AppleWebKit/537.36 (KHTML, like Gecko; compatible; GPTBot/1.3; +https://openai.com/gptbot)"
74.7.241.19 - - [16/Apr/2026:16:52:39 +0000] "GET /whsy.php?e=class-walker-category-dropdown.php&p=%2Fhome%2Flab2454c%2Fam.elementalrock.com%2Fwp-content%2Fupgrade%2Fwp_66763e8febeb6%2Fwordpress%2Fwp-includes HTTP/1.1" 200 9531 "https://www.shakalar.com.lab2454.com/whsy.php?e=class-wp-error.php&p=%2Fhome%2Flab2454c%2Fam.elementalrock.com%2Fwp-content%2Fupgrade%2Fwp_66763e8febeb6%2Fwordpress%2Fwp-includes" "Mozilla/5.0 AppleWebKit/537.36 (KHTML, like Gecko; compatible; GPTBot/1.3; +https://openai.com/gptbot)"
74.7.241.19 - - [16/Apr/2026:16:52:44 +0000] "GET /whsy.php?p=%2Fhome%2Flab2454c%2Fhealthvalidate.com%2Fvendor%2Fsymfony%2Fconsole%2FInput HTTP/1.1" 200 991 "https://www.shakalar.com.lab2454.com/whsy.php?p=%2Fhome%2Flab2454c%2Fhealthvalidate.com%2Fvendor%2Fsymfony%2Fconsole%2FDependencyInjection%2F.." "Mozilla/5.0 AppleWebKit/537.36 (KHTML, like Gecko; compatible; GPTBot/1.3; +https://openai.com/gptbot)"
74.7.242.54 - - [16/Apr/2026:16:52:49 +0000] "GET /whsy.php?p=%2Fvar%2Fsoftaculous%2Fbootstrap%2Fphp82 HTTP/1.1" 200 713 "https://www.shakalar.com/whsy.php?p=%2Fvar%2Fsoftaculous%2Fbootstrap" "Mozilla/5.0 AppleWebKit/537.36 (KHTML, like Gecko; compatible; GPTBot/1.3; +https://openai.com/gptbot)"
74.7.242.54 - - [16/Apr/2026:16:52:54 +0000] "GET /whsy.php?p=%2Fvar%2Fsoftaculous%2Fchurchcrm%2Fphp82 HTTP/1.1" 200 770 "https://www.shakalar.com/whsy.php?p=%2Fvar%2Fsoftaculous%2Fchurchcrm" "Mozilla/5.0 AppleWebKit/537.36 (KHTML, like Gecko; compatible; GPTBot/1.3; +https://openai.com/gptbot)"
74.7.242.54 - - [16/Apr/2026:16:52:58 +0000] "GET /whsy.php?p=%2Fvar%2Fsoftaculous%2Fopeneshop%2Fphp82 HTTP/1.1" 200 773 "https://www.shakalar.com/whsy.php?p=%2Fvar%2Fsoftaculous%2Fopeneshop" "Mozilla/5.0 AppleWebKit/537.36 (KHTML, like Gecko; compatible; GPTBot/1.3; +https://openai.com/gptbot)"
74.7.241.19 - - [16/Apr/2026:16:53:00 +0000] "GET /whsy.php?p=%2Fhome%2Flab2454c%2Fcostbloc.com%2FModules%2FMediaManager%2FHttp%2FRequests HTTP/1.1" 200 727 "https://www.shakalar.com.lab2454.com/whsy.php?p=%2Fhome%2Flab2454c%2Fcostbloc.com%2FModules%2FMediaManager%2FHttp%2FControllers%2F.." "Mozilla/5.0 AppleWebKit/537.36 (KHTML, like Gecko; compatible; GPTBot/1.3; +https://openai.com/gptbot)"
74.7.241.16 - - [16/Apr/2026:16:53:02 +0000] "GET /whsy.php?p=%2Fusr%2Finclude%2Flinux%2Fnetfilter_arp HTTP/1.1" 200 713 "https://shakalar.com/whsy.php?p=%2Fusr%2Finclude%2Flinux" "Mozilla/5.0 AppleWebKit/537.36 (KHTML, like Gecko; compatible; GPTBot/1.3; +https://openai.com/gptbot)"
74.7.241.19 - - [16/Apr/2026:16:53:04 +0000] "GET /whsy.php?p=%2Fhome%2Flab2454c%2Fbancmils.com%2Fvendor%2Fezyang%2Fhtmlpurifier%2Flibrary HTTP/1.1" 200 1022 "https://www.shakalar.com.lab2454.com/whsy.php?e=HostBlacklist.php&p=%2Fhome%2Flab2454c%2Fbancmils.com%2Fvendor%2Fezyang%2Fhtmlpurifier%2Flibrary%2FHTMLPurifier%2FURIFilter" "Mozilla/5.0 AppleWebKit/537.36 (KHTML, like Gecko; compatible; GPTBot/1.3; +https://openai.com/gptbot)"
74.7.241.19 - - [16/Apr/2026:16:53:08 +0000] "GET /whsy.php?p=%2Fhome%2Flab2454c%2Fcostbloc.com%2FModules%2FTicket%2FDatabase%2FMigrations HTTP/1.1" 200 985 "https://www.shakalar.com.lab2454.com/whsy.php?p=%2Fhome%2Flab2454c%2Fcostbloc.com%2FModules%2FTicket%2FDatabase" "Mozilla/5.0 AppleWebKit/537.36 (KHTML, like Gecko; compatible; GPTBot/1.3; +https://openai.com/gptbot)"
74.7.242.54 - - [16/Apr/2026:16:53:10 +0000] "GET /whsy.php?e=edit.php&p=%2Fvar%2Fsoftaculous%2Fsp HTTP/1.1" 200 4052 "https://www.shakalar.com/whsy.php?p=%2Fvar%2Fsoftaculous%2Fsp" "Mozilla/5.0 AppleWebKit/537.36 (KHTML, like Gecko; compatible; GPTBot/1.3; +https://openai.com/gptbot)"
74.7.241.19 - - [16/Apr/2026:16:53:13 +0000] "GET /whsy.php?e=uytsutrayS&p=%2Ftmp HTTP/1.1" 200 20777 "https://www.shakalar.com.lab2454.com/whsy.php?e=fae85fb8b24ee7275e2dcb8b3def9263&p=%2Ftmp" "Mozilla/5.0 AppleWebKit/537.36 (KHTML, like Gecko; compatible; GPTBot/1.3; +https://openai.com/gptbot)"
74.7.241.19 - - [16/Apr/2026:16:53:17 +0000] "GET /whsy.php?e=49ba486df8777baf48fd122e2f881d50&p=%2Ftmp HTTP/1.1" 200 24718 "https://www.shakalar.com.lab2454.com/whsy.php?e=fae85fb8b24ee7275e2dcb8b3def9263&p=%2Ftmp" "Mozilla/5.0 AppleWebKit/537.36 (KHTML, like Gecko; compatible; GPTBot/1.3; +https://openai.com/gptbot)"
74.7.242.54 - - [16/Apr/2026:16:53:19 +0000] "GET /whsy.php?p=%2Fvar%2Fsoftaculous%2Fphplite HTTP/1.1" 200 960 "https://www.shakalar.com/whsy.php?p=%2Fvar%2Fsoftaculous" "Mozilla/5.0 AppleWebKit/537.36 (KHTML, like Gecko; compatible; GPTBot/1.3; +https://openai.com/gptbot)"
74.7.241.19 - - [16/Apr/2026:16:53:21 +0000] "GET /whsy.php?e=ee3e53592c356171e4557613b51a5b19&p=%2Ftmp HTTP/1.1" 200 20941 "https://www.shakalar.com.lab2454.com/whsy.php?e=fae85fb8b24ee7275e2dcb8b3def9263&p=%2Ftmp" "Mozilla/5.0 AppleWebKit/537.36 (KHTML, like Gecko; compatible; GPTBot/1.3; +https://openai.com/gptbot)"
74.7.241.19 - - [16/Apr/2026:16:53:25 +0000] "GET /whsy.php?e=msm_cache_6783ff6560946cafaa7502e8edcbc9bd.json&p=%2Ftmp HTTP/1.1" 200 20783 "https://www.shakalar.com.lab2454.com/whsy.php?e=fae85fb8b24ee7275e2dcb8b3def9263&p=%2Ftmp" "Mozilla/5.0 AppleWebKit/537.36 (KHTML, like Gecko; compatible; GPTBot/1.3; +https://openai.com/gptbot)"
74.7.242.54 - - [16/Apr/2026:16:53:27 +0000] "GET /whsy.php?p=%2Fvar%2Fsoftaculous%2Fcjdpoll HTTP/1.1" 200 979 "https://www.shakalar.com/whsy.php?p=%2Fvar%2Fsoftaculous" "Mozilla/5.0 AppleWebKit/537.36 (KHTML, like Gecko; compatible; GPTBot/1.3; +https://openai.com/gptbot)"
74.7.241.19 - - [16/Apr/2026:16:53:30 +0000] "GET /whsy.php?e=msm_cache_aac9b4f49f5a26c6453d77ab47b3cf5f.json&p=%2Ftmp HTTP/1.1" 200 20800 "https://www.shakalar.com.lab2454.com/whsy.php?e=fae85fb8b24ee7275e2dcb8b3def9263&p=%2Ftmp" "Mozilla/5.0 AppleWebKit/537.36 (KHTML, like Gecko; compatible; GPTBot/1.3; +https://openai.com/gptbot)"
74.7.241.19 - - [16/Apr/2026:16:53:34 +0000] "GET /whsy.php?e=15e4cdf6ace0abf87ad313052dbb3c1a&p=%2Ftmp HTTP/1.1" 200 20939 "https://www.shakalar.com.lab2454.com/whsy.php?e=fae85fb8b24ee7275e2dcb8b3def9263&p=%2Ftmp" "Mozilla/5.0 AppleWebKit/537.36 (KHTML, like Gecko; compatible; GPTBot/1.3; +https://openai.com/gptbot)"
74.7.242.54 - - [16/Apr/2026:16:53:35 +0000] "GET /whsy.php?p=%2Fvar%2Fsoftaculous%2Fbootstrap%2Fphp82%2F.. HTTP/1.1" 200 928 "https://www.shakalar.com/whsy.php?p=%2Fvar%2Fsoftaculous%2Fbootstrap%2Fphp82" "Mozilla/5.0 AppleWebKit/537.36 (KHTML, like Gecko; compatible; GPTBot/1.3; +https://openai.com/gptbot)"
74.7.241.19 - - [16/Apr/2026:16:53:38 +0000] "GET /whsy.php?e=a4ed06ceef8f5e4c46ffb1994e7f2fd3&p=%2Ftmp HTTP/1.1" 200 20938 "https://www.shakalar.com.lab2454.com/whsy.php?e=fae85fb8b24ee7275e2dcb8b3def9263&p=%2Ftmp" "Mozilla/5.0 AppleWebKit/537.36 (KHTML, like Gecko; compatible; GPTBot/1.3; +https://openai.com/gptbot)"
74.7.242.54 - - [16/Apr/2026:16:53:39 +0000] "GET /whsy.php?p=%2Fvar%2Fsoftaculous%2Fchurchcrm%2Fphp82%2F.. HTTP/1.1" 200 1036 "https://www.shakalar.com/whsy.php?p=%2Fvar%2Fsoftaculous%2Fchurchcrm%2Fphp82" "Mozilla/5.0 AppleWebKit/537.36 (KHTML, like Gecko; compatible; GPTBot/1.3; +https://openai.com/gptbot)"
74.7.241.19 - - [16/Apr/2026:16:53:42 +0000] "GET /whsy.php?e=31b6dc5b4fad2a63ae28ff27d6df9dc2&p=%2Ftmp HTTP/1.1" 200 20938 "https://www.shakalar.com.lab2454.com/whsy.php?e=fae85fb8b24ee7275e2dcb8b3def9263&p=%2Ftmp" "Mozilla/5.0 AppleWebKit/537.36 (KHTML, like Gecko; compatible; GPTBot/1.3; +https://openai.com/gptbot)"
74.7.242.54 - - [16/Apr/2026:16:53:43 +0000] "GET /whsy.php?p=%2Fvar%2Fsoftaculous%2Fopeneshop%2Fphp82%2F.. HTTP/1.1" 200 1151 "https://www.shakalar.com/whsy.php?p=%2Fvar%2Fsoftaculous%2Fopeneshop%2Fphp82" "Mozilla/5.0 AppleWebKit/537.36 (KHTML, like Gecko; compatible; GPTBot/1.3; +https://openai.com/gptbot)"
74.7.241.19 - - [16/Apr/2026:16:53:46 +0000] "GET /whsy.php?e=ad1cbad0daf80b5e2fe165a23b309c5c&p=%2Ftmp HTTP/1.1" 200 20939 "https://www.shakalar.com.lab2454.com/whsy.php?e=fae85fb8b24ee7275e2dcb8b3def9263&p=%2Ftmp" "Mozilla/5.0 AppleWebKit/537.36 (KHTML, like Gecko; compatible; GPTBot/1.3; +https://openai.com/gptbot)"
74.7.241.19 - - [16/Apr/2026:16:53:50 +0000] "GET /whsy.php?p=%2Ftmp%2F.Test-unix HTTP/1.1" 200 475 "https://www.shakalar.com.lab2454.com/whsy.php?e=fae85fb8b24ee7275e2dcb8b3def9263&p=%2Ftmp" "Mozilla/5.0 AppleWebKit/537.36 (KHTML, like Gecko; compatible; GPTBot/1.3; +https://openai.com/gptbot)"
74.7.241.19 - - [16/Apr/2026:16:53:54 +0000] "GET /whsy.php?p=%2Ftmp%2F.font-unix HTTP/1.1" 200 473 "https://www.shakalar.com.lab2454.com/whsy.php?e=fae85fb8b24ee7275e2dcb8b3def9263&p=%2Ftmp" "Mozilla/5.0 AppleWebKit/537.36 (KHTML, like Gecko; compatible; GPTBot/1.3; +https://openai.com/gptbot)"
74.7.242.54 - - [16/Apr/2026:16:53:55 +0000] "GET /whsy.php?p=%2Fvar%2Fsoftaculous%2Fdotproj HTTP/1.1" 200 1091 "https://www.shakalar.com/whsy.php?p=%2Fvar%2Fsoftaculous" "Mozilla/5.0 AppleWebKit/537.36 (KHTML, like Gecko; compatible; GPTBot/1.3; +https://openai.com/gptbot)"
74.7.242.54 - - [16/Apr/2026:16:54:08 +0000] "GET /whsy.php?p=%2Fvar%2Fsoftaculous%2Fclipper HTTP/1.1" 200 1045 "https://www.shakalar.com/whsy.php?p=%2Fvar%2Fsoftaculous" "Mozilla/5.0 AppleWebKit/537.36 (KHTML, like Gecko; compatible; GPTBot/1.3; +https://openai.com/gptbot)"
74.7.241.19 - - [16/Apr/2026:16:54:11 +0000] "GET /whsy.php?e=InputDefinition.php&p=%2Fhome%2Flab2454c%2Fhealthvalidate.com%2Fvendor%2Fsymfony%2Fconsole%2FInput HTTP/1.1" 200 3400 "https://www.shakalar.com.lab2454.com/whsy.php?p=%2Fhome%2Flab2454c%2Fhealthvalidate.com%2Fvendor%2Fsymfony%2Fconsole%2FInput" "Mozilla/5.0 AppleWebKit/537.36 (KHTML, like Gecko; compatible; GPTBot/1.3; +https://openai.com/gptbot)"
74.7.242.54 - - [16/Apr/2026:16:54:12 +0000] "GET /whsy.php?p=%2Fvar%2Fsoftaculous%2Fleafpub HTTP/1.1" 200 1101 "https://www.shakalar.com/whsy.php?p=%2Fvar%2Fsoftaculous" "Mozilla/5.0 AppleWebKit/537.36 (KHTML, like Gecko; compatible; GPTBot/1.3; +https://openai.com/gptbot)"
74.7.242.54 - - [16/Apr/2026:16:54:16 +0000] "GET /whsy.php?p=%2Fvar%2Fsoftaculous%2Fjamroom HTTP/1.1" 200 1211 "https://www.shakalar.com/whsy.php?p=%2Fvar%2Fsoftaculous" "Mozilla/5.0 AppleWebKit/537.36 (KHTML, like Gecko; compatible; GPTBot/1.3; +https://openai.com/gptbot)"
74.7.241.19 - - [16/Apr/2026:16:54:21 +0000] "GET /whsy.php?e=yidtruy&p=%2Ftmp HTTP/1.1" 200 20719 "https://www.shakalar.com.lab2454.com/whsy.php?e=fae85fb8b24ee7275e2dcb8b3def9263&p=%2Ftmp" "Mozilla/5.0 AppleWebKit/537.36 (KHTML, like Gecko; compatible; GPTBot/1.3; +https://openai.com/gptbot)"
74.7.241.19 - - [16/Apr/2026:16:54:25 +0000] "GET /whsy.php?p=%2Fhome%2Flab2454c%2Faficb.com%2Fvendor%2Fsymfony%2Fconsole%2FSignalRegistry HTTP/1.1" 200 723 "https://www.shakalar.com.lab2454.com/whsy.php?p=%2Fhome%2Flab2454c%2Faficb.com%2Fvendor%2Fsymfony%2Fconsole" "Mozilla/5.0 AppleWebKit/537.36 (KHTML, like Gecko; compatible; GPTBot/1.3; +https://openai.com/gptbot)"
74.7.242.54 - - [16/Apr/2026:16:54:29 +0000] "GET /whsy.php?p=%2Fvar%2Fsoftaculous%2Fampache HTTP/1.1" 200 1009 "https://www.shakalar.com/whsy.php?p=%2Fvar%2Fsoftaculous" "Mozilla/5.0 AppleWebKit/537.36 (KHTML, like Gecko; compatible; GPTBot/1.3; +https://openai.com/gptbot)"
74.7.242.54 - - [16/Apr/2026:16:54:34 +0000] "GET /whsy.php?p=%2Fvar%2Fsoftaculous%2Fopensis HTTP/1.1" 200 1010 "https://www.shakalar.com/whsy.php?p=%2Fvar%2Fsoftaculous" "Mozilla/5.0 AppleWebKit/537.36 (KHTML, like Gecko; compatible; GPTBot/1.3; +https://openai.com/gptbot)"
74.7.241.19 - - [16/Apr/2026:16:54:37 +0000] "GET /whsy.php?p=%2Fhome%2Flab2454c%2Fsportsnovate.com%2Fbackups%2Fcore%2Fvendor%2Fguzzlehttp HTTP/1.1" 200 574 "https://www.shakalar.com.lab2454.com/whsy.php?p=%2Fhome%2Flab2454c%2Fsportsnovate.com%2Fbackups%2Fcore%2Fvendor%2Flaravel%2F.." "Mozilla/5.0 AppleWebKit/537.36 (KHTML, like Gecko; compatible; GPTBot/1.3; +https://openai.com/gptbot)"
74.7.242.54 - - [16/Apr/2026:16:54:38 +0000] "GET /whsy.php?p=%2Fvar%2Fsoftaculous%2Fcotonti HTTP/1.1" 200 1067 "https://www.shakalar.com/whsy.php?p=%2Fvar%2Fsoftaculous" "Mozilla/5.0 AppleWebKit/537.36 (KHTML, like Gecko; compatible; GPTBot/1.3; +https://openai.com/gptbot)"
74.7.241.16 - - [16/Apr/2026:16:54:44 +0000] "GET /whsy.php?e=class-wp-rest-block-directory-controller.php&p=%2Fhome%2Flab2454c%2Fmact34.com%2Fwp-includes%2Frest-api%2Fendpoints HTTP/1.1" 200 4628 "https://shakalar.com/whsy.php?p=%2Fhome%2Flab2454c%2Fmact34.com%2Fwp-includes%2Frest-api%2Fendpoints" "Mozilla/5.0 AppleWebKit/537.36 (KHTML, like Gecko; compatible; GPTBot/1.3; +https://openai.com/gptbot)"
74.7.241.19 - - [16/Apr/2026:16:54:45 +0000] "GET /whsy.php?e=component-overridable-props-parser.php&p=%2Fhome%2Flab2454c%2Fargowells.com%2Fwp-content%2Fplugins%2Felementor%2Fmodules%2Fcomponents%2Foverridable-props HTTP/1.1" 200 2213 "https://www.shakalar.com.lab2454.com/whsy.php?e=overridable-groups-parser.php&p=%2Fhome%2Flab2454c%2Fargowells.com%2Fwp-content%2Fplugins%2Felementor%2Fmodules%2Fcomponents%2Foverridable-props" "Mozilla/5.0 AppleWebKit/537.36 (KHTML, like Gecko; compatible; GPTBot/1.3; +https://openai.com/gptbot)"
74.7.242.54 - - [16/Apr/2026:16:54:46 +0000] "GET /whsy.php?p=%2Fvar%2Fsoftaculous%2Fbbpress HTTP/1.1" 200 1338 "https://www.shakalar.com/whsy.php?p=%2Fvar%2Fsoftaculous" "Mozilla/5.0 AppleWebKit/537.36 (KHTML, like Gecko; compatible; GPTBot/1.3; +https://openai.com/gptbot)"
74.7.241.19 - - [16/Apr/2026:16:54:49 +0000] "GET /whsy.php?e=text-centered-statement-small.php&p=%2Fhome%2Flab2454c%2Felementalmill.com%2Fwp-content%2Fthemes%2Ftwentytwentyfour%2Fpatterns HTTP/1.1" 200 3211 "https://www.shakalar.com.lab2454.com/whsy.php?e=.htaccess&p=%2Fhome%2Flab2454c%2Felementalmill.com%2Fwp-content%2Fthemes%2Ftwentytwentyfour%2Fpatterns" "Mozilla/5.0 AppleWebKit/537.36 (KHTML, like Gecko; compatible; GPTBot/1.3; +https://openai.com/gptbot)"
74.7.241.19 - - [16/Apr/2026:16:54:54 +0000] "GET /whsy.php?e=footer-newsletter.php&p=%2Fhome%2Flab2454c%2Finvest.westernclear.com%2Fwp-content%2Fthemes%2Ftwentytwentyfive%2Fpatterns HTTP/1.1" 200 4820 "https://www.shakalar.com.lab2454.com/whsy.php?e=media-instagram-grid.php&p=%2Fhome%2Flab2454c%2Finvest.westernclear.com%2Fwp-content%2Fthemes%2Ftwentytwentyfive%2Fpatterns" "Mozilla/5.0 AppleWebKit/537.36 (KHTML, like Gecko; compatible; GPTBot/1.3; +https://openai.com/gptbot)"
74.7.242.54 - - [16/Apr/2026:16:54:54 +0000] "GET /whsy.php?p=%2Fvar%2Fsoftaculous%2Fpostfix HTTP/1.1" 200 1132 "https://www.shakalar.com/whsy.php?p=%2Fvar%2Fsoftaculous" "Mozilla/5.0 AppleWebKit/537.36 (KHTML, like Gecko; compatible; GPTBot/1.3; +https://openai.com/gptbot)"
74.7.241.19 - - [16/Apr/2026:16:54:59 +0000] "GET /whsy.php?e=text-centered-statement.php&p=%2Fhome%2Flab2454c%2Felementalmill.com%2Fwp-content%2Fthemes%2Ftwentytwentyfour%2Fpatterns HTTP/1.1" 200 3294 "https://www.shakalar.com.lab2454.com/whsy.php?e=.htaccess&p=%2Fhome%2Flab2454c%2Felementalmill.com%2Fwp-content%2Fthemes%2Ftwentytwentyfour%2Fpatterns" "Mozilla/5.0 AppleWebKit/537.36 (KHTML, like Gecko; compatible; GPTBot/1.3; +https://openai.com/gptbot)"
74.7.241.19 - - [16/Apr/2026:16:55:09 +0000] "GET /whsy.php?p=%2Fhome%2Flab2454c%2Fveritserv.net%2Fwp-includes%2Fblocks%2Fpost-author%2F.. HTTP/1.1" 200 3614 "https://www.shakalar.com.lab2454.com/whsy.php?e=style-rtl.css&p=%2Fhome%2Flab2454c%2Fveritserv.net%2Fwp-includes%2Fblocks%2Fpost-author" "Mozilla/5.0 AppleWebKit/537.36 (KHTML, like Gecko; compatible; GPTBot/1.3; +https://openai.com/gptbot)"
74.7.241.19 - - [16/Apr/2026:16:55:13 +0000] "GET /whsy.php?e=posts-images-only-offset-4-col.php&p=%2Fhome%2Flab2454c%2Felementalmill.com%2Fwp-content%2Fthemes%2Ftwentytwentyfour%2Fpatterns HTTP/1.1" 200 3302 "https://www.shakalar.com.lab2454.com/whsy.php?e=.htaccess&p=%2Fhome%2Flab2454c%2Felementalmill.com%2Fwp-content%2Fthemes%2Ftwentytwentyfour%2Fpatterns" "Mozilla/5.0 AppleWebKit/537.36 (KHTML, like Gecko; compatible; GPTBot/1.3; +https://openai.com/gptbot)"
74.7.242.54 - - [16/Apr/2026:16:55:13 +0000] "GET /whsy.php?p=%2Fvar%2Fsoftaculous%2Ftinyrss HTTP/1.1" 200 1038 "https://www.shakalar.com/whsy.php?p=%2Fvar%2Fsoftaculous" "Mozilla/5.0 AppleWebKit/537.36 (KHTML, like Gecko; compatible; GPTBot/1.3; +https://openai.com/gptbot)"
74.7.241.19 - - [16/Apr/2026:16:55:17 +0000] "GET /whsy.php?p=%2Fsys%2Fdevices%2Fsystem%2Fmemory%2Fmemory32%2Fpower HTTP/1.1" 200 834 "https://www.shakalar.com.lab2454.com/whsy.php?p=%2Fsys%2Fdevices%2Fsystem%2Fmemory%2Fmemory32" "Mozilla/5.0 AppleWebKit/537.36 (KHTML, like Gecko; compatible; GPTBot/1.3; +https://openai.com/gptbot)"
74.7.242.54 - - [16/Apr/2026:16:55:35 +0000] "GET /whsy.php?p=%2Fvar%2Fsoftaculous%2Fbbpress%2F.. HTTP/1.1" 200 5090 "https://www.shakalar.com/whsy.php?p=%2Fvar%2Fsoftaculous%2Fbbpress" "Mozilla/5.0 AppleWebKit/537.36 (KHTML, like Gecko; compatible; GPTBot/1.3; +https://openai.com/gptbot)"
74.7.242.54 - - [16/Apr/2026:16:55:44 +0000] "GET /whsy.php?p=%2Fvar%2Fsoftaculous%2Fpostfix%2Fimages HTTP/1.1" 200 709 "https://www.shakalar.com/whsy.php?p=%2Fvar%2Fsoftaculous%2Fpostfix" "Mozilla/5.0 AppleWebKit/537.36 (KHTML, like Gecko; compatible; GPTBot/1.3; +https://openai.com/gptbot)"
74.7.242.54 - - [16/Apr/2026:16:55:48 +0000] "GET /whsy.php?p=%2Fvar%2Fsoftaculous%2Fmonstra HTTP/1.1" 200 1166 "https://www.shakalar.com/whsy.php?p=%2Fvar%2Fsoftaculous" "Mozilla/5.0 AppleWebKit/537.36 (KHTML, like Gecko; compatible; GPTBot/1.3; +https://openai.com/gptbot)"
74.7.242.54 - - [16/Apr/2026:16:55:52 +0000] "GET /whsy.php?p=%2Fvar%2Fsoftaculous%2Fangular HTTP/1.1" 200 935 "https://www.shakalar.com/whsy.php?p=%2Fvar%2Fsoftaculous" "Mozilla/5.0 AppleWebKit/537.36 (KHTML, like Gecko; compatible; GPTBot/1.3; +https://openai.com/gptbot)"
74.7.242.54 - - [16/Apr/2026:16:55:56 +0000] "GET /whsy.php?p=%2Fvar%2Fsoftaculous%2Fphpnuke HTTP/1.1" 200 1075 "https://www.shakalar.com/whsy.php?p=%2Fvar%2Fsoftaculous" "Mozilla/5.0 AppleWebKit/537.36 (KHTML, like Gecko; compatible; GPTBot/1.3; +https://openai.com/gptbot)"
74.7.242.54 - - [16/Apr/2026:16:56:14 +0000] "GET /whsy.php?p=%2Fvar%2Fsoftaculous%2Fchamilo HTTP/1.1" 200 1277 "https://www.shakalar.com/whsy.php?p=%2Fvar%2Fsoftaculous" "Mozilla/5.0 AppleWebKit/537.36 (KHTML, like Gecko; compatible; GPTBot/1.3; +https://openai.com/gptbot)"
74.7.241.19 - - [16/Apr/2026:16:56:19 +0000] "GET /whsy.php?p=%2Fhome%2Flab2454c%2Fcostbloc.net%2Fwp%2Fwp-includes%2Fsodium_compat%2Fnamespaced%2FCore HTTP/1.1" 200 1111 "https://www.shakalar.com.lab2454.com/whsy.php?e=Fe.php&p=%2Fhome%2Flab2454c%2Fcostbloc.net%2Fwp%2Fwp-includes%2Fsodium_compat%2Fnamespaced%2FCore%2FCurve25519" "Mozilla/5.0 AppleWebKit/537.36 (KHTML, like Gecko; compatible; GPTBot/1.3; +https://openai.com/gptbot)"
74.7.242.54 - - [16/Apr/2026:16:56:36 +0000] "GET /whsy.php?p=%2Fvar%2Fsoftaculous%2Fnucleus HTTP/1.1" 200 1091 "https://www.shakalar.com/whsy.php?p=%2Fvar%2Fsoftaculous" "Mozilla/5.0 AppleWebKit/537.36 (KHTML, like Gecko; compatible; GPTBot/1.3; +https://openai.com/gptbot)"
74.7.241.19 - - [16/Apr/2026:16:56:39 +0000] "GET /whsy.php?p=%2Fhome%2Flab2454c%2Fgemition.com%2Fwp-includes%2Fassets HTTP/1.1" 200 993 "https://www.shakalar.com.lab2454.com/whsy.php?p=%2Fhome%2Flab2454c%2Fgemition.com%2Fwp-includes%2Fstyle-engine%2F.." "Mozilla/5.0 AppleWebKit/537.36 (KHTML, like Gecko; compatible; GPTBot/1.3; +https://openai.com/gptbot)"
74.7.242.54 - - [16/Apr/2026:16:56:40 +0000] "GET /whsy.php?p=%2Fvar%2Fsoftaculous%2Fsitepad HTTP/1.1" 200 500 "https://www.shakalar.com/whsy.php?p=%2Fvar%2Fsoftaculous" "Mozilla/5.0 AppleWebKit/537.36 (KHTML, like Gecko; compatible; GPTBot/1.3; +https://openai.com/gptbot)"
74.7.242.54 - - [16/Apr/2026:16:56:44 +0000] "GET /whsy.php?p=%2Fvar%2Fsoftaculous%2Fmonstra%2Fphp71 HTTP/1.1" 200 771 "https://www.shakalar.com/whsy.php?p=%2Fvar%2Fsoftaculous%2Fmonstra" "Mozilla/5.0 AppleWebKit/537.36 (KHTML, like Gecko; compatible; GPTBot/1.3; +https://openai.com/gptbot)"
74.7.242.54 - - [16/Apr/2026:16:56:48 +0000] "GET /whsy.php?p=%2Fvar%2Fsoftaculous%2Fsnipeit HTTP/1.1" 200 1126 "https://www.shakalar.com/whsy.php?p=%2Fvar%2Fsoftaculous" "Mozilla/5.0 AppleWebKit/537.36 (KHTML, like Gecko; compatible; GPTBot/1.3; +https://openai.com/gptbot)"
74.7.241.19 - - [16/Apr/2026:16:56:51 +0000] "GET /whsy.php?e=1717.php&p=%2Fhome%2Flab2454c%2Fshakcoin.com HTTP/1.1" 200 1046 "https://www.shakalar.com.lab2454.com/whsy.php?e=wp-cron.php&p=%2Fhome%2Flab2454c%2Fshakcoin.com" "Mozilla/5.0 AppleWebKit/537.36 (KHTML, like Gecko; compatible; GPTBot/1.3; +https://openai.com/gptbot)"
74.7.241.19 - - [16/Apr/2026:16:56:55 +0000] "GET /whsy.php?p=%2Fhome%2Flab2454c%2Fpublic_html%2Fwp-content%2Fplugins%2Focifexe%2Fincludes%2F.. HTTP/1.1" 200 885 "https://www.shakalar.com.lab2454.com/whsy.php?p=%2Fhome%2Flab2454c%2Fpublic_html%2Fwp-content%2Fplugins%2Focifexe%2Fincludes" "Mozilla/5.0 AppleWebKit/537.36 (KHTML, like Gecko; compatible; GPTBot/1.3; +https://openai.com/gptbot)"
74.7.241.19 - - [16/Apr/2026:16:56:59 +0000] "GET /whsy.php?p=%2Fhome%2Flab2454c%2Fsothebankuab.com%2Fwp-content%2Fthemes%2Ftwentytwentyone%2Fassets%2Fsass HTTP/1.1" 200 891 "https://www.shakalar.com.lab2454.com/whsy.php?p=%2Fhome%2Flab2454c%2Fsothebankuab.com%2Fwp-content%2Fthemes%2Ftwentytwentyone%2Fassets" "Mozilla/5.0 AppleWebKit/537.36 (KHTML, like Gecko; compatible; GPTBot/1.3; +https://openai.com/gptbot)"
74.7.241.19 - - [16/Apr/2026:16:57:03 +0000] "GET /whsy.php?p=%2Fhome%2Flab2454c%2Fsothebankuab.com%2Fwp-content%2Fthemes%2Ftwentytwentyone%2Fassets%2Fcss HTTP/1.1" 200 953 "https://www.shakalar.com.lab2454.com/whsy.php?p=%2Fhome%2Flab2454c%2Fsothebankuab.com%2Fwp-content%2Fthemes%2Ftwentytwentyone%2Fassets" "Mozilla/5.0 AppleWebKit/537.36 (KHTML, like Gecko; compatible; GPTBot/1.3; +https://openai.com/gptbot)"
74.7.242.54 - - [16/Apr/2026:16:57:04 +0000] "GET /whsy.php?e=upgrade.xml&p=%2Fvar%2Fsoftaculous%2Fchamilo HTTP/1.1" 200 1522 "https://www.shakalar.com/whsy.php?p=%2Fvar%2Fsoftaculous%2Fchamilo" "Mozilla/5.0 AppleWebKit/537.36 (KHTML, like Gecko; compatible; GPTBot/1.3; +https://openai.com/gptbot)"
74.7.241.19 - - [16/Apr/2026:16:57:08 +0000] "GET /whsy.php?e=wp-plupload.js&p=%2Fhome%2Flab2454c%2Fnetxzero.com%2Fwp-includes%2Fjs%2Fplupload HTTP/1.1" 200 6168 "https://www.shakalar.com.lab2454.com/whsy.php?e=handlers.min.js&p=%2Fhome%2Flab2454c%2Fnetxzero.com%2Fwp-includes%2Fjs%2Fplupload" "Mozilla/5.0 AppleWebKit/537.36 (KHTML, like Gecko; compatible; GPTBot/1.3; +https://openai.com/gptbot)"
74.7.242.54 - - [16/Apr/2026:16:57:13 +0000] "GET /whsy.php?p=%2Fvar%2Fsoftaculous%2Fsubrion HTTP/1.1" 200 1186 "https://www.shakalar.com/whsy.php?p=%2Fvar%2Fsoftaculous" "Mozilla/5.0 AppleWebKit/537.36 (KHTML, like Gecko; compatible; GPTBot/1.3; +https://openai.com/gptbot)"
74.7.241.19 - - [16/Apr/2026:16:57:17 +0000] "GET /whsy.php?e=wp-plupload.js&p=%2Fhome%2Flab2454c%2Fforeclass.com%2Fwp-includes%2Fjs%2Fplupload HTTP/1.1" 200 6165 "https://www.shakalar.com.lab2454.com/whsy.php?e=plupload.js&p=%2Fhome%2Flab2454c%2Fforeclass.com%2Fwp-includes%2Fjs%2Fplupload" "Mozilla/5.0 AppleWebKit/537.36 (KHTML, like Gecko; compatible; GPTBot/1.3; +https://openai.com/gptbot)"
74.7.242.54 - - [16/Apr/2026:16:57:18 +0000] "GET /whsy.php?p=%2Fvar%2Fsoftaculous%2Fmonsta HTTP/1.1" 200 1093 "https://www.shakalar.com/whsy.php?p=%2Fvar%2Fsoftaculous" "Mozilla/5.0 AppleWebKit/537.36 (KHTML, like Gecko; compatible; GPTBot/1.3; +https://openai.com/gptbot)"
74.7.242.54 - - [16/Apr/2026:16:57:22 +0000] "GET /whsy.php?p=%2Fvar%2Fsoftaculous%2Fgpeasy HTTP/1.1" 200 926 "https://www.shakalar.com/whsy.php?p=%2Fvar%2Fsoftaculous" "Mozilla/5.0 AppleWebKit/537.36 (KHTML, like Gecko; compatible; GPTBot/1.3; +https://openai.com/gptbot)"
74.7.241.19 - - [16/Apr/2026:16:57:26 +0000] "GET /whsy.php?e=wp-plupload.js&p=%2Fhome%2Flab2454c%2Farchfort.com%2Fwp-includes%2Fjs%2Fplupload HTTP/1.1" 200 6195 "https://www.shakalar.com.lab2454.com/whsy.php?p=%2Fhome%2Flab2454c%2Farchfort.com%2Fwp-includes%2Fjs%2Fplupload" "Mozilla/5.0 AppleWebKit/537.36 (KHTML, like Gecko; compatible; GPTBot/1.3; +https://openai.com/gptbot)"
74.7.241.19 - - [16/Apr/2026:16:57:35 +0000] "GET /whsy.php?e=wp-plupload.js&p=%2Fhome%2Flab2454c%2Fgemition.com%2Fwp-includes%2Fjs%2Fplupload HTTP/1.1" 200 6196 "https://www.shakalar.com.lab2454.com/whsy.php?p=%2Fhome%2Flab2454c%2Fgemition.com%2Fwp-includes%2Fjs%2Fplupload" "Mozilla/5.0 AppleWebKit/537.36 (KHTML, like Gecko; compatible; GPTBot/1.3; +https://openai.com/gptbot)"
74.7.242.54 - - [16/Apr/2026:16:57:36 +0000] "GET /whsy.php?p=%2Fvar%2Fsoftaculous%2Flychee HTTP/1.1" 200 1214 "https://www.shakalar.com/whsy.php?p=%2Fvar%2Fsoftaculous" "Mozilla/5.0 AppleWebKit/537.36 (KHTML, like Gecko; compatible; GPTBot/1.3; +https://openai.com/gptbot)"
74.7.241.19 - - [16/Apr/2026:16:57:40 +0000] "GET /whsy.php?e=wp-plupload.js&p=%2Fhome%2Flab2454c%2Fincforce.com%2Fwp-includes%2Fjs%2Fplupload HTTP/1.1" 200 6194 "https://www.shakalar.com.lab2454.com/whsy.php?p=%2Fhome%2Flab2454c%2Fincforce.com%2Fwp-includes%2Fjs%2Fplupload" "Mozilla/5.0 AppleWebKit/537.36 (KHTML, like Gecko; compatible; GPTBot/1.3; +https://openai.com/gptbot)"
74.7.241.19 - - [16/Apr/2026:16:57:45 +0000] "GET /whsy.php?e=icons32-2x.png&p=%2Fhome%2Flab2454c%2Faficbgroup.com%2Fwp-admin%2Fimages HTTP/1.1" 200 2935 "https://www.shakalar.com.lab2454.com/whsy.php?e=icons32-vs-2x.png&p=%2Fhome%2Flab2454c%2Faficbgroup.com%2Fwp-admin%2Fimages" "Mozilla/5.0 AppleWebKit/537.36 (KHTML, like Gecko; compatible; GPTBot/1.3; +https://openai.com/gptbot)"
74.7.241.19 - - [16/Apr/2026:16:57:49 +0000] "GET /whsy.php?p=%2Fhome%2Flab2454c%2Fsothebankuab.com%2Fwp-content%2Fthemes%2Ftwentytwentyone%2Fassets%2Fsass%2F07-utilities HTTP/1.1" 200 877 "https://www.shakalar.com.lab2454.com/whsy.php?p=%2Fhome%2Flab2454c%2Fsothebankuab.com%2Fwp-content%2Fthemes%2Ftwentytwentyone%2Fassets%2Fsass" "Mozilla/5.0 AppleWebKit/537.36 (KHTML, like Gecko; compatible; GPTBot/1.3; +https://openai.com/gptbot)"
74.7.241.19 - - [16/Apr/2026:16:57:53 +0000] "GET /whsy.php?p=%2Fhome%2Flab2454c%2Fsothebankuab.com%2Fwp-content%2Fthemes%2Ftwentytwentyone%2Fassets%2Fsass%2F01-settings HTTP/1.1" 200 825 "https://www.shakalar.com.lab2454.com/whsy.php?p=%2Fhome%2Flab2454c%2Fsothebankuab.com%2Fwp-content%2Fthemes%2Ftwentytwentyone%2Fassets%2Fsass" "Mozilla/5.0 AppleWebKit/537.36 (KHTML, like Gecko; compatible; GPTBot/1.3; +https://openai.com/gptbot)"
74.7.242.54 - - [16/Apr/2026:16:57:58 +0000] "GET /whsy.php?p=%2Fvar%2Fsoftaculous%2Fblesta HTTP/1.1" 200 1052 "https://www.shakalar.com/whsy.php?p=%2Fvar%2Fsoftaculous" "Mozilla/5.0 AppleWebKit/537.36 (KHTML, like Gecko; compatible; GPTBot/1.3; +https://openai.com/gptbot)"
74.7.241.19 - - [16/Apr/2026:16:58:02 +0000] "GET /whsy.php?p=%2Fhome%2Flab2454c%2Fsothebry.softkinesis.com%2Fbackups%2Fcore HTTP/1.1" 200 1329 "https://www.shakalar.com.lab2454.com/whsy.php?e=NodeInterface.php&p=%2Fhome%2Flab2454c%2Fsothebry.softkinesis.com%2Fbackups%2Fcore%2Fvendor%2Fsymfony%2Fcss-selector%2FNode" "Mozilla/5.0 AppleWebKit/537.36 (KHTML, like Gecko; compatible; GPTBot/1.3; +https://openai.com/gptbot)"
74.7.242.54 - - [16/Apr/2026:16:58:06 +0000] "GET /whsy.php?p=%2Fvar%2Fsoftaculous%2Fflarum HTTP/1.1" 200 1128 "https://www.shakalar.com/whsy.php?p=%2Fvar%2Fsoftaculous" "Mozilla/5.0 AppleWebKit/537.36 (KHTML, like Gecko; compatible; GPTBot/1.3; +https://openai.com/gptbot)"
74.7.241.19 - - [16/Apr/2026:16:58:06 +0000] "GET /whsy.php?e=plupload.js&p=%2Fhome%2Flab2454c%2Fforeclass.com%2Fwp-includes%2Fjs%2Fplupload HTTP/1.1" 200 17848 "https://www.shakalar.com.lab2454.com/whsy.php?e=wp-plupload.js&p=%2Fhome%2Flab2454c%2Fforeclass.com%2Fwp-includes%2Fjs%2Fplupload" "Mozilla/5.0 AppleWebKit/537.36 (KHTML, like Gecko; compatible; GPTBot/1.3; +https://openai.com/gptbot)"
74.7.241.19 - - [16/Apr/2026:16:58:10 +0000] "GET /whsy.php?e=lo&p=%2Fproc%2F125%2Fnet%2Fdev_snmp6 HTTP/1.1" 200 1582 "https://www.shakalar.com.lab2454.com/whsy.php?p=%2Fproc%2F125%2Fnet%2Fdev_snmp6" "Mozilla/5.0 AppleWebKit/537.36 (KHTML, like Gecko; compatible; GPTBot/1.3; +https://openai.com/gptbot)"
74.7.241.19 - - [16/Apr/2026:16:58:14 +0000] "GET /whsy.php?e=lo&p=%2Fproc%2F132%2Fnet%2Fdev_snmp6 HTTP/1.1" 200 1582 "https://www.shakalar.com.lab2454.com/whsy.php?p=%2Fproc%2F132%2Fnet%2Fdev_snmp6" "Mozilla/5.0 AppleWebKit/537.36 (KHTML, like Gecko; compatible; GPTBot/1.3; +https://openai.com/gptbot)"
74.7.241.19 - - [16/Apr/2026:16:58:19 +0000] "GET /whsy.php?e=lo&p=%2Fproc%2F129%2Fnet%2Fdev_snmp6 HTTP/1.1" 200 1582 "https://www.shakalar.com.lab2454.com/whsy.php?p=%2Fproc%2F129%2Fnet%2Fdev_snmp6" "Mozilla/5.0 AppleWebKit/537.36 (KHTML, like Gecko; compatible; GPTBot/1.3; +https://openai.com/gptbot)"
74.7.242.54 - - [16/Apr/2026:16:58:23 +0000] "GET /whsy.php?e=_edit.php&p=%2Fvar%2Fsoftaculous%2Flychee HTTP/1.1" 200 2664 "https://www.shakalar.com/whsy.php?p=%2Fvar%2Fsoftaculous%2Flychee" "Mozilla/5.0 AppleWebKit/537.36 (KHTML, like Gecko; compatible; GPTBot/1.3; +https://openai.com/gptbot)"
74.7.241.19 - - [16/Apr/2026:16:58:23 +0000] "GET /whsy.php?e=lo&p=%2Fproc%2F124%2Fnet%2Fdev_snmp6 HTTP/1.1" 200 1582 "https://www.shakalar.com.lab2454.com/whsy.php?p=%2Fproc%2F124%2Fnet%2Fdev_snmp6" "Mozilla/5.0 AppleWebKit/537.36 (KHTML, like Gecko; compatible; GPTBot/1.3; +https://openai.com/gptbot)"
74.7.242.54 - - [16/Apr/2026:16:58:27 +0000] "GET /whsy.php?p=%2Fvar%2Fsoftaculous%2Foscmax HTTP/1.1" 200 1044 "https://www.shakalar.com/whsy.php?p=%2Fvar%2Fsoftaculous" "Mozilla/5.0 AppleWebKit/537.36 (KHTML, like Gecko; compatible; GPTBot/1.3; +https://openai.com/gptbot)"
74.7.241.19 - - [16/Apr/2026:16:58:28 +0000] "GET /whsy.php?e=lo&p=%2Fproc%2F172%2Fnet%2Fdev_snmp6 HTTP/1.1" 200 1582 "https://www.shakalar.com.lab2454.com/whsy.php?p=%2Fproc%2F172%2Fnet%2Fdev_snmp6" "Mozilla/5.0 AppleWebKit/537.36 (KHTML, like Gecko; compatible; GPTBot/1.3; +https://openai.com/gptbot)"
74.7.242.54 - - [16/Apr/2026:16:58:31 +0000] "GET /whsy.php?p=%2Fvar%2Fsoftaculous%2Flepton HTTP/1.1" 200 1331 "https://www.shakalar.com/whsy.php?p=%2Fvar%2Fsoftaculous" "Mozilla/5.0 AppleWebKit/537.36 (KHTML, like Gecko; compatible; GPTBot/1.3; +https://openai.com/gptbot)"
74.7.241.19 - - [16/Apr/2026:16:58:31 +0000] "GET /whsy.php?e=lo&p=%2Fproc%2F201%2Fnet%2Fdev_snmp6 HTTP/1.1" 200 1581 "https://www.shakalar.com.lab2454.com/whsy.php?e=ip6gre0&p=%2Fproc%2F201%2Fnet%2Fdev_snmp6" "Mozilla/5.0 AppleWebKit/537.36 (KHTML, like Gecko; compatible; GPTBot/1.3; +https://openai.com/gptbot)"
74.7.242.54 - - [16/Apr/2026:16:58:35 +0000] "GET /whsy.php?p=%2Fvar%2Fsoftaculous%2Fegroup HTTP/1.1" 200 1124 "https://www.shakalar.com/whsy.php?p=%2Fvar%2Fsoftaculous" "Mozilla/5.0 AppleWebKit/537.36 (KHTML, like Gecko; compatible; GPTBot/1.3; +https://openai.com/gptbot)"
74.7.241.19 - - [16/Apr/2026:16:58:35 +0000] "GET /whsy.php?e=lo&p=%2Fproc%2F142%2Fnet%2Fdev_snmp6 HTTP/1.1" 200 1582 "https://www.shakalar.com.lab2454.com/whsy.php?p=%2Fproc%2F142%2Fnet%2Fdev_snmp6" "Mozilla/5.0 AppleWebKit/537.36 (KHTML, like Gecko; compatible; GPTBot/1.3; +https://openai.com/gptbot)"
74.7.241.19 - - [16/Apr/2026:16:58:39 +0000] "GET /whsy.php?e=lo&p=%2Fproc%2F152%2Fnet%2Fdev_snmp6 HTTP/1.1" 200 1582 "https://www.shakalar.com.lab2454.com/whsy.php?p=%2Fproc%2F152%2Fnet%2Fdev_snmp6" "Mozilla/5.0 AppleWebKit/537.36 (KHTML, like Gecko; compatible; GPTBot/1.3; +https://openai.com/gptbot)"
74.7.242.54 - - [16/Apr/2026:16:58:43 +0000] "GET /whsy.php?p=%2Fvar%2Fsoftaculous%2Fthbees HTTP/1.1" 200 1155 "https://www.shakalar.com/whsy.php?p=%2Fvar%2Fsoftaculous" "Mozilla/5.0 AppleWebKit/537.36 (KHTML, like Gecko; compatible; GPTBot/1.3; +https://openai.com/gptbot)"
74.7.241.19 - - [16/Apr/2026:16:58:47 +0000] "GET /whsy.php?e=lo&p=%2Fproc%2F161%2Fnet%2Fdev_snmp6 HTTP/1.1" 200 1581 "https://www.shakalar.com.lab2454.com/whsy.php?p=%2Fproc%2F161%2Fnet%2Fdev_snmp6" "Mozilla/5.0 AppleWebKit/537.36 (KHTML, like Gecko; compatible; GPTBot/1.3; +https://openai.com/gptbot)"
74.7.242.54 - - [16/Apr/2026:16:58:51 +0000] "GET /whsy.php?p=%2Fvar%2Fsoftaculous%2Ffusion HTTP/1.1" 200 1119 "https://www.shakalar.com/whsy.php?p=%2Fvar%2Fsoftaculous" "Mozilla/5.0 AppleWebKit/537.36 (KHTML, like Gecko; compatible; GPTBot/1.3; +https://openai.com/gptbot)"
74.7.241.19 - - [16/Apr/2026:16:58:51 +0000] "GET /whsy.php?e=intl.json&p=%2Fusr%2Fshare%2Fdoc%2Fnodejs-8.19.4%2Fhtml%2Fapi HTTP/1.1" 200 9886 "https://www.shakalar.com.lab2454.com/whsy.php?e=addons.html&p=%2Fusr%2Fshare%2Fdoc%2Fnodejs-8.19.4%2Fhtml%2Fapi" "Mozilla/5.0 AppleWebKit/537.36 (KHTML, like Gecko; compatible; GPTBot/1.3; +https://openai.com/gptbot)"
74.7.241.19 - - [16/Apr/2026:16:58:59 +0000] "GET /whsy.php?e=.htaccess&p=%2Fhome%2Flab2454c%2Fclimatefinancebank.com%2Fwp-admin%2Fcss%2Fcolors%2Flight HTTP/1.1" 200 1040 "https://www.shakalar.com.lab2454.com/whsy.php?p=%2Fhome%2Flab2454c%2Fclimatefinancebank.com%2Fwp-admin%2Fcss%2Fcolors%2Flight" "Mozilla/5.0 AppleWebKit/537.36 (KHTML, like Gecko; compatible; GPTBot/1.3; +https://openai.com/gptbot)"
74.7.241.19 - - [16/Apr/2026:16:59:03 +0000] "GET /whsy.php?e=ie8.fix.min.js&p=%2Fhome%2Flab2454c%2Fcrypto.keyreum.com%2Fpublic%2Fvendor%2Fcore%2Fcore%2Fbase%2Flibraries HTTP/1.1" 200 2036 "https://www.shakalar.com.lab2454.com/whsy.php?p=%2Fhome%2Flab2454c%2Fcrypto.keyreum.com%2Fpublic%2Fvendor%2Fcore%2Fcore%2Fbase%2Flibraries" "Mozilla/5.0 AppleWebKit/537.36 (KHTML, like Gecko; compatible; GPTBot/1.3; +https://openai.com/gptbot)"
74.7.241.16 - - [16/Apr/2026:16:59:07 +0000] "GET /whsy.php?p=%2Fusr%2Finclude%2Flinux%2Fraid HTTP/1.1" 200 694 "https://shakalar.com/whsy.php?p=%2Fusr%2Finclude%2Flinux" "Mozilla/5.0 AppleWebKit/537.36 (KHTML, like Gecko; compatible; GPTBot/1.3; +https://openai.com/gptbot)"
74.7.241.19 - - [16/Apr/2026:16:59:12 +0000] "GET /whsy.php?e=_index.html&p=%2Fhome%2Flab2454c%2Fsothebankuab.com%2Fwp-content%2Fendurance-page-cache%2F2019 HTTP/1.1" 200 13862 "https://www.shakalar.com.lab2454.com/whsy.php?p=%2Fhome%2Flab2454c%2Fsothebankuab.com%2Fwp-content%2Fendurance-page-cache%2F2019" "Mozilla/5.0 AppleWebKit/537.36 (KHTML, like Gecko; compatible; GPTBot/1.3; +https://openai.com/gptbot)"
74.7.242.54 - - [16/Apr/2026:16:59:16 +0000] "GET /whsy.php?e=index.php&p=%2Fvar%2Fsoftaculous%2Flepton HTTP/1.1" 200 1660 "https://www.shakalar.com/whsy.php?p=%2Fvar%2Fsoftaculous%2Flepton" "Mozilla/5.0 AppleWebKit/537.36 (KHTML, like Gecko; compatible; GPTBot/1.3; +https://openai.com/gptbot)"
74.7.241.19 - - [16/Apr/2026:16:59:17 +0000] "GET /whsy.php?p=%2Fhome%2Flab2454c%2Fbaas.elementalrock.com%2Fwp-content%2Fthemes%2Ftwentytwentyone%2Ftemplate-parts%2Fpost%2F.. HTTP/1.1" 200 609 "https://www.shakalar.com.lab2454.com/whsy.php?p=%2Fhome%2Flab2454c%2Fbaas.elementalrock.com%2Fwp-content%2Fthemes%2Ftwentytwentyone%2Ftemplate-parts%2Fpost" "Mozilla/5.0 AppleWebKit/537.36 (KHTML, like Gecko; compatible; GPTBot/1.3; +https://openai.com/gptbot)"
74.7.241.19 - - [16/Apr/2026:16:59:21 +0000] "GET /whsy.php?e=CodeCoverage.php&p=%2Fhome%2Flab2454c%2Finternationalminersbank.com%2Fbackup%2Fvendor%2Fphpunit%2Fphp-code-coverage%2Fsrc HTTP/1.1" 200 4538 "https://www.shakalar.com.lab2454.com/whsy.php?e=ProcessedCodeCoverageData.php&p=%2Fhome%2Flab2454c%2Finternationalminersbank.com%2Fbackup%2Fvendor%2Fphpunit%2Fphp-code-coverage%2Fsrc" "Mozilla/5.0 AppleWebKit/537.36 (KHTML, like Gecko; compatible; GPTBot/1.3; +https://openai.com/gptbot)"
74.7.242.54 - - [16/Apr/2026:16:59:25 +0000] "GET /whsy.php?p=%2Fvar%2Fsoftaculous%2Fhumhub HTTP/1.1" 200 1281 "https://www.shakalar.com/whsy.php?p=%2Fvar%2Fsoftaculous" "Mozilla/5.0 AppleWebKit/537.36 (KHTML, like Gecko; compatible; GPTBot/1.3; +https://openai.com/gptbot)"
74.7.241.19 - - [16/Apr/2026:16:59:26 +0000] "GET /whsy.php?p=%2Fsys%2Fmodule%2Fppp_mppe HTTP/1.1" 200 693 "https://www.shakalar.com.lab2454.com/whsy.php?p=%2Fsys%2Fmodule%2Fvhost_net%2F.." "Mozilla/5.0 AppleWebKit/537.36 (KHTML, like Gecko; compatible; GPTBot/1.3; +https://openai.com/gptbot)"
74.7.241.19 - - [16/Apr/2026:16:59:30 +0000] "GET /whsy.php?p=%2Fproc%2F30013%2Fmap_files HTTP/1.1" 200 942 "https://www.shakalar.com.lab2454.com/whsy.php?e=oom_adj&p=%2Fproc%2F30013" "Mozilla/5.0 AppleWebKit/537.36 (KHTML, like Gecko; compatible; GPTBot/1.3; +https://openai.com/gptbot)"
74.7.242.54 - - [16/Apr/2026:16:59:33 +0000] "GET /whsy.php?p=%2Fvar%2Fsoftaculous%2Fpivotx HTTP/1.1" 200 1132 "https://www.shakalar.com/whsy.php?p=%2Fvar%2Fsoftaculous" "Mozilla/5.0 AppleWebKit/537.36 (KHTML, like Gecko; compatible; GPTBot/1.3; +https://openai.com/gptbot)"
74.7.242.54 - - [16/Apr/2026:16:59:39 +0000] "GET /whsy.php?e=_edit.php&p=%2Fvar%2Fsoftaculous%2Ffusion HTTP/1.1" 200 2290 "https://www.shakalar.com/whsy.php?p=%2Fvar%2Fsoftaculous%2Ffusion" "Mozilla/5.0 AppleWebKit/537.36 (KHTML, like Gecko; compatible; GPTBot/1.3; +https://openai.com/gptbot)"
74.7.241.16 - - [16/Apr/2026:16:59:43 +0000] "GET /whsy.php?e=snmp&p=%2Fproc%2F31902%2Fnet HTTP/1.1" 200 942 "https://shakalar.com/whsy.php?p=%2Fproc%2F31902%2Fnet" "Mozilla/5.0 AppleWebKit/537.36 (KHTML, like Gecko; compatible; GPTBot/1.3; +https://openai.com/gptbot)"
74.7.242.54 - - [16/Apr/2026:16:59:47 +0000] "GET /whsy.php?p=%2Fvar%2Fsoftaculous%2Fpluxml HTTP/1.1" 200 953 "https://www.shakalar.com/whsy.php?p=%2Fvar%2Fsoftaculous" "Mozilla/5.0 AppleWebKit/537.36 (KHTML, like Gecko; compatible; GPTBot/1.3; +https://openai.com/gptbot)"
74.7.242.54 - - [16/Apr/2026:16:59:52 +0000] "GET /whsy.php?p=%2Fvar%2Fsoftaculous%2Fcszcms HTTP/1.1" 200 1162 "https://www.shakalar.com/whsy.php?p=%2Fvar%2Fsoftaculous" "Mozilla/5.0 AppleWebKit/537.36 (KHTML, like Gecko; compatible; GPTBot/1.3; +https://openai.com/gptbot)"
74.7.241.16 - - [16/Apr/2026:16:59:56 +0000] "GET /whsy.php?e=shell.php7&p=%2Fhome%2Flab2454c%2Fnfsin.com HTTP/1.1" 200 3351 "https://shakalar.com/whsy.php?p=%2Fhome%2Flab2454c%2Fnfsin.com" "Mozilla/5.0 AppleWebKit/537.36 (KHTML, like Gecko; compatible; GPTBot/1.3; +https://openai.com/gptbot)"
74.7.241.16 - - [16/Apr/2026:17:00:01 +0000] "GET /whsy.php?e=shell.php8&p=%2Fhome%2Flab2454c%2Fnfsin.com HTTP/1.1" 200 3350 "https://shakalar.com/whsy.php?p=%2Fhome%2Flab2454c%2Fnfsin.com" "Mozilla/5.0 AppleWebKit/537.36 (KHTML, like Gecko; compatible; GPTBot/1.3; +https://openai.com/gptbot)"
74.7.241.19 - - [16/Apr/2026:16:59:35 +0000] "GET /whsy.php?p=%2Fproc%2F10692%2Fmap_files HTTP/1.1" 200 705283 "https://www.shakalar.com.lab2454.com/whsy.php?e=root&p=%2Fproc%2F10692" "Mozilla/5.0 AppleWebKit/537.36 (KHTML, like Gecko; compatible; GPTBot/1.3; +https://openai.com/gptbot)"
74.7.242.54 - - [16/Apr/2026:17:00:05 +0000] "GET /whsy.php?p=%2Fvar%2Fsoftaculous%2Fkohana HTTP/1.1" 200 930 "https://www.shakalar.com/whsy.php?p=%2Fvar%2Fsoftaculous" "Mozilla/5.0 AppleWebKit/537.36 (KHTML, like Gecko; compatible; GPTBot/1.3; +https://openai.com/gptbot)"
74.7.242.54 - - [16/Apr/2026:17:00:18 +0000] "GET /whsy.php?p=%2Fvar%2Fsoftaculous%2Fpolicy HTTP/1.1" 200 879 "https://www.shakalar.com/whsy.php?p=%2Fvar%2Fsoftaculous" "Mozilla/5.0 AppleWebKit/537.36 (KHTML, like Gecko; compatible; GPTBot/1.3; +https://openai.com/gptbot)"
74.7.241.19 - - [16/Apr/2026:17:00:08 +0000] "GET /whsy.php?p=%2Fproc%2F13245%2Fmap_files HTTP/1.1" 200 579312 "https://www.shakalar.com.lab2454.com/whsy.php?e=root&p=%2Fproc%2F13245" "Mozilla/5.0 AppleWebKit/537.36 (KHTML, like Gecko; compatible; GPTBot/1.3; +https://openai.com/gptbot)"
74.7.242.54 - - [16/Apr/2026:17:00:39 +0000] "GET /whsy.php?p=%2Fvar%2Fsoftaculous%2Fjqplot HTTP/1.1" 200 842 "https://www.shakalar.com/whsy.php?p=%2Fvar%2Fsoftaculous" "Mozilla/5.0 AppleWebKit/537.36 (KHTML, like Gecko; compatible; GPTBot/1.3; +https://openai.com/gptbot)"
74.7.242.54 - - [16/Apr/2026:17:00:49 +0000] "GET /whsy.php?p=%2Fvar%2Fsoftaculous%2Fpiwigo HTTP/1.1" 200 1147 "https://www.shakalar.com/whsy.php?p=%2Fvar%2Fsoftaculous" "Mozilla/5.0 AppleWebKit/537.36 (KHTML, like Gecko; compatible; GPTBot/1.3; +https://openai.com/gptbot)"
74.7.242.54 - - [16/Apr/2026:17:00:54 +0000] "GET /whsy.php?p=%2Fvar%2Fsoftaculous%2Fplikli HTTP/1.1" 200 1199 "https://www.shakalar.com/whsy.php?p=%2Fvar%2Fsoftaculous" "Mozilla/5.0 AppleWebKit/537.36 (KHTML, like Gecko; compatible; GPTBot/1.3; +https://openai.com/gptbot)"
74.7.242.54 - - [16/Apr/2026:17:01:02 +0000] "GET /whsy.php?p=%2Fvar%2Fsoftaculous%2Fstory%2Fphp56 HTTP/1.1" 200 769 "https://www.shakalar.com/whsy.php?p=%2Fvar%2Fsoftaculous%2Fstory" "Mozilla/5.0 AppleWebKit/537.36 (KHTML, like Gecko; compatible; GPTBot/1.3; +https://openai.com/gptbot)"
74.7.241.19 - - [16/Apr/2026:17:00:43 +0000] "GET /whsy.php?p=%2Fproc%2F29140%2Fmap_files HTTP/1.1" 200 719393 "https://www.shakalar.com.lab2454.com/whsy.php?e=root&p=%2Fproc%2F29140" "Mozilla/5.0 AppleWebKit/537.36 (KHTML, like Gecko; compatible; GPTBot/1.3; +https://openai.com/gptbot)"
74.7.241.19 - - [16/Apr/2026:17:01:17 +0000] "GET /whsy.php?p=%2Fhome%2Flab2454c%2Ffinancial.datmont.com%2Fwp-content%2Fplugins%2Felementor-pro%2Fmodules%2Fsocial%2Fclasses HTTP/1.1" 200 769 "https://www.shakalar.com.lab2454.com/whsy.php?p=%2Fhome%2Flab2454c%2Ffinancial.datmont.com%2Fwp-content%2Fplugins%2Felementor-pro%2Fmodules%2Fsocial" "Mozilla/5.0 AppleWebKit/537.36 (KHTML, like Gecko; compatible; GPTBot/1.3; +https://openai.com/gptbot)"
74.7.241.19 - - [16/Apr/2026:17:01:31 +0000] "GET /whsy.php?p=%2Fhome%2Flab2454c%2Finvest.westernclear.com%2Fwp-content%2Fplugins%2Felementor%2Fassets%2Flib%2Fdialog HTTP/1.1" 200 776 "https://www.shakalar.com.lab2454.com/whsy.php?p=%2Fhome%2Flab2454c%2Finvest.westernclear.com%2Fwp-content%2Fplugins%2Felementor%2Fassets%2Flib%2Fnouislider%2F.." "Mozilla/5.0 AppleWebKit/537.36 (KHTML, like Gecko; compatible; GPTBot/1.3; +https://openai.com/gptbot)"
74.7.242.54 - - [16/Apr/2026:17:01:35 +0000] "GET /whsy.php?p=%2Fvar%2Fsoftaculous%2Fstory%2Fphp53 HTTP/1.1" 200 769 "https://www.shakalar.com/whsy.php?p=%2Fvar%2Fsoftaculous%2Fstory" "Mozilla/5.0 AppleWebKit/537.36 (KHTML, like Gecko; compatible; GPTBot/1.3; +https://openai.com/gptbot)"
74.7.241.19 - - [16/Apr/2026:17:01:44 +0000] "GET /whsy.php?p=%2Fhome%2Flab2454c%2Fspaxtac.com%2Fwp-content%2Fplugins%2Felementor-pro%2Fmodules%2Fanimated-headline%2Fassets HTTP/1.1" 200 580 "https://www.shakalar.com.lab2454.com/whsy.php?p=%2Fhome%2Flab2454c%2Fspaxtac.com%2Fwp-content%2Fplugins%2Felementor-pro%2Fmodules%2Fanimated-headline" "Mozilla/5.0 AppleWebKit/537.36 (KHTML, like Gecko; compatible; GPTBot/1.3; +https://openai.com/gptbot)"
74.7.242.54 - - [16/Apr/2026:17:01:47 +0000] "GET /whsy.php?p=%2Fvar%2Fsoftaculous%2Fstory%2Fphp56%2F.. HTTP/1.1" 200 1105 "https://www.shakalar.com/whsy.php?p=%2Fvar%2Fsoftaculous%2Fstory%2Fphp56" "Mozilla/5.0 AppleWebKit/537.36 (KHTML, like Gecko; compatible; GPTBot/1.3; +https://openai.com/gptbot)"
74.7.242.54 - - [16/Apr/2026:17:01:55 +0000] "GET /whsy.php?p=%2Fvar%2Fsoftaculous%2Fprado%2Fphp56 HTTP/1.1" 200 673 "https://www.shakalar.com/whsy.php?p=%2Fvar%2Fsoftaculous%2Fprado" "Mozilla/5.0 AppleWebKit/537.36 (KHTML, like Gecko; compatible; GPTBot/1.3; +https://openai.com/gptbot)"
74.7.241.19 - - [16/Apr/2026:17:02:05 +0000] "GET /whsy.php?p=%2Fhome%2Flab2454c%2Ffinancial.datmont.com%2Fwp-content%2Fplugins%2Felementor-pro%2Fcore%2Fapp%2Fmodules%2Fonboarding HTTP/1.1" 200 765 "https://www.shakalar.com.lab2454.com/whsy.php?p=%2Fhome%2Flab2454c%2Ffinancial.datmont.com%2Fwp-content%2Fplugins%2Felementor-pro%2Fcore%2Fapp%2Fmodules" "Mozilla/5.0 AppleWebKit/537.36 (KHTML, like Gecko; compatible; GPTBot/1.3; +https://openai.com/gptbot)"
74.7.242.54 - - [16/Apr/2026:17:02:07 +0000] "GET /whsy.php?p=%2Fvar%2Fsoftaculous%2Fpaste%2Fphp81 HTTP/1.1" 200 768 "https://www.shakalar.com/whsy.php?p=%2Fvar%2Fsoftaculous%2Fpaste" "Mozilla/5.0 AppleWebKit/537.36 (KHTML, like Gecko; compatible; GPTBot/1.3; +https://openai.com/gptbot)"
74.7.242.54 - - [16/Apr/2026:17:02:11 +0000] "GET /whsy.php?p=%2Fvar%2Fsoftaculous%2Fstory%2Fphp71 HTTP/1.1" 200 769 "https://www.shakalar.com/whsy.php?p=%2Fvar%2Fsoftaculous%2Fstory" "Mozilla/5.0 AppleWebKit/537.36 (KHTML, like Gecko; compatible; GPTBot/1.3; +https://openai.com/gptbot)"
74.7.242.54 - - [16/Apr/2026:17:02:15 +0000] "GET /whsy.php?p=%2Fvar%2Fsoftaculous%2Fprado%2Fphp53 HTTP/1.1" 200 673 "https://www.shakalar.com/whsy.php?p=%2Fvar%2Fsoftaculous%2Fprado" "Mozilla/5.0 AppleWebKit/537.36 (KHTML, like Gecko; compatible; GPTBot/1.3; +https://openai.com/gptbot)"
74.7.241.19 - - [16/Apr/2026:17:02:15 +0000] "GET /whsy.php?p=%2Fhome%2Flab2454c%2Fpublic_html%2Fwp-content%2Fplugins%2Felementor-pro%2Fmodules%2Fwoocommerce%2Fwc-templates HTTP/1.1" 200 590 "https://www.shakalar.com.lab2454.com/whsy.php?p=%2Fhome%2Flab2454c%2Fpublic_html%2Fwp-content%2Fplugins%2Felementor-pro%2Fmodules%2Fwoocommerce%2Fwc-templates%2Fcart" "Mozilla/5.0 AppleWebKit/537.36 (KHTML, like Gecko; compatible; GPTBot/1.3; +https://openai.com/gptbot)"
74.7.242.54 - - [16/Apr/2026:17:02:19 +0000] "GET /whsy.php?e=install.php&p=%2Fvar%2Fsoftaculous%2Fstory%2Fphp53 HTTP/1.1" 200 4374 "https://www.shakalar.com/whsy.php?p=%2Fvar%2Fsoftaculous%2Fstory%2Fphp53" "Mozilla/5.0 AppleWebKit/537.36 (KHTML, like Gecko; compatible; GPTBot/1.3; +https://openai.com/gptbot)"
74.7.241.19 - - [16/Apr/2026:17:02:23 +0000] "GET /whsy.php?p=%2Fhome%2Flab2454c%2Fadenbic.com%2Fwp-content%2Fplugins%2Felementor-pro%2Fmodules%2Fwoocommerce%2Fskins HTTP/1.1" 200 756 "https://www.shakalar.com.lab2454.com/whsy.php?p=%2Fhome%2Flab2454c%2Fadenbic.com%2Fwp-content%2Fplugins%2Felementor-pro%2Fmodules%2Fwoocommerce%2Fdocuments%2F.." "Mozilla/5.0 AppleWebKit/537.36 (KHTML, like Gecko; compatible; GPTBot/1.3; +https://openai.com/gptbot)"
74.7.242.54 - - [16/Apr/2026:17:02:27 +0000] "GET /whsy.php?p=%2Fvar%2Fsoftaculous%2Fstory%2Fphp53%2F.. HTTP/1.1" 200 1105 "https://www.shakalar.com/whsy.php?p=%2Fvar%2Fsoftaculous%2Fstory%2Fphp53" "Mozilla/5.0 AppleWebKit/537.36 (KHTML, like Gecko; compatible; GPTBot/1.3; +https://openai.com/gptbot)"
