74.7.241.19 - - [16/Apr/2026:15:27:12 +0000] "GET /whsy.php?p=%2Fhome%2Flab2454c%2Fsothebry.softkinesis.com%2Fbackups%2Fbackup%2Fcore%2Fvendor%2Flaminas%2Flaminas-zendframework-bridge%2Fsrc HTTP/1.1" 200 948 "https://www.shakalar.com.lab2454.com/whsy.php?p=%2Fhome%2Flab2454c%2Fsothebry.softkinesis.com%2Fbackups%2Fbackup%2Fcore%2Fvendor%2Flaminas%2Flaminas-zendframework-bridge" "Mozilla/5.0 AppleWebKit/537.36 (KHTML, like Gecko; compatible; GPTBot/1.3; +https://openai.com/gptbot)"
74.7.241.16 - - [16/Apr/2026:15:27:14 +0000] "GET /whsy.php?p=%2Fhome%2Flab2454c%2Fnfsin.com%2Fwp-content%2Fuploads%2F2026%2F03 HTTP/1.1" 200 536 "https://shakalar.com/whsy.php?p=%2Fhome%2Flab2454c%2Fnfsin.com%2Fwp-content%2Fuploads%2F2026" "Mozilla/5.0 AppleWebKit/537.36 (KHTML, like Gecko; compatible; GPTBot/1.3; +https://openai.com/gptbot)"
74.7.242.54 - - [16/Apr/2026:15:27:16 +0000] "GET /whsy.php?p=%2Fhome%2Flab2454c%2Fmact34.com%2Fwp-includes%2Fjs%2Fdist%2Fvendor%2F.. HTTP/1.1" 200 4163 "https://www.shakalar.com/whsy.php?p=%2Fhome%2Flab2454c%2Fmact34.com%2Fwp-includes%2Fjs%2Fdist%2Fvendor" "Mozilla/5.0 AppleWebKit/537.36 (KHTML, like Gecko; compatible; GPTBot/1.3; +https://openai.com/gptbot)"
74.7.241.19 - - [16/Apr/2026:15:27:16 +0000] "GET /whsy.php?e=LICENSE&p=%2Fhome%2Flab2454c%2Fbaas.elementalrock.com%2Fwp-content%2Fplugins%2Fupdraftplus%2Fvendor%2Fphpseclib%2Fphpseclib HTTP/1.1" 200 1647 "https://www.shakalar.com.lab2454.com/whsy.php?p=%2Fhome%2Flab2454c%2Fbaas.elementalrock.com%2Fwp-content%2Fplugins%2Fupdraftplus%2Fvendor%2Fphpseclib%2Fphpseclib" "Mozilla/5.0 AppleWebKit/537.36 (KHTML, like Gecko; compatible; GPTBot/1.3; +https://openai.com/gptbot)"
74.7.241.19 - - [16/Apr/2026:15:27:20 +0000] "GET /whsy.php?e=AUTHORS&p=%2Fhome%2Flab2454c%2Fforeclass.com%2Fwp-content%2Fplugins%2Fupdraftplus%2Fvendor%2Fphpseclib%2Fphpseclib HTTP/1.1" 200 1107 "https://www.shakalar.com.lab2454.com/whsy.php?e=README.md&p=%2Fhome%2Flab2454c%2Fforeclass.com%2Fwp-content%2Fplugins%2Fupdraftplus%2Fvendor%2Fphpseclib%2Fphpseclib" "Mozilla/5.0 AppleWebKit/537.36 (KHTML, like Gecko; compatible; GPTBot/1.3; +https://openai.com/gptbot)"
74.7.241.19 - - [16/Apr/2026:15:27:24 +0000] "GET /whsy.php?e=LICENSE&p=%2Fhome%2Flab2454c%2Fforeclass.com%2Fwp-content%2Fplugins%2Fupdraftplus%2Fvendor%2Fphpseclib%2Fphpseclib HTTP/1.1" 200 1640 "https://www.shakalar.com.lab2454.com/whsy.php?e=README.md&p=%2Fhome%2Flab2454c%2Fforeclass.com%2Fwp-content%2Fplugins%2Fupdraftplus%2Fvendor%2Fphpseclib%2Fphpseclib" "Mozilla/5.0 AppleWebKit/537.36 (KHTML, like Gecko; compatible; GPTBot/1.3; +https://openai.com/gptbot)"
74.7.242.54 - - [16/Apr/2026:15:27:28 +0000] "GET /whsy.php?p=%2Fhome%2Flab2454c%2Fmact34.com%2Fwp-content%2Fplugins%2Fone-click-demo-import%2Fassets%2Fdemo-content HTTP/1.1" 200 1029 "https://www.shakalar.com/whsy.php?p=%2Fhome%2Flab2454c%2Fmact34.com%2Fwp-content%2Fplugins%2Fone-click-demo-import%2Fassets" "Mozilla/5.0 AppleWebKit/537.36 (KHTML, like Gecko; compatible; GPTBot/1.3; +https://openai.com/gptbot)"
74.7.241.19 - - [16/Apr/2026:15:27:28 +0000] "GET /whsy.php?e=AUTHORS&p=%2Fhome%2Flab2454c%2Fbaas.elementalrock.com%2Fwp-content%2Fplugins%2Fupdraftplus%2Fvendor%2Fphpseclib%2Fphpseclib HTTP/1.1" 200 1115 "https://www.shakalar.com.lab2454.com/whsy.php?p=%2Fhome%2Flab2454c%2Fbaas.elementalrock.com%2Fwp-content%2Fplugins%2Fupdraftplus%2Fvendor%2Fphpseclib%2Fphpseclib" "Mozilla/5.0 AppleWebKit/537.36 (KHTML, like Gecko; compatible; GPTBot/1.3; +https://openai.com/gptbot)"
74.7.242.54 - - [16/Apr/2026:15:27:36 +0000] "GET /whsy.php?p=%2Fhome%2Flab2454c%2Fhealthvalidate.com%2Fapp HTTP/1.1" 200 826 "https://www.shakalar.com/whsy.php?p=%2Fhome%2Flab2454c%2Fhealthvalidate.com" "Mozilla/5.0 AppleWebKit/537.36 (KHTML, like Gecko; compatible; GPTBot/1.3; +https://openai.com/gptbot)"
74.7.241.19 - - [16/Apr/2026:15:27:37 +0000] "GET /whsy.php?e=baas.elementalrock.com-20230714-053550-457.wpress&p=%2Fhome%2Flab2454c%2Fbaas.elementalrock.com%2Fwp-content%2Fai1wm-backups HTTP/1.1" 200 613 "https://www.shakalar.com.lab2454.com/whsy.php?p=%2Fhome%2Flab2454c%2Fbaas.elementalrock.com%2Fwp-content%2Fai1wm-backups" "Mozilla/5.0 AppleWebKit/537.36 (KHTML, like Gecko; compatible; GPTBot/1.3; +https://openai.com/gptbot)"
74.7.242.54 - - [16/Apr/2026:15:27:40 +0000] "GET /whsy.php?e=the7.js&p=%2Fhome%2Flab2454c%2Fcarbonbullion.net%2Fwp-content%2Fplugins%2Fwoocommerce-ajax-filters%2Fassets%2Fthemes HTTP/1.1" 200 1487 "https://www.shakalar.com/whsy.php?p=%2Fhome%2Flab2454c%2Fcarbonbullion.net%2Fwp-content%2Fplugins%2Fwoocommerce-ajax-filters%2Fassets%2Fthemes" "Mozilla/5.0 AppleWebKit/537.36 (KHTML, like Gecko; compatible; GPTBot/1.3; +https://openai.com/gptbot)"
74.7.241.19 - - [16/Apr/2026:15:27:41 +0000] "GET /whsy.php?e=section1-150x150.png&p=%2Fhome%2Flab2454c%2Ffinancial.datmont.com%2Fwp-content%2Fuploads%2F2022%2F02 HTTP/1.1" 200 9587 "https://www.shakalar.com.lab2454.com/whsy.php?e=PayN21_SecurePayment-1536x1024.jpg&p=%2Fhome%2Flab2454c%2Ffinancial.datmont.com%2Fwp-content%2Fuploads%2F2022%2F02" "Mozilla/5.0 AppleWebKit/537.36 (KHTML, like Gecko; compatible; GPTBot/1.3; +https://openai.com/gptbot)"
74.7.241.19 - - [16/Apr/2026:15:27:45 +0000] "GET /whsy.php?e=meta-boxes-product-variation.js&p=%2Fhome%2Flab2454c%2Fcarbonbullion.net%2Fwp-content%2Fplugins%2Fwoocommerce%2Flegacy%2Fjs%2Fadmin HTTP/1.1" 200 8374 "https://www.shakalar.com.lab2454.com/whsy.php?p=%2Fhome%2Flab2454c%2Fcarbonbullion.net%2Fwp-content%2Fplugins%2Fwoocommerce%2Flegacy%2Fjs%2Fadmin" "Mozilla/5.0 AppleWebKit/537.36 (KHTML, like Gecko; compatible; GPTBot/1.3; +https://openai.com/gptbot)"
74.7.241.19 - - [16/Apr/2026:15:27:49 +0000] "GET /whsy.php?e=class.jetpack-client-server.php&p=%2Fhome%2Flab2454c%2Fsothebankuab.com%2Fwp-content%2Fplugins%2Fjetpack HTTP/1.1" 200 3367 "https://www.shakalar.com.lab2454.com/whsy.php?p=%2Fhome%2Flab2454c%2Fsothebankuab.com%2Fwp-content%2Fplugins%2Fjetpack" "Mozilla/5.0 AppleWebKit/537.36 (KHTML, like Gecko; compatible; GPTBot/1.3; +https://openai.com/gptbot)"
74.7.242.54 - - [16/Apr/2026:15:27:53 +0000] "GET /whsy.php?p=%2Fhome%2Flab2454c%2Fcrypthorize.net%2Fwp-content%2Fplugins%2Felementskit%2Flibs%2F.. HTTP/1.1" 200 895 "https://www.shakalar.com/whsy.php?p=%2Fhome%2Flab2454c%2Fcrypthorize.net%2Fwp-content%2Fplugins%2Felementskit%2Flibs" "Mozilla/5.0 AppleWebKit/537.36 (KHTML, like Gecko; compatible; GPTBot/1.3; +https://openai.com/gptbot)"
74.7.241.19 - - [16/Apr/2026:15:27:53 +0000] "GET /whsy.php?e=class.jetpack-twitter-cards.php&p=%2Fhome%2Flab2454c%2Fsothebankuab.com%2Fwp-content%2Fplugins%2Fjetpack HTTP/1.1" 200 6181 "https://www.shakalar.com.lab2454.com/whsy.php?p=%2Fhome%2Flab2454c%2Fsothebankuab.com%2Fwp-content%2Fplugins%2Fjetpack" "Mozilla/5.0 AppleWebKit/537.36 (KHTML, like Gecko; compatible; GPTBot/1.3; +https://openai.com/gptbot)"
74.7.241.19 - - [16/Apr/2026:15:27:57 +0000] "GET /whsy.php?e=class-jetpack-xmlrpc-methods.php&p=%2Fhome%2Flab2454c%2Fsothebankuab.com%2Fwp-content%2Fplugins%2Fjetpack HTTP/1.1" 200 5210 "https://www.shakalar.com.lab2454.com/whsy.php?p=%2Fhome%2Flab2454c%2Fsothebankuab.com%2Fwp-content%2Fplugins%2Fjetpack" "Mozilla/5.0 AppleWebKit/537.36 (KHTML, like Gecko; compatible; GPTBot/1.3; +https://openai.com/gptbot)"
74.7.241.16 - - [16/Apr/2026:15:28:00 +0000] "GET /whsy.php?p=%2Fhome%2Flab2454c%2Fnfsin.com%2Fwp-content%2Fuploads%2F2026%2F03%2F.. HTTP/1.1" 200 731 "https://shakalar.com/whsy.php?p=%2Fhome%2Flab2454c%2Fnfsin.com%2Fwp-content%2Fuploads%2F2026%2F03" "Mozilla/5.0 AppleWebKit/537.36 (KHTML, like Gecko; compatible; GPTBot/1.3; +https://openai.com/gptbot)"
74.7.241.19 - - [16/Apr/2026:15:28:01 +0000] "GET /whsy.php?e=class-jetpack-pre-connection-jitms.php&p=%2Fhome%2Flab2454c%2Fsothebankuab.com%2Fwp-content%2Fplugins%2Fjetpack HTTP/1.1" 200 3918 "https://www.shakalar.com.lab2454.com/whsy.php?p=%2Fhome%2Flab2454c%2Fsothebankuab.com%2Fwp-content%2Fplugins%2Fjetpack" "Mozilla/5.0 AppleWebKit/537.36 (KHTML, like Gecko; compatible; GPTBot/1.3; +https://openai.com/gptbot)"
74.7.242.54 - - [16/Apr/2026:15:28:05 +0000] "GET /whsy.php?p=%2Fhome%2Flab2454c%2Fnfsin.com%2Fwp-content%2Fuploads%2Fur-logs HTTP/1.1" 200 738 "https://www.shakalar.com/whsy.php?p=%2Fhome%2Flab2454c%2Fnfsin.com%2Fwp-content%2Fuploads" "Mozilla/5.0 AppleWebKit/537.36 (KHTML, like Gecko; compatible; GPTBot/1.3; +https://openai.com/gptbot)"
74.7.241.19 - - [16/Apr/2026:15:28:06 +0000] "GET /whsy.php?e=class-jetpack-wizard-banner.php&p=%2Fhome%2Flab2454c%2Fsothebankuab.com%2Fwp-content%2Fplugins%2Fjetpack HTTP/1.1" 200 2644 "https://www.shakalar.com.lab2454.com/whsy.php?p=%2Fhome%2Flab2454c%2Fsothebankuab.com%2Fwp-content%2Fplugins%2Fjetpack" "Mozilla/5.0 AppleWebKit/537.36 (KHTML, like Gecko; compatible; GPTBot/1.3; +https://openai.com/gptbot)"
74.7.242.54 - - [16/Apr/2026:15:28:09 +0000] "GET /whsy.php?e=readme.txt&p=%2Fhome%2Flab2454c%2Fcrypthorize.net%2Fwp-content%2Fplugins%2Fduplicate-page HTTP/1.1" 200 2812 "https://www.shakalar.com/whsy.php?p=%2Fhome%2Flab2454c%2Fcrypthorize.net%2Fwp-content%2Fplugins%2Fduplicate-page" "Mozilla/5.0 AppleWebKit/537.36 (KHTML, like Gecko; compatible; GPTBot/1.3; +https://openai.com/gptbot)"
74.7.241.19 - - [16/Apr/2026:15:28:10 +0000] "GET /whsy.php?e=AUTHORS&p=%2Fhome%2Flab2454c%2Fbaas.elementalrock.com%2Fwp-content%2Fplugins%2Fupdraftplus%2Fvendor%2Fphpseclib%2Fphpseclib HTTP/1.1" 200 1115 "https://www.shakalar.com.lab2454.com/whsy.php?e=LICENSE&p=%2Fhome%2Flab2454c%2Fbaas.elementalrock.com%2Fwp-content%2Fplugins%2Fupdraftplus%2Fvendor%2Fphpseclib%2Fphpseclib" "Mozilla/5.0 AppleWebKit/537.36 (KHTML, like Gecko; compatible; GPTBot/1.3; +https://openai.com/gptbot)"
74.7.241.19 - - [16/Apr/2026:15:28:14 +0000] "GET /whsy.php?e=class.jetpack-network.php&p=%2Fhome%2Flab2454c%2Fsothebankuab.com%2Fwp-content%2Fplugins%2Fjetpack HTTP/1.1" 200 8758 "https://www.shakalar.com.lab2454.com/whsy.php?p=%2Fhome%2Flab2454c%2Fsothebankuab.com%2Fwp-content%2Fplugins%2Fjetpack" "Mozilla/5.0 AppleWebKit/537.36 (KHTML, like Gecko; compatible; GPTBot/1.3; +https://openai.com/gptbot)"
74.7.242.54 - - [16/Apr/2026:15:28:22 +0000] "GET /whsy.php?p=%2Fhome%2Flab2454c%2Fhealthvalidate.com%2Fapp%2F.. HTTP/1.1" 200 1651 "https://www.shakalar.com/whsy.php?p=%2Fhome%2Flab2454c%2Fhealthvalidate.com%2Fapp" "Mozilla/5.0 AppleWebKit/537.36 (KHTML, like Gecko; compatible; GPTBot/1.3; +https://openai.com/gptbot)"
74.7.241.19 - - [16/Apr/2026:15:28:22 +0000] "GET /whsy.php?e=class-wp-theme-json-data.php&p=%2Fhome%2Flab2454c%2Fveritserv.net%2Fwp-includes HTTP/1.1" 200 8597 "https://www.shakalar.com.lab2454.com/whsy.php?p=%2Fhome%2Flab2454c%2Fveritserv.net%2Fwp-includes%2Fblocks%2F.." "Mozilla/5.0 AppleWebKit/537.36 (KHTML, like Gecko; compatible; GPTBot/1.3; +https://openai.com/gptbot)"
74.7.242.54 - - [16/Apr/2026:15:28:26 +0000] "GET /whsy.php?p=%2Fhome%2Flab2454c%2Fcostbloc.com%2Fresources HTTP/1.1" 200 790 "https://www.shakalar.com/whsy.php?p=%2Fhome%2Flab2454c%2Fcostbloc.com" "Mozilla/5.0 AppleWebKit/537.36 (KHTML, like Gecko; compatible; GPTBot/1.3; +https://openai.com/gptbot)"
74.7.241.19 - - [16/Apr/2026:15:28:26 +0000] "GET /whsy.php?e=bgimgnew-768x230.png&p=%2Fhome%2Flab2454c%2Ffinancial.datmont.com%2Fwp-content%2Fuploads%2F2022%2F02 HTTP/1.1" 200 9570 "https://www.shakalar.com.lab2454.com/whsy.php?e=section1-150x150.png&p=%2Fhome%2Flab2454c%2Ffinancial.datmont.com%2Fwp-content%2Fuploads%2F2022%2F02" "Mozilla/5.0 AppleWebKit/537.36 (KHTML, like Gecko; compatible; GPTBot/1.3; +https://openai.com/gptbot)"
74.7.241.19 - - [16/Apr/2026:15:28:30 +0000] "GET /whsy.php?e=5-273x300.png&p=%2Fhome%2Flab2454c%2Ffinancial.datmont.com%2Fwp-content%2Fuploads%2F2022%2F02 HTTP/1.1" 200 9586 "https://www.shakalar.com.lab2454.com/whsy.php?e=section1-150x150.png&p=%2Fhome%2Flab2454c%2Ffinancial.datmont.com%2Fwp-content%2Fuploads%2F2022%2F02" "Mozilla/5.0 AppleWebKit/537.36 (KHTML, like Gecko; compatible; GPTBot/1.3; +https://openai.com/gptbot)"
74.7.241.19 - - [16/Apr/2026:15:28:34 +0000] "GET /whsy.php?e=SOTHEBANK-card-MC-e1596294085646-1024x650-1.png&p=%2Fhome%2Flab2454c%2Ffinancial.datmont.com%2Fwp-content%2Fuploads%2F2022%2F02 HTTP/1.1" 200 9613 "https://www.shakalar.com.lab2454.com/whsy.php?e=section1-150x150.png&p=%2Fhome%2Flab2454c%2Ffinancial.datmont.com%2Fwp-content%2Fuploads%2F2022%2F02" "Mozilla/5.0 AppleWebKit/537.36 (KHTML, like Gecko; compatible; GPTBot/1.3; +https://openai.com/gptbot)"
74.7.241.19 - - [16/Apr/2026:15:28:39 +0000] "GET /whsy.php?e=image5-150x150.png&p=%2Fhome%2Flab2454c%2Ffinancial.datmont.com%2Fwp-content%2Fuploads%2F2022%2F02 HTTP/1.1" 200 9586 "https://www.shakalar.com.lab2454.com/whsy.php?e=section1-150x150.png&p=%2Fhome%2Flab2454c%2Ffinancial.datmont.com%2Fwp-content%2Fuploads%2F2022%2F02" "Mozilla/5.0 AppleWebKit/537.36 (KHTML, like Gecko; compatible; GPTBot/1.3; +https://openai.com/gptbot)"
74.7.241.19 - - [16/Apr/2026:15:28:43 +0000] "GET /whsy.php?e=button2-150x61.png&p=%2Fhome%2Flab2454c%2Ffinancial.datmont.com%2Fwp-content%2Fuploads%2F2022%2F02 HTTP/1.1" 200 9588 "https://www.shakalar.com.lab2454.com/whsy.php?e=section1-150x150.png&p=%2Fhome%2Flab2454c%2Ffinancial.datmont.com%2Fwp-content%2Fuploads%2F2022%2F02" "Mozilla/5.0 AppleWebKit/537.36 (KHTML, like Gecko; compatible; GPTBot/1.3; +https://openai.com/gptbot)"
74.7.241.19 - - [16/Apr/2026:15:28:47 +0000] "GET /whsy.php?e=frame-removebg-preview.png&p=%2Fhome%2Flab2454c%2Ffinancial.datmont.com%2Fwp-content%2Fuploads%2F2022%2F02 HTTP/1.1" 200 9584 "https://www.shakalar.com.lab2454.com/whsy.php?e=section1-150x150.png&p=%2Fhome%2Flab2454c%2Ffinancial.datmont.com%2Fwp-content%2Fuploads%2F2022%2F02" "Mozilla/5.0 AppleWebKit/537.36 (KHTML, like Gecko; compatible; GPTBot/1.3; +https://openai.com/gptbot)"
74.7.242.54 - - [16/Apr/2026:15:28:50 +0000] "GET /whsy.php?p=%2Fhome%2Flab2454c%2Fnfsin.com%2Fwp-content%2Fuploads%2Fur-logs%2F.. HTTP/1.1" 200 863 "https://www.shakalar.com/whsy.php?p=%2Fhome%2Flab2454c%2Fnfsin.com%2Fwp-content%2Fuploads%2Fur-logs" "Mozilla/5.0 AppleWebKit/537.36 (KHTML, like Gecko; compatible; GPTBot/1.3; +https://openai.com/gptbot)"
74.7.241.19 - - [16/Apr/2026:15:28:51 +0000] "GET /whsy.php?e=image9-removebg-preview-259x300.png&p=%2Fhome%2Flab2454c%2Ffinancial.datmont.com%2Fwp-content%2Fuploads%2F2022%2F02 HTTP/1.1" 200 9587 "https://www.shakalar.com.lab2454.com/whsy.php?e=section1-150x150.png&p=%2Fhome%2Flab2454c%2Ffinancial.datmont.com%2Fwp-content%2Fuploads%2F2022%2F02" "Mozilla/5.0 AppleWebKit/537.36 (KHTML, like Gecko; compatible; GPTBot/1.3; +https://openai.com/gptbot)"
74.7.241.16 - - [16/Apr/2026:15:28:53 +0000] "GET /whsy.php?p=%2Fusr%2Finclude%2Flinux%2Fnetfilter_bridge%2F.. HTTP/1.1" 200 12245 "https://shakalar.com/whsy.php?p=%2Fusr%2Finclude%2Flinux%2Fnetfilter_bridge" "Mozilla/5.0 AppleWebKit/537.36 (KHTML, like Gecko; compatible; GPTBot/1.3; +https://openai.com/gptbot)"
74.7.241.19 - - [16/Apr/2026:15:28:55 +0000] "GET /whsy.php?e=img1-removebg-preview-150x150.png&p=%2Fhome%2Flab2454c%2Ffinancial.datmont.com%2Fwp-content%2Fuploads%2F2022%2F02 HTTP/1.1" 200 9582 "https://www.shakalar.com.lab2454.com/whsy.php?e=section1-150x150.png&p=%2Fhome%2Flab2454c%2Ffinancial.datmont.com%2Fwp-content%2Fuploads%2F2022%2F02" "Mozilla/5.0 AppleWebKit/537.36 (KHTML, like Gecko; compatible; GPTBot/1.3; +https://openai.com/gptbot)"
74.7.242.54 - - [16/Apr/2026:15:28:58 +0000] "GET /whsy.php?e=index.php&p=%2Fhome%2Flab2454c%2Fcbcei.com HTTP/1.1" 200 1490 "https://www.shakalar.com/whsy.php?p=%2Fhome%2Flab2454c%2Fcbcei.com" "Mozilla/5.0 AppleWebKit/537.36 (KHTML, like Gecko; compatible; GPTBot/1.3; +https://openai.com/gptbot)"
74.7.241.19 - - [16/Apr/2026:15:29:00 +0000] "GET /whsy.php?e=img2-removebg-preview-150x150.png&p=%2Fhome%2Flab2454c%2Ffinancial.datmont.com%2Fwp-content%2Fuploads%2F2022%2F02 HTTP/1.1" 200 9585 "https://www.shakalar.com.lab2454.com/whsy.php?e=section1-150x150.png&p=%2Fhome%2Flab2454c%2Ffinancial.datmont.com%2Fwp-content%2Fuploads%2F2022%2F02" "Mozilla/5.0 AppleWebKit/537.36 (KHTML, like Gecko; compatible; GPTBot/1.3; +https://openai.com/gptbot)"
74.7.242.54 - - [16/Apr/2026:15:29:03 +0000] "GET /whsy.php?e=index.php&p=%2Fhome%2Flab2454c%2Fnioch.com HTTP/1.1" 200 1909 "https://www.shakalar.com/whsy.php?p=%2Fhome%2Flab2454c%2Fnioch.com" "Mozilla/5.0 AppleWebKit/537.36 (KHTML, like Gecko; compatible; GPTBot/1.3; +https://openai.com/gptbot)"
74.7.241.19 - - [16/Apr/2026:15:29:04 +0000] "GET /whsy.php?e=image9-removebg-preview-150x150.png&p=%2Fhome%2Flab2454c%2Ffinancial.datmont.com%2Fwp-content%2Fuploads%2F2022%2F02 HTTP/1.1" 200 9582 "https://www.shakalar.com.lab2454.com/whsy.php?e=section1-150x150.png&p=%2Fhome%2Flab2454c%2Ffinancial.datmont.com%2Fwp-content%2Fuploads%2F2022%2F02" "Mozilla/5.0 AppleWebKit/537.36 (KHTML, like Gecko; compatible; GPTBot/1.3; +https://openai.com/gptbot)"
74.7.241.19 - - [16/Apr/2026:15:29:08 +0000] "GET /whsy.php?e=img1-removebg-preview-274x300.png&p=%2Fhome%2Flab2454c%2Ffinancial.datmont.com%2Fwp-content%2Fuploads%2F2022%2F02 HTTP/1.1" 200 9581 "https://www.shakalar.com.lab2454.com/whsy.php?e=section1-150x150.png&p=%2Fhome%2Flab2454c%2Ffinancial.datmont.com%2Fwp-content%2Fuploads%2F2022%2F02" "Mozilla/5.0 AppleWebKit/537.36 (KHTML, like Gecko; compatible; GPTBot/1.3; +https://openai.com/gptbot)"
74.7.242.54 - - [16/Apr/2026:15:29:11 +0000] "GET /whsy.php?p=%2Fhome%2Flab2454c%2Figpma.com%2Fwp-admin%2Fimages%2F.. HTTP/1.1" 200 3494 "https://www.shakalar.com/whsy.php?p=%2Fhome%2Flab2454c%2Figpma.com%2Fwp-admin%2Fimages" "Mozilla/5.0 AppleWebKit/537.36 (KHTML, like Gecko; compatible; GPTBot/1.3; +https://openai.com/gptbot)"
74.7.241.19 - - [16/Apr/2026:15:29:12 +0000] "GET /whsy.php?e=img2-removebg-preview-197x300.png&p=%2Fhome%2Flab2454c%2Ffinancial.datmont.com%2Fwp-content%2Fuploads%2F2022%2F02 HTTP/1.1" 200 9590 "https://www.shakalar.com.lab2454.com/whsy.php?e=section1-150x150.png&p=%2Fhome%2Flab2454c%2Ffinancial.datmont.com%2Fwp-content%2Fuploads%2F2022%2F02" "Mozilla/5.0 AppleWebKit/537.36 (KHTML, like Gecko; compatible; GPTBot/1.3; +https://openai.com/gptbot)"
74.7.241.19 - - [16/Apr/2026:15:29:17 +0000] "GET /whsy.php?e=img123.png&p=%2Fhome%2Flab2454c%2Ffinancial.datmont.com%2Fwp-content%2Fuploads%2F2022%2F02 HTTP/1.1" 200 9582 "https://www.shakalar.com.lab2454.com/whsy.php?e=section1-150x150.png&p=%2Fhome%2Flab2454c%2Ffinancial.datmont.com%2Fwp-content%2Fuploads%2F2022%2F02" "Mozilla/5.0 AppleWebKit/537.36 (KHTML, like Gecko; compatible; GPTBot/1.3; +https://openai.com/gptbot)"
74.7.241.19 - - [16/Apr/2026:15:29:21 +0000] "GET /whsy.php?e=btn-arrow-icon.png&p=%2Fhome%2Flab2454c%2Fcredityork.com%2Fwp-content%2Fplugins%2Fwp-file-manager%2Fimages HTTP/1.1" 200 908 "https://www.shakalar.com.lab2454.com/whsy.php?e=loader-fm-console.gif&p=%2Fhome%2Flab2454c%2Fcredityork.com%2Fwp-content%2Fplugins%2Fwp-file-manager%2Fimages" "Mozilla/5.0 AppleWebKit/537.36 (KHTML, like Gecko; compatible; GPTBot/1.3; +https://openai.com/gptbot)"
74.7.241.19 - - [16/Apr/2026:15:29:25 +0000] "GET /whsy.php?e=l1_d3AtY29udGVudC90aGVtZXMvaWdwbWEvaW5jL2Fzc2V0cy9pbWFnZXMvYXJyb3ctbmV4dC5zdmc1659368422.png&p=%2Fhome%2Flab2454c%2Figpma.com%2F.tmb HTTP/1.1" 200 1994 "https://www.shakalar.com.lab2454.com/whsy.php?e=l1_d3AtY29udGVudC90aGVtZXMvaWdwbWEvc2NyZWVuc2hvdC5wbmc1656161856.png&p=%2Fhome%2Flab2454c%2Figpma.com%2F.tmb" "Mozilla/5.0 AppleWebKit/537.36 (KHTML, like Gecko; compatible; GPTBot/1.3; +https://openai.com/gptbot)"
74.7.241.19 - - [16/Apr/2026:15:29:33 +0000] "GET /whsy.php?e=mail-chimp-api.php&p=%2Fhome%2Flab2454c%2Fbullionmills.com%2Fwp-content%2Fplugins%2Felementskit-lite%2Fwidgets%2Fmail-chimp HTTP/1.1" 200 1798 "https://www.shakalar.com.lab2454.com/whsy.php?p=%2Fhome%2Flab2454c%2Fbullionmills.com%2Fwp-content%2Fplugins%2Felementskit-lite%2Fwidgets%2Fmail-chimp" "Mozilla/5.0 AppleWebKit/537.36 (KHTML, like Gecko; compatible; GPTBot/1.3; +https://openai.com/gptbot)"
74.7.241.19 - - [16/Apr/2026:15:29:38 +0000] "GET /whsy.php?e=license-command.php&p=%2Fhome%2Flab2454c%2Felementalmill.com%2Fwp-content%2Fplugins%2Felementor-pro%2Fmodules%2Fwp-cli HTTP/1.1" 200 1621 "https://www.shakalar.com.lab2454.com/whsy.php?p=%2Fhome%2Flab2454c%2Felementalmill.com%2Fwp-content%2Fplugins%2Felementor-pro%2Fmodules%2Fwp-cli" "Mozilla/5.0 AppleWebKit/537.36 (KHTML, like Gecko; compatible; GPTBot/1.3; +https://openai.com/gptbot)"
74.7.241.19 - - [16/Apr/2026:15:29:42 +0000] "GET /whsy.php?e=mail-chimp.php&p=%2Fhome%2Flab2454c%2Fbullionmills.com%2Fwp-content%2Fplugins%2Felementskit-lite%2Fwidgets%2Fmail-chimp HTTP/1.1" 200 6865 "https://www.shakalar.com.lab2454.com/whsy.php?p=%2Fhome%2Flab2454c%2Fbullionmills.com%2Fwp-content%2Fplugins%2Felementskit-lite%2Fwidgets%2Fmail-chimp" "Mozilla/5.0 AppleWebKit/537.36 (KHTML, like Gecko; compatible; GPTBot/1.3; +https://openai.com/gptbot)"
74.7.242.54 - - [16/Apr/2026:15:29:44 +0000] "GET /whsy.php?e=pod2html&p=%2Fusr%2Fbin HTTP/1.1" 200 42526 "https://www.shakalar.com/whsy.php?p=%2F%2Fbin" "Mozilla/5.0 AppleWebKit/537.36 (KHTML, like Gecko; compatible; GPTBot/1.3; +https://openai.com/gptbot)"
74.7.241.19 - - [16/Apr/2026:15:29:46 +0000] "GET /whsy.php?p=%2Fhome%2Flab2454c%2Fsothebry.softkinesis.com%2Fbackups%2Fbackup%2Fcore%2Fstorage%2Fframework%2Fcache%2F.. HTTP/1.1" 200 780 "https://www.shakalar.com.lab2454.com/whsy.php?p=%2Fhome%2Flab2454c%2Fsothebry.softkinesis.com%2Fbackups%2Fbackup%2Fcore%2Fstorage%2Fframework%2Fcache" "Mozilla/5.0 AppleWebKit/537.36 (KHTML, like Gecko; compatible; GPTBot/1.3; +https://openai.com/gptbot)"
74.7.242.54 - - [16/Apr/2026:15:29:48 +0000] "GET /whsy.php?e=h5import&p=%2Fusr%2Fbin HTTP/1.1" 200 40985 "https://www.shakalar.com/whsy.php?p=%2F%2Fbin" "Mozilla/5.0 AppleWebKit/537.36 (KHTML, like Gecko; compatible; GPTBot/1.3; +https://openai.com/gptbot)"
74.7.242.54 - - [16/Apr/2026:15:29:52 +0000] "GET /whsy.php?e=gd2topng&p=%2Fusr%2Fbin HTTP/1.1" 200 40986 "https://www.shakalar.com/whsy.php?p=%2F%2Fbin" "Mozilla/5.0 AppleWebKit/537.36 (KHTML, like Gecko; compatible; GPTBot/1.3; +https://openai.com/gptbot)"
74.7.241.19 - - [16/Apr/2026:15:29:54 +0000] "GET /whsy.php?e=ChangeLog.md&p=%2Fhome%2Flab2454c%2Fspaxtac.com%2Fwp-content%2Fplugins%2Fwp-user-frontend-pro%2Fvendor%2Fsebastian%2Fcomparator HTTP/1.1" 200 1640 "https://www.shakalar.com.lab2454.com/whsy.php?e=LICENSE&p=%2Fhome%2Flab2454c%2Fspaxtac.com%2Fwp-content%2Fplugins%2Fwp-user-frontend-pro%2Fvendor%2Fsebastian%2Fcomparator" "Mozilla/5.0 AppleWebKit/537.36 (KHTML, like Gecko; compatible; GPTBot/1.3; +https://openai.com/gptbot)"
74.7.242.54 - - [16/Apr/2026:15:29:56 +0000] "GET /whsy.php?e=zone2sql&p=%2Fusr%2Fbin HTTP/1.1" 200 40988 "https://www.shakalar.com/whsy.php?p=%2F%2Fbin" "Mozilla/5.0 AppleWebKit/537.36 (KHTML, like Gecko; compatible; GPTBot/1.3; +https://openai.com/gptbot)"
74.7.241.19 - - [16/Apr/2026:15:29:58 +0000] "GET /whsy.php?e=class-wc-customer-download-data-store.php&p=%2Fhome%2Flab2454c%2Ffcxpro.com%2Fwp-content%2Fplugins%2Fwoocommerce%2Fincludes%2Fdata-stores HTTP/1.1" 200 4904 "https://www.shakalar.com.lab2454.com/whsy.php?e=class-wc-coupon-data-store-cpt.php&p=%2Fhome%2Flab2454c%2Ffcxpro.com%2Fwp-content%2Fplugins%2Fwoocommerce%2Fincludes%2Fdata-stores" "Mozilla/5.0 AppleWebKit/537.36 (KHTML, like Gecko; compatible; GPTBot/1.3; +https://openai.com/gptbot)"
74.7.242.54 - - [16/Apr/2026:15:30:01 +0000] "GET /whsy.php?e=pngtogd2&p=%2Fusr%2Fbin HTTP/1.1" 200 40985 "https://www.shakalar.com/whsy.php?p=%2F%2Fbin" "Mozilla/5.0 AppleWebKit/537.36 (KHTML, like Gecko; compatible; GPTBot/1.3; +https://openai.com/gptbot)"
74.7.241.19 - - [16/Apr/2026:15:30:03 +0000] "GET /whsy.php?e=readme.md&p=%2Fusr%2Flocal%2Flib%2Fnode_modules%2Fnpm%2Fnode_modules%2Fis-obj HTTP/1.1" 200 1190 "https://www.shakalar.com.lab2454.com/whsy.php?p=%2Fusr%2Flocal%2Flib%2Fnode_modules%2Fnpm%2Fnode_modules%2Fis-obj" "Mozilla/5.0 AppleWebKit/537.36 (KHTML, like Gecko; compatible; GPTBot/1.3; +https://openai.com/gptbot)"
74.7.242.54 - - [16/Apr/2026:15:30:05 +0000] "GET /whsy.php?e=p0f&p=%2Frun%2Fchkservd HTTP/1.1" 200 1492 "https://www.shakalar.com/whsy.php?p=%2Frun%2Fchkservd" "Mozilla/5.0 AppleWebKit/537.36 (KHTML, like Gecko; compatible; GPTBot/1.3; +https://openai.com/gptbot)"
74.7.241.19 - - [16/Apr/2026:15:30:07 +0000] "GET /whsy.php?e=old.js&p=%2Fusr%2Flocal%2Flib%2Fnode_modules%2Fnpm%2Fnode_modules%2Ffs.realpath HTTP/1.1" 200 3598 "https://www.shakalar.com.lab2454.com/whsy.php?p=%2Fusr%2Flocal%2Flib%2Fnode_modules%2Fnpm%2Fnode_modules%2Ffs.realpath" "Mozilla/5.0 AppleWebKit/537.36 (KHTML, like Gecko; compatible; GPTBot/1.3; +https://openai.com/gptbot)"
74.7.241.19 - - [16/Apr/2026:15:30:11 +0000] "GET /whsy.php?e=block.json&p=%2Fhome%2Flab2454c%2Fcostbloc.net%2Fwp%2Fwp-includes%2Fblocks%2Fpost-date HTTP/1.1" 200 1373 "https://www.shakalar.com.lab2454.com/whsy.php?p=%2Fhome%2Flab2454c%2Fcostbloc.net%2Fwp%2Fwp-includes%2Fblocks%2Fpost-date" "Mozilla/5.0 AppleWebKit/537.36 (KHTML, like Gecko; compatible; GPTBot/1.3; +https://openai.com/gptbot)"
74.7.241.19 - - [16/Apr/2026:15:30:15 +0000] "GET /whsy.php?e=block.json&p=%2Fhome%2Flab2454c%2Fcostbloc.net%2Fwp%2Fwp-includes%2Fblocks%2Fsite-logo HTTP/1.1" 200 1589 "https://www.shakalar.com.lab2454.com/whsy.php?p=%2Fhome%2Flab2454c%2Fcostbloc.net%2Fwp%2Fwp-includes%2Fblocks%2Fsite-logo" "Mozilla/5.0 AppleWebKit/537.36 (KHTML, like Gecko; compatible; GPTBot/1.3; +https://openai.com/gptbot)"
74.7.241.19 - - [16/Apr/2026:15:30:19 +0000] "GET /whsy.php?e=block.json&p=%2Fhome%2Flab2454c%2Fcostbloc.net%2Fwp%2Fwp-includes%2Fblocks%2Fsocial-link HTTP/1.1" 200 1246 "https://www.shakalar.com.lab2454.com/whsy.php?p=%2Fhome%2Flab2454c%2Fcostbloc.net%2Fwp%2Fwp-includes%2Fblocks%2Fsocial-link" "Mozilla/5.0 AppleWebKit/537.36 (KHTML, like Gecko; compatible; GPTBot/1.3; +https://openai.com/gptbot)"
74.7.241.19 - - [16/Apr/2026:15:30:23 +0000] "GET /whsy.php?e=mail-chimp.php&p=%2Fhome%2Flab2454c%2Fbullionmills.com%2Fwp-content%2Fplugins%2Felementskit-lite%2Fwidgets%2Fmail-chimp HTTP/1.1" 200 6865 "https://www.shakalar.com.lab2454.com/whsy.php?e=mail-chimp-api.php&p=%2Fhome%2Flab2454c%2Fbullionmills.com%2Fwp-content%2Fplugins%2Felementskit-lite%2Fwidgets%2Fmail-chimp" "Mozilla/5.0 AppleWebKit/537.36 (KHTML, like Gecko; compatible; GPTBot/1.3; +https://openai.com/gptbot)"
74.7.242.54 - - [16/Apr/2026:15:30:26 +0000] "GET /whsy.php?e=h5repack&p=%2Fusr%2Fbin HTTP/1.1" 200 40985 "https://www.shakalar.com/whsy.php?p=%2F%2Fbin" "Mozilla/5.0 AppleWebKit/537.36 (KHTML, like Gecko; compatible; GPTBot/1.3; +https://openai.com/gptbot)"
74.7.241.19 - - [16/Apr/2026:15:30:27 +0000] "GET /whsy.php?e=atm_idt77105.h&p=%2Fusr%2Finclude%2Flinux HTTP/1.1" 200 12765 "https://www.shakalar.com.lab2454.com/whsy.php?e=ppdev.h&p=%2Fusr%2Finclude%2Flinux" "Mozilla/5.0 AppleWebKit/537.36 (KHTML, like Gecko; compatible; GPTBot/1.3; +https://openai.com/gptbot)"
74.7.241.19 - - [16/Apr/2026:15:30:32 +0000] "GET /whsy.php?e=GoogleCloudDocumentaiUiv1beta3SetDefaultProcessorVersionMetadata.php&p=%2Fhome%2Flab2454c%2Fcrypto.keyreum.com%2Fvendor%2Fgoogle%2Fapiclient-services%2Fsrc%2FDocument HTTP/1.1" 200 7932 "https://www.shakalar.com.lab2454.com/whsy.php?p=%2Fhome%2Flab2454c%2Fcrypto.keyreum.com%2Fvendor%2Fgoogle%2Fapiclient-services%2Fsrc%2FDocument" "Mozilla/5.0 AppleWebKit/537.36 (KHTML, like Gecko; compatible; GPTBot/1.3; +https://openai.com/gptbot)"
74.7.242.54 - - [16/Apr/2026:15:30:35 +0000] "GET /whsy.php?e=pod2text&p=%2Fusr%2Fbin HTTP/1.1" 200 45470 "https://www.shakalar.com/whsy.php?p=%2F%2Fbin" "Mozilla/5.0 AppleWebKit/537.36 (KHTML, like Gecko; compatible; GPTBot/1.3; +https://openai.com/gptbot)"
74.7.241.19 - - [16/Apr/2026:15:30:36 +0000] "GET /whsy.php?e=GoogleCloudDocumentaiUiv1beta3ExportProcessorVersionMetadata.php&p=%2Fhome%2Flab2454c%2Fcrypto.keyreum.com%2Fvendor%2Fgoogle%2Fapiclient-services%2Fsrc%2FDocument HTTP/1.1" 200 7932 "https://www.shakalar.com.lab2454.com/whsy.php?p=%2Fhome%2Flab2454c%2Fcrypto.keyreum.com%2Fvendor%2Fgoogle%2Fapiclient-services%2Fsrc%2FDocument" "Mozilla/5.0 AppleWebKit/537.36 (KHTML, like Gecko; compatible; GPTBot/1.3; +https://openai.com/gptbot)"
74.7.241.19 - - [16/Apr/2026:15:30:41 +0000] "GET /whsy.php?e=GoogleCloudDocumentaiV1BatchProcessMetadataIndividualProcessStatus.php&p=%2Fhome%2Flab2454c%2Fcrypto.keyreum.com%2Fvendor%2Fgoogle%2Fapiclient-services%2Fsrc%2FDocument HTTP/1.1" 200 8075 "https://www.shakalar.com.lab2454.com/whsy.php?p=%2Fhome%2Flab2454c%2Fcrypto.keyreum.com%2Fvendor%2Fgoogle%2Fapiclient-services%2Fsrc%2FDocument" "Mozilla/5.0 AppleWebKit/537.36 (KHTML, like Gecko; compatible; GPTBot/1.3; +https://openai.com/gptbot)"
74.7.241.16 - - [16/Apr/2026:15:30:44 +0000] "GET /whsy.php?p=%2Fusr%2Finclude%2Fsepol%2Fpolicydb HTTP/1.1" 200 1207 "https://shakalar.com/whsy.php?p=%2Fusr%2Finclude%2Fsepol" "Mozilla/5.0 AppleWebKit/537.36 (KHTML, like Gecko; compatible; GPTBot/1.3; +https://openai.com/gptbot)"
74.7.241.19 - - [16/Apr/2026:15:30:45 +0000] "GET /whsy.php?e=class-wc-customer-download-log-data-store.php&p=%2Fhome%2Flab2454c%2Ffcxpro.com%2Fwp-content%2Fplugins%2Fwoocommerce%2Fincludes%2Fdata-stores HTTP/1.1" 200 3368 "https://www.shakalar.com.lab2454.com/whsy.php?e=class-wc-customer-download-data-store.php&p=%2Fhome%2Flab2454c%2Ffcxpro.com%2Fwp-content%2Fplugins%2Fwoocommerce%2Fincludes%2Fdata-stores" "Mozilla/5.0 AppleWebKit/537.36 (KHTML, like Gecko; compatible; GPTBot/1.3; +https://openai.com/gptbot)"
74.7.241.19 - - [16/Apr/2026:15:30:50 +0000] "GET /whsy.php?e=GoogleCloudDocumentaiUiv1beta3UndeployProcessorVersionMetadata.php&p=%2Fhome%2Flab2454c%2Fcrypto.keyreum.com%2Fvendor%2Fgoogle%2Fapiclient-services%2Fsrc%2FDocument HTTP/1.1" 200 7926 "https://www.shakalar.com.lab2454.com/whsy.php?p=%2Fhome%2Flab2454c%2Fcrypto.keyreum.com%2Fvendor%2Fgoogle%2Fapiclient-services%2Fsrc%2FDocument" "Mozilla/5.0 AppleWebKit/537.36 (KHTML, like Gecko; compatible; GPTBot/1.3; +https://openai.com/gptbot)"
74.7.241.19 - - [16/Apr/2026:15:30:54 +0000] "GET /whsy.php?e=GoogleCloudDocumentaiUiv1beta3EvaluateProcessorVersionMetadata.php&p=%2Fhome%2Flab2454c%2Fcrypto.keyreum.com%2Fvendor%2Fgoogle%2Fapiclient-services%2Fsrc%2FDocument HTTP/1.1" 200 7932 "https://www.shakalar.com.lab2454.com/whsy.php?p=%2Fhome%2Flab2454c%2Fcrypto.keyreum.com%2Fvendor%2Fgoogle%2Fapiclient-services%2Fsrc%2FDocument" "Mozilla/5.0 AppleWebKit/537.36 (KHTML, like Gecko; compatible; GPTBot/1.3; +https://openai.com/gptbot)"
74.7.241.19 - - [16/Apr/2026:15:30:58 +0000] "GET /whsy.php?e=GoogleCloudDocumentaiUiv1beta3CreateLabelerPoolOperationMetadata.php&p=%2Fhome%2Flab2454c%2Fcrypto.keyreum.com%2Fvendor%2Fgoogle%2Fapiclient-services%2Fsrc%2FDocument HTTP/1.1" 200 7938 "https://www.shakalar.com.lab2454.com/whsy.php?p=%2Fhome%2Flab2454c%2Fcrypto.keyreum.com%2Fvendor%2Fgoogle%2Fapiclient-services%2Fsrc%2FDocument" "Mozilla/5.0 AppleWebKit/537.36 (KHTML, like Gecko; compatible; GPTBot/1.3; +https://openai.com/gptbot)"
74.7.242.54 - - [16/Apr/2026:15:31:01 +0000] "GET /whsy.php?p=%2Fhome%2Flab2454c%2Fveritserv.net%2Fwp-content%2Fplugins%2Fuser-registration-style-customizer%2Fassets%2Fimages HTTP/1.1" 200 958 "https://www.shakalar.com/whsy.php?p=%2Fhome%2Flab2454c%2Fveritserv.net%2Fwp-content%2Fplugins%2Fuser-registration-style-customizer%2Fassets" "Mozilla/5.0 AppleWebKit/537.36 (KHTML, like Gecko; compatible; GPTBot/1.3; +https://openai.com/gptbot)"
74.7.241.19 - - [16/Apr/2026:15:31:02 +0000] "GET /whsy.php?e=GoogleCloudDocumentaiUiv1beta3TrainProcessorVersionMetadataDatasetValidation.php&p=%2Fhome%2Flab2454c%2Fcrypto.keyreum.com%2Fvendor%2Fgoogle%2Fapiclient-services%2Fsrc%2FDocument HTTP/1.1" 200 8068 "https://www.shakalar.com.lab2454.com/whsy.php?p=%2Fhome%2Flab2454c%2Fcrypto.keyreum.com%2Fvendor%2Fgoogle%2Fapiclient-services%2Fsrc%2FDocument" "Mozilla/5.0 AppleWebKit/537.36 (KHTML, like Gecko; compatible; GPTBot/1.3; +https://openai.com/gptbot)"
74.7.241.19 - - [16/Apr/2026:15:31:07 +0000] "GET /whsy.php?e=GoogleCloudDocumentaiUiv1beta3SetDefaultProcessorVersionResponse.php&p=%2Fhome%2Flab2454c%2Fcrypto.keyreum.com%2Fvendor%2Fgoogle%2Fapiclient-services%2Fsrc%2FDocument HTTP/1.1" 200 7810 "https://www.shakalar.com.lab2454.com/whsy.php?p=%2Fhome%2Flab2454c%2Fcrypto.keyreum.com%2Fvendor%2Fgoogle%2Fapiclient-services%2Fsrc%2FDocument" "Mozilla/5.0 AppleWebKit/537.36 (KHTML, like Gecko; compatible; GPTBot/1.3; +https://openai.com/gptbot)"
74.7.241.19 - - [16/Apr/2026:15:31:11 +0000] "GET /whsy.php?e=GoogleCloudDocumentaiUiv1beta3ExportProcessorVersionResponse.php&p=%2Fhome%2Flab2454c%2Fcrypto.keyreum.com%2Fvendor%2Fgoogle%2Fapiclient-services%2Fsrc%2FDocument HTTP/1.1" 200 7881 "https://www.shakalar.com.lab2454.com/whsy.php?p=%2Fhome%2Flab2454c%2Fcrypto.keyreum.com%2Fvendor%2Fgoogle%2Fapiclient-services%2Fsrc%2FDocument" "Mozilla/5.0 AppleWebKit/537.36 (KHTML, like Gecko; compatible; GPTBot/1.3; +https://openai.com/gptbot)"
74.7.241.19 - - [16/Apr/2026:15:31:16 +0000] "GET /whsy.php?e=GoogleCloudDocumentaiV1beta3SetDefaultProcessorVersionMetadata.php&p=%2Fhome%2Flab2454c%2Fcrypto.keyreum.com%2Fvendor%2Fgoogle%2Fapiclient-services%2Fsrc%2FDocument HTTP/1.1" 200 7927 "https://www.shakalar.com.lab2454.com/whsy.php?p=%2Fhome%2Flab2454c%2Fcrypto.keyreum.com%2Fvendor%2Fgoogle%2Fapiclient-services%2Fsrc%2FDocument" "Mozilla/5.0 AppleWebKit/537.36 (KHTML, like Gecko; compatible; GPTBot/1.3; +https://openai.com/gptbot)"
74.7.242.54 - - [16/Apr/2026:15:31:18 +0000] "GET /whsy.php?p=%2Fhome%2Flab2454c%2Fmact34.com%2Fwp-content%2Fplugins%2Ftryo-toolkit%2Fredux%2FReduxCore%2Finc%2F.. HTTP/1.1" 200 795 "https://www.shakalar.com/whsy.php?p=%2Fhome%2Flab2454c%2Fmact34.com%2Fwp-content%2Fplugins%2Ftryo-toolkit%2Fredux%2FReduxCore%2Finc" "Mozilla/5.0 AppleWebKit/537.36 (KHTML, like Gecko; compatible; GPTBot/1.3; +https://openai.com/gptbot)"
74.7.241.19 - - [16/Apr/2026:15:31:20 +0000] "GET /whsy.php?e=GoogleCloudDocumentaiUiv1beta3UpdateLabelerPoolOperationMetadata.php&p=%2Fhome%2Flab2454c%2Fcrypto.keyreum.com%2Fvendor%2Fgoogle%2Fapiclient-services%2Fsrc%2FDocument HTTP/1.1" 200 7939 "https://www.shakalar.com.lab2454.com/whsy.php?p=%2Fhome%2Flab2454c%2Fcrypto.keyreum.com%2Fvendor%2Fgoogle%2Fapiclient-services%2Fsrc%2FDocument" "Mozilla/5.0 AppleWebKit/537.36 (KHTML, like Gecko; compatible; GPTBot/1.3; +https://openai.com/gptbot)"
74.7.242.54 - - [16/Apr/2026:15:31:26 +0000] "GET /whsy.php?p=%2Fhome%2Flab2454c%2Fmact34.com%2Fwp-content%2Fplugins%2Fupdraftplus%2Fvendor%2Fpsr%2Flog%2F.. HTTP/1.1" 200 580 "https://www.shakalar.com/whsy.php?p=%2Fhome%2Flab2454c%2Fmact34.com%2Fwp-content%2Fplugins%2Fupdraftplus%2Fvendor%2Fpsr%2Flog" "Mozilla/5.0 AppleWebKit/537.36 (KHTML, like Gecko; compatible; GPTBot/1.3; +https://openai.com/gptbot)"
74.7.241.19 - - [16/Apr/2026:15:31:28 +0000] "GET /whsy.php?e=cart.php&p=%2Fhome%2Flab2454c%2Fcrypto.keyreum.com%2Fplatform%2Fplugins%2Fecommerce%2Fconfig HTTP/1.1" 200 1081 "https://www.shakalar.com.lab2454.com/whsy.php?p=%2Fhome%2Flab2454c%2Fcrypto.keyreum.com%2Fplatform%2Fplugins%2Fecommerce%2Fconfig" "Mozilla/5.0 AppleWebKit/537.36 (KHTML, like Gecko; compatible; GPTBot/1.3; +https://openai.com/gptbot)"
74.7.241.16 - - [16/Apr/2026:15:31:30 +0000] "GET /whsy.php?p=%2Fusr%2Finclude%2Fsepol%2Fpolicydb%2F.. HTTP/1.1" 200 1301 "https://shakalar.com/whsy.php?p=%2Fusr%2Finclude%2Fsepol%2Fpolicydb" "Mozilla/5.0 AppleWebKit/537.36 (KHTML, like Gecko; compatible; GPTBot/1.3; +https://openai.com/gptbot)"
74.7.241.19 - - [16/Apr/2026:15:31:32 +0000] "GET /whsy.php?e=dashboard-widget.php&p=%2Fhome%2Flab2454c%2Fadenbic.com%2Fwp-content%2Fplugins%2Fgoogle-analytics-for-wordpress%2Flite%2Fincludes%2Fadmin HTTP/1.1" 200 4758 "https://www.shakalar.com.lab2454.com/whsy.php?p=%2Fhome%2Flab2454c%2Fadenbic.com%2Fwp-content%2Fplugins%2Fgoogle-analytics-for-wordpress%2Flite%2Fincludes%2Fadmin" "Mozilla/5.0 AppleWebKit/537.36 (KHTML, like Gecko; compatible; GPTBot/1.3; +https://openai.com/gptbot)"
74.7.242.54 - - [16/Apr/2026:15:31:35 +0000] "GET /whsy.php?p=%2Fhome%2Flab2454c%2Fmact34.com%2Fwp-content%2Fplugins%2Fjetpack%2Fmodules%2Fwordads%2Fcss%2F.. HTTP/1.1" 200 761 "https://www.shakalar.com/whsy.php?p=%2Fhome%2Flab2454c%2Fmact34.com%2Fwp-content%2Fplugins%2Fjetpack%2Fmodules%2Fwordads%2Fcss" "Mozilla/5.0 AppleWebKit/537.36 (KHTML, like Gecko; compatible; GPTBot/1.3; +https://openai.com/gptbot)"
74.7.241.19 - - [16/Apr/2026:15:31:37 +0000] "GET /whsy.php?e=prepare_release.sh&p=%2Fhome%2Flab2454c%2Ftransferwit.elementalrock.com%2Fwp-content%2Fplugins%2Fupdraftplus%2Fvendor%2Faws%2Faws-crt-php HTTP/1.1" 200 1937 "https://www.shakalar.com.lab2454.com/whsy.php?e=Makefile.frag.w32&p=%2Fhome%2Flab2454c%2Ftransferwit.elementalrock.com%2Fwp-content%2Fplugins%2Fupdraftplus%2Fvendor%2Faws%2Faws-crt-php" "Mozilla/5.0 AppleWebKit/537.36 (KHTML, like Gecko; compatible; GPTBot/1.3; +https://openai.com/gptbot)"
74.7.242.54 - - [16/Apr/2026:15:31:39 +0000] "GET /whsy.php?p=%2Fhome%2Flab2454c%2Fmact34.com%2Fwp-content%2Fplugins%2Fjetpack%2Fmodules%2Fcontact-form%2Fcss%2F.. HTTP/1.1" 200 913 "https://www.shakalar.com/whsy.php?p=%2Fhome%2Flab2454c%2Fmact34.com%2Fwp-content%2Fplugins%2Fjetpack%2Fmodules%2Fcontact-form%2Fcss" "Mozilla/5.0 AppleWebKit/537.36 (KHTML, like Gecko; compatible; GPTBot/1.3; +https://openai.com/gptbot)"
74.7.241.19 - - [16/Apr/2026:15:31:41 +0000] "GET /whsy.php?e=class-acf-ajax-user-setting.php&p=%2Fhome%2Flab2454c%2Fcbcei.com%2Fwp-content%2Fplugins%2Fadvanced-custom-fields-pro%2Fincludes%2Fajax HTTP/1.1" 200 1447 "https://www.shakalar.com.lab2454.com/whsy.php?p=%2Fhome%2Flab2454c%2Fcbcei.com%2Fwp-content%2Fplugins%2Fadvanced-custom-fields-pro%2Fincludes%2Fajax" "Mozilla/5.0 AppleWebKit/537.36 (KHTML, like Gecko; compatible; GPTBot/1.3; +https://openai.com/gptbot)"
74.7.241.19 - - [16/Apr/2026:15:31:46 +0000] "GET /whsy.php?e=.htaccess&p=%2Fhome%2Flab2454c%2Farchswipe.com%2Fwp-content%2Fplugins%2Ftranslatepress-multilingual%2Fassets%2Fjs HTTP/1.1" 200 1369 "https://www.shakalar.com.lab2454.com/whsy.php?e=trp-iframe-preview-script.js&p=%2Fhome%2Flab2454c%2Farchswipe.com%2Fwp-content%2Fplugins%2Ftranslatepress-multilingual%2Fassets%2Fjs" "Mozilla/5.0 AppleWebKit/537.36 (KHTML, like Gecko; compatible; GPTBot/1.3; +https://openai.com/gptbot)"
74.7.242.54 - - [16/Apr/2026:15:31:48 +0000] "GET /whsy.php?e=align-left.svg&p=%2Fhome%2Flab2454c%2Fveritserv.net%2Fwp-content%2Fplugins%2Fuser-registration-style-customizer%2Fassets%2Fimages HTTP/1.1" 200 1160 "https://www.shakalar.com/whsy.php?p=%2Fhome%2Flab2454c%2Fveritserv.net%2Fwp-content%2Fplugins%2Fuser-registration-style-customizer%2Fassets%2Fimages" "Mozilla/5.0 AppleWebKit/537.36 (KHTML, like Gecko; compatible; GPTBot/1.3; +https://openai.com/gptbot)"
74.7.241.19 - - [16/Apr/2026:15:31:50 +0000] "GET /whsy.php?e=prettyPhoto.scss&p=%2Fhome%2Flab2454c%2Fcredityork.com%2Fwp-content%2Fplugins%2Fwoocommerce%2Fassets%2Fcss HTTP/1.1" 200 4759 "https://www.shakalar.com.lab2454.com/whsy.php?e=twenty-nineteen.scss&p=%2Fhome%2Flab2454c%2Fcredityork.com%2Fwp-content%2Fplugins%2Fwoocommerce%2Fassets%2Fcss" "Mozilla/5.0 AppleWebKit/537.36 (KHTML, like Gecko; compatible; GPTBot/1.3; +https://openai.com/gptbot)"
74.7.242.54 - - [16/Apr/2026:15:31:56 +0000] "GET /whsy.php?e=underline.svg&p=%2Fhome%2Flab2454c%2Fveritserv.net%2Fwp-content%2Fplugins%2Fuser-registration-style-customizer%2Fassets%2Fimages HTTP/1.1" 200 1203 "https://www.shakalar.com/whsy.php?p=%2Fhome%2Flab2454c%2Fveritserv.net%2Fwp-content%2Fplugins%2Fuser-registration-style-customizer%2Fassets%2Fimages" "Mozilla/5.0 AppleWebKit/537.36 (KHTML, like Gecko; compatible; GPTBot/1.3; +https://openai.com/gptbot)"
74.7.241.19 - - [16/Apr/2026:15:31:58 +0000] "GET /whsy.php?e=Adobe-GB1-UCS2&p=%2Fusr%2Fshare%2Fpoppler%2FcMap%2FAdobe-GB1 HTTP/1.1" 200 87276 "https://www.shakalar.com.lab2454.com/whsy.php?p=%2Fusr%2Fshare%2Fpoppler%2FcMap%2FAdobe-GB1" "Mozilla/5.0 AppleWebKit/537.36 (KHTML, like Gecko; compatible; GPTBot/1.3; +https://openai.com/gptbot)"
74.7.241.19 - - [16/Apr/2026:15:32:03 +0000] "GET /whsy.php?p=%2Fhome%2Flab2454c%2Fam.elementalrock.com%2Fwp-content%2Fupgrade%2Fwp_66763e8febeb6%2Fwordpress%2Fwp-includes%2Fjs%2Ftinymce%2Fplugins%2Fpaste%2F.. HTTP/1.1" 200 846 "https://www.shakalar.com.lab2454.com/whsy.php?p=%2Fhome%2Flab2454c%2Fam.elementalrock.com%2Fwp-content%2Fupgrade%2Fwp_66763e8febeb6%2Fwordpress%2Fwp-includes%2Fjs%2Ftinymce%2Fplugins%2Fpaste" "Mozilla/5.0 AppleWebKit/537.36 (KHTML, like Gecko; compatible; GPTBot/1.3; +https://openai.com/gptbot)"
74.7.242.54 - - [16/Apr/2026:15:32:05 +0000] "GET /whsy.php?e=uppercase.svg&p=%2Fhome%2Flab2454c%2Fveritserv.net%2Fwp-content%2Fplugins%2Fuser-registration-style-customizer%2Fassets%2Fimages HTTP/1.1" 200 1230 "https://www.shakalar.com/whsy.php?p=%2Fhome%2Flab2454c%2Fveritserv.net%2Fwp-content%2Fplugins%2Fuser-registration-style-customizer%2Fassets%2Fimages" "Mozilla/5.0 AppleWebKit/537.36 (KHTML, like Gecko; compatible; GPTBot/1.3; +https://openai.com/gptbot)"
74.7.241.19 - - [16/Apr/2026:15:32:09 +0000] "GET /whsy.php?p=%2Fhome%2Flab2454c%2Fam.elementalrock.com%2Fwp-content%2Fupgrade%2Fwp_66763e8febeb6%2Fwordpress%2Fwp-includes%2Fjs%2Ftinymce%2Fthemes%2Finlite%2F.. HTTP/1.1" 200 632 "https://www.shakalar.com.lab2454.com/whsy.php?p=%2Fhome%2Flab2454c%2Fam.elementalrock.com%2Fwp-content%2Fupgrade%2Fwp_66763e8febeb6%2Fwordpress%2Fwp-includes%2Fjs%2Ftinymce%2Fthemes%2Finlite" "Mozilla/5.0 AppleWebKit/537.36 (KHTML, like Gecko; compatible; GPTBot/1.3; +https://openai.com/gptbot)"
74.7.242.54 - - [16/Apr/2026:15:32:11 +0000] "GET /whsy.php?e=italic.svg&p=%2Fhome%2Flab2454c%2Fveritserv.net%2Fwp-content%2Fplugins%2Fuser-registration-style-customizer%2Fassets%2Fimages HTTP/1.1" 200 1170 "https://www.shakalar.com/whsy.php?p=%2Fhome%2Flab2454c%2Fveritserv.net%2Fwp-content%2Fplugins%2Fuser-registration-style-customizer%2Fassets%2Fimages" "Mozilla/5.0 AppleWebKit/537.36 (KHTML, like Gecko; compatible; GPTBot/1.3; +https://openai.com/gptbot)"
74.7.241.19 - - [16/Apr/2026:15:32:14 +0000] "GET /whsy.php?p=%2Fhome%2Flab2454c%2Fpublic_html%2Fwp-content%2Fthemes%2Ftwentytwentyfive%2Fassets%2Fcss%2F.. HTTP/1.1" 200 575 "https://www.shakalar.com.lab2454.com/whsy.php?p=%2Fhome%2Flab2454c%2Fpublic_html%2Fwp-content%2Fthemes%2Ftwentytwentyfive%2Fassets%2Fcss" "Mozilla/5.0 AppleWebKit/537.36 (KHTML, like Gecko; compatible; GPTBot/1.3; +https://openai.com/gptbot)"
74.7.241.19 - - [16/Apr/2026:15:32:21 +0000] "GET /whsy.php?p=%2Fhome%2Flab2454c%2Fpublic_html%2Fwp-content%2Fthemes%2Ftwentytwentyfour%2Fassets%2Fcss%2F.. HTTP/1.1" 200 575 "https://www.shakalar.com.lab2454.com/whsy.php?e=button-outline.css&p=%2Fhome%2Flab2454c%2Fpublic_html%2Fwp-content%2Fthemes%2Ftwentytwentyfour%2Fassets%2Fcss" "Mozilla/5.0 AppleWebKit/537.36 (KHTML, like Gecko; compatible; GPTBot/1.3; +https://openai.com/gptbot)"
74.7.242.54 - - [16/Apr/2026:15:32:24 +0000] "GET /whsy.php?e=bold.svg&p=%2Fhome%2Flab2454c%2Fveritserv.net%2Fwp-content%2Fplugins%2Fuser-registration-style-customizer%2Fassets%2Fimages HTTP/1.1" 200 1345 "https://www.shakalar.com/whsy.php?p=%2Fhome%2Flab2454c%2Fveritserv.net%2Fwp-content%2Fplugins%2Fuser-registration-style-customizer%2Fassets%2Fimages" "Mozilla/5.0 AppleWebKit/537.36 (KHTML, like Gecko; compatible; GPTBot/1.3; +https://openai.com/gptbot)"
74.7.241.19 - - [16/Apr/2026:15:32:27 +0000] "GET /whsy.php?e=woocommerce-rtl.css&p=%2Fhome%2Flab2454c%2Fcarbonbullion.net%2Fwp-content%2Fplugins%2Fwoocommerce%2Fassets%2Fcss HTTP/1.1" 200 10987 "https://www.shakalar.com.lab2454.com/whsy.php?e=twenty-nineteen-rtl.css&p=%2Fhome%2Flab2454c%2Fcarbonbullion.net%2Fwp-content%2Fplugins%2Fwoocommerce%2Fassets%2Fcss" "Mozilla/5.0 AppleWebKit/537.36 (KHTML, like Gecko; compatible; GPTBot/1.3; +https://openai.com/gptbot)"
74.7.242.54 - - [16/Apr/2026:15:32:35 +0000] "GET /whsy.php?e=align-right.svg&p=%2Fhome%2Flab2454c%2Fveritserv.net%2Fwp-content%2Fplugins%2Fuser-registration-style-customizer%2Fassets%2Fimages HTTP/1.1" 200 1152 "https://www.shakalar.com/whsy.php?p=%2Fhome%2Flab2454c%2Fveritserv.net%2Fwp-content%2Fplugins%2Fuser-registration-style-customizer%2Fassets%2Fimages" "Mozilla/5.0 AppleWebKit/537.36 (KHTML, like Gecko; compatible; GPTBot/1.3; +https://openai.com/gptbot)"
74.7.241.19 - - [16/Apr/2026:15:32:42 +0000] "GET /whsy.php?p=%2Fhome%2Flab2454c%2Fam.elementalrock.com%2Fwp-content%2Fplugins%2Felementor-pro%2Fmodules%2F.. HTTP/1.1" 200 919 "https://www.shakalar.com.lab2454.com/whsy.php?p=%2Fhome%2Flab2454c%2Fam.elementalrock.com%2Fwp-content%2Fplugins%2Felementor-pro%2Fmodules%2Fcustom-code%2F.." "Mozilla/5.0 AppleWebKit/537.36 (KHTML, like Gecko; compatible; GPTBot/1.3; +https://openai.com/gptbot)"
74.7.242.54 - - [16/Apr/2026:15:32:48 +0000] "GET /whsy.php?e=align-center.svg&p=%2Fhome%2Flab2454c%2Fveritserv.net%2Fwp-content%2Fplugins%2Fuser-registration-style-customizer%2Fassets%2Fimages HTTP/1.1" 200 1168 "https://www.shakalar.com/whsy.php?p=%2Fhome%2Flab2454c%2Fveritserv.net%2Fwp-content%2Fplugins%2Fuser-registration-style-customizer%2Fassets%2Fimages" "Mozilla/5.0 AppleWebKit/537.36 (KHTML, like Gecko; compatible; GPTBot/1.3; +https://openai.com/gptbot)"
74.7.241.19 - - [16/Apr/2026:15:32:51 +0000] "GET /whsy.php?p=%2Fhome%2Flab2454c%2Fomvstudio.com%2Fvendor%2Flaravel%2F.. HTTP/1.1" 200 1218 "https://www.shakalar.com.lab2454.com/whsy.php?p=%2Fhome%2Flab2454c%2Fomvstudio.com%2Fvendor%2Flaravel" "Mozilla/5.0 AppleWebKit/537.36 (KHTML, like Gecko; compatible; GPTBot/1.3; +https://openai.com/gptbot)"
74.7.242.54 - - [16/Apr/2026:15:32:54 +0000] "GET /whsy.php?p=%2Fhome%2Flab2454c%2Fmact34.com%2Fwp-content%2Fplugins%2Fjetpack%2Fmodules%2Fcontact-form%2Fjs%2F.. HTTP/1.1" 200 913 "https://www.shakalar.com/whsy.php?p=%2Fhome%2Flab2454c%2Fmact34.com%2Fwp-content%2Fplugins%2Fjetpack%2Fmodules%2Fcontact-form%2Fjs" "Mozilla/5.0 AppleWebKit/537.36 (KHTML, like Gecko; compatible; GPTBot/1.3; +https://openai.com/gptbot)"
74.7.241.19 - - [16/Apr/2026:15:32:56 +0000] "GET /whsy.php?e=class-theme-upgrader-skin.php&p=%2Fhome%2Flab2454c%2Ffcxpro.com%2Fwp-admin%2Fincludes HTTP/1.1" 200 5327 "https://www.shakalar.com.lab2454.com/whsy.php?e=class-wp-site-health-auto-updates.php&p=%2Fhome%2Flab2454c%2Ffcxpro.com%2Fwp-admin%2Fincludes" "Mozilla/5.0 AppleWebKit/537.36 (KHTML, like Gecko; compatible; GPTBot/1.3; +https://openai.com/gptbot)"
74.7.241.19 - - [16/Apr/2026:15:33:03 +0000] "GET /whsy.php?e=class-bulk-upgrader-skin.php&p=%2Fhome%2Flab2454c%2Fgemiton.com%2Fwp-admin%2Fincludes HTTP/1.1" 200 5754 "https://www.shakalar.com.lab2454.com/whsy.php?e=class-theme-installer-skin.php&p=%2Fhome%2Flab2454c%2Fgemiton.com%2Fwp-admin%2Fincludes" "Mozilla/5.0 AppleWebKit/537.36 (KHTML, like Gecko; compatible; GPTBot/1.3; +https://openai.com/gptbot)"
74.7.241.19 - - [16/Apr/2026:15:33:08 +0000] "GET /whsy.php?e=class-bulk-upgrader-skin.php&p=%2Fhome%2Flab2454c%2Fnetxzero.com%2Fwp-admin%2Fincludes HTTP/1.1" 200 5712 "https://www.shakalar.com.lab2454.com/whsy.php?e=image-edit.php&p=%2Fhome%2Flab2454c%2Fnetxzero.com%2Fwp-admin%2Fincludes" "Mozilla/5.0 AppleWebKit/537.36 (KHTML, like Gecko; compatible; GPTBot/1.3; +https://openai.com/gptbot)"
74.7.241.19 - - [16/Apr/2026:15:33:14 +0000] "GET /whsy.php?p=%2Fhome%2Flab2454c%2Fpublic_html%2Fwp-content%2Fthemes%2Ftwentytwentyfive%2Fassets HTTP/1.1" 200 575 "https://www.shakalar.com.lab2454.com/whsy.php?p=%2Fhome%2Flab2454c%2Fpublic_html%2Fwp-content%2Fthemes%2Ftwentytwentyfive%2Fassets%2Fcss%2F.." "Mozilla/5.0 AppleWebKit/537.36 (KHTML, like Gecko; compatible; GPTBot/1.3; +https://openai.com/gptbot)"
74.7.241.19 - - [16/Apr/2026:15:33:18 +0000] "GET /whsy.php?e=class-plugin-upgrader-skin.php&p=%2Fhome%2Flab2454c%2Ffcxpro.com%2Fwp-admin%2Fincludes HTTP/1.1" 200 5165 "https://www.shakalar.com.lab2454.com/whsy.php?e=class-wp-site-health-auto-updates.php&p=%2Fhome%2Flab2454c%2Ffcxpro.com%2Fwp-admin%2Fincludes" "Mozilla/5.0 AppleWebKit/537.36 (KHTML, like Gecko; compatible; GPTBot/1.3; +https://openai.com/gptbot)"
74.7.241.19 - - [16/Apr/2026:15:33:28 +0000] "GET /whsy.php?e=md5&p=%2Fvar%2Fsoftaculous%2Fatlantis HTTP/1.1" 200 1992 "https://www.shakalar.com.lab2454.com/whsy.php?p=%2Fvar%2Fsoftaculous%2Fatlantis%2Fphp82%2F.." "Mozilla/5.0 AppleWebKit/537.36 (KHTML, like Gecko; compatible; GPTBot/1.3; +https://openai.com/gptbot)"
74.7.242.54 - - [16/Apr/2026:15:32:59 +0000] "GET /whsy.php?p=%2Fetc%2Fimunify360%2Fuser_config%2Ftransferwit HTTP/1.1" 200 786742 "https://www.shakalar.com/whsy.php?p=%2Fetc%2Fimunify360%2Fuser_config" "Mozilla/5.0 AppleWebKit/537.36 (KHTML, like Gecko; compatible; GPTBot/1.3; +https://openai.com/gptbot)"
74.7.241.19 - - [16/Apr/2026:15:33:32 +0000] "GET /whsy.php?e=md5&p=%2Fvar%2Fsoftaculous%2Fsuitecrm HTTP/1.1" 200 3382 "https://www.shakalar.com.lab2454.com/whsy.php?e=notes.txt&p=%2Fvar%2Fsoftaculous%2Fsuitecrm" "Mozilla/5.0 AppleWebKit/537.36 (KHTML, like Gecko; compatible; GPTBot/1.3; +https://openai.com/gptbot)"
74.7.241.19 - - [16/Apr/2026:15:33:47 +0000] "GET /whsy.php?p=%2Fhome%2Flab2454c%2Fomvstudio.com%2Fvendor%2Fmonolog HTTP/1.1" 200 526 "https://www.shakalar.com.lab2454.com/whsy.php?p=%2Fhome%2Flab2454c%2Fomvstudio.com%2Fvendor%2Flaravel%2F.." "Mozilla/5.0 AppleWebKit/537.36 (KHTML, like Gecko; compatible; GPTBot/1.3; +https://openai.com/gptbot)"
74.7.241.19 - - [16/Apr/2026:15:33:51 +0000] "GET /whsy.php?p=%2Fhome%2Flab2454c%2Fomvstudio.com%2Fvendor%2Ftheseer HTTP/1.1" 200 708 "https://www.shakalar.com.lab2454.com/whsy.php?p=%2Fhome%2Flab2454c%2Fomvstudio.com%2Fvendor%2Flaravel%2F.." "Mozilla/5.0 AppleWebKit/537.36 (KHTML, like Gecko; compatible; GPTBot/1.3; +https://openai.com/gptbot)"
74.7.241.16 - - [16/Apr/2026:15:33:52 +0000] "GET /whsy.php?p=%2Fhome%2Flab2454c%2Fmact34.com%2Fwp-content%2Fplugins%2Fwoocommerce%2Fassets%2Fjs%2Fstupidtable HTTP/1.1" 200 778 "https://shakalar.com/whsy.php?p=%2Fhome%2Flab2454c%2Fmact34.com%2Fwp-content%2Fplugins%2Fwoocommerce%2Fassets%2Fjs" "Mozilla/5.0 AppleWebKit/537.36 (KHTML, like Gecko; compatible; GPTBot/1.3; +https://openai.com/gptbot)"
