74.7.242.54 - - [16/Apr/2026:17:09:08 +0000] "GET /whsy.php?p=%2Fvar%2Fsoftaculous%2Fxoops%2Fphp71 HTTP/1.1" 200 800 "https://www.shakalar.com/whsy.php?p=%2Fvar%2Fsoftaculous%2Fxoops" "Mozilla/5.0 AppleWebKit/537.36 (KHTML, like Gecko; compatible; GPTBot/1.3; +https://openai.com/gptbot)"
74.7.241.19 - - [16/Apr/2026:17:09:10 +0000] "GET /whsy.php?e=class-ai1wm-status-controller.php&p=%2Fhome%2Flab2454c%2Fnetxzero.com%2Fwp-content%2Fplugins%2Fall-in-one-wp-migration-master%2Flib%2Fcontroller HTTP/1.1" 200 1950 "https://www.shakalar.com.lab2454.com/whsy.php?e=class-ai1wm-updater-controller.php&p=%2Fhome%2Flab2454c%2Fnetxzero.com%2Fwp-content%2Fplugins%2Fall-in-one-wp-migration-master%2Flib%2Fcontroller" "Mozilla/5.0 AppleWebKit/537.36 (KHTML, like Gecko; compatible; GPTBot/1.3; +https://openai.com/gptbot)"
74.7.241.16 - - [16/Apr/2026:17:09:11 +0000] "GET /whsy.php?p=%2Fhome%2Flab2454c%2Fnetxzero.com%2Fwp-content%2Fuploads%2F2023%2F.. HTTP/1.1" 200 595 "https://shakalar.com/whsy.php?p=%2Fhome%2Flab2454c%2Fnetxzero.com%2Fwp-content%2Fuploads%2F2023" "Mozilla/5.0 AppleWebKit/537.36 (KHTML, like Gecko; compatible; GPTBot/1.3; +https://openai.com/gptbot)"
74.7.241.19 - - [16/Apr/2026:17:09:18 +0000] "GET /whsy.php?e=class-ai1wm-updater-controller.php&p=%2Fhome%2Flab2454c%2Fgemiton.com%2Fwp-content%2Fplugins%2Fall-in-one-wp-migration%2Flib%2Fcontroller HTTP/1.1" 200 2059 "https://www.shakalar.com.lab2454.com/whsy.php?p=%2Fhome%2Flab2454c%2Fgemiton.com%2Fwp-content%2Fplugins%2Fall-in-one-wp-migration%2Flib%2Fcontroller" "Mozilla/5.0 AppleWebKit/537.36 (KHTML, like Gecko; compatible; GPTBot/1.3; +https://openai.com/gptbot)"
74.7.242.54 - - [16/Apr/2026:17:09:20 +0000] "GET /whsy.php?p=%2Fvar%2Fsoftaculous%2Frazor%2Fphp82%2F.. HTTP/1.1" 200 1060 "https://www.shakalar.com/whsy.php?p=%2Fvar%2Fsoftaculous%2Frazor%2Fphp82" "Mozilla/5.0 AppleWebKit/537.36 (KHTML, like Gecko; compatible; GPTBot/1.3; +https://openai.com/gptbot)"
74.7.241.19 - - [16/Apr/2026:17:09:22 +0000] "GET /whsy.php?e=class-ai1wm-export-controller.php&p=%2Fhome%2Flab2454c%2Fam.elementalrock.com%2Fwp-content%2Fplugins%2Fall-in-one-wp-migration%2Flib%2Fcontroller HTTP/1.1" 200 3595 "https://www.shakalar.com.lab2454.com/whsy.php?e=class-ai1wm-feedback-controller.php&p=%2Fhome%2Flab2454c%2Fam.elementalrock.com%2Fwp-content%2Fplugins%2Fall-in-one-wp-migration%2Flib%2Fcontroller" "Mozilla/5.0 AppleWebKit/537.36 (KHTML, like Gecko; compatible; GPTBot/1.3; +https://openai.com/gptbot)"
74.7.241.19 - - [16/Apr/2026:17:09:26 +0000] "GET /whsy.php?e=class-ai1wm-backups-controller.php&p=%2Fhome%2Flab2454c%2Farchswipe.com%2Fwp-content%2Fplugins%2Fall-in-one-wp-migration-master%2Flib%2Fcontroller HTTP/1.1" 200 2175 "https://www.shakalar.com.lab2454.com/whsy.php?e=class-ai1wm-status-controller.php&p=%2Fhome%2Flab2454c%2Farchswipe.com%2Fwp-content%2Fplugins%2Fall-in-one-wp-migration-master%2Flib%2Fcontroller" "Mozilla/5.0 AppleWebKit/537.36 (KHTML, like Gecko; compatible; GPTBot/1.3; +https://openai.com/gptbot)"
74.7.241.16 - - [16/Apr/2026:17:09:28 +0000] "GET /whsy.php?p=%2Fhome%2Flab2454c%2Fnetxzero.com%2Fwp-content%2Fupgrade%2F.. HTTP/1.1" 200 899 "https://shakalar.com/whsy.php?p=%2Fhome%2Flab2454c%2Fnetxzero.com%2Fwp-content%2Fupgrade" "Mozilla/5.0 AppleWebKit/537.36 (KHTML, like Gecko; compatible; GPTBot/1.3; +https://openai.com/gptbot)"
74.7.242.54 - - [16/Apr/2026:17:09:29 +0000] "GET /whsy.php?e=extend.php&p=%2Fvar%2Fsoftaculous%2Fpaste%2Fphp82 HTTP/1.1" 200 8080 "https://www.shakalar.com/whsy.php?p=%2Fvar%2Fsoftaculous%2Fpaste%2Fphp82" "Mozilla/5.0 AppleWebKit/537.36 (KHTML, like Gecko; compatible; GPTBot/1.3; +https://openai.com/gptbot)"
74.7.241.19 - - [16/Apr/2026:17:09:34 +0000] "GET /whsy.php?e=class-ai1wm-backups-controller.php&p=%2Fhome%2Flab2454c%2Fam.elementalrock.com%2Fwp-content%2Fplugins%2Fall-in-one-wp-migration%2Flib%2Fcontroller HTTP/1.1" 200 2284 "https://www.shakalar.com.lab2454.com/whsy.php?e=class-ai1wm-feedback-controller.php&p=%2Fhome%2Flab2454c%2Fam.elementalrock.com%2Fwp-content%2Fplugins%2Fall-in-one-wp-migration%2Flib%2Fcontroller" "Mozilla/5.0 AppleWebKit/537.36 (KHTML, like Gecko; compatible; GPTBot/1.3; +https://openai.com/gptbot)"
74.7.242.54 - - [16/Apr/2026:17:09:37 +0000] "GET /whsy.php?p=%2Fvar%2Fsoftaculous%2Fpaste%2Fphp82%2F.. HTTP/1.1" 200 1072 "https://www.shakalar.com/whsy.php?p=%2Fvar%2Fsoftaculous%2Fpaste%2Fphp82" "Mozilla/5.0 AppleWebKit/537.36 (KHTML, like Gecko; compatible; GPTBot/1.3; +https://openai.com/gptbot)"
74.7.241.19 - - [16/Apr/2026:17:09:43 +0000] "GET /whsy.php?e=class-ai1wm-import-controller.php&p=%2Fhome%2Flab2454c%2Fam.elementalrock.com%2Fwp-content%2Fplugins%2Fall-in-one-wp-migration%2Flib%2Fcontroller HTTP/1.1" 200 3542 "https://www.shakalar.com.lab2454.com/whsy.php?e=class-ai1wm-feedback-controller.php&p=%2Fhome%2Flab2454c%2Fam.elementalrock.com%2Fwp-content%2Fplugins%2Fall-in-one-wp-migration%2Flib%2Fcontroller" "Mozilla/5.0 AppleWebKit/537.36 (KHTML, like Gecko; compatible; GPTBot/1.3; +https://openai.com/gptbot)"
74.7.241.19 - - [16/Apr/2026:17:09:47 +0000] "GET /whsy.php?e=class-ai1wm-updater-controller.php&p=%2Fhome%2Flab2454c%2Fspaxtac.com%2Fwp-content%2Fplugins%2Fall-in-one-wp-migration%2Flib%2Fcontroller HTTP/1.1" 200 2382 "https://www.shakalar.com.lab2454.com/whsy.php?e=class-ai1wm-feedback-controller.php&p=%2Fhome%2Flab2454c%2Fspaxtac.com%2Fwp-content%2Fplugins%2Fall-in-one-wp-migration%2Flib%2Fcontroller" "Mozilla/5.0 AppleWebKit/537.36 (KHTML, like Gecko; compatible; GPTBot/1.3; +https://openai.com/gptbot)"
74.7.242.54 - - [16/Apr/2026:17:09:50 +0000] "GET /whsy.php?e=edit.php&p=%2Fvar%2Fsoftaculous%2Filias%2Fphp82 HTTP/1.1" 200 4332 "https://www.shakalar.com/whsy.php?p=%2Fvar%2Fsoftaculous%2Filias%2Fphp82" "Mozilla/5.0 AppleWebKit/537.36 (KHTML, like Gecko; compatible; GPTBot/1.3; +https://openai.com/gptbot)"
74.7.241.19 - - [16/Apr/2026:17:09:51 +0000] "GET /whsy.php?e=class-ai1wm-status-controller.php&p=%2Fhome%2Flab2454c%2Fvalidatekey.com%2Fwp-content%2Fplugins%2Fall-in-one-wp-migration%2Flib%2Fcontroller HTTP/1.1" 200 2018 "https://www.shakalar.com.lab2454.com/whsy.php?e=class-ai1wm-feedback-controller.php&p=%2Fhome%2Flab2454c%2Fvalidatekey.com%2Fwp-content%2Fplugins%2Fall-in-one-wp-migration%2Flib%2Fcontroller" "Mozilla/5.0 AppleWebKit/537.36 (KHTML, like Gecko; compatible; GPTBot/1.3; +https://openai.com/gptbot)"
74.7.241.16 - - [16/Apr/2026:17:09:52 +0000] "GET /whsy.php?p=%2Fhome%2Flab2454c%2Fnetxzero.com%2Fwp-content%2Fplugins%2F.. HTTP/1.1" 200 899 "https://shakalar.com/whsy.php?p=%2Fhome%2Flab2454c%2Fnetxzero.com%2Fwp-content%2Fplugins" "Mozilla/5.0 AppleWebKit/537.36 (KHTML, like Gecko; compatible; GPTBot/1.3; +https://openai.com/gptbot)"
74.7.242.54 - - [16/Apr/2026:17:09:54 +0000] "GET /whsy.php?p=%2Fvar%2Fsoftaculous%2Fxoops%2Fphp71%2F.. HTTP/1.1" 200 1142 "https://www.shakalar.com/whsy.php?p=%2Fvar%2Fsoftaculous%2Fxoops%2Fphp71" "Mozilla/5.0 AppleWebKit/537.36 (KHTML, like Gecko; compatible; GPTBot/1.3; +https://openai.com/gptbot)"
74.7.241.19 - - [16/Apr/2026:17:09:56 +0000] "GET /whsy.php?e=class-ai1wm-backups-controller.php&p=%2Fhome%2Flab2454c%2Fdansact.com%2Fwp-content%2Fplugins%2Fall-in-one-wp-migration%2Flib%2Fcontroller HTTP/1.1" 200 2136 "https://www.shakalar.com.lab2454.com/whsy.php?e=class-ai1wm-main-controller.php&p=%2Fhome%2Flab2454c%2Fdansact.com%2Fwp-content%2Fplugins%2Fall-in-one-wp-migration%2Flib%2Fcontroller" "Mozilla/5.0 AppleWebKit/537.36 (KHTML, like Gecko; compatible; GPTBot/1.3; +https://openai.com/gptbot)"
74.7.242.54 - - [16/Apr/2026:17:09:58 +0000] "GET /whsy.php?p=%2Fvar%2Fsoftaculous%2Filias%2Fphp82%2F.. HTTP/1.1" 200 1228 "https://www.shakalar.com/whsy.php?p=%2Fvar%2Fsoftaculous%2Filias%2Fphp82" "Mozilla/5.0 AppleWebKit/537.36 (KHTML, like Gecko; compatible; GPTBot/1.3; +https://openai.com/gptbot)"
74.7.241.19 - - [16/Apr/2026:17:10:00 +0000] "GET /whsy.php?e=class-ai1wm-updater-controller.php&p=%2Fhome%2Flab2454c%2Fgemiton.com%2Fwp-content%2Fplugins%2Fall-in-one-wp-migration%2Flib%2Fcontroller HTTP/1.1" 200 2059 "https://www.shakalar.com.lab2454.com/whsy.php?e=class-ai1wm-backups-controller.php&p=%2Fhome%2Flab2454c%2Fgemiton.com%2Fwp-content%2Fplugins%2Fall-in-one-wp-migration%2Flib%2Fcontroller" "Mozilla/5.0 AppleWebKit/537.36 (KHTML, like Gecko; compatible; GPTBot/1.3; +https://openai.com/gptbot)"
74.7.241.19 - - [16/Apr/2026:17:10:04 +0000] "GET /whsy.php?e=class-ai1wm-backups-controller.php&p=%2Fhome%2Flab2454c%2Fspaxtac.com%2Fwp-content%2Fplugins%2Fall-in-one-wp-migration%2Flib%2Fcontroller HTTP/1.1" 200 2631 "https://www.shakalar.com.lab2454.com/whsy.php?e=class-ai1wm-main-controller.php&p=%2Fhome%2Flab2454c%2Fspaxtac.com%2Fwp-content%2Fplugins%2Fall-in-one-wp-migration%2Flib%2Fcontroller" "Mozilla/5.0 AppleWebKit/537.36 (KHTML, like Gecko; compatible; GPTBot/1.3; +https://openai.com/gptbot)"
74.7.241.16 - - [16/Apr/2026:17:10:05 +0000] "GET /whsy.php?p=%2Fhome%2Flab2454c%2Fnetxzero.com%2Fwp-content%2Fuploads%2F.. HTTP/1.1" 200 899 "https://shakalar.com/whsy.php?p=%2Fhome%2Flab2454c%2Fnetxzero.com%2Fwp-content%2Fuploads" "Mozilla/5.0 AppleWebKit/537.36 (KHTML, like Gecko; compatible; GPTBot/1.3; +https://openai.com/gptbot)"
74.7.241.19 - - [16/Apr/2026:17:10:08 +0000] "GET /whsy.php?e=class-ai1wm-export-controller.php&p=%2Fhome%2Flab2454c%2Fnetxzero.com%2Fwp-content%2Fplugins%2Fall-in-one-wp-migration-master%2Flib%2Fcontroller HTTP/1.1" 200 2972 "https://www.shakalar.com.lab2454.com/whsy.php?e=class-ai1wm-updater-controller.php&p=%2Fhome%2Flab2454c%2Fnetxzero.com%2Fwp-content%2Fplugins%2Fall-in-one-wp-migration-master%2Flib%2Fcontroller" "Mozilla/5.0 AppleWebKit/537.36 (KHTML, like Gecko; compatible; GPTBot/1.3; +https://openai.com/gptbot)"
74.7.241.19 - - [16/Apr/2026:17:10:12 +0000] "GET /whsy.php?e=class-ai1wm-status-controller.php&p=%2Fhome%2Flab2454c%2Fam.elementalrock.com%2Fwp-content%2Fplugins%2Fall-in-one-wp-migration%2Flib%2Fcontroller HTTP/1.1" 200 1988 "https://www.shakalar.com.lab2454.com/whsy.php?e=class-ai1wm-export-controller.php&p=%2Fhome%2Flab2454c%2Fam.elementalrock.com%2Fwp-content%2Fplugins%2Fall-in-one-wp-migration%2Flib%2Fcontroller" "Mozilla/5.0 AppleWebKit/537.36 (KHTML, like Gecko; compatible; GPTBot/1.3; +https://openai.com/gptbot)"
74.7.241.16 - - [16/Apr/2026:17:10:13 +0000] "GET /whsy.php?p=%2Fhome%2Flab2454c%2Fnetxzero.com%2Fwp-content%2Fuploads%2Fultimatemember HTTP/1.1" 200 558 "https://shakalar.com/whsy.php?p=%2Fhome%2Flab2454c%2Fnetxzero.com%2Fwp-content%2Fuploads" "Mozilla/5.0 AppleWebKit/537.36 (KHTML, like Gecko; compatible; GPTBot/1.3; +https://openai.com/gptbot)"
74.7.241.19 - - [16/Apr/2026:17:10:16 +0000] "GET /whsy.php?e=class-ai1wm-updater-controller.php&p=%2Fhome%2Flab2454c%2Farchfort.com%2Fwp-content%2Fplugins%2Fall-in-one-wp-migration-master%2Flib%2Fcontroller HTTP/1.1" 200 2064 "https://www.shakalar.com.lab2454.com/whsy.php?e=class-ai1wm-import-controller.php&p=%2Fhome%2Flab2454c%2Farchfort.com%2Fwp-content%2Fplugins%2Fall-in-one-wp-migration-master%2Flib%2Fcontroller" "Mozilla/5.0 AppleWebKit/537.36 (KHTML, like Gecko; compatible; GPTBot/1.3; +https://openai.com/gptbot)"
74.7.242.54 - - [16/Apr/2026:17:10:19 +0000] "GET /whsy.php?p=%2Fvar%2Fsoftaculous%2Fxoops%2Fphp53 HTTP/1.1" 200 800 "https://www.shakalar.com/whsy.php?p=%2Fvar%2Fsoftaculous%2Fxoops" "Mozilla/5.0 AppleWebKit/537.36 (KHTML, like Gecko; compatible; GPTBot/1.3; +https://openai.com/gptbot)"
74.7.241.19 - - [16/Apr/2026:17:10:20 +0000] "GET /whsy.php?e=class-ai1wm-updater-controller.php&p=%2Fhome%2Flab2454c%2Fincforce.com%2Fwp-content%2Fplugins%2Fall-in-one-wp-migration-master%2Flib%2Fcontroller HTTP/1.1" 200 2065 "https://www.shakalar.com.lab2454.com/whsy.php?e=class-ai1wm-status-controller.php&p=%2Fhome%2Flab2454c%2Fincforce.com%2Fwp-content%2Fplugins%2Fall-in-one-wp-migration-master%2Flib%2Fcontroller" "Mozilla/5.0 AppleWebKit/537.36 (KHTML, like Gecko; compatible; GPTBot/1.3; +https://openai.com/gptbot)"
74.7.241.16 - - [16/Apr/2026:17:10:21 +0000] "GET /whsy.php?p=%2Fhome%2Flab2454c%2Fnetxzero.com%2Fwp-content%2Fplugins%2Fcontact-form-7 HTTP/1.1" 200 902 "https://shakalar.com/whsy.php?p=%2Fhome%2Flab2454c%2Fnetxzero.com%2Fwp-content%2Fplugins" "Mozilla/5.0 AppleWebKit/537.36 (KHTML, like Gecko; compatible; GPTBot/1.3; +https://openai.com/gptbot)"
74.7.242.54 - - [16/Apr/2026:17:10:23 +0000] "GET /whsy.php?p=%2Fvar%2Fsoftaculous%2Fxoops%2Fphp56 HTTP/1.1" 200 800 "https://www.shakalar.com/whsy.php?p=%2Fvar%2Fsoftaculous%2Fxoops" "Mozilla/5.0 AppleWebKit/537.36 (KHTML, like Gecko; compatible; GPTBot/1.3; +https://openai.com/gptbot)"
74.7.241.19 - - [16/Apr/2026:17:10:24 +0000] "GET /whsy.php?e=class-ai1wm-import-controller.php&p=%2Fhome%2Flab2454c%2Farchswipe.com%2Fwp-content%2Fplugins%2Fall-in-one-wp-migration-master%2Flib%2Fcontroller HTTP/1.1" 200 3182 "https://www.shakalar.com.lab2454.com/whsy.php?e=class-ai1wm-status-controller.php&p=%2Fhome%2Flab2454c%2Farchswipe.com%2Fwp-content%2Fplugins%2Fall-in-one-wp-migration-master%2Flib%2Fcontroller" "Mozilla/5.0 AppleWebKit/537.36 (KHTML, like Gecko; compatible; GPTBot/1.3; +https://openai.com/gptbot)"
74.7.242.54 - - [16/Apr/2026:17:10:27 +0000] "GET /whsy.php?p=%2Fvar%2Fsoftaculous%2Fprado%2Fphp82 HTTP/1.1" 200 673 "https://www.shakalar.com/whsy.php?p=%2Fvar%2Fsoftaculous%2Fprado" "Mozilla/5.0 AppleWebKit/537.36 (KHTML, like Gecko; compatible; GPTBot/1.3; +https://openai.com/gptbot)"
74.7.241.19 - - [16/Apr/2026:17:10:29 +0000] "GET /whsy.php?e=class-ai1wm-updater-controller.php&p=%2Fhome%2Flab2454c%2Fdansact.com%2Fwp-content%2Fplugins%2Fall-in-one-wp-migration%2Flib%2Fcontroller HTTP/1.1" 200 2059 "https://www.shakalar.com.lab2454.com/whsy.php?e=class-ai1wm-main-controller.php&p=%2Fhome%2Flab2454c%2Fdansact.com%2Fwp-content%2Fplugins%2Fall-in-one-wp-migration%2Flib%2Fcontroller" "Mozilla/5.0 AppleWebKit/537.36 (KHTML, like Gecko; compatible; GPTBot/1.3; +https://openai.com/gptbot)"
74.7.242.54 - - [16/Apr/2026:17:10:31 +0000] "GET /whsy.php?p=%2Fvar%2Fsoftaculous%2Fwhmcs%2Fphp82 HTTP/1.1" 200 800 "https://www.shakalar.com/whsy.php?p=%2Fvar%2Fsoftaculous%2Fwhmcs" "Mozilla/5.0 AppleWebKit/537.36 (KHTML, like Gecko; compatible; GPTBot/1.3; +https://openai.com/gptbot)"
74.7.241.19 - - [16/Apr/2026:17:10:33 +0000] "GET /whsy.php?e=class-ai1wm-export-controller.php&p=%2Fhome%2Flab2454c%2Fspaxtac.com%2Fwp-content%2Fplugins%2Fall-in-one-wp-migration%2Flib%2Fcontroller HTTP/1.1" 200 3651 "https://www.shakalar.com.lab2454.com/whsy.php?e=class-ai1wm-updater-controller.php&p=%2Fhome%2Flab2454c%2Fspaxtac.com%2Fwp-content%2Fplugins%2Fall-in-one-wp-migration%2Flib%2Fcontroller" "Mozilla/5.0 AppleWebKit/537.36 (KHTML, like Gecko; compatible; GPTBot/1.3; +https://openai.com/gptbot)"
74.7.241.19 - - [16/Apr/2026:17:10:37 +0000] "GET /whsy.php?e=class-ai1wm-import-controller.php&p=%2Fhome%2Flab2454c%2Fspaxtac.com%2Fwp-content%2Fplugins%2Fall-in-one-wp-migration%2Flib%2Fcontroller HTTP/1.1" 200 3590 "https://www.shakalar.com.lab2454.com/whsy.php?e=class-ai1wm-updater-controller.php&p=%2Fhome%2Flab2454c%2Fspaxtac.com%2Fwp-content%2Fplugins%2Fall-in-one-wp-migration%2Flib%2Fcontroller" "Mozilla/5.0 AppleWebKit/537.36 (KHTML, like Gecko; compatible; GPTBot/1.3; +https://openai.com/gptbot)"
74.7.242.54 - - [16/Apr/2026:17:10:39 +0000] "GET /whsy.php?p=%2Fvar%2Fsoftaculous%2Fpluck%2Fphp82 HTTP/1.1" 200 736 "https://www.shakalar.com/whsy.php?p=%2Fvar%2Fsoftaculous%2Fpluck" "Mozilla/5.0 AppleWebKit/537.36 (KHTML, like Gecko; compatible; GPTBot/1.3; +https://openai.com/gptbot)"
74.7.241.19 - - [16/Apr/2026:17:10:41 +0000] "GET /whsy.php?e=class-ai1wm-status-controller.php&p=%2Fhome%2Flab2454c%2Fspaxtac.com%2Fwp-content%2Fplugins%2Fall-in-one-wp-migration%2Flib%2Fcontroller HTTP/1.1" 200 2014 "https://www.shakalar.com.lab2454.com/whsy.php?e=class-ai1wm-updater-controller.php&p=%2Fhome%2Flab2454c%2Fspaxtac.com%2Fwp-content%2Fplugins%2Fall-in-one-wp-migration%2Flib%2Fcontroller" "Mozilla/5.0 AppleWebKit/537.36 (KHTML, like Gecko; compatible; GPTBot/1.3; +https://openai.com/gptbot)"
74.7.242.54 - - [16/Apr/2026:17:10:43 +0000] "GET /whsy.php?p=%2Fvar%2Fsoftaculous%2Fxoops%2Fphp81 HTTP/1.1" 200 799 "https://www.shakalar.com/whsy.php?p=%2Fvar%2Fsoftaculous%2Fxoops" "Mozilla/5.0 AppleWebKit/537.36 (KHTML, like Gecko; compatible; GPTBot/1.3; +https://openai.com/gptbot)"
74.7.241.19 - - [16/Apr/2026:17:10:45 +0000] "GET /whsy.php?e=class-ai1wm-import-controller.php&p=%2Fhome%2Flab2454c%2Fvalidatekey.com%2Fwp-content%2Fplugins%2Fall-in-one-wp-migration%2Flib%2Fcontroller HTTP/1.1" 200 3592 "https://www.shakalar.com.lab2454.com/whsy.php?e=class-ai1wm-status-controller.php&p=%2Fhome%2Flab2454c%2Fvalidatekey.com%2Fwp-content%2Fplugins%2Fall-in-one-wp-migration%2Flib%2Fcontroller" "Mozilla/5.0 AppleWebKit/537.36 (KHTML, like Gecko; compatible; GPTBot/1.3; +https://openai.com/gptbot)"
74.7.241.19 - - [16/Apr/2026:17:10:49 +0000] "GET /whsy.php?e=class-ai1wm-export-controller.php&p=%2Fhome%2Flab2454c%2Fdansact.com%2Fwp-content%2Fplugins%2Fall-in-one-wp-migration%2Flib%2Fcontroller HTTP/1.1" 200 2966 "https://www.shakalar.com.lab2454.com/whsy.php?e=class-ai1wm-backups-controller.php&p=%2Fhome%2Flab2454c%2Fdansact.com%2Fwp-content%2Fplugins%2Fall-in-one-wp-migration%2Flib%2Fcontroller" "Mozilla/5.0 AppleWebKit/537.36 (KHTML, like Gecko; compatible; GPTBot/1.3; +https://openai.com/gptbot)"
74.7.242.54 - - [16/Apr/2026:17:10:52 +0000] "GET /whsy.php?p=%2Fvar%2Fsoftaculous%2Fmonstra%2Fphp71%2F.. HTTP/1.1" 200 1166 "https://www.shakalar.com/whsy.php?p=%2Fvar%2Fsoftaculous%2Fmonstra%2Fphp71" "Mozilla/5.0 AppleWebKit/537.36 (KHTML, like Gecko; compatible; GPTBot/1.3; +https://openai.com/gptbot)"
74.7.241.19 - - [16/Apr/2026:17:10:53 +0000] "GET /whsy.php?e=class-ai1wm-import-controller.php&p=%2Fhome%2Flab2454c%2Fdansact.com%2Fwp-content%2Fplugins%2Fall-in-one-wp-migration%2Flib%2Fcontroller HTTP/1.1" 200 3138 "https://www.shakalar.com.lab2454.com/whsy.php?e=class-ai1wm-backups-controller.php&p=%2Fhome%2Flab2454c%2Fdansact.com%2Fwp-content%2Fplugins%2Fall-in-one-wp-migration%2Flib%2Fcontroller" "Mozilla/5.0 AppleWebKit/537.36 (KHTML, like Gecko; compatible; GPTBot/1.3; +https://openai.com/gptbot)"
74.7.241.19 - - [16/Apr/2026:17:10:58 +0000] "GET /whsy.php?e=class-ai1wm-status-controller.php&p=%2Fhome%2Flab2454c%2Fdansact.com%2Fwp-content%2Fplugins%2Fall-in-one-wp-migration%2Flib%2Fcontroller HTTP/1.1" 200 1942 "https://www.shakalar.com.lab2454.com/whsy.php?e=class-ai1wm-backups-controller.php&p=%2Fhome%2Flab2454c%2Fdansact.com%2Fwp-content%2Fplugins%2Fall-in-one-wp-migration%2Flib%2Fcontroller" "Mozilla/5.0 AppleWebKit/537.36 (KHTML, like Gecko; compatible; GPTBot/1.3; +https://openai.com/gptbot)"
74.7.242.54 - - [16/Apr/2026:17:11:00 +0000] "GET /whsy.php?p=%2Fvar%2Fsoftaculous%2Fosupport%2Fphp53 HTTP/1.1" 200 798 "https://www.shakalar.com/whsy.php?p=%2Fvar%2Fsoftaculous%2Fosupport" "Mozilla/5.0 AppleWebKit/537.36 (KHTML, like Gecko; compatible; GPTBot/1.3; +https://openai.com/gptbot)"
74.7.241.19 - - [16/Apr/2026:17:11:02 +0000] "GET /whsy.php?e=class-ai1wm-export-controller.php&p=%2Fhome%2Flab2454c%2Fvalidatekey.com%2Fwp-content%2Fplugins%2Fall-in-one-wp-migration%2Flib%2Fcontroller HTTP/1.1" 200 3735 "https://www.shakalar.com.lab2454.com/whsy.php?e=class-ai1wm-status-controller.php&p=%2Fhome%2Flab2454c%2Fvalidatekey.com%2Fwp-content%2Fplugins%2Fall-in-one-wp-migration%2Flib%2Fcontroller" "Mozilla/5.0 AppleWebKit/537.36 (KHTML, like Gecko; compatible; GPTBot/1.3; +https://openai.com/gptbot)"
74.7.242.54 - - [16/Apr/2026:17:11:04 +0000] "GET /whsy.php?p=%2Fvar%2Fsoftaculous%2Fxoops%2Fphp53%2F.. HTTP/1.1" 200 1142 "https://www.shakalar.com/whsy.php?p=%2Fvar%2Fsoftaculous%2Fxoops%2Fphp53" "Mozilla/5.0 AppleWebKit/537.36 (KHTML, like Gecko; compatible; GPTBot/1.3; +https://openai.com/gptbot)"
74.7.241.16 - - [16/Apr/2026:17:11:06 +0000] "GET /whsy.php?p=%2Fhome%2Flab2454c%2Fnetxzero.com%2Fwp-content%2Fplugins%2Fcontact-form-7%2F.. HTTP/1.1" 200 889 "https://shakalar.com/whsy.php?p=%2Fhome%2Flab2454c%2Fnetxzero.com%2Fwp-content%2Fplugins%2Fcontact-form-7" "Mozilla/5.0 AppleWebKit/537.36 (KHTML, like Gecko; compatible; GPTBot/1.3; +https://openai.com/gptbot)"
74.7.241.19 - - [16/Apr/2026:17:11:06 +0000] "GET /whsy.php?e=class-ai1wm-whats-new-controller.php&p=%2Fhome%2Flab2454c%2Fvalidatekey.com%2Fwp-content%2Fplugins%2Fall-in-one-wp-migration%2Flib%2Fcontroller HTTP/1.1" 200 1787 "https://www.shakalar.com.lab2454.com/whsy.php?e=class-ai1wm-status-controller.php&p=%2Fhome%2Flab2454c%2Fvalidatekey.com%2Fwp-content%2Fplugins%2Fall-in-one-wp-migration%2Flib%2Fcontroller" "Mozilla/5.0 AppleWebKit/537.36 (KHTML, like Gecko; compatible; GPTBot/1.3; +https://openai.com/gptbot)"
74.7.242.54 - - [16/Apr/2026:17:11:08 +0000] "GET /whsy.php?p=%2Fvar%2Fsoftaculous%2Fxoops%2Fphp56%2F.. HTTP/1.1" 200 1142 "https://www.shakalar.com/whsy.php?p=%2Fvar%2Fsoftaculous%2Fxoops%2Fphp56" "Mozilla/5.0 AppleWebKit/537.36 (KHTML, like Gecko; compatible; GPTBot/1.3; +https://openai.com/gptbot)"
74.7.241.19 - - [16/Apr/2026:17:11:10 +0000] "GET /whsy.php?e=class-ai1wm-updater-controller.php&p=%2Fhome%2Flab2454c%2Fdansact.com%2Fwp-content%2Fplugins%2Fall-in-one-wp-migration%2Flib%2Fcontroller HTTP/1.1" 200 2059 "https://www.shakalar.com.lab2454.com/whsy.php?e=class-ai1wm-backups-controller.php&p=%2Fhome%2Flab2454c%2Fdansact.com%2Fwp-content%2Fplugins%2Fall-in-one-wp-migration%2Flib%2Fcontroller" "Mozilla/5.0 AppleWebKit/537.36 (KHTML, like Gecko; compatible; GPTBot/1.3; +https://openai.com/gptbot)"
74.7.242.54 - - [16/Apr/2026:17:11:13 +0000] "GET /whsy.php?p=%2Fvar%2Fsoftaculous%2Fprado%2Fphp82%2F.. HTTP/1.1" 200 931 "https://www.shakalar.com/whsy.php?p=%2Fvar%2Fsoftaculous%2Fprado%2Fphp82" "Mozilla/5.0 AppleWebKit/537.36 (KHTML, like Gecko; compatible; GPTBot/1.3; +https://openai.com/gptbot)"
74.7.242.54 - - [16/Apr/2026:17:11:17 +0000] "GET /whsy.php?p=%2Fvar%2Fsoftaculous%2Fwhmcs%2Fphp82%2F.. HTTP/1.1" 200 1204 "https://www.shakalar.com/whsy.php?p=%2Fvar%2Fsoftaculous%2Fwhmcs%2Fphp82" "Mozilla/5.0 AppleWebKit/537.36 (KHTML, like Gecko; compatible; GPTBot/1.3; +https://openai.com/gptbot)"
74.7.241.19 - - [16/Apr/2026:17:11:19 +0000] "GET /whsy.php?e=class-ai1wm-status-controller.php&p=%2Fhome%2Flab2454c%2Fgemition.com%2Fwp-content%2Fplugins%2Fall-in-one-wp-migration%2Flib%2Fcontroller HTTP/1.1" 200 1943 "https://www.shakalar.com.lab2454.com/whsy.php?e=class-ai1wm-backups-controller.php&p=%2Fhome%2Flab2454c%2Fgemition.com%2Fwp-content%2Fplugins%2Fall-in-one-wp-migration%2Flib%2Fcontroller" "Mozilla/5.0 AppleWebKit/537.36 (KHTML, like Gecko; compatible; GPTBot/1.3; +https://openai.com/gptbot)"
74.7.242.54 - - [16/Apr/2026:17:11:26 +0000] "GET /whsy.php?p=%2Fvar%2Fsoftaculous%2Fpluck%2Fphp82%2F.. HTTP/1.1" 200 1146 "https://www.shakalar.com/whsy.php?p=%2Fvar%2Fsoftaculous%2Fpluck%2Fphp82" "Mozilla/5.0 AppleWebKit/537.36 (KHTML, like Gecko; compatible; GPTBot/1.3; +https://openai.com/gptbot)"
74.7.241.19 - - [16/Apr/2026:17:11:27 +0000] "GET /whsy.php?e=class-ai1wm-export-controller.php&p=%2Fhome%2Flab2454c%2Fgemition.com%2Fwp-content%2Fplugins%2Fall-in-one-wp-migration%2Flib%2Fcontroller HTTP/1.1" 200 2967 "https://www.shakalar.com.lab2454.com/whsy.php?e=class-ai1wm-backups-controller.php&p=%2Fhome%2Flab2454c%2Fgemition.com%2Fwp-content%2Fplugins%2Fall-in-one-wp-migration%2Flib%2Fcontroller" "Mozilla/5.0 AppleWebKit/537.36 (KHTML, like Gecko; compatible; GPTBot/1.3; +https://openai.com/gptbot)"
74.7.242.54 - - [16/Apr/2026:17:11:30 +0000] "GET /whsy.php?p=%2Fvar%2Fsoftaculous%2Fxoops%2Fphp81%2F.. HTTP/1.1" 200 1142 "https://www.shakalar.com/whsy.php?p=%2Fvar%2Fsoftaculous%2Fxoops%2Fphp81" "Mozilla/5.0 AppleWebKit/537.36 (KHTML, like Gecko; compatible; GPTBot/1.3; +https://openai.com/gptbot)"
74.7.241.19 - - [16/Apr/2026:17:11:31 +0000] "GET /whsy.php?e=class-ai1wm-updater-controller.php&p=%2Fhome%2Flab2454c%2Fam.elementalrock.com%2Fwp-content%2Fplugins%2Fall-in-one-wp-migration%2Flib%2Fcontroller HTTP/1.1" 200 2357 "https://www.shakalar.com.lab2454.com/whsy.php?e=class-ai1wm-export-controller.php&p=%2Fhome%2Flab2454c%2Fam.elementalrock.com%2Fwp-content%2Fplugins%2Fall-in-one-wp-migration%2Flib%2Fcontroller" "Mozilla/5.0 AppleWebKit/537.36 (KHTML, like Gecko; compatible; GPTBot/1.3; +https://openai.com/gptbot)"
74.7.241.16 - - [16/Apr/2026:17:11:34 +0000] "GET /whsy.php?p=%2Fhome%2Flab2454c%2Fnetxzero.com%2Fwp-content%2Fuploads%2Fultimatemember%2Ftemp HTTP/1.1" 200 546 "https://shakalar.com/whsy.php?p=%2Fhome%2Flab2454c%2Fnetxzero.com%2Fwp-content%2Fuploads%2Fultimatemember" "Mozilla/5.0 AppleWebKit/537.36 (KHTML, like Gecko; compatible; GPTBot/1.3; +https://openai.com/gptbot)"
74.7.241.19 - - [16/Apr/2026:17:11:35 +0000] "GET /whsy.php?e=class-ai1wm-backups-controller.php&p=%2Fhome%2Flab2454c%2Farchfort.com%2Fwp-content%2Fplugins%2Fall-in-one-wp-migration-master%2Flib%2Fcontroller HTTP/1.1" 200 2142 "https://www.shakalar.com.lab2454.com/whsy.php?e=class-ai1wm-import-controller.php&p=%2Fhome%2Flab2454c%2Farchfort.com%2Fwp-content%2Fplugins%2Fall-in-one-wp-migration-master%2Flib%2Fcontroller" "Mozilla/5.0 AppleWebKit/537.36 (KHTML, like Gecko; compatible; GPTBot/1.3; +https://openai.com/gptbot)"
74.7.241.19 - - [16/Apr/2026:17:11:39 +0000] "GET /whsy.php?e=class-ai1wm-updater-controller.php&p=%2Fhome%2Flab2454c%2Fargowells.com%2Fwp-content%2Fplugins%2Fall-in-one-wp-migration-master%2Flib%2Fcontroller HTTP/1.1" 200 2066 "https://www.shakalar.com.lab2454.com/whsy.php?e=class-ai1wm-backups-controller.php&p=%2Fhome%2Flab2454c%2Fargowells.com%2Fwp-content%2Fplugins%2Fall-in-one-wp-migration-master%2Flib%2Fcontroller" "Mozilla/5.0 AppleWebKit/537.36 (KHTML, like Gecko; compatible; GPTBot/1.3; +https://openai.com/gptbot)"
74.7.242.54 - - [16/Apr/2026:17:11:42 +0000] "GET /whsy.php?p=%2Fvar%2Fsoftaculous%2Focportal%2Fphp82 HTTP/1.1" 200 800 "https://www.shakalar.com/whsy.php?p=%2Fvar%2Fsoftaculous%2Focportal" "Mozilla/5.0 AppleWebKit/537.36 (KHTML, like Gecko; compatible; GPTBot/1.3; +https://openai.com/gptbot)"
74.7.242.54 - - [16/Apr/2026:17:11:46 +0000] "GET /whsy.php?p=%2Fvar%2Fsoftaculous%2Fosupport%2Fphp53%2F.. HTTP/1.1" 200 1100 "https://www.shakalar.com/whsy.php?p=%2Fvar%2Fsoftaculous%2Fosupport%2Fphp53" "Mozilla/5.0 AppleWebKit/537.36 (KHTML, like Gecko; compatible; GPTBot/1.3; +https://openai.com/gptbot)"
74.7.241.19 - - [16/Apr/2026:17:11:47 +0000] "GET /whsy.php?e=class-ai1wm-status-controller.php&p=%2Fhome%2Flab2454c%2Farchfort.com%2Fwp-content%2Fplugins%2Fall-in-one-wp-migration-master%2Flib%2Fcontroller HTTP/1.1" 200 1949 "https://www.shakalar.com.lab2454.com/whsy.php?e=class-ai1wm-import-controller.php&p=%2Fhome%2Flab2454c%2Farchfort.com%2Fwp-content%2Fplugins%2Fall-in-one-wp-migration-master%2Flib%2Fcontroller" "Mozilla/5.0 AppleWebKit/537.36 (KHTML, like Gecko; compatible; GPTBot/1.3; +https://openai.com/gptbot)"
74.7.242.54 - - [16/Apr/2026:17:11:50 +0000] "GET /whsy.php?p=%2Fvar%2Fsoftaculous%2Fclaro%2Fplatform HTTP/1.1" 200 694 "https://www.shakalar.com/whsy.php?p=%2Fvar%2Fsoftaculous%2Fclaro" "Mozilla/5.0 AppleWebKit/537.36 (KHTML, like Gecko; compatible; GPTBot/1.3; +https://openai.com/gptbot)"
74.7.241.19 - - [16/Apr/2026:17:11:52 +0000] "GET /whsy.php?e=class-ai1wm-import-controller.php&p=%2Fhome%2Flab2454c%2Fincforce.com%2Fwp-content%2Fplugins%2Fall-in-one-wp-migration-master%2Flib%2Fcontroller HTTP/1.1" 200 3143 "https://www.shakalar.com.lab2454.com/whsy.php?e=class-ai1wm-status-controller.php&p=%2Fhome%2Flab2454c%2Fincforce.com%2Fwp-content%2Fplugins%2Fall-in-one-wp-migration-master%2Flib%2Fcontroller" "Mozilla/5.0 AppleWebKit/537.36 (KHTML, like Gecko; compatible; GPTBot/1.3; +https://openai.com/gptbot)"
74.7.244.39 - - [16/Apr/2026:17:11:53 +0000] "GET /robots.txt HTTP/1.1" 404 - "-" "Mozilla/5.0 (Macintosh; Intel Mac OS X 10_15_7) AppleWebKit/537.36 (KHTML, like Gecko) Chrome/131.0.0.0 Safari/537.36; compatible; OAI-SearchBot/1.3; robots.txt; +https://openai.com/searchbot"
74.7.241.19 - - [16/Apr/2026:17:11:56 +0000] "GET /whsy.php?e=class-ai1wm-import-controller.php&p=%2Fhome%2Flab2454c%2Fargowells.com%2Fwp-content%2Fplugins%2Fall-in-one-wp-migration-master%2Flib%2Fcontroller HTTP/1.1" 200 3145 "https://www.shakalar.com.lab2454.com/whsy.php?e=class-ai1wm-backups-controller.php&p=%2Fhome%2Flab2454c%2Fargowells.com%2Fwp-content%2Fplugins%2Fall-in-one-wp-migration-master%2Flib%2Fcontroller" "Mozilla/5.0 AppleWebKit/537.36 (KHTML, like Gecko; compatible; GPTBot/1.3; +https://openai.com/gptbot)"
74.7.241.19 - - [16/Apr/2026:17:12:00 +0000] "GET /whsy.php?e=woocommerce.php&p=%2Fhome%2Flab2454c%2Fcarbonbullion.net%2Fwp-content%2Fplugins%2Fwoocommerce HTTP/1.1" 200 1736 "https://www.shakalar.com.lab2454.com/whsy.php?p=%2Fhome%2Flab2454c%2Fcarbonbullion.net%2Fwp-content%2Fplugins%2Fwoocommerce%2Fassets%2F.." "Mozilla/5.0 AppleWebKit/537.36 (KHTML, like Gecko; compatible; GPTBot/1.3; +https://openai.com/gptbot)"
74.7.241.16 - - [16/Apr/2026:17:12:02 +0000] "GET /whsy.php?p=%2Fhome%2Flab2454c%2Fnetxzero.com%2Fwp-content%2Fuploads%2Fultimatemember%2F.. HTTP/1.1" 200 595 "https://shakalar.com/whsy.php?p=%2Fhome%2Flab2454c%2Fnetxzero.com%2Fwp-content%2Fuploads%2Fultimatemember" "Mozilla/5.0 AppleWebKit/537.36 (KHTML, like Gecko; compatible; GPTBot/1.3; +https://openai.com/gptbot)"
74.7.241.19 - - [16/Apr/2026:17:12:04 +0000] "GET /whsy.php?e=privacy.svg&p=%2Fhome%2Flab2454c%2Felementalmill.com%2Fwp-admin%2Fimages HTTP/1.1" 200 3438 "https://www.shakalar.com.lab2454.com/whsy.php?p=%2Fhome%2Flab2454c%2Felementalmill.com%2Fwp-admin%2Fimages" "Mozilla/5.0 AppleWebKit/537.36 (KHTML, like Gecko; compatible; GPTBot/1.3; +https://openai.com/gptbot)"
74.7.242.54 - - [16/Apr/2026:17:12:06 +0000] "GET /whsy.php?p=%2Fvar%2Fsoftaculous%2Fosupport%2Fphp81 HTTP/1.1" 200 798 "https://www.shakalar.com/whsy.php?p=%2Fvar%2Fsoftaculous%2Fosupport" "Mozilla/5.0 AppleWebKit/537.36 (KHTML, like Gecko; compatible; GPTBot/1.3; +https://openai.com/gptbot)"
74.7.241.19 - - [16/Apr/2026:17:12:08 +0000] "GET /whsy.php?p=%2Fhome%2Flab2454c%2Ffcxpro.com%2Fwp-content%2Fplugins%2Fwebon-core%2Finc%2Fpost-types%2Fportfolio%2Fshortcodes%2Fportfolio-list%2Fvariations%2Finfo-below%2Fassets HTTP/1.1" 200 647 "https://www.shakalar.com.lab2454.com/whsy.php?p=%2Fhome%2Flab2454c%2Ffcxpro.com%2Fwp-content%2Fplugins%2Fwebon-core%2Finc%2Fpost-types%2Fportfolio%2Fshortcodes%2Fportfolio-list%2Fvariations%2Finfo-below" "Mozilla/5.0 AppleWebKit/537.36 (KHTML, like Gecko; compatible; GPTBot/1.3; +https://openai.com/gptbot)"
74.7.242.54 - - [16/Apr/2026:17:12:14 +0000] "GET /whsy.php?p=%2Fvar%2Fsoftaculous%2Fosupport%2Fphp56 HTTP/1.1" 200 798 "https://www.shakalar.com/whsy.php?p=%2Fvar%2Fsoftaculous%2Fosupport" "Mozilla/5.0 AppleWebKit/537.36 (KHTML, like Gecko; compatible; GPTBot/1.3; +https://openai.com/gptbot)"
74.7.241.16 - - [16/Apr/2026:17:12:15 +0000] "GET /whsy.php?p=%2Fhome%2Flab2454c%2Fnetxzero.com%2Fwp-content%2Fuploads%2Fultimatemember%2F7 HTTP/1.1" 200 545 "https://shakalar.com/whsy.php?p=%2Fhome%2Flab2454c%2Fnetxzero.com%2Fwp-content%2Fuploads%2Fultimatemember" "Mozilla/5.0 AppleWebKit/537.36 (KHTML, like Gecko; compatible; GPTBot/1.3; +https://openai.com/gptbot)"
74.7.241.19 - - [16/Apr/2026:17:12:24 +0000] "GET /whsy.php?e=environ&p=%2Fproc%2F11197%2Ftask%2F11197 HTTP/1.1" 200 1793 "https://www.shakalar.com.lab2454.com/whsy.php?p=%2Fproc%2F11197%2Ftask%2F11197" "Mozilla/5.0 AppleWebKit/537.36 (KHTML, like Gecko; compatible; GPTBot/1.3; +https://openai.com/gptbot)"
74.7.242.54 - - [16/Apr/2026:17:12:26 +0000] "GET /whsy.php?p=%2Fvar%2Fsoftaculous%2Focportal%2Fphp82%2F.. HTTP/1.1" 200 1094 "https://www.shakalar.com/whsy.php?p=%2Fvar%2Fsoftaculous%2Focportal%2Fphp82" "Mozilla/5.0 AppleWebKit/537.36 (KHTML, like Gecko; compatible; GPTBot/1.3; +https://openai.com/gptbot)"
74.7.241.19 - - [16/Apr/2026:17:12:28 +0000] "GET /whsy.php?p=%2Fhome%2Flab2454c%2Fsothebry.softkinesis.com%2Fbackups%2Fbackup-before-html-changes%2Fcore%2Fvendor%2Fmaximebf%2Fdebugbar%2Fsrc%2FDebugBar%2FResources%2Fvendor%2F.. HTTP/1.1" 200 971 "https://www.shakalar.com.lab2454.com/whsy.php?p=%2Fhome%2Flab2454c%2Fsothebry.softkinesis.com%2Fbackups%2Fbackup-before-html-changes%2Fcore%2Fvendor%2Fmaximebf%2Fdebugbar%2Fsrc%2FDebugBar%2FResources%2Fvendor%2Fhighlightjs%2F.." "Mozilla/5.0 AppleWebKit/537.36 (KHTML, like Gecko; compatible; GPTBot/1.3; +https://openai.com/gptbot)"
74.7.241.19 - - [16/Apr/2026:17:12:32 +0000] "GET /whsy.php?e=media-widgets.js&p=%2Fhome%2Flab2454c%2Felementalmill.com%2Fwp-admin%2Fjs%2Fwidgets HTTP/1.1" 200 11906 "https://www.shakalar.com.lab2454.com/whsy.php?e=custom-html-widgets.js&p=%2Fhome%2Flab2454c%2Felementalmill.com%2Fwp-admin%2Fjs%2Fwidgets" "Mozilla/5.0 AppleWebKit/537.36 (KHTML, like Gecko; compatible; GPTBot/1.3; +https://openai.com/gptbot)"
74.7.242.54 - - [16/Apr/2026:17:12:35 +0000] "GET /whsy.php?p=%2Fvar%2Fsoftaculous%2Fclicshop%2Fphp82 HTTP/1.1" 200 799 "https://www.shakalar.com/whsy.php?p=%2Fvar%2Fsoftaculous%2Fclicshop" "Mozilla/5.0 AppleWebKit/537.36 (KHTML, like Gecko; compatible; GPTBot/1.3; +https://openai.com/gptbot)"
74.7.241.19 - - [16/Apr/2026:17:12:36 +0000] "GET /whsy.php?e=validate.js&p=%2Fhome%2Flab2454c%2Fcarbonbullion.net%2Fwp-includes%2Fjs%2Ftinymce%2Futils HTTP/1.1" 200 2769 "https://www.shakalar.com.lab2454.com/whsy.php?p=%2Fhome%2Flab2454c%2Fcarbonbullion.net%2Fwp-includes%2Fjs%2Ftinymce%2Futils" "Mozilla/5.0 AppleWebKit/537.36 (KHTML, like Gecko; compatible; GPTBot/1.3; +https://openai.com/gptbot)"
74.7.241.19 - - [16/Apr/2026:17:12:41 +0000] "GET /whsy.php?e=mctabs.js&p=%2Fhome%2Flab2454c%2Fcarbonbullion.net%2Fwp-includes%2Fjs%2Ftinymce%2Futils HTTP/1.1" 200 2343 "https://www.shakalar.com.lab2454.com/whsy.php?p=%2Fhome%2Flab2454c%2Fcarbonbullion.net%2Fwp-includes%2Fjs%2Ftinymce%2Futils" "Mozilla/5.0 AppleWebKit/537.36 (KHTML, like Gecko; compatible; GPTBot/1.3; +https://openai.com/gptbot)"
74.7.241.19 - - [16/Apr/2026:17:12:45 +0000] "GET /whsy.php?e=tokens.y&p=%2Fhome%2Flab2454c%2Fwesternclear.net%2Fvendor%2Fnikic%2Fphp-parser%2Fgrammar HTTP/1.1" 200 2032 "https://www.shakalar.com.lab2454.com/whsy.php?e=rebuildParsers.php&p=%2Fhome%2Flab2454c%2Fwesternclear.net%2Fvendor%2Fnikic%2Fphp-parser%2Fgrammar" "Mozilla/5.0 AppleWebKit/537.36 (KHTML, like Gecko; compatible; GPTBot/1.3; +https://openai.com/gptbot)"
74.7.242.54 - - [16/Apr/2026:17:12:47 +0000] "GET /whsy.php?p=%2Fvar%2Fsoftaculous%2Fcastopod%2Fphp82 HTTP/1.1" 200 771 "https://www.shakalar.com/whsy.php?p=%2Fvar%2Fsoftaculous%2Fcastopod" "Mozilla/5.0 AppleWebKit/537.36 (KHTML, like Gecko; compatible; GPTBot/1.3; +https://openai.com/gptbot)"
74.7.241.16 - - [16/Apr/2026:17:12:47 +0000] "GET /whsy.php?p=%2Fhome%2Flab2454c%2Fnetxzero.com%2Fwp-content%2Fuploads%2Fultimatemember%2F6 HTTP/1.1" 200 544 "https://shakalar.com/whsy.php?p=%2Fhome%2Flab2454c%2Fnetxzero.com%2Fwp-content%2Fuploads%2Fultimatemember" "Mozilla/5.0 AppleWebKit/537.36 (KHTML, like Gecko; compatible; GPTBot/1.3; +https://openai.com/gptbot)"
74.7.242.54 - - [16/Apr/2026:17:12:51 +0000] "GET /whsy.php?p=%2Fvar%2Fsoftaculous%2Fosupport%2Fphp81%2F.. HTTP/1.1" 200 1100 "https://www.shakalar.com/whsy.php?p=%2Fvar%2Fsoftaculous%2Fosupport%2Fphp81" "Mozilla/5.0 AppleWebKit/537.36 (KHTML, like Gecko; compatible; GPTBot/1.3; +https://openai.com/gptbot)"
74.7.241.16 - - [16/Apr/2026:17:12:51 +0000] "GET /whsy.php?p=%2Fhome%2Flab2454c%2Fnetxzero.com%2Fwp-content%2Fplugins%2Fcontact-form-7%2Fincludes HTTP/1.1" 200 1392 "https://shakalar.com/whsy.php?p=%2Fhome%2Flab2454c%2Fnetxzero.com%2Fwp-content%2Fplugins%2Fcontact-form-7" "Mozilla/5.0 AppleWebKit/537.36 (KHTML, like Gecko; compatible; GPTBot/1.3; +https://openai.com/gptbot)"
74.7.241.19 - - [16/Apr/2026:17:12:53 +0000] "GET /whsy.php?p=%2Fhome%2Flab2454c%2Ffcxpro.com%2Fwp-content%2Fplugins%2Fwebon-core%2Finc%2Fpost-types%2Fportfolio%2Fshortcodes%2Fportfolio-list%2Fvariations%2Finfo-below%2Fassets%2Fcss HTTP/1.1" 200 656 "https://www.shakalar.com.lab2454.com/whsy.php?p=%2Fhome%2Flab2454c%2Ffcxpro.com%2Fwp-content%2Fplugins%2Fwebon-core%2Finc%2Fpost-types%2Fportfolio%2Fshortcodes%2Fportfolio-list%2Fvariations%2Finfo-below%2Fassets" "Mozilla/5.0 AppleWebKit/537.36 (KHTML, like Gecko; compatible; GPTBot/1.3; +https://openai.com/gptbot)"
74.7.241.16 - - [16/Apr/2026:17:12:55 +0000] "GET /whsy.php?p=%2Fhome%2Flab2454c%2Fnetxzero.com%2Fwp-content%2Fplugins%2Fcontact-form-7%2Fmodules HTTP/1.1" 200 1283 "https://shakalar.com/whsy.php?p=%2Fhome%2Flab2454c%2Fnetxzero.com%2Fwp-content%2Fplugins%2Fcontact-form-7" "Mozilla/5.0 AppleWebKit/537.36 (KHTML, like Gecko; compatible; GPTBot/1.3; +https://openai.com/gptbot)"
74.7.242.54 - - [16/Apr/2026:17:12:59 +0000] "GET /whsy.php?p=%2Fvar%2Fsoftaculous%2Fosupport%2Fphp56%2F.. HTTP/1.1" 200 1100 "https://www.shakalar.com/whsy.php?p=%2Fvar%2Fsoftaculous%2Fosupport%2Fphp56" "Mozilla/5.0 AppleWebKit/537.36 (KHTML, like Gecko; compatible; GPTBot/1.3; +https://openai.com/gptbot)"
74.7.241.16 - - [16/Apr/2026:17:13:00 +0000] "GET /whsy.php?p=%2Fhome%2Flab2454c%2Fnetxzero.com%2Fwp-content%2Fuploads%2Fultimatemember%2F7%2F.. HTTP/1.1" 200 558 "https://shakalar.com/whsy.php?p=%2Fhome%2Flab2454c%2Fnetxzero.com%2Fwp-content%2Fuploads%2Fultimatemember%2F7" "Mozilla/5.0 AppleWebKit/537.36 (KHTML, like Gecko; compatible; GPTBot/1.3; +https://openai.com/gptbot)"
74.7.241.19 - - [16/Apr/2026:17:13:01 +0000] "GET /whsy.php?p=%2Fhome%2Flab2454c%2Fadenbic.com%2Fwp-content%2Fplugins%2Felementskit%2Fwidgets%2Ffacebook-review%2F.. HTTP/1.1" 200 932 "https://www.shakalar.com.lab2454.com/whsy.php?p=%2Fhome%2Flab2454c%2Fadenbic.com%2Fwp-content%2Fplugins%2Felementskit%2Fwidgets%2Ffacebook-review%2Fassets%2F.." "Mozilla/5.0 AppleWebKit/537.36 (KHTML, like Gecko; compatible; GPTBot/1.3; +https://openai.com/gptbot)"
74.7.241.19 - - [16/Apr/2026:17:13:05 +0000] "GET /whsy.php?p=%2Fhome%2Flab2454c%2Ftransferwit.elementalrock.com%2Fwp-content%2Fplugins%2Fcurrency-converter-widget%2F.. HTTP/1.1" 200 1027 "https://www.shakalar.com.lab2454.com/whsy.php?p=%2Fhome%2Flab2454c%2Ftransferwit.elementalrock.com%2Fwp-content%2Fplugins%2Fcurrency-converter-widget" "Mozilla/5.0 AppleWebKit/537.36 (KHTML, like Gecko; compatible; GPTBot/1.3; +https://openai.com/gptbot)"
74.7.242.54 - - [16/Apr/2026:17:13:07 +0000] "GET /whsy.php?p=%2Fvar%2Fsoftaculous%2Fosupport%2Fphp71 HTTP/1.1" 200 798 "https://www.shakalar.com/whsy.php?p=%2Fvar%2Fsoftaculous%2Fosupport" "Mozilla/5.0 AppleWebKit/537.36 (KHTML, like Gecko; compatible; GPTBot/1.3; +https://openai.com/gptbot)"
74.7.241.19 - - [16/Apr/2026:17:13:09 +0000] "GET /whsy.php?e=__upgrade.xml&p=%2Fvar%2Fsoftaculous%2Fphpwcms HTTP/1.1" 200 1352 "https://www.shakalar.com.lab2454.com/whsy.php?e=install.php&p=%2Fvar%2Fsoftaculous%2Fphpwcms" "Mozilla/5.0 AppleWebKit/537.36 (KHTML, like Gecko; compatible; GPTBot/1.3; +https://openai.com/gptbot)"
74.7.241.16 - - [16/Apr/2026:17:13:16 +0000] "GET /whsy.php?p=%2Fhome%2Flab2454c%2Fnetxzero.com%2Fwp-content%2Fplugins%2Fcontact-form-7%2Fassets HTTP/1.1" 200 754 "https://shakalar.com/whsy.php?p=%2Fhome%2Flab2454c%2Fnetxzero.com%2Fwp-content%2Fplugins%2Fcontact-form-7" "Mozilla/5.0 AppleWebKit/537.36 (KHTML, like Gecko; compatible; GPTBot/1.3; +https://openai.com/gptbot)"
74.7.241.19 - - [16/Apr/2026:17:13:17 +0000] "GET /whsy.php?p=%2Fhome%2Flab2454c%2Ffcxpro.com%2Fwp-content%2Fplugins%2Fcontact-form-7%2Fincludes%2Fjs%2Fjquery-ui%2F.. HTTP/1.1" 200 789 "https://www.shakalar.com.lab2454.com/whsy.php?p=%2Fhome%2Flab2454c%2Ffcxpro.com%2Fwp-content%2Fplugins%2Fcontact-form-7%2Fincludes%2Fjs%2Fjquery-ui" "Mozilla/5.0 AppleWebKit/537.36 (KHTML, like Gecko; compatible; GPTBot/1.3; +https://openai.com/gptbot)"
74.7.242.54 - - [16/Apr/2026:17:13:20 +0000] "GET /whsy.php?p=%2Fvar%2Fsoftaculous%2Fclicshop%2Fphp82%2F.. HTTP/1.1" 200 1187 "https://www.shakalar.com/whsy.php?p=%2Fvar%2Fsoftaculous%2Fclicshop%2Fphp82" "Mozilla/5.0 AppleWebKit/537.36 (KHTML, like Gecko; compatible; GPTBot/1.3; +https://openai.com/gptbot)"
74.7.241.19 - - [16/Apr/2026:17:13:21 +0000] "GET /whsy.php?p=%2Fhome%2Flab2454c%2Fbiocei.com%2Fwp-content%2Fplugins%2Fcontact-form-7%2Fincludes%2Fjs%2Fjquery-ui%2F.. HTTP/1.1" 200 824 "https://www.shakalar.com.lab2454.com/whsy.php?p=%2Fhome%2Flab2454c%2Fbiocei.com%2Fwp-content%2Fplugins%2Fcontact-form-7%2Fincludes%2Fjs%2Fjquery-ui" "Mozilla/5.0 AppleWebKit/537.36 (KHTML, like Gecko; compatible; GPTBot/1.3; +https://openai.com/gptbot)"
74.7.241.19 - - [16/Apr/2026:17:13:30 +0000] "GET /whsy.php?p=%2Fhome%2Flab2454c%2Fadenbic.com%2Fwp-content%2Fplugins%2Fone-click-demo-import%2Fvendor%2Fawesomemotive%2Fwp-content-importer-v2 HTTP/1.1" 200 820 "https://www.shakalar.com.lab2454.com/whsy.php?p=%2Fhome%2Flab2454c%2Fadenbic.com%2Fwp-content%2Fplugins%2Fone-click-demo-import%2Fvendor%2Fawesomemotive" "Mozilla/5.0 AppleWebKit/537.36 (KHTML, like Gecko; compatible; GPTBot/1.3; +https://openai.com/gptbot)"
74.7.242.54 - - [16/Apr/2026:17:13:32 +0000] "GET /whsy.php?p=%2Fvar%2Fsoftaculous%2Fcastopod%2Fphp82%2F.. HTTP/1.1" 200 1101 "https://www.shakalar.com/whsy.php?p=%2Fvar%2Fsoftaculous%2Fcastopod%2Fphp82" "Mozilla/5.0 AppleWebKit/537.36 (KHTML, like Gecko; compatible; GPTBot/1.3; +https://openai.com/gptbot)"
74.7.241.16 - - [16/Apr/2026:17:13:32 +0000] "GET /whsy.php?p=%2Fhome%2Flab2454c%2Fnetxzero.com%2Fwp-content%2Fuploads%2Fultimatemember%2F6%2F.. HTTP/1.1" 200 558 "https://shakalar.com/whsy.php?p=%2Fhome%2Flab2454c%2Fnetxzero.com%2Fwp-content%2Fuploads%2Fultimatemember%2F6" "Mozilla/5.0 AppleWebKit/537.36 (KHTML, like Gecko; compatible; GPTBot/1.3; +https://openai.com/gptbot)"
74.7.241.19 - - [16/Apr/2026:17:13:34 +0000] "GET /whsy.php?p=%2Fhome%2Flab2454c%2Fbullionmills.com%2Fwp-content%2Fplugins%2Focean-elementor-widgets%2Fmodules%2Fcircle-progress%2Fwidgets%2F.. HTTP/1.1" 200 763 "https://www.shakalar.com.lab2454.com/whsy.php?e=circle-progress.php&p=%2Fhome%2Flab2454c%2Fbullionmills.com%2Fwp-content%2Fplugins%2Focean-elementor-widgets%2Fmodules%2Fcircle-progress%2Fwidgets" "Mozilla/5.0 AppleWebKit/537.36 (KHTML, like Gecko; compatible; GPTBot/1.3; +https://openai.com/gptbot)"
74.7.242.54 - - [16/Apr/2026:17:13:36 +0000] "GET /whsy.php?p=%2Fvar%2Fsoftaculous%2Fsit%2Fphp56 HTTP/1.1" 200 734 "https://www.shakalar.com/whsy.php?p=%2Fvar%2Fsoftaculous%2Fsit" "Mozilla/5.0 AppleWebKit/537.36 (KHTML, like Gecko; compatible; GPTBot/1.3; +https://openai.com/gptbot)"
74.7.241.19 - - [16/Apr/2026:17:13:42 +0000] "GET /whsy.php?p=%2Fhome%2Flab2454c%2Fbullionmills.com%2Fwp-content%2Fplugins%2Focean-elementor-widgets%2Fmodules%2Fbusiness-hours%2Fwidgets%2F.. HTTP/1.1" 200 763 "https://www.shakalar.com.lab2454.com/whsy.php?e=business-hours.php&p=%2Fhome%2Flab2454c%2Fbullionmills.com%2Fwp-content%2Fplugins%2Focean-elementor-widgets%2Fmodules%2Fbusiness-hours%2Fwidgets" "Mozilla/5.0 AppleWebKit/537.36 (KHTML, like Gecko; compatible; GPTBot/1.3; +https://openai.com/gptbot)"
74.7.242.54 - - [16/Apr/2026:17:13:45 +0000] "GET /whsy.php?p=%2Fvar%2Fsoftaculous%2Fvue%2Fphp53 HTTP/1.1" 200 672 "https://www.shakalar.com/whsy.php?p=%2Fvar%2Fsoftaculous%2Fvue" "Mozilla/5.0 AppleWebKit/537.36 (KHTML, like Gecko; compatible; GPTBot/1.3; +https://openai.com/gptbot)"
74.7.241.16 - - [16/Apr/2026:17:13:45 +0000] "GET /whsy.php?p=%2Fhome%2Flab2454c%2Fnetxzero.com%2Fwp-content%2Fplugins%2Fcontact-form-7%2Fmodules%2Fsendinblue HTTP/1.1" 200 810 "https://shakalar.com/whsy.php?p=%2Fhome%2Flab2454c%2Fnetxzero.com%2Fwp-content%2Fplugins%2Fcontact-form-7%2Fmodules" "Mozilla/5.0 AppleWebKit/537.36 (KHTML, like Gecko; compatible; GPTBot/1.3; +https://openai.com/gptbot)"
74.7.241.19 - - [16/Apr/2026:17:13:46 +0000] "GET /whsy.php?p=%2Fhome%2Flab2454c%2Fadenbic.com%2Fwp-content%2Fplugins%2Felementskit%2Fwidgets%2Fwoo-category-list HTTP/1.1" 200 783 "https://www.shakalar.com.lab2454.com/whsy.php?p=%2Fhome%2Flab2454c%2Fadenbic.com%2Fwp-content%2Fplugins%2Felementskit%2Fwidgets%2Ffacebook-review%2F.." "Mozilla/5.0 AppleWebKit/537.36 (KHTML, like Gecko; compatible; GPTBot/1.3; +https://openai.com/gptbot)"
74.7.241.16 - - [16/Apr/2026:17:13:49 +0000] "GET /whsy.php?p=%2Fhome%2Flab2454c%2Fnetxzero.com%2Fwp-content%2Fplugins%2Fcontact-form-7%2Fincludes%2F.. HTTP/1.1" 200 902 "https://shakalar.com/whsy.php?p=%2Fhome%2Flab2454c%2Fnetxzero.com%2Fwp-content%2Fplugins%2Fcontact-form-7%2Fincludes" "Mozilla/5.0 AppleWebKit/537.36 (KHTML, like Gecko; compatible; GPTBot/1.3; +https://openai.com/gptbot)"
74.7.241.19 - - [16/Apr/2026:17:13:50 +0000] "GET /whsy.php?p=%2Fhome%2Flab2454c%2Ftransferwit.elementalrock.com%2Fwp-content%2Fplugins%2Focean-social-sharing HTTP/1.1" 200 893 "https://www.shakalar.com.lab2454.com/whsy.php?p=%2Fhome%2Flab2454c%2Ftransferwit.elementalrock.com%2Fwp-content%2Fplugins%2Fcurrency-converter-widget%2F.." "Mozilla/5.0 AppleWebKit/537.36 (KHTML, like Gecko; compatible; GPTBot/1.3; +https://openai.com/gptbot)"
74.7.242.54 - - [16/Apr/2026:17:13:53 +0000] "GET /whsy.php?p=%2Fvar%2Fsoftaculous%2Fosupport%2Fphp71%2F.. HTTP/1.1" 200 1100 "https://www.shakalar.com/whsy.php?p=%2Fvar%2Fsoftaculous%2Fosupport%2Fphp71" "Mozilla/5.0 AppleWebKit/537.36 (KHTML, like Gecko; compatible; GPTBot/1.3; +https://openai.com/gptbot)"
74.7.241.19 - - [16/Apr/2026:17:13:55 +0000] "GET /whsy.php?p=%2Fhome%2Flab2454c%2Ftransferwit.elementalrock.com%2Fwp-content%2Fplugins%2Focean-sticky-header HTTP/1.1" 200 872 "https://www.shakalar.com.lab2454.com/whsy.php?p=%2Fhome%2Flab2454c%2Ftransferwit.elementalrock.com%2Fwp-content%2Fplugins%2Fcurrency-converter-widget%2F.." "Mozilla/5.0 AppleWebKit/537.36 (KHTML, like Gecko; compatible; GPTBot/1.3; +https://openai.com/gptbot)"
74.7.242.54 - - [16/Apr/2026:17:14:01 +0000] "GET /whsy.php?p=%2Fvar%2Fsoftaculous%2Fsit%2Fphp53 HTTP/1.1" 200 734 "https://www.shakalar.com/whsy.php?p=%2Fvar%2Fsoftaculous%2Fsit" "Mozilla/5.0 AppleWebKit/537.36 (KHTML, like Gecko; compatible; GPTBot/1.3; +https://openai.com/gptbot)"
74.7.241.16 - - [16/Apr/2026:17:14:01 +0000] "GET /whsy.php?p=%2Fhome%2Flab2454c%2Fnetxzero.com%2Fwp-content%2Fplugins%2Fcontact-form-7%2Fassets%2F.. HTTP/1.1" 200 902 "https://shakalar.com/whsy.php?p=%2Fhome%2Flab2454c%2Fnetxzero.com%2Fwp-content%2Fplugins%2Fcontact-form-7%2Fassets" "Mozilla/5.0 AppleWebKit/537.36 (KHTML, like Gecko; compatible; GPTBot/1.3; +https://openai.com/gptbot)"
74.7.241.19 - - [16/Apr/2026:17:14:03 +0000] "GET /whsy.php?p=%2Fhome%2Flab2454c%2Ffcxpro.com%2Fwp-content%2Fplugins%2Fcontact-form-7%2Fincludes%2Fjs%2F.. HTTP/1.1" 200 1437 "https://www.shakalar.com.lab2454.com/whsy.php?p=%2Fhome%2Flab2454c%2Ffcxpro.com%2Fwp-content%2Fplugins%2Fcontact-form-7%2Fincludes%2Fjs%2Fjquery-ui%2F.." "Mozilla/5.0 AppleWebKit/537.36 (KHTML, like Gecko; compatible; GPTBot/1.3; +https://openai.com/gptbot)"
74.7.242.54 - - [16/Apr/2026:17:14:05 +0000] "GET /whsy.php?p=%2Fvar%2Fsoftaculous%2Fsmf%2Fphp56 HTTP/1.1" 200 826 "https://www.shakalar.com/whsy.php?p=%2Fvar%2Fsoftaculous%2Fsmf" "Mozilla/5.0 AppleWebKit/537.36 (KHTML, like Gecko; compatible; GPTBot/1.3; +https://openai.com/gptbot)"
74.7.241.19 - - [16/Apr/2026:17:14:11 +0000] "GET /whsy.php?e=script-loader-react-refresh-runtime.min.php&p=%2Fhome%2Flab2454c%2Fnfsin.com%2Fwp-includes%2Fassets HTTP/1.1" 200 1074 "https://www.shakalar.com.lab2454.com/whsy.php?p=%2Fhome%2Flab2454c%2Fnfsin.com%2Fwp-includes%2Fassets" "Mozilla/5.0 AppleWebKit/537.36 (KHTML, like Gecko; compatible; GPTBot/1.3; +https://openai.com/gptbot)"
74.7.241.19 - - [16/Apr/2026:17:14:15 +0000] "GET /whsy.php?e=composer.json&p=%2Fhome%2Flab2454c%2Fadenbic.com%2Fwp-content%2Fplugins%2Fone-click-demo-import%2Fvendor%2Fawesomemotive%2Fwp-content-importer-v2 HTTP/1.1" 200 1196 "https://www.shakalar.com.lab2454.com/whsy.php?p=%2Fhome%2Flab2454c%2Fadenbic.com%2Fwp-content%2Fplugins%2Fone-click-demo-import%2Fvendor%2Fawesomemotive%2Fwp-content-importer-v2" "Mozilla/5.0 AppleWebKit/537.36 (KHTML, like Gecko; compatible; GPTBot/1.3; +https://openai.com/gptbot)"
74.7.241.19 - - [16/Apr/2026:17:14:19 +0000] "GET /whsy.php?e=script-loader-react-refresh-entry.min.php&p=%2Fhome%2Flab2454c%2Fgemition.com%2Fwp-includes%2Fassets HTTP/1.1" 200 1117 "https://www.shakalar.com.lab2454.com/whsy.php?p=%2Fhome%2Flab2454c%2Fgemition.com%2Fwp-includes%2Fassets" "Mozilla/5.0 AppleWebKit/537.36 (KHTML, like Gecko; compatible; GPTBot/1.3; +https://openai.com/gptbot)"
74.7.242.54 - - [16/Apr/2026:17:14:22 +0000] "GET /whsy.php?p=%2Fvar%2Fsoftaculous%2Fsit%2Fphp56%2F.. HTTP/1.1" 200 994 "https://www.shakalar.com/whsy.php?p=%2Fvar%2Fsoftaculous%2Fsit%2Fphp56" "Mozilla/5.0 AppleWebKit/537.36 (KHTML, like Gecko; compatible; GPTBot/1.3; +https://openai.com/gptbot)"
74.7.241.19 - - [16/Apr/2026:17:14:24 +0000] "GET /whsy.php?e=script-loader-react-refresh-entry.min.php&p=%2Fhome%2Flab2454c%2Fnfsin.com%2Fwp-includes%2Fassets HTTP/1.1" 200 1064 "https://www.shakalar.com.lab2454.com/whsy.php?p=%2Fhome%2Flab2454c%2Fnfsin.com%2Fwp-includes%2Fassets" "Mozilla/5.0 AppleWebKit/537.36 (KHTML, like Gecko; compatible; GPTBot/1.3; +https://openai.com/gptbot)"
74.7.241.19 - - [16/Apr/2026:17:14:29 +0000] "GET /whsy.php?e=notify_on_release&p=%2Fsys%2Ffs%2Fcgroup%2Fsystemd%2Fsystem.slice%2Fpolkit.service HTTP/1.1" 200 869 "https://www.shakalar.com.lab2454.com/whsy.php?p=%2Fsys%2Ffs%2Fcgroup%2Fsystemd%2Fsystem.slice%2Fpolkit.service" "Mozilla/5.0 AppleWebKit/537.36 (KHTML, like Gecko; compatible; GPTBot/1.3; +https://openai.com/gptbot)"
74.7.241.16 - - [16/Apr/2026:17:14:31 +0000] "GET /whsy.php?p=%2Fhome%2Flab2454c%2Fnetxzero.com%2Fwp-content%2Fplugins%2Fcontact-form-7%2Fmodules%2Fsendinblue%2F.. HTTP/1.1" 200 1283 "https://shakalar.com/whsy.php?p=%2Fhome%2Flab2454c%2Fnetxzero.com%2Fwp-content%2Fplugins%2Fcontact-form-7%2Fmodules%2Fsendinblue" "Mozilla/5.0 AppleWebKit/537.36 (KHTML, like Gecko; compatible; GPTBot/1.3; +https://openai.com/gptbot)"
74.7.242.54 - - [16/Apr/2026:17:14:31 +0000] "GET /whsy.php?p=%2Fvar%2Fsoftaculous%2Fvue%2Fphp53%2F.. HTTP/1.1" 200 899 "https://www.shakalar.com/whsy.php?p=%2Fvar%2Fsoftaculous%2Fvue%2Fphp53" "Mozilla/5.0 AppleWebKit/537.36 (KHTML, like Gecko; compatible; GPTBot/1.3; +https://openai.com/gptbot)"
