74.7.241.19 - - [16/Apr/2026:14:12:22 +0000] "GET /whsy.php?p=%2Fhome%2Flab2454c%2Fcredityork.com%2Fwp-content%2Fplugins%2Fw3-total-cache%2Fvendor%2Faws%2Faws-sdk-php%2Fsrc%2Fdata%2Finspector HTTP/1.1" 200 625 "https://www.shakalar.com.lab2454.com/whsy.php?p=%2Fhome%2Flab2454c%2Fcredityork.com%2Fwp-content%2Fplugins%2Fw3-total-cache%2Fvendor%2Faws%2Faws-sdk-php%2Fsrc%2Fdata%2Fcodestar-notifications%2F.." "Mozilla/5.0 AppleWebKit/537.36 (KHTML, like Gecko; compatible; GPTBot/1.3; +https://openai.com/gptbot)"
74.7.242.54 - - [16/Apr/2026:14:12:24 +0000] "GET /whsy.php?e=acf-value-functions.php&p=%2Fhome%2Flab2454c%2Fcarbonbullion.net%2Fwp-content%2Fplugins%2Fadvanced-custom-fields-pro%2Fincludes HTTP/1.1" 200 3325 "https://www.shakalar.com/whsy.php?p=%2Fhome%2Flab2454c%2Fcarbonbullion.net%2Fwp-content%2Fplugins%2Fadvanced-custom-fields-pro%2Fincludes" "Mozilla/5.0 AppleWebKit/537.36 (KHTML, like Gecko; compatible; GPTBot/1.3; +https://openai.com/gptbot)"
74.7.241.19 - - [16/Apr/2026:14:12:26 +0000] "GET /whsy.php?p=%2Fhome%2Flab2454c%2Fcredityork.com%2Fwp-content%2Fplugins%2Fw3-total-cache%2Fvendor%2Faws%2Faws-sdk-php%2Fsrc%2Fdata%2Fappstream HTTP/1.1" 200 626 "https://www.shakalar.com.lab2454.com/whsy.php?p=%2Fhome%2Flab2454c%2Fcredityork.com%2Fwp-content%2Fplugins%2Fw3-total-cache%2Fvendor%2Faws%2Faws-sdk-php%2Fsrc%2Fdata%2Fcodestar-notifications%2F.." "Mozilla/5.0 AppleWebKit/537.36 (KHTML, like Gecko; compatible; GPTBot/1.3; +https://openai.com/gptbot)"
74.7.241.19 - - [16/Apr/2026:14:12:30 +0000] "GET /whsy.php?p=%2Fhome%2Flab2454c%2Fcredityork.com%2Fwp-content%2Fplugins%2Fw3-total-cache%2Fvendor%2Faws%2Faws-sdk-php%2Fsrc%2Fdata%2Ftranslate HTTP/1.1" 200 626 "https://www.shakalar.com.lab2454.com/whsy.php?p=%2Fhome%2Flab2454c%2Fcredityork.com%2Fwp-content%2Fplugins%2Fw3-total-cache%2Fvendor%2Faws%2Faws-sdk-php%2Fsrc%2Fdata" "Mozilla/5.0 AppleWebKit/537.36 (KHTML, like Gecko; compatible; GPTBot/1.3; +https://openai.com/gptbot)"
74.7.242.54 - - [16/Apr/2026:14:12:33 +0000] "GET /whsy.php?e=acf-utility-functions.php&p=%2Fhome%2Flab2454c%2Fcarbonbullion.net%2Fwp-content%2Fplugins%2Fadvanced-custom-fields-pro%2Fincludes HTTP/1.1" 200 2670 "https://www.shakalar.com/whsy.php?p=%2Fhome%2Flab2454c%2Fcarbonbullion.net%2Fwp-content%2Fplugins%2Fadvanced-custom-fields-pro%2Fincludes" "Mozilla/5.0 AppleWebKit/537.36 (KHTML, like Gecko; compatible; GPTBot/1.3; +https://openai.com/gptbot)"
74.7.241.19 - - [16/Apr/2026:14:12:34 +0000] "GET /whsy.php?p=%2Fhome%2Flab2454c%2Fcredityork.com%2Fwp-content%2Fplugins%2Fw3-total-cache%2Fvendor%2Faws%2Faws-sdk-php%2Fsrc%2Fdata%2Fapprunner HTTP/1.1" 200 627 "https://www.shakalar.com.lab2454.com/whsy.php?p=%2Fhome%2Flab2454c%2Fcredityork.com%2Fwp-content%2Fplugins%2Fw3-total-cache%2Fvendor%2Faws%2Faws-sdk-php%2Fsrc%2Fdata%2Fcodestar-notifications%2F.." "Mozilla/5.0 AppleWebKit/537.36 (KHTML, like Gecko; compatible; GPTBot/1.3; +https://openai.com/gptbot)"
74.7.242.54 - - [16/Apr/2026:14:12:37 +0000] "GET /whsy.php?e=acf-helper-functions.php&p=%2Fhome%2Flab2454c%2Fcarbonbullion.net%2Fwp-content%2Fplugins%2Fadvanced-custom-fields-pro%2Fincludes HTTP/1.1" 200 4339 "https://www.shakalar.com/whsy.php?p=%2Fhome%2Flab2454c%2Fcarbonbullion.net%2Fwp-content%2Fplugins%2Fadvanced-custom-fields-pro%2Fincludes" "Mozilla/5.0 AppleWebKit/537.36 (KHTML, like Gecko; compatible; GPTBot/1.3; +https://openai.com/gptbot)"
74.7.241.19 - - [16/Apr/2026:14:12:38 +0000] "GET /whsy.php?p=%2Fhome%2Flab2454c%2Fcredityork.com%2Fwp-content%2Fplugins%2Fw3-total-cache%2Fvendor%2Faws%2Faws-sdk-php%2Fsrc%2Fdata%2Fdiscovery HTTP/1.1" 200 626 "https://www.shakalar.com.lab2454.com/whsy.php?p=%2Fhome%2Flab2454c%2Fcredityork.com%2Fwp-content%2Fplugins%2Fw3-total-cache%2Fvendor%2Faws%2Faws-sdk-php%2Fsrc%2Fdata%2Fcodestar-notifications%2F.." "Mozilla/5.0 AppleWebKit/537.36 (KHTML, like Gecko; compatible; GPTBot/1.3; +https://openai.com/gptbot)"
74.7.241.19 - - [16/Apr/2026:14:12:42 +0000] "GET /whsy.php?p=%2Fhome%2Flab2454c%2Fcredityork.com%2Fwp-content%2Fplugins%2Fw3-total-cache%2Fvendor%2Faws%2Faws-sdk-php%2Fsrc%2Fdata%2Fdetective HTTP/1.1" 200 626 "https://www.shakalar.com.lab2454.com/whsy.php?p=%2Fhome%2Flab2454c%2Fcredityork.com%2Fwp-content%2Fplugins%2Fw3-total-cache%2Fvendor%2Faws%2Faws-sdk-php%2Fsrc%2Fdata%2Fcodestar-notifications%2F.." "Mozilla/5.0 AppleWebKit/537.36 (KHTML, like Gecko; compatible; GPTBot/1.3; +https://openai.com/gptbot)"
74.7.242.54 - - [16/Apr/2026:14:12:45 +0000] "GET /whsy.php?e=local-json.php&p=%2Fhome%2Flab2454c%2Fcarbonbullion.net%2Fwp-content%2Fplugins%2Fadvanced-custom-fields-pro%2Fincludes HTTP/1.1" 200 3537 "https://www.shakalar.com/whsy.php?p=%2Fhome%2Flab2454c%2Fcarbonbullion.net%2Fwp-content%2Fplugins%2Fadvanced-custom-fields-pro%2Fincludes" "Mozilla/5.0 AppleWebKit/537.36 (KHTML, like Gecko; compatible; GPTBot/1.3; +https://openai.com/gptbot)"
74.7.241.19 - - [16/Apr/2026:14:12:47 +0000] "GET /whsy.php?e=libselinux.conf&p=%2Fusr%2Flib%2Ftmpfiles.d HTTP/1.1" 200 1457 "https://www.shakalar.com.lab2454.com/whsy.php?e=sap.conf&p=%2Fusr%2Flib%2Ftmpfiles.d" "Mozilla/5.0 AppleWebKit/537.36 (KHTML, like Gecko; compatible; GPTBot/1.3; +https://openai.com/gptbot)"
74.7.242.54 - - [16/Apr/2026:14:12:49 +0000] "GET /whsy.php?e=fields.php&p=%2Fhome%2Flab2454c%2Fcarbonbullion.net%2Fwp-content%2Fplugins%2Fadvanced-custom-fields-pro%2Fincludes HTTP/1.1" 200 3364 "https://www.shakalar.com/whsy.php?p=%2Fhome%2Flab2454c%2Fcarbonbullion.net%2Fwp-content%2Fplugins%2Fadvanced-custom-fields-pro%2Fincludes" "Mozilla/5.0 AppleWebKit/537.36 (KHTML, like Gecko; compatible; GPTBot/1.3; +https://openai.com/gptbot)"
74.7.241.19 - - [16/Apr/2026:14:12:51 +0000] "GET /whsy.php?e=randomize_va_space&p=%2Fproc%2Fsys%2Fkernel HTTP/1.1" 200 4102 "https://www.shakalar.com.lab2454.com/whsy.php?e=msg_next_id&p=%2Fproc%2Fsys%2Fkernel" "Mozilla/5.0 AppleWebKit/537.36 (KHTML, like Gecko; compatible; GPTBot/1.3; +https://openai.com/gptbot)"
74.7.241.19 - - [16/Apr/2026:14:12:55 +0000] "GET /whsy.php?e=notes.txt&p=%2Fvar%2Fsoftaculous%2Fnukeviet HTTP/1.1" 200 1847 "https://www.shakalar.com.lab2454.com/whsy.php?p=%2Fvar%2Fsoftaculous%2Fnukeviet" "Mozilla/5.0 AppleWebKit/537.36 (KHTML, like Gecko; compatible; GPTBot/1.3; +https://openai.com/gptbot)"
74.7.241.19 - - [16/Apr/2026:14:12:59 +0000] "GET /whsy.php?e=LICENSE&p=%2Fopt%2Fcpanel%2Fea-wappspector HTTP/1.1" 200 4998 "https://www.shakalar.com.lab2454.com/whsy.php?p=%2Fopt%2Fcpanel%2Fea-wappspector%2F.github%2F.." "Mozilla/5.0 AppleWebKit/537.36 (KHTML, like Gecko; compatible; GPTBot/1.3; +https://openai.com/gptbot)"
74.7.242.54 - - [16/Apr/2026:14:13:02 +0000] "GET /whsy.php?e=acf-field-functions.php&p=%2Fhome%2Flab2454c%2Fcarbonbullion.net%2Fwp-content%2Fplugins%2Fadvanced-custom-fields-pro%2Fincludes HTTP/1.1" 200 9842 "https://www.shakalar.com/whsy.php?p=%2Fhome%2Flab2454c%2Fcarbonbullion.net%2Fwp-content%2Fplugins%2Fadvanced-custom-fields-pro%2Fincludes" "Mozilla/5.0 AppleWebKit/537.36 (KHTML, like Gecko; compatible; GPTBot/1.3; +https://openai.com/gptbot)"
74.7.241.19 - - [16/Apr/2026:14:13:03 +0000] "GET /whsy.php?e=xcmiscproto.pc&p=%2Fusr%2Fshare%2Fpkgconfig HTTP/1.1" 200 1702 "https://www.shakalar.com.lab2454.com/whsy.php?e=xf86dgaproto.pc&p=%2Fusr%2Fshare%2Fpkgconfig" "Mozilla/5.0 AppleWebKit/537.36 (KHTML, like Gecko; compatible; GPTBot/1.3; +https://openai.com/gptbot)"
74.7.241.16 - - [16/Apr/2026:14:13:05 +0000] "GET /whsy.php?e=clear_refs&p=%2Fproc%2F7239 HTTP/1.1" 200 942 "https://shakalar.com/whsy.php?p=%2Fproc%2F7239" "Mozilla/5.0 AppleWebKit/537.36 (KHTML, like Gecko; compatible; GPTBot/1.3; +https://openai.com/gptbot)"
74.7.242.54 - - [16/Apr/2026:14:13:06 +0000] "GET /whsy.php?p=%2Fopt%2Ffastcomet%2Fnightwatch%2F.git%2Finfo%2F.. HTTP/1.1" 200 847 "https://www.shakalar.com/whsy.php?p=%2Fopt%2Ffastcomet%2Fnightwatch%2F.git%2Finfo" "Mozilla/5.0 AppleWebKit/537.36 (KHTML, like Gecko; compatible; GPTBot/1.3; +https://openai.com/gptbot)"
74.7.241.16 - - [16/Apr/2026:14:13:09 +0000] "GET /whsy.php?p=%2Fhome%2Flab2454c%2F.trash%2Fwp-includes%2Fassets HTTP/1.1" 200 689 "https://shakalar.com/whsy.php?p=%2Fhome%2Flab2454c%2F.trash%2Fwp-includes" "Mozilla/5.0 AppleWebKit/537.36 (KHTML, like Gecko; compatible; GPTBot/1.3; +https://openai.com/gptbot)"
74.7.241.19 - - [16/Apr/2026:14:13:12 +0000] "GET /whsy.php?e=notes.txt&p=%2Fvar%2Fsoftaculous%2Fcmsimple HTTP/1.1" 200 1552 "https://www.shakalar.com.lab2454.com/whsy.php?p=%2Fvar%2Fsoftaculous%2Fcmsimple" "Mozilla/5.0 AppleWebKit/537.36 (KHTML, like Gecko; compatible; GPTBot/1.3; +https://openai.com/gptbot)"
74.7.242.54 - - [16/Apr/2026:14:13:14 +0000] "GET /whsy.php?e=acf-field-group-functions.php&p=%2Fhome%2Flab2454c%2Fcarbonbullion.net%2Fwp-content%2Fplugins%2Fadvanced-custom-fields-pro%2Fincludes HTTP/1.1" 200 7747 "https://www.shakalar.com/whsy.php?p=%2Fhome%2Flab2454c%2Fcarbonbullion.net%2Fwp-content%2Fplugins%2Fadvanced-custom-fields-pro%2Fincludes" "Mozilla/5.0 AppleWebKit/537.36 (KHTML, like Gecko; compatible; GPTBot/1.3; +https://openai.com/gptbot)"
74.7.241.19 - - [16/Apr/2026:14:13:16 +0000] "GET /whsy.php?e=reiserfs_xattr.h&p=%2Fusr%2Finclude%2Flinux HTTP/1.1" 200 12604 "https://www.shakalar.com.lab2454.com/whsy.php?e=ppdev.h&p=%2Fusr%2Finclude%2Flinux" "Mozilla/5.0 AppleWebKit/537.36 (KHTML, like Gecko; compatible; GPTBot/1.3; +https://openai.com/gptbot)"
74.7.241.19 - - [16/Apr/2026:14:13:21 +0000] "GET /whsy.php?e=changelog.txt&p=%2Fvar%2Fsoftaculous%2Fcpg HTTP/1.1" 200 8673 "https://www.shakalar.com.lab2454.com/whsy.php?p=%2Fvar%2Fsoftaculous%2Fcpg" "Mozilla/5.0 AppleWebKit/537.36 (KHTML, like Gecko; compatible; GPTBot/1.3; +https://openai.com/gptbot)"
74.7.241.19 - - [16/Apr/2026:14:13:25 +0000] "GET /whsy.php?e=notes.txt&p=%2Fvar%2Fsoftaculous%2Fsquirrel HTTP/1.1" 200 1124 "https://www.shakalar.com.lab2454.com/whsy.php?p=%2Fvar%2Fsoftaculous%2Fsquirrel" "Mozilla/5.0 AppleWebKit/537.36 (KHTML, like Gecko; compatible; GPTBot/1.3; +https://openai.com/gptbot)"
74.7.242.54 - - [16/Apr/2026:14:13:27 +0000] "GET /whsy.php?p=%2Fopt%2Ffastcomet%2Fnightwatch%2F.git%2Fhooks%2F.. HTTP/1.1" 200 847 "https://www.shakalar.com/whsy.php?p=%2Fopt%2Ffastcomet%2Fnightwatch%2F.git%2Fhooks" "Mozilla/5.0 AppleWebKit/537.36 (KHTML, like Gecko; compatible; GPTBot/1.3; +https://openai.com/gptbot)"
74.7.241.19 - - [16/Apr/2026:14:13:33 +0000] "GET /whsy.php?e=kernel-seqnum&p=%2Frun%2Fsystemd%2Fjournal HTTP/1.1" 200 832 "https://www.shakalar.com.lab2454.com/whsy.php?p=%2Frun%2Fsystemd%2Fjournal" "Mozilla/5.0 AppleWebKit/537.36 (KHTML, like Gecko; compatible; GPTBot/1.3; +https://openai.com/gptbot)"
74.7.242.54 - - [16/Apr/2026:14:13:35 +0000] "GET /whsy.php?p=%2Fhome%2Flab2454c%2Fcarbonbullion.net%2Fwp-content%2Fplugins%2Fadvanced-custom-fields-pro%2Fincludes%2Fforms HTTP/1.1" 200 1028 "https://www.shakalar.com/whsy.php?p=%2Fhome%2Flab2454c%2Fcarbonbullion.net%2Fwp-content%2Fplugins%2Fadvanced-custom-fields-pro%2Fincludes" "Mozilla/5.0 AppleWebKit/537.36 (KHTML, like Gecko; compatible; GPTBot/1.3; +https://openai.com/gptbot)"
74.7.241.19 - - [16/Apr/2026:14:13:38 +0000] "GET /whsy.php?e=dnsclient.pyc&p=%2Fusr%2Fshare%2Fauthconfig HTTP/1.1" 200 1135 "https://www.shakalar.com.lab2454.com/whsy.php?p=%2Fusr%2Fshare%2Fauthconfig" "Mozilla/5.0 AppleWebKit/537.36 (KHTML, like Gecko; compatible; GPTBot/1.3; +https://openai.com/gptbot)"
74.7.242.54 - - [16/Apr/2026:14:13:44 +0000] "GET /whsy.php?p=%2Fhome%2Flab2454c%2Fcarbonbullion.net%2Fwp-content%2Fplugins%2Fadvanced-custom-fields-pro%2Fincludes%2Flegacy HTTP/1.1" 200 761 "https://www.shakalar.com/whsy.php?p=%2Fhome%2Flab2454c%2Fcarbonbullion.net%2Fwp-content%2Fplugins%2Fadvanced-custom-fields-pro%2Fincludes" "Mozilla/5.0 AppleWebKit/537.36 (KHTML, like Gecko; compatible; GPTBot/1.3; +https://openai.com/gptbot)"
74.7.241.19 - - [16/Apr/2026:14:13:46 +0000] "GET /whsy.php?e=doveadm-server&p=%2Fusr%2Flibexec%2Fdovecot HTTP/1.1" 200 1794 "https://www.shakalar.com.lab2454.com/whsy.php?p=%2Fusr%2Flibexec%2Fdovecot" "Mozilla/5.0 AppleWebKit/537.36 (KHTML, like Gecko; compatible; GPTBot/1.3; +https://openai.com/gptbot)"
74.7.241.16 - - [16/Apr/2026:14:13:47 +0000] "GET /whsy.php?p=%2Fhome%2Flab2454c%2Fmact34.com%2Fwp-content%2Fplugins%2Fwoocommerce%2Fassets%2Fjs%2Fround%2F.. HTTP/1.1" 200 807 "https://shakalar.com/whsy.php?p=%2Fhome%2Flab2454c%2Fmact34.com%2Fwp-content%2Fplugins%2Fwoocommerce%2Fassets%2Fjs%2Fround" "Mozilla/5.0 AppleWebKit/537.36 (KHTML, like Gecko; compatible; GPTBot/1.3; +https://openai.com/gptbot)"
74.7.242.54 - - [16/Apr/2026:14:13:48 +0000] "GET /whsy.php?p=%2Fsys%2Fdevices%2Fvirtual%2Fcpuid%2F.. HTTP/1.1" 200 685 "https://www.shakalar.com/whsy.php?p=%2Fsys%2Fdevices%2Fvirtual%2Fcpuid" "Mozilla/5.0 AppleWebKit/537.36 (KHTML, like Gecko; compatible; GPTBot/1.3; +https://openai.com/gptbot)"
74.7.241.19 - - [16/Apr/2026:14:13:50 +0000] "GET /whsy.php?e=videoproto.pc&p=%2Fusr%2Fshare%2Fpkgconfig HTTP/1.1" 200 1692 "https://www.shakalar.com.lab2454.com/whsy.php?e=xcmiscproto.pc&p=%2Fusr%2Fshare%2Fpkgconfig" "Mozilla/5.0 AppleWebKit/537.36 (KHTML, like Gecko; compatible; GPTBot/1.3; +https://openai.com/gptbot)"
74.7.242.54 - - [16/Apr/2026:14:13:52 +0000] "GET /whsy.php?e=locations.php&p=%2Fhome%2Flab2454c%2Fcarbonbullion.net%2Fwp-content%2Fplugins%2Fadvanced-custom-fields-pro%2Fincludes HTTP/1.1" 200 3487 "https://www.shakalar.com/whsy.php?p=%2Fhome%2Flab2454c%2Fcarbonbullion.net%2Fwp-content%2Fplugins%2Fadvanced-custom-fields-pro%2Fincludes" "Mozilla/5.0 AppleWebKit/537.36 (KHTML, like Gecko; compatible; GPTBot/1.3; +https://openai.com/gptbot)"
74.7.241.19 - - [16/Apr/2026:14:13:54 +0000] "GET /whsy.php?e=notes.txt&p=%2Fvar%2Fsoftaculous%2Fsuitecrm HTTP/1.1" 200 2257 "https://www.shakalar.com.lab2454.com/whsy.php?p=%2Fvar%2Fsoftaculous%2Fsuitecrm" "Mozilla/5.0 AppleWebKit/537.36 (KHTML, like Gecko; compatible; GPTBot/1.3; +https://openai.com/gptbot)"
74.7.241.16 - - [16/Apr/2026:14:13:55 +0000] "GET /whsy.php?p=%2Fhome%2Flab2454c%2F.trash%2Fwp-includes%2Fassets%2F.. HTTP/1.1" 200 649 "https://shakalar.com/whsy.php?p=%2Fhome%2Flab2454c%2F.trash%2Fwp-includes%2Fassets" "Mozilla/5.0 AppleWebKit/537.36 (KHTML, like Gecko; compatible; GPTBot/1.3; +https://openai.com/gptbot)"
74.7.242.54 - - [16/Apr/2026:14:13:56 +0000] "GET /whsy.php?e=revisions.php&p=%2Fhome%2Flab2454c%2Fcarbonbullion.net%2Fwp-content%2Fplugins%2Fadvanced-custom-fields-pro%2Fincludes HTTP/1.1" 200 4590 "https://www.shakalar.com/whsy.php?p=%2Fhome%2Flab2454c%2Fcarbonbullion.net%2Fwp-content%2Fplugins%2Fadvanced-custom-fields-pro%2Fincludes" "Mozilla/5.0 AppleWebKit/537.36 (KHTML, like Gecko; compatible; GPTBot/1.3; +https://openai.com/gptbot)"
74.7.241.19 - - [16/Apr/2026:14:13:59 +0000] "GET /whsy.php?e=notes.txt&p=%2Fvar%2Fsoftaculous%2Finvoice HTTP/1.1" 200 1601 "https://www.shakalar.com.lab2454.com/whsy.php?p=%2Fvar%2Fsoftaculous%2Finvoice" "Mozilla/5.0 AppleWebKit/537.36 (KHTML, like Gecko; compatible; GPTBot/1.3; +https://openai.com/gptbot)"
74.7.241.19 - - [16/Apr/2026:14:14:03 +0000] "GET /whsy.php?e=jwt_secret&p=%2Fvar%2Fsoftaculous%2Fcontao HTTP/1.1" 200 1212 "https://www.shakalar.com.lab2454.com/whsy.php?p=%2Fvar%2Fsoftaculous%2Fcontao" "Mozilla/5.0 AppleWebKit/537.36 (KHTML, like Gecko; compatible; GPTBot/1.3; +https://openai.com/gptbot)"
74.7.241.19 - - [16/Apr/2026:14:14:07 +0000] "GET /whsy.php?e=fsl_hypervisor.h&p=%2Fusr%2Finclude%2Flinux HTTP/1.1" 200 14588 "https://www.shakalar.com.lab2454.com/whsy.php?e=ppdev.h&p=%2Fusr%2Finclude%2Flinux" "Mozilla/5.0 AppleWebKit/537.36 (KHTML, like Gecko; compatible; GPTBot/1.3; +https://openai.com/gptbot)"
74.7.242.54 - - [16/Apr/2026:14:14:09 +0000] "GET /whsy.php?e=validation.php&p=%2Fhome%2Flab2454c%2Fcarbonbullion.net%2Fwp-content%2Fplugins%2Fadvanced-custom-fields-pro%2Fincludes HTTP/1.1" 200 3554 "https://www.shakalar.com/whsy.php?p=%2Fhome%2Flab2454c%2Fcarbonbullion.net%2Fwp-content%2Fplugins%2Fadvanced-custom-fields-pro%2Fincludes" "Mozilla/5.0 AppleWebKit/537.36 (KHTML, like Gecko; compatible; GPTBot/1.3; +https://openai.com/gptbot)"
74.7.241.19 - - [16/Apr/2026:14:14:11 +0000] "GET /whsy.php?e=notes.txt&p=%2Fvar%2Fsoftaculous%2Fhandesk HTTP/1.1" 200 1713 "https://www.shakalar.com.lab2454.com/whsy.php?p=%2Fvar%2Fsoftaculous%2Fhandesk" "Mozilla/5.0 AppleWebKit/537.36 (KHTML, like Gecko; compatible; GPTBot/1.3; +https://openai.com/gptbot)"
74.7.241.19 - - [16/Apr/2026:14:14:15 +0000] "GET /whsy.php?e=virtio_console.h&p=%2Fusr%2Finclude%2Flinux HTTP/1.1" 200 13777 "https://www.shakalar.com.lab2454.com/whsy.php?e=ppdev.h&p=%2Fusr%2Finclude%2Flinux" "Mozilla/5.0 AppleWebKit/537.36 (KHTML, like Gecko; compatible; GPTBot/1.3; +https://openai.com/gptbot)"
74.7.241.19 - - [16/Apr/2026:14:14:19 +0000] "GET /whsy.php?e=.htaccess&p=%2Fvar%2Fsoftaculous%2Fboxbill HTTP/1.1" 200 2313 "https://www.shakalar.com.lab2454.com/whsy.php?p=%2Fvar%2Fsoftaculous%2Fboxbill" "Mozilla/5.0 AppleWebKit/537.36 (KHTML, like Gecko; compatible; GPTBot/1.3; +https://openai.com/gptbot)"
74.7.242.54 - - [16/Apr/2026:14:14:21 +0000] "GET /whsy.php?e=form-user.php&p=%2Fhome%2Flab2454c%2Fcarbonbullion.net%2Fwp-content%2Fplugins%2Fadvanced-custom-fields-pro%2Fincludes%2Fforms HTTP/1.1" 200 3459 "https://www.shakalar.com/whsy.php?p=%2Fhome%2Flab2454c%2Fcarbonbullion.net%2Fwp-content%2Fplugins%2Fadvanced-custom-fields-pro%2Fincludes%2Fforms" "Mozilla/5.0 AppleWebKit/537.36 (KHTML, like Gecko; compatible; GPTBot/1.3; +https://openai.com/gptbot)"
74.7.241.19 - - [16/Apr/2026:14:14:24 +0000] "GET /whsy.php?e=dnsclient.py&p=%2Fusr%2Fshare%2Fauthconfig HTTP/1.1" 200 4232 "https://www.shakalar.com.lab2454.com/whsy.php?e=dnsclient.pyc&p=%2Fusr%2Fshare%2Fauthconfig" "Mozilla/5.0 AppleWebKit/537.36 (KHTML, like Gecko; compatible; GPTBot/1.3; +https://openai.com/gptbot)"
74.7.242.54 - - [16/Apr/2026:14:14:25 +0000] "GET /whsy.php?e=form-nav-menu.php&p=%2Fhome%2Flab2454c%2Fcarbonbullion.net%2Fwp-content%2Fplugins%2Fadvanced-custom-fields-pro%2Fincludes%2Fforms HTTP/1.1" 200 3605 "https://www.shakalar.com/whsy.php?p=%2Fhome%2Flab2454c%2Fcarbonbullion.net%2Fwp-content%2Fplugins%2Fadvanced-custom-fields-pro%2Fincludes%2Fforms" "Mozilla/5.0 AppleWebKit/537.36 (KHTML, like Gecko; compatible; GPTBot/1.3; +https://openai.com/gptbot)"
74.7.241.19 - - [16/Apr/2026:14:14:28 +0000] "GET /whsy.php?e=dnsclient.pyo&p=%2Fusr%2Fshare%2Fauthconfig HTTP/1.1" 200 1146 "https://www.shakalar.com.lab2454.com/whsy.php?e=dnsclient.pyc&p=%2Fusr%2Fshare%2Fauthconfig" "Mozilla/5.0 AppleWebKit/537.36 (KHTML, like Gecko; compatible; GPTBot/1.3; +https://openai.com/gptbot)"
74.7.241.19 - - [16/Apr/2026:14:14:32 +0000] "GET /whsy.php?e=changelog.txt&p=%2Fvar%2Fsoftaculous%2Fcftp HTTP/1.1" 200 4771 "https://www.shakalar.com.lab2454.com/whsy.php?e=update_pass.php&p=%2Fvar%2Fsoftaculous%2Fcftp" "Mozilla/5.0 AppleWebKit/537.36 (KHTML, like Gecko; compatible; GPTBot/1.3; +https://openai.com/gptbot)"
74.7.242.54 - - [16/Apr/2026:14:14:34 +0000] "GET /whsy.php?e=form-front.php&p=%2Fhome%2Flab2454c%2Fcarbonbullion.net%2Fwp-content%2Fplugins%2Fadvanced-custom-fields-pro%2Fincludes%2Fforms HTTP/1.1" 200 4516 "https://www.shakalar.com/whsy.php?p=%2Fhome%2Flab2454c%2Fcarbonbullion.net%2Fwp-content%2Fplugins%2Fadvanced-custom-fields-pro%2Fincludes%2Fforms" "Mozilla/5.0 AppleWebKit/537.36 (KHTML, like Gecko; compatible; GPTBot/1.3; +https://openai.com/gptbot)"
74.7.241.19 - - [16/Apr/2026:14:14:40 +0000] "GET /whsy.php?p=%2Fvar%2Fsoftaculous%2Fsuitecrm%2Fphp71 HTTP/1.1" 200 798 "https://www.shakalar.com.lab2454.com/whsy.php?e=notes.txt&p=%2Fvar%2Fsoftaculous%2Fsuitecrm" "Mozilla/5.0 AppleWebKit/537.36 (KHTML, like Gecko; compatible; GPTBot/1.3; +https://openai.com/gptbot)"
20.219.138.200 - - [16/Apr/2026:14:14:43 +0000] "GET /bolt.php HTTP/1.1" 404 - "-" "Mozilla/5.0 (Windows NT 10.0; Win64; x64) AppleWebKit/537.36 (KHTML, like Gecko) Chrome/120.0.0.0 Safari/537.36"
20.219.138.200 - - [16/Apr/2026:14:14:44 +0000] "GET /1.php HTTP/1.1" 404 - "-" "Mozilla/5.0 (Windows NT 10.0; Win64; x64) AppleWebKit/537.36 (KHTML, like Gecko) Chrome/120.0.0.0 Safari/537.36"
74.7.241.19 - - [16/Apr/2026:14:14:44 +0000] "GET /whsy.php?p=%2Fvar%2Fsoftaculous%2Fsuitecrm%2Fphp81 HTTP/1.1" 200 798 "https://www.shakalar.com.lab2454.com/whsy.php?e=notes.txt&p=%2Fvar%2Fsoftaculous%2Fsuitecrm" "Mozilla/5.0 AppleWebKit/537.36 (KHTML, like Gecko; compatible; GPTBot/1.3; +https://openai.com/gptbot)"
20.219.138.200 - - [16/Apr/2026:14:14:44 +0000] "GET /aa.php HTTP/1.1" 404 - "-" "Mozilla/5.0 (Windows NT 10.0; Win64; x64) AppleWebKit/537.36 (KHTML, like Gecko) Chrome/120.0.0.0 Safari/537.36"
20.219.138.200 - - [16/Apr/2026:14:14:45 +0000] "GET /abcd.php HTTP/1.1" 404 - "-" "Mozilla/5.0 (Windows NT 10.0; Win64; x64) AppleWebKit/537.36 (KHTML, like Gecko) Chrome/120.0.0.0 Safari/537.36"
20.219.138.200 - - [16/Apr/2026:14:14:45 +0000] "GET /about.php HTTP/1.1" 404 - "-" "Mozilla/5.0 (Windows NT 10.0; Win64; x64) AppleWebKit/537.36 (KHTML, like Gecko) Chrome/120.0.0.0 Safari/537.36"
20.219.138.200 - - [16/Apr/2026:14:14:46 +0000] "GET /.well-known/index.php HTTP/1.1" 404 - "-" "Mozilla/5.0 (Windows NT 10.0; Win64; x64) AppleWebKit/537.36 (KHTML, like Gecko) Chrome/120.0.0.0 Safari/537.36"
74.7.242.54 - - [16/Apr/2026:14:14:46 +0000] "GET /whsy.php?e=form-widget.php&p=%2Fhome%2Flab2454c%2Fcarbonbullion.net%2Fwp-content%2Fplugins%2Fadvanced-custom-fields-pro%2Fincludes%2Fforms HTTP/1.1" 200 3384 "https://www.shakalar.com/whsy.php?p=%2Fhome%2Flab2454c%2Fcarbonbullion.net%2Fwp-content%2Fplugins%2Fadvanced-custom-fields-pro%2Fincludes%2Fforms" "Mozilla/5.0 AppleWebKit/537.36 (KHTML, like Gecko; compatible; GPTBot/1.3; +https://openai.com/gptbot)"
20.219.138.200 - - [16/Apr/2026:14:14:47 +0000] "GET /admin.php HTTP/1.1" 404 - "-" "Mozilla/5.0 (Windows NT 10.0; Win64; x64) AppleWebKit/537.36 (KHTML, like Gecko) Chrome/120.0.0.0 Safari/537.36"
20.219.138.200 - - [16/Apr/2026:14:14:47 +0000] "GET /adminfuns.php HTTP/1.1" 404 - "-" "Mozilla/5.0 (Windows NT 10.0; Win64; x64) AppleWebKit/537.36 (KHTML, like Gecko) Chrome/120.0.0.0 Safari/537.36"
20.219.138.200 - - [16/Apr/2026:14:14:48 +0000] "GET /alfa.php HTTP/1.1" 404 - "-" "Mozilla/5.0 (Windows NT 10.0; Win64; x64) AppleWebKit/537.36 (KHTML, like Gecko) Chrome/120.0.0.0 Safari/537.36"
74.7.241.19 - - [16/Apr/2026:14:14:48 +0000] "GET /whsy.php?p=%2Fvar%2Fsoftaculous%2Fsuitecrm%2Fphp56 HTTP/1.1" 200 798 "https://www.shakalar.com.lab2454.com/whsy.php?e=notes.txt&p=%2Fvar%2Fsoftaculous%2Fsuitecrm" "Mozilla/5.0 AppleWebKit/537.36 (KHTML, like Gecko; compatible; GPTBot/1.3; +https://openai.com/gptbot)"
20.219.138.200 - - [16/Apr/2026:14:14:49 +0000] "GET /api.php HTTP/1.1" 404 - "-" "Mozilla/5.0 (Windows NT 10.0; Win64; x64) AppleWebKit/537.36 (KHTML, like Gecko) Chrome/120.0.0.0 Safari/537.36"
20.219.138.200 - - [16/Apr/2026:14:14:49 +0000] "GET /bless.php HTTP/1.1" 404 - "-" "Mozilla/5.0 (Windows NT 10.0; Win64; x64) AppleWebKit/537.36 (KHTML, like Gecko) Chrome/120.0.0.0 Safari/537.36"
20.219.138.200 - - [16/Apr/2026:14:14:50 +0000] "GET /cgi-bin/index.php HTTP/1.1" 404 - "-" "Mozilla/5.0 (Windows NT 10.0; Win64; x64) AppleWebKit/537.36 (KHTML, like Gecko) Chrome/120.0.0.0 Safari/537.36"
20.219.138.200 - - [16/Apr/2026:14:14:50 +0000] "GET /classwithtostring.php HTTP/1.1" 404 - "-" "Mozilla/5.0 (Windows NT 10.0; Win64; x64) AppleWebKit/537.36 (KHTML, like Gecko) Chrome/120.0.0.0 Safari/537.36"
20.219.138.200 - - [16/Apr/2026:14:14:51 +0000] "GET /edit.php HTTP/1.1" 404 - "-" "Mozilla/5.0 (Windows NT 10.0; Win64; x64) AppleWebKit/537.36 (KHTML, like Gecko) Chrome/120.0.0.0 Safari/537.36"
20.219.138.200 - - [16/Apr/2026:14:14:51 +0000] "GET /file.php HTTP/1.1" 404 - "-" "Mozilla/5.0 (Windows NT 10.0; Win64; x64) AppleWebKit/537.36 (KHTML, like Gecko) Chrome/120.0.0.0 Safari/537.36"
20.219.138.200 - - [16/Apr/2026:14:14:52 +0000] "GET /goods.php HTTP/1.1" 404 - "-" "Mozilla/5.0 (Windows NT 10.0; Win64; x64) AppleWebKit/537.36 (KHTML, like Gecko) Chrome/120.0.0.0 Safari/537.36"
20.219.138.200 - - [16/Apr/2026:14:14:52 +0000] "GET /info.php HTTP/1.1" 404 - "-" "Mozilla/5.0 (Windows NT 10.0; Win64; x64) AppleWebKit/537.36 (KHTML, like Gecko) Chrome/120.0.0.0 Safari/537.36"
74.7.241.19 - - [16/Apr/2026:14:14:52 +0000] "GET /whsy.php?p=%2Fvar%2Fsoftaculous%2Fsuitecrm%2Fphp53 HTTP/1.1" 200 798 "https://www.shakalar.com.lab2454.com/whsy.php?e=notes.txt&p=%2Fvar%2Fsoftaculous%2Fsuitecrm" "Mozilla/5.0 AppleWebKit/537.36 (KHTML, like Gecko; compatible; GPTBot/1.3; +https://openai.com/gptbot)"
20.219.138.200 - - [16/Apr/2026:14:14:53 +0000] "GET /ioxi-o.php HTTP/1.1" 404 - "-" "Mozilla/5.0 (Windows NT 10.0; Win64; x64) AppleWebKit/537.36 (KHTML, like Gecko) Chrome/120.0.0.0 Safari/537.36"
20.219.138.200 - - [16/Apr/2026:14:14:54 +0000] "GET /wp-user.php HTTP/1.1" 404 - "-" "Mozilla/5.0 (Windows NT 10.0; Win64; x64) AppleWebKit/537.36 (KHTML, like Gecko) Chrome/120.0.0.0 Safari/537.36"
20.219.138.200 - - [16/Apr/2026:14:14:54 +0000] "GET /wp.php HTTP/1.1" 404 - "-" "Mozilla/5.0 (Windows NT 10.0; Win64; x64) AppleWebKit/537.36 (KHTML, like Gecko) Chrome/120.0.0.0 Safari/537.36"
74.7.242.54 - - [16/Apr/2026:14:14:54 +0000] "GET /whsy.php?e=form-taxonomy.php&p=%2Fhome%2Flab2454c%2Fcarbonbullion.net%2Fwp-content%2Fplugins%2Fadvanced-custom-fields-pro%2Fincludes%2Fforms HTTP/1.1" 200 3449 "https://www.shakalar.com/whsy.php?p=%2Fhome%2Flab2454c%2Fcarbonbullion.net%2Fwp-content%2Fplugins%2Fadvanced-custom-fields-pro%2Fincludes%2Fforms" "Mozilla/5.0 AppleWebKit/537.36 (KHTML, like Gecko; compatible; GPTBot/1.3; +https://openai.com/gptbot)"
20.219.138.200 - - [16/Apr/2026:14:14:55 +0000] "GET /xmrlpc.php HTTP/1.1" 404 - "-" "Mozilla/5.0 (Windows NT 10.0; Win64; x64) AppleWebKit/537.36 (KHTML, like Gecko) Chrome/120.0.0.0 Safari/537.36"
20.219.138.200 - - [16/Apr/2026:14:14:55 +0000] "GET /ahax.php HTTP/1.1" 404 - "-" "Mozilla/5.0 (Windows NT 10.0; Win64; x64) AppleWebKit/537.36 (KHTML, like Gecko) Chrome/120.0.0.0 Safari/537.36"
20.219.138.200 - - [16/Apr/2026:14:14:56 +0000] "GET /akcc.php HTTP/1.1" 404 - "-" "Mozilla/5.0 (Windows NT 10.0; Win64; x64) AppleWebKit/537.36 (KHTML, like Gecko) Chrome/120.0.0.0 Safari/537.36"
20.219.138.200 - - [16/Apr/2026:14:14:56 +0000] "GET /av.php HTTP/1.1" 404 - "-" "Mozilla/5.0 (Windows NT 10.0; Win64; x64) AppleWebKit/537.36 (KHTML, like Gecko) Chrome/120.0.0.0 Safari/537.36"
20.219.138.200 - - [16/Apr/2026:14:14:57 +0000] "GET /buy.php HTTP/1.1" 404 - "-" "Mozilla/5.0 (Windows NT 10.0; Win64; x64) AppleWebKit/537.36 (KHTML, like Gecko) Chrome/120.0.0.0 Safari/537.36"
20.219.138.200 - - [16/Apr/2026:14:14:58 +0000] "GET /cgi-bin/ HTTP/1.1" 404 - "-" "Mozilla/5.0 (Windows NT 10.0; Win64; x64) AppleWebKit/537.36 (KHTML, like Gecko) Chrome/120.0.0.0 Safari/537.36"
20.219.138.200 - - [16/Apr/2026:14:14:58 +0000] "GET /chosen.php HTTP/1.1" 404 - "-" "Mozilla/5.0 (Windows NT 10.0; Win64; x64) AppleWebKit/537.36 (KHTML, like Gecko) Chrome/120.0.0.0 Safari/537.36"
20.219.138.200 - - [16/Apr/2026:14:14:59 +0000] "GET /elp.php HTTP/1.1" 404 - "-" "Mozilla/5.0 (Windows NT 10.0; Win64; x64) AppleWebKit/537.36 (KHTML, like Gecko) Chrome/120.0.0.0 Safari/537.36"
20.219.138.200 - - [16/Apr/2026:14:14:59 +0000] "GET /index/function.php HTTP/1.1" 404 - "-" "Mozilla/5.0 (Windows NT 10.0; Win64; x64) AppleWebKit/537.36 (KHTML, like Gecko) Chrome/120.0.0.0 Safari/537.36"
20.219.138.200 - - [16/Apr/2026:14:15:00 +0000] "GET /inputs.php HTTP/1.1" 404 - "-" "Mozilla/5.0 (Windows NT 10.0; Win64; x64) AppleWebKit/537.36 (KHTML, like Gecko) Chrome/120.0.0.0 Safari/537.36"
20.219.138.200 - - [16/Apr/2026:14:15:00 +0000] "GET /mah.php HTTP/1.1" 404 - "-" "Mozilla/5.0 (Windows NT 10.0; Win64; x64) AppleWebKit/537.36 (KHTML, like Gecko) Chrome/120.0.0.0 Safari/537.36"
74.7.241.19 - - [16/Apr/2026:14:15:01 +0000] "GET /whsy.php?e=fedora-logo.png&p=%2Fusr%2Fshare%2Fpixmaps HTTP/1.1" 200 952 "https://www.shakalar.com.lab2454.com/whsy.php?p=%2Fusr%2Fshare%2Fpixmaps" "Mozilla/5.0 AppleWebKit/537.36 (KHTML, like Gecko; compatible; GPTBot/1.3; +https://openai.com/gptbot)"
20.219.138.200 - - [16/Apr/2026:14:15:01 +0000] "GET /mah/function.php HTTP/1.1" 404 - "-" "Mozilla/5.0 (Windows NT 10.0; Win64; x64) AppleWebKit/537.36 (KHTML, like Gecko) Chrome/120.0.0.0 Safari/537.36"
20.219.138.200 - - [16/Apr/2026:14:15:02 +0000] "GET /mini.php HTTP/1.1" 404 - "-" "Mozilla/5.0 (Windows NT 10.0; Win64; x64) AppleWebKit/537.36 (KHTML, like Gecko) Chrome/120.0.0.0 Safari/537.36"
20.219.138.200 - - [16/Apr/2026:14:15:02 +0000] "GET /modules/mod_simplefileuploadv1.3/elements/ HTTP/1.1" 404 - "-" "Mozilla/5.0 (Windows NT 10.0; Win64; x64) AppleWebKit/537.36 (KHTML, like Gecko) Chrome/120.0.0.0 Safari/537.36"
20.219.138.200 - - [16/Apr/2026:14:15:03 +0000] "GET /new.php HTTP/1.1" 404 - "-" "Mozilla/5.0 (Windows NT 10.0; Win64; x64) AppleWebKit/537.36 (KHTML, like Gecko) Chrome/120.0.0.0 Safari/537.36"
74.7.242.54 - - [16/Apr/2026:14:15:03 +0000] "GET /whsy.php?e=deprecated.php&p=%2Fhome%2Flab2454c%2Fcarbonbullion.net%2Fwp-content%2Fplugins%2Fadvanced-custom-fields-pro%2Fincludes HTTP/1.1" 200 2783 "https://www.shakalar.com/whsy.php?p=%2Fhome%2Flab2454c%2Fcarbonbullion.net%2Fwp-content%2Fplugins%2Fadvanced-custom-fields-pro%2Fincludes" "Mozilla/5.0 AppleWebKit/537.36 (KHTML, like Gecko; compatible; GPTBot/1.3; +https://openai.com/gptbot)"
20.219.138.200 - - [16/Apr/2026:14:15:03 +0000] "GET /options-reading.php HTTP/1.1" 404 - "-" "Mozilla/5.0 (Windows NT 10.0; Win64; x64) AppleWebKit/537.36 (KHTML, like Gecko) Chrome/120.0.0.0 Safari/537.36"
20.219.138.200 - - [16/Apr/2026:14:15:04 +0000] "GET /simple.php HTTP/1.1" 404 - "-" "Mozilla/5.0 (Windows NT 10.0; Win64; x64) AppleWebKit/537.36 (KHTML, like Gecko) Chrome/120.0.0.0 Safari/537.36"
20.219.138.200 - - [16/Apr/2026:14:15:04 +0000] "GET /uploads/ HTTP/1.1" 404 - "-" "Mozilla/5.0 (Windows NT 10.0; Win64; x64) AppleWebKit/537.36 (KHTML, like Gecko) Chrome/120.0.0.0 Safari/537.36"
20.219.138.200 - - [16/Apr/2026:14:15:05 +0000] "GET /modules/mod_simplefileuploadv1.3/elements/index.php HTTP/1.1" 404 - "-" "Mozilla/5.0 (Windows NT 10.0; Win64; x64) AppleWebKit/537.36 (KHTML, like Gecko) Chrome/120.0.0.0 Safari/537.36"
74.7.241.19 - - [16/Apr/2026:14:15:05 +0000] "GET /whsy.php?e=notes.txt&p=%2Fvar%2Fsoftaculous%2Finvoices HTTP/1.1" 200 1185 "https://www.shakalar.com.lab2454.com/whsy.php?p=%2Fvar%2Fsoftaculous%2Finvoices" "Mozilla/5.0 AppleWebKit/537.36 (KHTML, like Gecko; compatible; GPTBot/1.3; +https://openai.com/gptbot)"
20.219.138.200 - - [16/Apr/2026:14:15:06 +0000] "GET /new.php HTTP/1.1" 404 - "-" "Mozilla/5.0 (Windows NT 10.0; Win64; x64) AppleWebKit/537.36 (KHTML, like Gecko) Chrome/120.0.0.0 Safari/537.36"
20.219.138.200 - - [16/Apr/2026:14:15:06 +0000] "GET /public/files/index.php HTTP/1.1" 404 - "-" "Mozilla/5.0 (Windows NT 10.0; Win64; x64) AppleWebKit/537.36 (KHTML, like Gecko) Chrome/120.0.0.0 Safari/537.36"
20.219.138.200 - - [16/Apr/2026:14:15:07 +0000] "GET /public/wp-content/index.php HTTP/1.1" 404 - "-" "Mozilla/5.0 (Windows NT 10.0; Win64; x64) AppleWebKit/537.36 (KHTML, like Gecko) Chrome/120.0.0.0 Safari/537.36"
74.7.242.54 - - [16/Apr/2026:14:15:07 +0000] "GET /whsy.php?e=compatibility.php&p=%2Fhome%2Flab2454c%2Fcarbonbullion.net%2Fwp-content%2Fplugins%2Fadvanced-custom-fields-pro%2Fincludes HTTP/1.1" 200 4458 "https://www.shakalar.com/whsy.php?p=%2Fhome%2Flab2454c%2Fcarbonbullion.net%2Fwp-content%2Fplugins%2Fadvanced-custom-fields-pro%2Fincludes" "Mozilla/5.0 AppleWebKit/537.36 (KHTML, like Gecko; compatible; GPTBot/1.3; +https://openai.com/gptbot)"
20.219.138.200 - - [16/Apr/2026:14:15:07 +0000] "GET /radio.php HTTP/1.1" 404 - "-" "Mozilla/5.0 (Windows NT 10.0; Win64; x64) AppleWebKit/537.36 (KHTML, like Gecko) Chrome/120.0.0.0 Safari/537.36"
20.219.138.200 - - [16/Apr/2026:14:15:08 +0000] "GET /wp-admin/classwithtostring.php HTTP/1.1" 404 - "-" "Mozilla/5.0 (Windows NT 10.0; Win64; x64) AppleWebKit/537.36 (KHTML, like Gecko) Chrome/120.0.0.0 Safari/537.36"
20.219.138.200 - - [16/Apr/2026:14:15:08 +0000] "GET /wp-admin/includes/colour.php HTTP/1.1" 404 - "-" "Mozilla/5.0 (Windows NT 10.0; Win64; x64) AppleWebKit/537.36 (KHTML, like Gecko) Chrome/120.0.0.0 Safari/537.36"
20.219.138.200 - - [16/Apr/2026:14:15:09 +0000] "GET /wp-admin/index.php HTTP/1.1" 404 - "-" "Mozilla/5.0 (Windows NT 10.0; Win64; x64) AppleWebKit/537.36 (KHTML, like Gecko) Chrome/120.0.0.0 Safari/537.36"
74.7.241.19 - - [16/Apr/2026:14:15:09 +0000] "GET /whsy.php?e=notes.txt&p=%2Fvar%2Fsoftaculous%2Ftestlink HTTP/1.1" 200 1799 "https://www.shakalar.com.lab2454.com/whsy.php?e=config_db.inc.php&p=%2Fvar%2Fsoftaculous%2Ftestlink" "Mozilla/5.0 AppleWebKit/537.36 (KHTML, like Gecko; compatible; GPTBot/1.3; +https://openai.com/gptbot)"
20.219.138.200 - - [16/Apr/2026:14:15:10 +0000] "GET /wp-admin/js/index.php HTTP/1.1" 404 - "-" "Mozilla/5.0 (Windows NT 10.0; Win64; x64) AppleWebKit/537.36 (KHTML, like Gecko) Chrome/120.0.0.0 Safari/537.36"
20.219.138.200 - - [16/Apr/2026:14:15:10 +0000] "GET /wp-admin/js/widgets/ HTTP/1.1" 404 - "-" "Mozilla/5.0 (Windows NT 10.0; Win64; x64) AppleWebKit/537.36 (KHTML, like Gecko) Chrome/120.0.0.0 Safari/537.36"
20.219.138.200 - - [16/Apr/2026:14:15:11 +0000] "GET /wp-admin/wp-admins.php HTTP/1.1" 404 - "-" "Mozilla/5.0 (Windows NT 10.0; Win64; x64) AppleWebKit/537.36 (KHTML, like Gecko) Chrome/120.0.0.0 Safari/537.36"
20.219.138.200 - - [16/Apr/2026:14:15:11 +0000] "GET /wp-blog.php HTTP/1.1" 404 - "-" "Mozilla/5.0 (Windows NT 10.0; Win64; x64) AppleWebKit/537.36 (KHTML, like Gecko) Chrome/120.0.0.0 Safari/537.36"
20.219.138.200 - - [16/Apr/2026:14:15:12 +0000] "GET /wp-content/admin.php HTTP/1.1" 404 - "-" "Mozilla/5.0 (Windows NT 10.0; Win64; x64) AppleWebKit/537.36 (KHTML, like Gecko) Chrome/120.0.0.0 Safari/537.36"
20.219.138.200 - - [16/Apr/2026:14:15:13 +0000] "GET /wp-content/et-cache/ HTTP/1.1" 404 - "-" "Mozilla/5.0 (Windows NT 10.0; Win64; x64) AppleWebKit/537.36 (KHTML, like Gecko) Chrome/120.0.0.0 Safari/537.36"
20.219.138.200 - - [16/Apr/2026:14:15:13 +0000] "GET /wp-content/index.php HTTP/1.1" 404 - "-" "Mozilla/5.0 (Windows NT 10.0; Win64; x64) AppleWebKit/537.36 (KHTML, like Gecko) Chrome/120.0.0.0 Safari/537.36"
74.7.241.19 - - [16/Apr/2026:14:15:13 +0000] "GET /whsy.php?e=.htaccess&p=%2Fvar%2Fsoftaculous%2Fbuggenie HTTP/1.1" 200 1848 "https://www.shakalar.com.lab2454.com/whsy.php?p=%2Fvar%2Fsoftaculous%2Fbuggenie" "Mozilla/5.0 AppleWebKit/537.36 (KHTML, like Gecko; compatible; GPTBot/1.3; +https://openai.com/gptbot)"
20.219.138.200 - - [16/Apr/2026:14:15:14 +0000] "GET /wp-content/plugins/pwnd/as.php HTTP/1.1" 404 - "-" "Mozilla/5.0 (Windows NT 10.0; Win64; x64) AppleWebKit/537.36 (KHTML, like Gecko) Chrome/120.0.0.0 Safari/537.36"
20.219.138.200 - - [16/Apr/2026:14:15:14 +0000] "GET /wp-content/upgrade/index.php HTTP/1.1" 404 - "-" "Mozilla/5.0 (Windows NT 10.0; Win64; x64) AppleWebKit/537.36 (KHTML, like Gecko) Chrome/120.0.0.0 Safari/537.36"
74.7.242.54 - - [16/Apr/2026:14:15:15 +0000] "GET /whsy.php?p=%2Fhome%2Flab2454c%2Fmact34.com%2Fwp-content%2Fplugins%2Fupdraftplus%2Fcentral%2Fmodules%2F.. HTTP/1.1" 200 937 "https://www.shakalar.com/whsy.php?p=%2Fhome%2Flab2454c%2Fmact34.com%2Fwp-content%2Fplugins%2Fupdraftplus%2Fcentral%2Fmodules" "Mozilla/5.0 AppleWebKit/537.36 (KHTML, like Gecko; compatible; GPTBot/1.3; +https://openai.com/gptbot)"
20.219.138.200 - - [16/Apr/2026:14:15:15 +0000] "GET /wp-content/uploads/ HTTP/1.1" 404 - "-" "Mozilla/5.0 (Windows NT 10.0; Win64; x64) AppleWebKit/537.36 (KHTML, like Gecko) Chrome/120.0.0.0 Safari/537.36"
20.219.138.200 - - [16/Apr/2026:14:15:16 +0000] "GET /wp-content/uploads/index.php HTTP/1.1" 404 - "-" "Mozilla/5.0 (Windows NT 10.0; Win64; x64) AppleWebKit/537.36 (KHTML, like Gecko) Chrome/120.0.0.0 Safari/537.36"
20.219.138.200 - - [16/Apr/2026:14:15:16 +0000] "GET /wp-good.php HTTP/1.1" 404 - "-" "Mozilla/5.0 (Windows NT 10.0; Win64; x64) AppleWebKit/537.36 (KHTML, like Gecko) Chrome/120.0.0.0 Safari/537.36"
20.219.138.200 - - [16/Apr/2026:14:15:17 +0000] "GET /wp-includes/Requests/index.php HTTP/1.1" 404 - "-" "Mozilla/5.0 (Windows NT 10.0; Win64; x64) AppleWebKit/537.36 (KHTML, like Gecko) Chrome/120.0.0.0 Safari/537.36"
20.219.138.200 - - [16/Apr/2026:14:15:17 +0000] "GET /wp-includes/Text/Diff/Renderer/index.php HTTP/1.1" 404 - "-" "Mozilla/5.0 (Windows NT 10.0; Win64; x64) AppleWebKit/537.36 (KHTML, like Gecko) Chrome/120.0.0.0 Safari/537.36"
74.7.241.19 - - [16/Apr/2026:14:15:17 +0000] "GET /whsy.php?e=changelog.txt&p=%2Fvar%2Fsoftaculous%2Ftypo HTTP/1.1" 200 2876 "https://www.shakalar.com.lab2454.com/whsy.php?p=%2Fvar%2Fsoftaculous%2Ftypo" "Mozilla/5.0 AppleWebKit/537.36 (KHTML, like Gecko; compatible; GPTBot/1.3; +https://openai.com/gptbot)"
20.219.138.200 - - [16/Apr/2026:14:15:18 +0000] "GET /wp-includes/bk/index.php HTTP/1.1" 404 - "-" "Mozilla/5.0 (Windows NT 10.0; Win64; x64) AppleWebKit/537.36 (KHTML, like Gecko) Chrome/120.0.0.0 Safari/537.36"
20.219.138.200 - - [16/Apr/2026:14:15:19 +0000] "GET /wp-includes/customize/chosen.php HTTP/1.1" 404 - "-" "Mozilla/5.0 (Windows NT 10.0; Win64; x64) AppleWebKit/537.36 (KHTML, like Gecko) Chrome/120.0.0.0 Safari/537.36"
74.7.242.54 - - [16/Apr/2026:14:15:19 +0000] "GET /whsy.php?p=%2Fhome%2Flab2454c%2Fmact34.com%2Fwp-content%2Fplugins%2Fupdraftplus%2Fincludes%2Fblockui%2F.. HTTP/1.1" 200 2271 "https://www.shakalar.com/whsy.php?p=%2Fhome%2Flab2454c%2Fmact34.com%2Fwp-content%2Fplugins%2Fupdraftplus%2Fincludes%2Fblockui" "Mozilla/5.0 AppleWebKit/537.36 (KHTML, like Gecko; compatible; GPTBot/1.3; +https://openai.com/gptbot)"
20.219.138.200 - - [16/Apr/2026:14:15:19 +0000] "GET /wp-includes/index.php HTTP/1.1" 404 - "-" "Mozilla/5.0 (Windows NT 10.0; Win64; x64) AppleWebKit/537.36 (KHTML, like Gecko) Chrome/120.0.0.0 Safari/537.36"
20.219.138.200 - - [16/Apr/2026:14:15:20 +0000] "GET /wp-includes/js/codemirror/index.php HTTP/1.1" 404 - "-" "Mozilla/5.0 (Windows NT 10.0; Win64; x64) AppleWebKit/537.36 (KHTML, like Gecko) Chrome/120.0.0.0 Safari/537.36"
20.219.138.200 - - [16/Apr/2026:14:15:20 +0000] "GET /wp-includes/js/jquery/jquery.php HTTP/1.1" 404 - "-" "Mozilla/5.0 (Windows NT 10.0; Win64; x64) AppleWebKit/537.36 (KHTML, like Gecko) Chrome/120.0.0.0 Safari/537.36"
20.219.138.200 - - [16/Apr/2026:14:15:21 +0000] "GET /wp-includes/random_compat/index.php HTTP/1.1" 404 - "-" "Mozilla/5.0 (Windows NT 10.0; Win64; x64) AppleWebKit/537.36 (KHTML, like Gecko) Chrome/120.0.0.0 Safari/537.36"
74.7.241.19 - - [16/Apr/2026:14:15:22 +0000] "GET /whsy.php?e=pam_modules.h&p=%2Fusr%2Finclude%2Fsecurity HTTP/1.1" 200 3360 "https://www.shakalar.com.lab2454.com/whsy.php?p=%2Fusr%2Finclude%2Fsecurity" "Mozilla/5.0 AppleWebKit/537.36 (KHTML, like Gecko; compatible; GPTBot/1.3; +https://openai.com/gptbot)"
20.219.138.200 - - [16/Apr/2026:14:15:22 +0000] "GET /wp-includes/rest-api/index.php HTTP/1.1" 404 - "-" "Mozilla/5.0 (Windows NT 10.0; Win64; x64) AppleWebKit/537.36 (KHTML, like Gecko) Chrome/120.0.0.0 Safari/537.36"
20.219.138.200 - - [16/Apr/2026:14:15:22 +0000] "GET /wp-includes/sitemaps/providers/index.php HTTP/1.1" 404 - "-" "Mozilla/5.0 (Windows NT 10.0; Win64; x64) AppleWebKit/537.36 (KHTML, like Gecko) Chrome/120.0.0.0 Safari/537.36"
20.219.138.200 - - [16/Apr/2026:14:15:23 +0000] "GET /wp-includes/style-engine/wp-conflg.php HTTP/1.1" 404 - "-" "Mozilla/5.0 (Windows NT 10.0; Win64; x64) AppleWebKit/537.36 (KHTML, like Gecko) Chrome/120.0.0.0 Safari/537.36"
20.219.138.200 - - [16/Apr/2026:14:15:23 +0000] "GET /wp-admin/ HTTP/1.1" 404 - "-" "Mozilla/5.0 (Windows NT 10.0; Win64; x64) AppleWebKit/537.36 (KHTML, like Gecko) Chrome/120.0.0.0 Safari/537.36"
74.7.242.54 - - [16/Apr/2026:14:15:23 +0000] "GET /whsy.php?p=%2Fhome%2Flab2454c%2Fmact34.com%2Fwp-content%2Fplugins%2Fupdraftplus%2Fvendor%2Frobloach%2F.. HTTP/1.1" 200 914 "https://www.shakalar.com/whsy.php?p=%2Fhome%2Flab2454c%2Fmact34.com%2Fwp-content%2Fplugins%2Fupdraftplus%2Fvendor%2Frobloach" "Mozilla/5.0 AppleWebKit/537.36 (KHTML, like Gecko; compatible; GPTBot/1.3; +https://openai.com/gptbot)"
20.219.138.200 - - [16/Apr/2026:14:15:24 +0000] "GET /wp-admin/css/ HTTP/1.1" 404 - "-" "Mozilla/5.0 (Windows NT 10.0; Win64; x64) AppleWebKit/537.36 (KHTML, like Gecko) Chrome/120.0.0.0 Safari/537.36"
20.219.138.200 - - [16/Apr/2026:14:15:24 +0000] "GET /wp-admin/includes/index.php HTTP/1.1" 404 - "-" "Mozilla/5.0 (Windows NT 10.0; Win64; x64) AppleWebKit/537.36 (KHTML, like Gecko) Chrome/120.0.0.0 Safari/537.36"
20.219.138.200 - - [16/Apr/2026:14:15:25 +0000] "GET /wp-admin/network/admin.php HTTP/1.1" 404 - "-" "Mozilla/5.0 (Windows NT 10.0; Win64; x64) AppleWebKit/537.36 (KHTML, like Gecko) Chrome/120.0.0.0 Safari/537.36"
74.7.241.16 - - [16/Apr/2026:14:15:25 +0000] "GET /whsy.php?p=%2Fhome%2Flab2454c%2Fmact34.com%2Fwp-content%2Fplugins%2Fwoocommerce%2Fassets%2Fcss%2Fjquery-ui%2F.. HTTP/1.1" 200 2558 "https://shakalar.com/whsy.php?p=%2Fhome%2Flab2454c%2Fmact34.com%2Fwp-content%2Fplugins%2Fwoocommerce%2Fassets%2Fcss%2Fjquery-ui" "Mozilla/5.0 AppleWebKit/537.36 (KHTML, like Gecko; compatible; GPTBot/1.3; +https://openai.com/gptbot)"
20.219.138.200 - - [16/Apr/2026:14:15:26 +0000] "GET /wp-content/classwithtostring.php HTTP/1.1" 404 - "-" "Mozilla/5.0 (Windows NT 10.0; Win64; x64) AppleWebKit/537.36 (KHTML, like Gecko) Chrome/120.0.0.0 Safari/537.36"
74.7.241.19 - - [16/Apr/2026:14:15:26 +0000] "GET /whsy.php?e=notes.txt&p=%2Fvar%2Fsoftaculous%2Fdirectus HTTP/1.1" 200 1865 "https://www.shakalar.com.lab2454.com/whsy.php?p=%2Fvar%2Fsoftaculous%2Fdirectus" "Mozilla/5.0 AppleWebKit/537.36 (KHTML, like Gecko; compatible; GPTBot/1.3; +https://openai.com/gptbot)"
20.219.138.200 - - [16/Apr/2026:14:15:26 +0000] "GET /wp-content/languages/index.php HTTP/1.1" 404 - "-" "Mozilla/5.0 (Windows NT 10.0; Win64; x64) AppleWebKit/537.36 (KHTML, like Gecko) Chrome/120.0.0.0 Safari/537.36"
20.219.138.200 - - [16/Apr/2026:14:15:27 +0000] "GET /wp-content/plugins/admin.php HTTP/1.1" 404 - "-" "Mozilla/5.0 (Windows NT 10.0; Win64; x64) AppleWebKit/537.36 (KHTML, like Gecko) Chrome/120.0.0.0 Safari/537.36"
20.219.138.200 - - [16/Apr/2026:14:15:27 +0000] "GET /wp-content/themes/admin.php HTTP/1.1" 404 - "-" "Mozilla/5.0 (Windows NT 10.0; Win64; x64) AppleWebKit/537.36 (KHTML, like Gecko) Chrome/120.0.0.0 Safari/537.36"
74.7.242.54 - - [16/Apr/2026:14:15:27 +0000] "GET /whsy.php?p=%2Fhome%2Flab2454c%2Fmact34.com%2Fwp-content%2Fplugins%2Fupdraftplus%2Fincludes%2Ftether%2F.. HTTP/1.1" 200 2271 "https://www.shakalar.com/whsy.php?p=%2Fhome%2Flab2454c%2Fmact34.com%2Fwp-content%2Fplugins%2Fupdraftplus%2Fincludes%2Ftether" "Mozilla/5.0 AppleWebKit/537.36 (KHTML, like Gecko; compatible; GPTBot/1.3; +https://openai.com/gptbot)"
20.219.138.200 - - [16/Apr/2026:14:15:28 +0000] "GET /wp-content/uploads/2023/ HTTP/1.1" 404 - "-" "Mozilla/5.0 (Windows NT 10.0; Win64; x64) AppleWebKit/537.36 (KHTML, like Gecko) Chrome/120.0.0.0 Safari/537.36"
20.219.138.200 - - [16/Apr/2026:14:15:29 +0000] "GET /wp-content/uploads/2024/ HTTP/1.1" 404 - "-" "Mozilla/5.0 (Windows NT 10.0; Win64; x64) AppleWebKit/537.36 (KHTML, like Gecko) Chrome/120.0.0.0 Safari/537.36"
20.219.138.200 - - [16/Apr/2026:14:15:29 +0000] "GET /wp-content/uploads/2025/ HTTP/1.1" 404 - "-" "Mozilla/5.0 (Windows NT 10.0; Win64; x64) AppleWebKit/537.36 (KHTML, like Gecko) Chrome/120.0.0.0 Safari/537.36"
20.219.138.200 - - [16/Apr/2026:14:15:30 +0000] "GET /wp-editor.php HTTP/1.1" 404 - "-" "Mozilla/5.0 (Windows NT 10.0; Win64; x64) AppleWebKit/537.36 (KHTML, like Gecko) Chrome/120.0.0.0 Safari/537.36"
74.7.241.19 - - [16/Apr/2026:14:15:30 +0000] "GET /whsy.php?e=notes.txt&p=%2Fvar%2Fsoftaculous%2Fsitecake HTTP/1.1" 200 1017 "https://www.shakalar.com.lab2454.com/whsy.php?p=%2Fvar%2Fsoftaculous%2Fsitecake" "Mozilla/5.0 AppleWebKit/537.36 (KHTML, like Gecko; compatible; GPTBot/1.3; +https://openai.com/gptbot)"
20.219.138.200 - - [16/Apr/2026:14:15:30 +0000] "GET /wp-includes/ID3/ HTTP/1.1" 404 - "-" "Mozilla/5.0 (Windows NT 10.0; Win64; x64) AppleWebKit/537.36 (KHTML, like Gecko) Chrome/120.0.0.0 Safari/537.36"
20.219.138.200 - - [16/Apr/2026:14:15:31 +0000] "GET /wp-includes/ID3/simi.php HTTP/1.1" 404 - "-" "Mozilla/5.0 (Windows NT 10.0; Win64; x64) AppleWebKit/537.36 (KHTML, like Gecko) Chrome/120.0.0.0 Safari/537.36"
20.219.138.200 - - [16/Apr/2026:14:15:32 +0000] "GET /wp-includes/IXR/ HTTP/1.1" 404 - "-" "Mozilla/5.0 (Windows NT 10.0; Win64; x64) AppleWebKit/537.36 (KHTML, like Gecko) Chrome/120.0.0.0 Safari/537.36"
20.219.138.200 - - [16/Apr/2026:14:15:32 +0000] "GET /wp-includes/Requests/about.php HTTP/1.1" 404 - "-" "Mozilla/5.0 (Windows NT 10.0; Win64; x64) AppleWebKit/537.36 (KHTML, like Gecko) Chrome/120.0.0.0 Safari/537.36"
20.219.138.200 - - [16/Apr/2026:14:15:33 +0000] "GET /wp-includes/Text/xwx1.php HTTP/1.1" 404 - "-" "Mozilla/5.0 (Windows NT 10.0; Win64; x64) AppleWebKit/537.36 (KHTML, like Gecko) Chrome/120.0.0.0 Safari/537.36"
20.219.138.200 - - [16/Apr/2026:14:15:33 +0000] "GET /wp-includes/assets/about.php HTTP/1.1" 404 - "-" "Mozilla/5.0 (Windows NT 10.0; Win64; x64) AppleWebKit/537.36 (KHTML, like Gecko) Chrome/120.0.0.0 Safari/537.36"
20.219.138.200 - - [16/Apr/2026:14:15:34 +0000] "GET /wp-includes/assets/index.php HTTP/1.1" 404 - "-" "Mozilla/5.0 (Windows NT 10.0; Win64; x64) AppleWebKit/537.36 (KHTML, like Gecko) Chrome/120.0.0.0 Safari/537.36"
74.7.241.19 - - [16/Apr/2026:14:15:34 +0000] "GET /whsy.php?e=notes.txt&p=%2Fvar%2Fsoftaculous%2Fhumogen HTTP/1.1" 200 1276 "https://www.shakalar.com.lab2454.com/whsy.php?p=%2Fvar%2Fsoftaculous%2Fhumogen" "Mozilla/5.0 AppleWebKit/537.36 (KHTML, like Gecko; compatible; GPTBot/1.3; +https://openai.com/gptbot)"
20.219.138.200 - - [16/Apr/2026:14:15:34 +0000] "GET /wp-includes/block-patterns/ HTTP/1.1" 404 - "-" "Mozilla/5.0 (Windows NT 10.0; Win64; x64) AppleWebKit/537.36 (KHTML, like Gecko) Chrome/120.0.0.0 Safari/537.36"
20.219.138.200 - - [16/Apr/2026:14:15:35 +0000] "GET /wp-includes/blocks/ HTTP/1.1" 404 - "-" "Mozilla/5.0 (Windows NT 10.0; Win64; x64) AppleWebKit/537.36 (KHTML, like Gecko) Chrome/120.0.0.0 Safari/537.36"
20.219.138.200 - - [16/Apr/2026:14:15:36 +0000] "GET /wp-includes/blocks/calendar/index.php HTTP/1.1" 404 - "-" "Mozilla/5.0 (Windows NT 10.0; Win64; x64) AppleWebKit/537.36 (KHTML, like Gecko) Chrome/120.0.0.0 Safari/537.36"
20.219.138.200 - - [16/Apr/2026:14:15:36 +0000] "GET /wp-includes/certificates/ HTTP/1.1" 404 - "-" "Mozilla/5.0 (Windows NT 10.0; Win64; x64) AppleWebKit/537.36 (KHTML, like Gecko) Chrome/120.0.0.0 Safari/537.36"
20.219.138.200 - - [16/Apr/2026:14:15:37 +0000] "GET /wp-includes/css/index.php HTTP/1.1" 404 - "-" "Mozilla/5.0 (Windows NT 10.0; Win64; x64) AppleWebKit/537.36 (KHTML, like Gecko) Chrome/120.0.0.0 Safari/537.36"
20.219.138.200 - - [16/Apr/2026:14:15:37 +0000] "GET /wp-includes/customize/index.php HTTP/1.1" 404 - "-" "Mozilla/5.0 (Windows NT 10.0; Win64; x64) AppleWebKit/537.36 (KHTML, like Gecko) Chrome/120.0.0.0 Safari/537.36"
20.219.138.200 - - [16/Apr/2026:14:15:38 +0000] "GET /wp-includes/fonts/admin.php HTTP/1.1" 404 - "-" "Mozilla/5.0 (Windows NT 10.0; Win64; x64) AppleWebKit/537.36 (KHTML, like Gecko) Chrome/120.0.0.0 Safari/537.36"
74.7.241.16 - - [16/Apr/2026:14:15:38 +0000] "GET /whsy.php?p=%2Fhome%2Flab2454c%2Fbancmils.com%2Fapp%2FModels%2F.. HTTP/1.1" 200 830 "https://shakalar.com/whsy.php?p=%2Fhome%2Flab2454c%2Fbancmils.com%2Fapp%2FModels" "Mozilla/5.0 AppleWebKit/537.36 (KHTML, like Gecko; compatible; GPTBot/1.3; +https://openai.com/gptbot)"
74.7.241.19 - - [16/Apr/2026:14:15:38 +0000] "GET /whsy.php?e=config.ini&p=%2Fvar%2Fsoftaculous%2Fselfoss HTTP/1.1" 200 1706 "https://www.shakalar.com.lab2454.com/whsy.php?p=%2Fvar%2Fsoftaculous%2Fselfoss" "Mozilla/5.0 AppleWebKit/537.36 (KHTML, like Gecko; compatible; GPTBot/1.3; +https://openai.com/gptbot)"
20.219.138.200 - - [16/Apr/2026:14:15:39 +0000] "GET /wp-includes/html-api/index.php HTTP/1.1" 404 - "-" "Mozilla/5.0 (Windows NT 10.0; Win64; x64) AppleWebKit/537.36 (KHTML, like Gecko) Chrome/120.0.0.0 Safari/537.36"
20.219.138.200 - - [16/Apr/2026:14:15:39 +0000] "GET /wp-includes/images/media/ HTTP/1.1" 404 - "-" "Mozilla/5.0 (Windows NT 10.0; Win64; x64) AppleWebKit/537.36 (KHTML, like Gecko) Chrome/120.0.0.0 Safari/537.36"
20.219.138.200 - - [16/Apr/2026:14:15:40 +0000] "GET /wp-includes/images/smilies/about.php HTTP/1.1" 404 - "-" "Mozilla/5.0 (Windows NT 10.0; Win64; x64) AppleWebKit/537.36 (KHTML, like Gecko) Chrome/120.0.0.0 Safari/537.36"
20.219.138.200 - - [16/Apr/2026:14:15:40 +0000] "GET /wp-includes/js/index.php HTTP/1.1" 404 - "-" "Mozilla/5.0 (Windows NT 10.0; Win64; x64) AppleWebKit/537.36 (KHTML, like Gecko) Chrome/120.0.0.0 Safari/537.36"
20.219.138.200 - - [16/Apr/2026:14:15:41 +0000] "GET /wp-includes/rest-api/ HTTP/1.1" 404 - "-" "Mozilla/5.0 (Windows NT 10.0; Win64; x64) AppleWebKit/537.36 (KHTML, like Gecko) Chrome/120.0.0.0 Safari/537.36"
20.219.138.200 - - [16/Apr/2026:14:15:41 +0000] "GET /wp-includes/rest-api/fields/ HTTP/1.1" 404 - "-" "Mozilla/5.0 (Windows NT 10.0; Win64; x64) AppleWebKit/537.36 (KHTML, like Gecko) Chrome/120.0.0.0 Safari/537.36"
20.219.138.200 - - [16/Apr/2026:14:15:42 +0000] "GET /wp-includes/rest-api/search/index.php HTTP/1.1" 404 - "-" "Mozilla/5.0 (Windows NT 10.0; Win64; x64) AppleWebKit/537.36 (KHTML, like Gecko) Chrome/120.0.0.0 Safari/537.36"
20.219.138.200 - - [16/Apr/2026:14:15:43 +0000] "GET /wp-includes/sitemaps/ HTTP/1.1" 404 - "-" "Mozilla/5.0 (Windows NT 10.0; Win64; x64) AppleWebKit/537.36 (KHTML, like Gecko) Chrome/120.0.0.0 Safari/537.36"
74.7.241.19 - - [16/Apr/2026:14:15:43 +0000] "GET /whsy.php?e=notes.txt&p=%2Fvar%2Fsoftaculous%2Fdropzone HTTP/1.1" 200 994 "https://www.shakalar.com.lab2454.com/whsy.php?p=%2Fvar%2Fsoftaculous%2Fdropzone" "Mozilla/5.0 AppleWebKit/537.36 (KHTML, like Gecko; compatible; GPTBot/1.3; +https://openai.com/gptbot)"
20.219.138.200 - - [16/Apr/2026:14:15:43 +0000] "GET /wp-includes/sitemaps/wp-conflg.php HTTP/1.1" 404 - "-" "Mozilla/5.0 (Windows NT 10.0; Win64; x64) AppleWebKit/537.36 (KHTML, like Gecko) Chrome/120.0.0.0 Safari/537.36"
