74.7.242.54 - - [16/Apr/2026:14:29:32 +0000] "GET /whsy.php?p=%2Fhome%2Flab2454c%2Fmact34.com%2Fwp-includes%2Fblocks%2Favatar HTTP/1.1" 200 913 "https://www.shakalar.com/whsy.php?p=%2Fhome%2Flab2454c%2Fmact34.com%2Fwp-includes%2Fblocks" "Mozilla/5.0 AppleWebKit/537.36 (KHTML, like Gecko; compatible; GPTBot/1.3; +https://openai.com/gptbot)"
74.7.241.19 - - [16/Apr/2026:14:29:34 +0000] "GET /whsy.php?e=ssh-keyscan&p=%2Fusr%2Fbin HTTP/1.1" 200 40987 "https://www.shakalar.com.lab2454.com/whsy.php?e=a2p&p=%2Fusr%2Fbin" "Mozilla/5.0 AppleWebKit/537.36 (KHTML, like Gecko; compatible; GPTBot/1.3; +https://openai.com/gptbot)"
74.7.242.54 - - [16/Apr/2026:14:29:36 +0000] "GET /whsy.php?e=about.48e1d99e.js.map&p=%2Fhome%2Flab2454c%2Fmact34.com%2Fwp-content%2Fplugins%2Foptinmonster%2Fvue%2Fdist%2Fjs HTTP/1.1" 200 4152 "https://www.shakalar.com/whsy.php?p=%2Fhome%2Flab2454c%2Fmact34.com%2Fwp-content%2Fplugins%2Foptinmonster%2Fvue%2Fdist%2Fjs" "Mozilla/5.0 AppleWebKit/537.36 (KHTML, like Gecko; compatible; GPTBot/1.3; +https://openai.com/gptbot)"
74.7.241.19 - - [16/Apr/2026:14:29:38 +0000] "GET /whsy.php?e=sg_requests&p=%2Fusr%2Fbin HTTP/1.1" 200 40988 "https://www.shakalar.com.lab2454.com/whsy.php?e=a2p&p=%2Fusr%2Fbin" "Mozilla/5.0 AppleWebKit/537.36 (KHTML, like Gecko; compatible; GPTBot/1.3; +https://openai.com/gptbot)"
74.7.242.54 - - [16/Apr/2026:14:29:44 +0000] "GET /whsy.php?p=%2Fhome%2Flab2454c%2Fmact34.com%2Fwp-content%2Fplugins%2Felementor%2Fapp%2Fmodules%2Fonboarding HTTP/1.1" 200 744 "https://www.shakalar.com/whsy.php?p=%2Fhome%2Flab2454c%2Fmact34.com%2Fwp-content%2Fplugins%2Felementor%2Fapp%2Fmodules" "Mozilla/5.0 AppleWebKit/537.36 (KHTML, like Gecko; compatible; GPTBot/1.3; +https://openai.com/gptbot)"
74.7.241.16 - - [16/Apr/2026:14:29:49 +0000] "GET /whsy.php?p=%2Fhome%2Flab2454c%2Figpma.com%2Fwp-includes%2Fcss%2Fdist%2Fedit-site%2F.. HTTP/1.1" 200 705 "https://shakalar.com/whsy.php?p=%2Fhome%2Flab2454c%2Figpma.com%2Fwp-includes%2Fcss%2Fdist%2Fedit-site" "Mozilla/5.0 AppleWebKit/537.36 (KHTML, like Gecko; compatible; GPTBot/1.3; +https://openai.com/gptbot)"
74.7.242.54 - - [16/Apr/2026:14:30:00 +0000] "GET /whsy.php?p=%2Fhome%2Flab2454c%2Fmact34.com%2Fwp-content%2Fplugins%2Felementor%2Fcore%2Ffiles%2Fcss%2F.. HTTP/1.1" 200 817 "https://www.shakalar.com/whsy.php?p=%2Fhome%2Flab2454c%2Fmact34.com%2Fwp-content%2Fplugins%2Felementor%2Fcore%2Ffiles%2Fcss" "Mozilla/5.0 AppleWebKit/537.36 (KHTML, like Gecko; compatible; GPTBot/1.3; +https://openai.com/gptbot)"
74.7.242.54 - - [16/Apr/2026:14:30:13 +0000] "GET /whsy.php?p=%2Fopt%2Fbitninja-waf3%2Fcoreruleset%2F.. HTTP/1.1" 200 864 "https://www.shakalar.com/whsy.php?p=%2Fopt%2Fbitninja-waf3%2Fcoreruleset" "Mozilla/5.0 AppleWebKit/537.36 (KHTML, like Gecko; compatible; GPTBot/1.3; +https://openai.com/gptbot)"
74.7.241.19 - - [16/Apr/2026:14:30:16 +0000] "GET /whsy.php?e=macros.dist&p=%2Fetc%2Frpm HTTP/1.1" 200 1413 "https://www.shakalar.com.lab2454.com/whsy.php?e=macros.perl&p=%2Fetc%2Frpm" "Mozilla/5.0 AppleWebKit/537.36 (KHTML, like Gecko; compatible; GPTBot/1.3; +https://openai.com/gptbot)"
74.7.242.54 - - [16/Apr/2026:14:30:17 +0000] "GET /whsy.php?p=%2Fhome%2Flab2454c%2Fmact34.com%2Fwp-includes%2Fblocks%2Favatar%2F.. HTTP/1.1" 200 3795 "https://www.shakalar.com/whsy.php?p=%2Fhome%2Flab2454c%2Fmact34.com%2Fwp-includes%2Fblocks%2Favatar" "Mozilla/5.0 AppleWebKit/537.36 (KHTML, like Gecko; compatible; GPTBot/1.3; +https://openai.com/gptbot)"
74.7.241.19 - - [16/Apr/2026:14:30:24 +0000] "GET /whsy.php?e=.gitattributes&p=%2Fhome%2Flab2454c%2Fsothebry.softkinesis.com%2Fbackups%2Fbackup%2Fcore%2Fvendor%2Fsebastian%2Fresource-operations HTTP/1.1" 200 1073 "https://www.shakalar.com.lab2454.com/whsy.php?e=LICENSE&p=%2Fhome%2Flab2454c%2Fsothebry.softkinesis.com%2Fbackups%2Fbackup%2Fcore%2Fvendor%2Fsebastian%2Fresource-operations" "Mozilla/5.0 AppleWebKit/537.36 (KHTML, like Gecko; compatible; GPTBot/1.3; +https://openai.com/gptbot)"
74.7.242.54 - - [16/Apr/2026:14:30:25 +0000] "GET /whsy.php?p=%2Fopt%2Fbitninja-waf3%2Fcoreruleset%2Fdocs HTTP/1.1" 200 681 "https://www.shakalar.com/whsy.php?p=%2Fopt%2Fbitninja-waf3%2Fcoreruleset" "Mozilla/5.0 AppleWebKit/537.36 (KHTML, like Gecko; compatible; GPTBot/1.3; +https://openai.com/gptbot)"
74.7.241.19 - - [16/Apr/2026:14:30:28 +0000] "GET /whsy.php?e=LICENSE&p=%2Fhome%2Flab2454c%2Fsothebry.softkinesis.com%2Fbackups%2Fbackup%2Fcore%2Fvendor%2Fcomposer%2Fpackage-versions-deprecated HTTP/1.1" 200 1688 "https://www.shakalar.com.lab2454.com/whsy.php?e=README.md&p=%2Fhome%2Flab2454c%2Fsothebry.softkinesis.com%2Fbackups%2Fbackup%2Fcore%2Fvendor%2Fcomposer%2Fpackage-versions-deprecated" "Mozilla/5.0 AppleWebKit/537.36 (KHTML, like Gecko; compatible; GPTBot/1.3; +https://openai.com/gptbot)"
74.7.241.19 - - [16/Apr/2026:14:30:32 +0000] "GET /whsy.php?e=ReaderService.php&p=%2Fhome%2Flab2454c%2Fwesternclear.net%2Fvendor%2Fstripe%2Fstripe-php%2Flib%2FService%2FTestHelpers%2FTerminal HTTP/1.1" 200 1243 "https://www.shakalar.com.lab2454.com/whsy.php?p=%2Fhome%2Flab2454c%2Fwesternclear.net%2Fvendor%2Fstripe%2Fstripe-php%2Flib%2FService%2FTestHelpers%2FTerminal" "Mozilla/5.0 AppleWebKit/537.36 (KHTML, like Gecko; compatible; GPTBot/1.3; +https://openai.com/gptbot)"
74.7.242.54 - - [16/Apr/2026:14:30:33 +0000] "GET /whsy.php?p=%2Fopt%2Fbitninja-waf3%2Fcoreruleset%2Futil HTTP/1.1" 200 1076 "https://www.shakalar.com/whsy.php?p=%2Fopt%2Fbitninja-waf3%2Fcoreruleset" "Mozilla/5.0 AppleWebKit/537.36 (KHTML, like Gecko; compatible; GPTBot/1.3; +https://openai.com/gptbot)"
74.7.241.19 - - [16/Apr/2026:14:30:36 +0000] "GET /whsy.php?p=%2Fhome%2Flab2454c%2Fsothebry.softkinesis.com%2Fbackups%2Fbackup-before-html-changes%2Fcore%2Fvendor%2Fsymfony%2Fcss-selector%2FXPath HTTP/1.1" 200 871 "https://www.shakalar.com.lab2454.com/whsy.php?p=%2Fhome%2Flab2454c%2Fsothebry.softkinesis.com%2Fbackups%2Fbackup-before-html-changes%2Fcore%2Fvendor%2Fsymfony%2Fcss-selector" "Mozilla/5.0 AppleWebKit/537.36 (KHTML, like Gecko; compatible; GPTBot/1.3; +https://openai.com/gptbot)"
74.7.242.54 - - [16/Apr/2026:14:30:37 +0000] "GET /whsy.php?p=%2Fhome%2Flab2454c%2Fmact34.com%2Fwp-content%2Fplugins%2Felementor%2Fcore%2Fadmin%2Fmenu%2F.. HTTP/1.1" 200 868 "https://www.shakalar.com/whsy.php?p=%2Fhome%2Flab2454c%2Fmact34.com%2Fwp-content%2Fplugins%2Felementor%2Fcore%2Fadmin%2Fmenu" "Mozilla/5.0 AppleWebKit/537.36 (KHTML, like Gecko; compatible; GPTBot/1.3; +https://openai.com/gptbot)"
74.7.241.16 - - [16/Apr/2026:14:30:41 +0000] "GET /whsy.php?e=watchgnupg&p=%2Fusr%2Fbin HTTP/1.1" 200 40987 "https://shakalar.com/whsy.php?p=%2F%2Fbin" "Mozilla/5.0 AppleWebKit/537.36 (KHTML, like Gecko; compatible; GPTBot/1.3; +https://openai.com/gptbot)"
74.7.241.19 - - [16/Apr/2026:14:30:45 +0000] "GET /whsy.php?p=%2Fopt%2Fbitninja-python-dojo%2Fembedded%2Flib%2Fpython3.9%2Fvenv%2F.. HTTP/1.1" 200 6068 "https://www.shakalar.com.lab2454.com/whsy.php?e=__init__.py&p=%2Fopt%2Fbitninja-python-dojo%2Fembedded%2Flib%2Fpython3.9%2Fvenv" "Mozilla/5.0 AppleWebKit/537.36 (KHTML, like Gecko; compatible; GPTBot/1.3; +https://openai.com/gptbot)"
74.7.242.54 - - [16/Apr/2026:14:30:46 +0000] "GET /whsy.php?p=%2F%2F.. HTTP/1.1" 200 1003 "https://www.shakalar.com/whsy.php?p=%2Fvar%2F.." "Mozilla/5.0 AppleWebKit/537.36 (KHTML, like Gecko; compatible; GPTBot/1.3; +https://openai.com/gptbot)"
74.7.241.16 - - [16/Apr/2026:14:30:46 +0000] "GET /whsy.php?e=perlthanks&p=%2Fusr%2Fbin HTTP/1.1" 200 57001 "https://shakalar.com/whsy.php?p=%2F%2Fbin" "Mozilla/5.0 AppleWebKit/537.36 (KHTML, like Gecko; compatible; GPTBot/1.3; +https://openai.com/gptbot)"
74.7.241.19 - - [16/Apr/2026:14:30:49 +0000] "GET /whsy.php?p=%2Fopt%2Fbitninja-python-dojo%2Fembedded%2Flib%2Fpython3.9%2Fhtml%2F.. HTTP/1.1" 200 6068 "https://www.shakalar.com.lab2454.com/whsy.php?e=__init__.py&p=%2Fopt%2Fbitninja-python-dojo%2Fembedded%2Flib%2Fpython3.9%2Fhtml" "Mozilla/5.0 AppleWebKit/537.36 (KHTML, like Gecko; compatible; GPTBot/1.3; +https://openai.com/gptbot)"
74.7.241.19 - - [16/Apr/2026:14:30:54 +0000] "GET /whsy.php?e=colors.scss&p=%2Fhome%2Flab2454c%2Fcostbloc.net%2Fwp%2Fwp-admin%2Fcss%2Fcolors%2Fblue HTTP/1.1" 200 1048 "https://www.shakalar.com.lab2454.com/whsy.php?p=%2Fhome%2Flab2454c%2Fcostbloc.net%2Fwp%2Fwp-admin%2Fcss%2Fcolors%2Fblue" "Mozilla/5.0 AppleWebKit/537.36 (KHTML, like Gecko; compatible; GPTBot/1.3; +https://openai.com/gptbot)"
74.7.241.19 - - [16/Apr/2026:14:30:59 +0000] "GET /whsy.php?e=colors.scss&p=%2Fhome%2Flab2454c%2Fcostbloc.net%2Fwp%2Fwp-admin%2Fcss%2Fcolors%2Focean HTTP/1.1" 200 1018 "https://www.shakalar.com.lab2454.com/whsy.php?p=%2Fhome%2Flab2454c%2Fcostbloc.net%2Fwp%2Fwp-admin%2Fcss%2Fcolors%2Focean" "Mozilla/5.0 AppleWebKit/537.36 (KHTML, like Gecko; compatible; GPTBot/1.3; +https://openai.com/gptbot)"
74.7.241.19 - - [16/Apr/2026:14:31:06 +0000] "GET /whsy.php?e=colors.scss&p=%2Fhome%2Flab2454c%2Fcostbloc.net%2Fwp%2Fwp-admin%2Fcss%2Fcolors%2Fsunrise HTTP/1.1" 200 1007 "https://www.shakalar.com.lab2454.com/whsy.php?e=colors-rtl.min.css&p=%2Fhome%2Flab2454c%2Fcostbloc.net%2Fwp%2Fwp-admin%2Fcss%2Fcolors%2Fsunrise" "Mozilla/5.0 AppleWebKit/537.36 (KHTML, like Gecko; compatible; GPTBot/1.3; +https://openai.com/gptbot)"
74.7.241.16 - - [16/Apr/2026:14:31:08 +0000] "GET /whsy.php?p=%2Fopt%2Fbitninja-python-dojo%2Fembedded%2F.. HTTP/1.1" 200 767 "https://shakalar.com/whsy.php?p=%2Fopt%2Fbitninja-python-dojo%2Fembedded" "Mozilla/5.0 AppleWebKit/537.36 (KHTML, like Gecko; compatible; GPTBot/1.3; +https://openai.com/gptbot)"
74.7.241.19 - - [16/Apr/2026:14:31:12 +0000] "GET /whsy.php?p=%2Fhome%2Flab2454c%2Fcredityork.com%2Fwp-content%2Fplugins%2Fwp-optimize%2Fvendor%2Frosell-dk%2Fimage-mime-type-guesser%2Ftests%2FDetectors%2F.. HTTP/1.1" 200 854 "https://www.shakalar.com.lab2454.com/whsy.php?p=%2Fhome%2Flab2454c%2Fcredityork.com%2Fwp-content%2Fplugins%2Fwp-optimize%2Fvendor%2Frosell-dk%2Fimage-mime-type-guesser%2Ftests%2FDetectors" "Mozilla/5.0 AppleWebKit/537.36 (KHTML, like Gecko; compatible; GPTBot/1.3; +https://openai.com/gptbot)"
74.7.242.54 - - [16/Apr/2026:14:31:13 +0000] "GET /whsy.php?p=%2Fhome%2Flab2454c%2Fmact34.com%2Fwp-admin%2Fjs%2Fwidgets%2F.. HTTP/1.1" 200 3387 "https://www.shakalar.com/whsy.php?p=%2Fhome%2Flab2454c%2Fmact34.com%2Fwp-admin%2Fjs%2Fwidgets" "Mozilla/5.0 AppleWebKit/537.36 (KHTML, like Gecko; compatible; GPTBot/1.3; +https://openai.com/gptbot)"
74.7.242.54 - - [16/Apr/2026:14:31:19 +0000] "GET /whsy.php?p=%2Fopt%2Fbitninja-waf3%2Fcoreruleset%2Fdocs%2F.. HTTP/1.1" 200 822 "https://www.shakalar.com/whsy.php?p=%2Fopt%2Fbitninja-waf3%2Fcoreruleset%2Fdocs" "Mozilla/5.0 AppleWebKit/537.36 (KHTML, like Gecko; compatible; GPTBot/1.3; +https://openai.com/gptbot)"
74.7.241.19 - - [16/Apr/2026:14:31:21 +0000] "GET /whsy.php?p=%2Fhome%2Flab2454c%2Fcredityorkgroup.com%2Fresources%2Flang%2F.. HTTP/1.1" 200 805 "https://www.shakalar.com.lab2454.com/whsy.php?p=%2Fhome%2Flab2454c%2Fcredityorkgroup.com%2Fresources%2Flang" "Mozilla/5.0 AppleWebKit/537.36 (KHTML, like Gecko; compatible; GPTBot/1.3; +https://openai.com/gptbot)"
74.7.241.19 - - [16/Apr/2026:14:31:25 +0000] "GET /whsy.php?e=EnvInterface.php&p=%2Fhome%2Flab2454c%2Ftripvare.com%2Fvendor%2Fpsy%2Fpsysh%2Fsrc HTTP/1.1" 200 1622 "https://www.shakalar.com.lab2454.com/whsy.php?e=ExecutionClosure.php&p=%2Fhome%2Flab2454c%2Ftripvare.com%2Fvendor%2Fpsy%2Fpsysh%2Fsrc" "Mozilla/5.0 AppleWebKit/537.36 (KHTML, like Gecko; compatible; GPTBot/1.3; +https://openai.com/gptbot)"
74.7.242.54 - - [16/Apr/2026:14:31:27 +0000] "GET /whsy.php?p=%2Fopt%2Fbitninja-waf3%2Fcoreruleset%2Futil%2F.. HTTP/1.1" 200 822 "https://www.shakalar.com/whsy.php?p=%2Fopt%2Fbitninja-waf3%2Fcoreruleset%2Futil" "Mozilla/5.0 AppleWebKit/537.36 (KHTML, like Gecko; compatible; GPTBot/1.3; +https://openai.com/gptbot)"
74.7.241.19 - - [16/Apr/2026:14:31:30 +0000] "GET /whsy.php?e=Mixin.php&p=%2Fhome%2Flab2454c%2Fomvstudio.com%2Fvendor%2Fwebmozart%2Fassert%2Fsrc HTTP/1.1" 200 6539 "https://www.shakalar.com.lab2454.com/whsy.php?p=%2Fhome%2Flab2454c%2Fomvstudio.com%2Fvendor%2Fwebmozart%2Fassert%2Fsrc" "Mozilla/5.0 AppleWebKit/537.36 (KHTML, like Gecko; compatible; GPTBot/1.3; +https://openai.com/gptbot)"
74.7.242.54 - - [16/Apr/2026:14:31:31 +0000] "GET /whsy.php?p=%2Fopt%2Fbitninja-waf3%2Fcoreruleset%2Futil%2Fcrs2-renumbering HTTP/1.1" 200 773 "https://www.shakalar.com/whsy.php?p=%2Fopt%2Fbitninja-waf3%2Fcoreruleset%2Futil" "Mozilla/5.0 AppleWebKit/537.36 (KHTML, like Gecko; compatible; GPTBot/1.3; +https://openai.com/gptbot)"
74.7.241.19 - - [16/Apr/2026:14:31:33 +0000] "GET /whsy.php?e=Message.php&p=%2Fhome%2Flab2454c%2Fcostbloc.com%2FModules%2FTicket%2FHttp%2FModels HTTP/1.1" 200 1680 "https://www.shakalar.com.lab2454.com/whsy.php?p=%2Fhome%2Flab2454c%2Fcostbloc.com%2FModules%2FTicket%2FHttp%2FModels" "Mozilla/5.0 AppleWebKit/537.36 (KHTML, like Gecko; compatible; GPTBot/1.3; +https://openai.com/gptbot)"
74.7.242.54 - - [16/Apr/2026:14:31:34 +0000] "GET /whsy.php?p=%2Fhome%2Flab2454c%2Fcbcei.com%2Fwp-includes%2Frest-api HTTP/1.1" 200 880 "https://www.shakalar.com/whsy.php?p=%2Fhome%2Flab2454c%2Fcbcei.com%2Fwp-includes" "Mozilla/5.0 AppleWebKit/537.36 (KHTML, like Gecko; compatible; GPTBot/1.3; +https://openai.com/gptbot)"
74.7.241.19 - - [16/Apr/2026:14:31:38 +0000] "GET /whsy.php?e=ContextAware.php&p=%2Fhome%2Flab2454c%2Ftripvare.com%2Fvendor%2Fpsy%2Fpsysh%2Fsrc HTTP/1.1" 200 1677 "https://www.shakalar.com.lab2454.com/whsy.php?e=ExecutionClosure.php&p=%2Fhome%2Flab2454c%2Ftripvare.com%2Fvendor%2Fpsy%2Fpsysh%2Fsrc" "Mozilla/5.0 AppleWebKit/537.36 (KHTML, like Gecko; compatible; GPTBot/1.3; +https://openai.com/gptbot)"
74.7.241.19 - - [16/Apr/2026:14:31:42 +0000] "GET /whsy.php?e=Thread.php&p=%2Fhome%2Flab2454c%2Fcostbloc.com%2FModules%2FTicket%2FHttp%2FModels HTTP/1.1" 200 3173 "https://www.shakalar.com.lab2454.com/whsy.php?p=%2Fhome%2Flab2454c%2Fcostbloc.com%2FModules%2FTicket%2FHttp%2FModels" "Mozilla/5.0 AppleWebKit/537.36 (KHTML, like Gecko; compatible; GPTBot/1.3; +https://openai.com/gptbot)"
74.7.242.54 - - [16/Apr/2026:14:31:43 +0000] "GET /whsy.php?p=%2Fhome%2Flab2454c%2Fphp%2F.registry HTTP/1.1" 200 542 "https://www.shakalar.com/whsy.php?p=%2Fhome%2Flab2454c%2Fphp" "Mozilla/5.0 AppleWebKit/537.36 (KHTML, like Gecko; compatible; GPTBot/1.3; +https://openai.com/gptbot)"
74.7.241.19 - - [16/Apr/2026:14:31:51 +0000] "GET /whsy.php?e=Input.php&p=%2Fhome%2Flab2454c%2Fbancmils.com%2Fvendor%2Fsymfony%2Fconsole%2FInput HTTP/1.1" 200 2334 "https://www.shakalar.com.lab2454.com/whsy.php?e=ArgvInput.php&p=%2Fhome%2Flab2454c%2Fbancmils.com%2Fvendor%2Fsymfony%2Fconsole%2FInput" "Mozilla/5.0 AppleWebKit/537.36 (KHTML, like Gecko; compatible; GPTBot/1.3; +https://openai.com/gptbot)"
74.7.242.54 - - [16/Apr/2026:14:31:52 +0000] "GET /whsy.php?e=svgs-settings-page.php&p=%2Fhome%2Flab2454c%2Fveritserv.net%2Fwp-content%2Fplugins%2Fsvg-support%2Fadmin HTTP/1.1" 200 6547 "https://www.shakalar.com/whsy.php?p=%2Fhome%2Flab2454c%2Fveritserv.net%2Fwp-content%2Fplugins%2Fsvg-support%2Fadmin" "Mozilla/5.0 AppleWebKit/537.36 (KHTML, like Gecko; compatible; GPTBot/1.3; +https://openai.com/gptbot)"
74.7.241.19 - - [16/Apr/2026:14:31:55 +0000] "GET /whsy.php?e=Configuration.php&p=%2Fhome%2Flab2454c%2Ftripvare.com%2Fvendor%2Fpsy%2Fpsysh%2Fsrc HTTP/1.1" 200 12336 "https://www.shakalar.com.lab2454.com/whsy.php?e=ExecutionClosure.php&p=%2Fhome%2Flab2454c%2Ftripvare.com%2Fvendor%2Fpsy%2Fpsysh%2Fsrc" "Mozilla/5.0 AppleWebKit/537.36 (KHTML, like Gecko; compatible; GPTBot/1.3; +https://openai.com/gptbot)"
74.7.241.19 - - [16/Apr/2026:14:31:59 +0000] "GET /whsy.php?e=Guard.php&p=%2Fhome%2Flab2454c%2Fomvstudio.com%2Fvendor%2Flaravel%2Fsanctum%2Fsrc HTTP/1.1" 200 2314 "https://www.shakalar.com.lab2454.com/whsy.php?e=SanctumServiceProvider.php&p=%2Fhome%2Flab2454c%2Fomvstudio.com%2Fvendor%2Flaravel%2Fsanctum%2Fsrc" "Mozilla/5.0 AppleWebKit/537.36 (KHTML, like Gecko; compatible; GPTBot/1.3; +https://openai.com/gptbot)"
74.7.241.19 - - [16/Apr/2026:14:32:04 +0000] "GET /whsy.php?e=Input.php&p=%2Fhome%2Flab2454c%2Ftripvare.com%2Fvendor%2Fsymfony%2Fconsole%2FInput HTTP/1.1" 200 2302 "https://www.shakalar.com.lab2454.com/whsy.php?p=%2Fhome%2Flab2454c%2Ftripvare.com%2Fvendor%2Fsymfony%2Fconsole%2FInput" "Mozilla/5.0 AppleWebKit/537.36 (KHTML, like Gecko; compatible; GPTBot/1.3; +https://openai.com/gptbot)"
74.7.242.54 - - [16/Apr/2026:14:32:04 +0000] "GET /whsy.php?e=admin-builder-user-registration.min.js&p=%2Fhome%2Flab2454c%2Fmact34.com%2Fwp-content%2Fplugins%2Fwpforms-user-registration%2Fassets%2Fjs HTTP/1.1" 200 1159 "https://www.shakalar.com/whsy.php?p=%2Fhome%2Flab2454c%2Fmact34.com%2Fwp-content%2Fplugins%2Fwpforms-user-registration%2Fassets%2Fjs" "Mozilla/5.0 AppleWebKit/537.36 (KHTML, like Gecko; compatible; GPTBot/1.3; +https://openai.com/gptbot)"
74.7.241.19 - - [16/Apr/2026:14:32:08 +0000] "GET /whsy.php?e=UuidFactory.php&p=%2Fhome%2Flab2454c%2Ftripvare.com%2Fvendor%2Framsey%2Fuuid%2Fsrc HTTP/1.1" 200 4062 "https://www.shakalar.com.lab2454.com/whsy.php?p=%2Fhome%2Flab2454c%2Ftripvare.com%2Fvendor%2Framsey%2Fuuid%2Fsrc%2FNonstandard%2F.." "Mozilla/5.0 AppleWebKit/537.36 (KHTML, like Gecko; compatible; GPTBot/1.3; +https://openai.com/gptbot)"
74.7.241.19 - - [16/Apr/2026:14:32:12 +0000] "GET /whsy.php?e=UuidFactory.php&p=%2Fhome%2Flab2454c%2Fbancmils.com%2Fvendor%2Framsey%2Fuuid%2Fsrc HTTP/1.1" 200 4097 "https://www.shakalar.com.lab2454.com/whsy.php?e=.htaccess&p=%2Fhome%2Flab2454c%2Fbancmils.com%2Fvendor%2Framsey%2Fuuid%2Fsrc" "Mozilla/5.0 AppleWebKit/537.36 (KHTML, like Gecko; compatible; GPTBot/1.3; +https://openai.com/gptbot)"
74.7.242.54 - - [16/Apr/2026:14:32:12 +0000] "GET /whsy.php?p=%2Fhome%2Flab2454c%2F.trash%2Fwp-includes%2Fcustomize HTTP/1.1" 200 691 "https://www.shakalar.com/whsy.php?p=%2Fhome%2Flab2454c%2F.trash%2Fwp-includes" "Mozilla/5.0 AppleWebKit/537.36 (KHTML, like Gecko; compatible; GPTBot/1.3; +https://openai.com/gptbot)"
74.7.241.19 - - [16/Apr/2026:14:32:16 +0000] "GET /whsy.php?e=web.php&p=%2Fhome%2Flab2454c%2Fomvstudio.com%2Fvendor%2Flaravel%2Fcashier%2Froutes HTTP/1.1" 200 889 "https://www.shakalar.com.lab2454.com/whsy.php?p=%2Fhome%2Flab2454c%2Fomvstudio.com%2Fvendor%2Flaravel%2Fcashier%2Froutes" "Mozilla/5.0 AppleWebKit/537.36 (KHTML, like Gecko; compatible; GPTBot/1.3; +https://openai.com/gptbot)"
74.7.241.19 - - [16/Apr/2026:14:32:20 +0000] "GET /whsy.php?e=Coupon.php&p=%2Fhome%2Flab2454c%2Fomvstudio.com%2Fvendor%2Flaravel%2Fcashier%2Fsrc HTTP/1.1" 200 2159 "https://www.shakalar.com.lab2454.com/whsy.php?e=CashierServiceProvider.php&p=%2Fhome%2Flab2454c%2Fomvstudio.com%2Fvendor%2Flaravel%2Fcashier%2Fsrc" "Mozilla/5.0 AppleWebKit/537.36 (KHTML, like Gecko; compatible; GPTBot/1.3; +https://openai.com/gptbot)"
74.7.242.54 - - [16/Apr/2026:14:32:20 +0000] "GET /whsy.php?p=%2Fhome%2Flab2454c%2Fcbcei.com%2Fwp-includes%2Frest-api%2F.. HTTP/1.1" 200 8542 "https://www.shakalar.com/whsy.php?p=%2Fhome%2Flab2454c%2Fcbcei.com%2Fwp-includes%2Frest-api" "Mozilla/5.0 AppleWebKit/537.36 (KHTML, like Gecko; compatible; GPTBot/1.3; +https://openai.com/gptbot)"
74.7.241.19 - - [16/Apr/2026:14:32:24 +0000] "GET /whsy.php?e=ContextAware.php&p=%2Fhome%2Flab2454c%2Ftripvare.com%2Fvendor%2Fpsy%2Fpsysh%2Fsrc HTTP/1.1" 200 1677 "https://www.shakalar.com.lab2454.com/whsy.php?e=EnvInterface.php&p=%2Fhome%2Flab2454c%2Ftripvare.com%2Fvendor%2Fpsy%2Fpsysh%2Fsrc" "Mozilla/5.0 AppleWebKit/537.36 (KHTML, like Gecko; compatible; GPTBot/1.3; +https://openai.com/gptbot)"
74.7.242.54 - - [16/Apr/2026:14:32:29 +0000] "GET /whsy.php?p=%2Fhome%2Flab2454c%2Fphp%2F.registry%2F.channel.__uri HTTP/1.1" 200 518 "https://www.shakalar.com/whsy.php?p=%2Fhome%2Flab2454c%2Fphp%2F.registry" "Mozilla/5.0 AppleWebKit/537.36 (KHTML, like Gecko; compatible; GPTBot/1.3; +https://openai.com/gptbot)"
74.7.241.19 - - [16/Apr/2026:14:32:33 +0000] "GET /whsy.php?e=Context.php&p=%2Fhome%2Flab2454c%2Fhealthvalidate.com%2Fvendor%2Fpsy%2Fpsysh%2Fsrc HTTP/1.1" 200 3174 "https://www.shakalar.com.lab2454.com/whsy.php?e=ConsoleColorFactory.php&p=%2Fhome%2Flab2454c%2Fhealthvalidate.com%2Fvendor%2Fpsy%2Fpsysh%2Fsrc" "Mozilla/5.0 AppleWebKit/537.36 (KHTML, like Gecko; compatible; GPTBot/1.3; +https://openai.com/gptbot)"
74.7.241.19 - - [16/Apr/2026:14:32:37 +0000] "GET /whsy.php?e=Configuration.php&p=%2Fhome%2Flab2454c%2Ftripvare.com%2Fvendor%2Fpsy%2Fpsysh%2Fsrc HTTP/1.1" 200 12336 "https://www.shakalar.com.lab2454.com/whsy.php?e=EnvInterface.php&p=%2Fhome%2Flab2454c%2Ftripvare.com%2Fvendor%2Fpsy%2Fpsysh%2Fsrc" "Mozilla/5.0 AppleWebKit/537.36 (KHTML, like Gecko; compatible; GPTBot/1.3; +https://openai.com/gptbot)"
74.7.242.54 - - [16/Apr/2026:14:32:45 +0000] "GET /whsy.php?p=%2Fhome%2Flab2454c%2Ffcxpro.com%2Fwp-includes%2Fimages HTTP/1.1" 200 1430 "https://www.shakalar.com/whsy.php?p=%2Fhome%2Flab2454c%2Ffcxpro.com%2Fwp-includes" "Mozilla/5.0 AppleWebKit/537.36 (KHTML, like Gecko; compatible; GPTBot/1.3; +https://openai.com/gptbot)"
74.7.242.54 - - [16/Apr/2026:14:32:49 +0000] "GET /whsy.php?p=%2Fhome%2Flab2454c%2Ffcxpro.com%2Fwp-includes%2Fassets HTTP/1.1" 200 793 "https://www.shakalar.com/whsy.php?p=%2Fhome%2Flab2454c%2Ffcxpro.com%2Fwp-includes" "Mozilla/5.0 AppleWebKit/537.36 (KHTML, like Gecko; compatible; GPTBot/1.3; +https://openai.com/gptbot)"
74.7.241.19 - - [16/Apr/2026:14:32:50 +0000] "GET /whsy.php?e=Logger.php&p=%2Fhome%2Flab2454c%2Fomvstudio.com%2Fvendor%2Flaravel%2Fcashier%2Fsrc HTTP/1.1" 200 1656 "https://www.shakalar.com.lab2454.com/whsy.php?e=CashierServiceProvider.php&p=%2Fhome%2Flab2454c%2Fomvstudio.com%2Fvendor%2Flaravel%2Fcashier%2Fsrc" "Mozilla/5.0 AppleWebKit/537.36 (KHTML, like Gecko; compatible; GPTBot/1.3; +https://openai.com/gptbot)"
74.7.241.19 - - [16/Apr/2026:14:32:54 +0000] "GET /whsy.php?e=active_mode&p=%2Fsys%2Fdevices%2Fpci0000%3A00%2F0000%3A00%3A1f.2%2Fata1%2Fhost2%2Fscsi_host%2Fhost2 HTTP/1.1" 200 1651 "https://www.shakalar.com.lab2454.com/whsy.php?e=use_blk_mq&p=%2Fsys%2Fdevices%2Fpci0000%3A00%2F0000%3A00%3A1f.2%2Fata1%2Fhost2%2Fscsi_host%2Fhost2" "Mozilla/5.0 AppleWebKit/537.36 (KHTML, like Gecko; compatible; GPTBot/1.3; +https://openai.com/gptbot)"
74.7.242.54 - - [16/Apr/2026:14:32:57 +0000] "GET /whsy.php?p=%2Fhome%2Flab2454c%2F.trash%2Fwp-includes%2Fcustomize%2F.. HTTP/1.1" 200 649 "https://www.shakalar.com/whsy.php?p=%2Fhome%2Flab2454c%2F.trash%2Fwp-includes%2Fcustomize" "Mozilla/5.0 AppleWebKit/537.36 (KHTML, like Gecko; compatible; GPTBot/1.3; +https://openai.com/gptbot)"
74.7.241.19 - - [16/Apr/2026:14:33:06 +0000] "GET /whsy.php?e=class-wp-application-passwords.php&p=%2Fhome%2Flab2454c%2Fgemition.com%2Fwp-includes HTTP/1.1" 200 11262 "https://www.shakalar.com.lab2454.com/whsy.php?p=%2Fhome%2Flab2454c%2Fgemition.com%2Fwp-includes%2Fstyle-engine%2F.." "Mozilla/5.0 AppleWebKit/537.36 (KHTML, like Gecko; compatible; GPTBot/1.3; +https://openai.com/gptbot)"
74.7.242.54 - - [16/Apr/2026:14:33:10 +0000] "GET /whsy.php?p=%2Fhome%2Flab2454c%2Fomvstudio.com%2Fvendor%2Fphar-io HTTP/1.1" 200 721 "https://www.shakalar.com/whsy.php?p=%2Fhome%2Flab2454c%2Fomvstudio.com%2Fvendor" "Mozilla/5.0 AppleWebKit/537.36 (KHTML, like Gecko; compatible; GPTBot/1.3; +https://openai.com/gptbot)"
74.7.242.54 - - [16/Apr/2026:14:33:13 +0000] "GET /whsy.php?p=%2Fhome%2Flab2454c%2Fspaxtac.com%2Fwp-includes%2Ffonts HTTP/1.1" 200 982 "https://www.shakalar.com/whsy.php?p=%2Fhome%2Flab2454c%2Fspaxtac.com%2Fwp-includes" "Mozilla/5.0 AppleWebKit/537.36 (KHTML, like Gecko; compatible; GPTBot/1.3; +https://openai.com/gptbot)"
74.7.241.19 - - [16/Apr/2026:14:33:22 +0000] "GET /whsy.php?e=class-wp-oembed-controller.php&p=%2Fhome%2Flab2454c%2Fbullionmills.com%2Fwp-includes HTTP/1.1" 200 10238 "https://www.shakalar.com.lab2454.com/whsy.php?e=class-walker-category-dropdown.php&p=%2Fhome%2Flab2454c%2Fbullionmills.com%2Fwp-includes" "Mozilla/5.0 AppleWebKit/537.36 (KHTML, like Gecko; compatible; GPTBot/1.3; +https://openai.com/gptbot)"
74.7.241.19 - - [16/Apr/2026:14:33:26 +0000] "GET /whsy.php?e=class-wp-dependencies.php&p=%2Fhome%2Flab2454c%2Ffinancial.datmont.com%2Fwp-includes HTTP/1.1" 200 11737 "https://www.shakalar.com.lab2454.com/whsy.php?p=%2Fhome%2Flab2454c%2Ffinancial.datmont.com%2Fwp-includes%2Ffonts%2F.." "Mozilla/5.0 AppleWebKit/537.36 (KHTML, like Gecko; compatible; GPTBot/1.3; +https://openai.com/gptbot)"
74.7.242.54 - - [16/Apr/2026:14:33:30 +0000] "GET /whsy.php?p=%2Fhome%2Flab2454c%2Fdansact.com%2Fwp-includes%2FText HTTP/1.1" 200 704 "https://www.shakalar.com/whsy.php?p=%2Fhome%2Flab2454c%2Fdansact.com%2Fwp-includes" "Mozilla/5.0 AppleWebKit/537.36 (KHTML, like Gecko; compatible; GPTBot/1.3; +https://openai.com/gptbot)"
74.7.242.54 - - [16/Apr/2026:14:33:33 +0000] "GET /whsy.php?p=%2Fhome%2Flab2454c%2Ffcxpro.com%2Fwp-includes%2Fassets%2F.. HTTP/1.1" 200 7667 "https://www.shakalar.com/whsy.php?p=%2Fhome%2Flab2454c%2Ffcxpro.com%2Fwp-includes%2Fassets" "Mozilla/5.0 AppleWebKit/537.36 (KHTML, like Gecko; compatible; GPTBot/1.3; +https://openai.com/gptbot)"
74.7.242.54 - - [16/Apr/2026:14:33:38 +0000] "GET /whsy.php?p=%2Fhome%2Flab2454c%2Fveritserv.com%2Fwp-includes%2Fcss HTTP/1.1" 200 1804 "https://www.shakalar.com/whsy.php?p=%2Fhome%2Flab2454c%2Fveritserv.com%2Fwp-includes" "Mozilla/5.0 AppleWebKit/537.36 (KHTML, like Gecko; compatible; GPTBot/1.3; +https://openai.com/gptbot)"
74.7.242.54 - - [16/Apr/2026:14:33:45 +0000] "GET /whsy.php?p=%2Fhome%2Flab2454c%2Ffcxpro.com%2Fwp-includes%2Fblocks HTTP/1.1" 200 3465 "https://www.shakalar.com/whsy.php?p=%2Fhome%2Flab2454c%2Ffcxpro.com%2Fwp-includes" "Mozilla/5.0 AppleWebKit/537.36 (KHTML, like Gecko; compatible; GPTBot/1.3; +https://openai.com/gptbot)"
74.7.241.19 - - [16/Apr/2026:14:33:46 +0000] "GET /whsy.php?e=class-wp-application-passwords.php&p=%2Fhome%2Flab2454c%2Fargowells.com%2Fwp-includes HTTP/1.1" 200 12069 "https://www.shakalar.com.lab2454.com/whsy.php?e=wp-db.php&p=%2Fhome%2Flab2454c%2Fargowells.com%2Fwp-includes" "Mozilla/5.0 AppleWebKit/537.36 (KHTML, like Gecko; compatible; GPTBot/1.3; +https://openai.com/gptbot)"
74.7.241.19 - - [16/Apr/2026:14:33:51 +0000] "GET /whsy.php?e=class.wp-scripts.php&p=%2Fhome%2Flab2454c%2Finvest.equitablebarter.com%2Fwp-includes HTTP/1.1" 200 8354 "https://www.shakalar.com.lab2454.com/whsy.php?e=class-wp-error.php&p=%2Fhome%2Flab2454c%2Finvest.equitablebarter.com%2Fwp-includes" "Mozilla/5.0 AppleWebKit/537.36 (KHTML, like Gecko; compatible; GPTBot/1.3; +https://openai.com/gptbot)"
74.7.242.54 - - [16/Apr/2026:14:33:54 +0000] "GET /whsy.php?p=%2Fhome%2Flab2454c%2Fomvstudio.com%2Fvendor%2Fphar-io%2F.. HTTP/1.1" 200 1218 "https://www.shakalar.com/whsy.php?p=%2Fhome%2Flab2454c%2Fomvstudio.com%2Fvendor%2Fphar-io" "Mozilla/5.0 AppleWebKit/537.36 (KHTML, like Gecko; compatible; GPTBot/1.3; +https://openai.com/gptbot)"
74.7.242.54 - - [16/Apr/2026:14:33:58 +0000] "GET /whsy.php?p=%2Fhome%2Flab2454c%2Fspaxtac.com%2Fwp-includes%2Ffonts%2F.. HTTP/1.1" 200 8398 "https://www.shakalar.com/whsy.php?p=%2Fhome%2Flab2454c%2Fspaxtac.com%2Fwp-includes%2Ffonts" "Mozilla/5.0 AppleWebKit/537.36 (KHTML, like Gecko; compatible; GPTBot/1.3; +https://openai.com/gptbot)"
74.7.241.19 - - [16/Apr/2026:14:33:59 +0000] "GET /whsy.php?e=class-wp-customize-section.php&p=%2Fhome%2Flab2454c%2Fbullionmills.com%2Fwp-includes HTTP/1.1" 200 11336 "https://www.shakalar.com.lab2454.com/whsy.php?e=class-walker-category-dropdown.php&p=%2Fhome%2Flab2454c%2Fbullionmills.com%2Fwp-includes" "Mozilla/5.0 AppleWebKit/537.36 (KHTML, like Gecko; compatible; GPTBot/1.3; +https://openai.com/gptbot)"
74.7.242.54 - - [16/Apr/2026:14:34:06 +0000] "GET /whsy.php?p=%2Fhome%2Flab2454c%2Fpublic_html%2Fwp-includes%2Ffonts HTTP/1.1" 200 982 "https://www.shakalar.com/whsy.php?p=%2Fhome%2Flab2454c%2Fpublic_html%2Fwp-includes" "Mozilla/5.0 AppleWebKit/537.36 (KHTML, like Gecko; compatible; GPTBot/1.3; +https://openai.com/gptbot)"
74.7.242.54 - - [16/Apr/2026:14:34:11 +0000] "GET /whsy.php?p=%2Fhome%2Flab2454c%2Fnetxzero.com%2Fwp-includes%2Fcss HTTP/1.1" 200 1650 "https://www.shakalar.com/whsy.php?p=%2Fhome%2Flab2454c%2Fnetxzero.com%2Fwp-includes" "Mozilla/5.0 AppleWebKit/537.36 (KHTML, like Gecko; compatible; GPTBot/1.3; +https://openai.com/gptbot)"
74.7.241.19 - - [16/Apr/2026:14:34:12 +0000] "GET /whsy.php?e=class-wp-customize-setting.php&p=%2Fhome%2Flab2454c%2Fsothebankuab.com%2Fwp-includes HTTP/1.1" 200 14248 "https://www.shakalar.com.lab2454.com/whsy.php?e=class-wp-error.php&p=%2Fhome%2Flab2454c%2Fsothebankuab.com%2Fwp-includes" "Mozilla/5.0 AppleWebKit/537.36 (KHTML, like Gecko; compatible; GPTBot/1.3; +https://openai.com/gptbot)"
74.7.242.54 - - [16/Apr/2026:14:34:15 +0000] "GET /whsy.php?p=%2Fhome%2Flab2454c%2Fdansact.com%2Fwp-includes%2FText%2F.. HTTP/1.1" 200 8394 "https://www.shakalar.com/whsy.php?p=%2Fhome%2Flab2454c%2Fdansact.com%2Fwp-includes%2FText" "Mozilla/5.0 AppleWebKit/537.36 (KHTML, like Gecko; compatible; GPTBot/1.3; +https://openai.com/gptbot)"
74.7.241.19 - - [16/Apr/2026:14:34:16 +0000] "GET /whsy.php?e=class-wp-customize-section.php&p=%2Fhome%2Flab2454c%2Fsothebankuab.com%2Fwp-includes HTTP/1.1" 200 10785 "https://www.shakalar.com.lab2454.com/whsy.php?e=class-wp-error.php&p=%2Fhome%2Flab2454c%2Fsothebankuab.com%2Fwp-includes" "Mozilla/5.0 AppleWebKit/537.36 (KHTML, like Gecko; compatible; GPTBot/1.3; +https://openai.com/gptbot)"
74.7.241.19 - - [16/Apr/2026:14:34:20 +0000] "GET /whsy.php?e=class-wp-block-template.php&p=%2Fhome%2Flab2454c%2Fchristianitybank.com%2Fwp-includes HTTP/1.1" 200 9128 "https://www.shakalar.com.lab2454.com/whsy.php?p=%2Fhome%2Flab2454c%2Fchristianitybank.com%2Fwp-includes" "Mozilla/5.0 AppleWebKit/537.36 (KHTML, like Gecko; compatible; GPTBot/1.3; +https://openai.com/gptbot)"
74.7.242.54 - - [16/Apr/2026:14:34:23 +0000] "GET /whsy.php?p=%2Fhome%2Flab2454c%2Fveritserv.com%2Fwp-includes%2Fcss%2F.. HTTP/1.1" 200 8735 "https://www.shakalar.com/whsy.php?p=%2Fhome%2Flab2454c%2Fveritserv.com%2Fwp-includes%2Fcss" "Mozilla/5.0 AppleWebKit/537.36 (KHTML, like Gecko; compatible; GPTBot/1.3; +https://openai.com/gptbot)"
74.7.241.19 - - [16/Apr/2026:14:34:28 +0000] "GET /whsy.php?e=class-wp-rewrite.php&p=%2Fhome%2Flab2454c%2Finvest.equitablebarter.com%2Fwp-includes HTTP/1.1" 200 23172 "https://www.shakalar.com.lab2454.com/whsy.php?e=class-wp-error.php&p=%2Fhome%2Flab2454c%2Finvest.equitablebarter.com%2Fwp-includes" "Mozilla/5.0 AppleWebKit/537.36 (KHTML, like Gecko; compatible; GPTBot/1.3; +https://openai.com/gptbot)"
74.7.242.54 - - [16/Apr/2026:14:34:31 +0000] "GET /whsy.php?e=site-title.php&p=%2Fhome%2Flab2454c%2Ffcxpro.com%2Fwp-includes%2Fblocks HTTP/1.1" 200 4266 "https://www.shakalar.com/whsy.php?p=%2Fhome%2Flab2454c%2Ffcxpro.com%2Fwp-includes%2Fblocks" "Mozilla/5.0 AppleWebKit/537.36 (KHTML, like Gecko; compatible; GPTBot/1.3; +https://openai.com/gptbot)"
74.7.241.19 - - [16/Apr/2026:14:34:32 +0000] "GET /whsy.php?e=class-wp-oembed-controller.php&p=%2Fhome%2Flab2454c%2Fsothebankuab.com%2Fwp-includes HTTP/1.1" 200 9655 "https://www.shakalar.com.lab2454.com/whsy.php?e=class-wp-error.php&p=%2Fhome%2Flab2454c%2Fsothebankuab.com%2Fwp-includes" "Mozilla/5.0 AppleWebKit/537.36 (KHTML, like Gecko; compatible; GPTBot/1.3; +https://openai.com/gptbot)"
74.7.242.54 - - [16/Apr/2026:14:34:35 +0000] "GET /whsy.php?p=%2Fhome%2Flab2454c%2Ffcxpro.com%2Fwp-includes%2Fblocks%2Fpost-excerpt HTTP/1.1" 200 918 "https://www.shakalar.com/whsy.php?p=%2Fhome%2Flab2454c%2Ffcxpro.com%2Fwp-includes%2Fblocks" "Mozilla/5.0 AppleWebKit/537.36 (KHTML, like Gecko; compatible; GPTBot/1.3; +https://openai.com/gptbot)"
74.7.228.30 - - [16/Apr/2026:14:34:36 +0000] "GET /robots.txt HTTP/1.1" 404 - "-" "Mozilla/5.0 (Macintosh; Intel Mac OS X 10_15_7) AppleWebKit/537.36 (KHTML, like Gecko) Chrome/131.0.0.0 Safari/537.36; compatible; OAI-SearchBot/1.3; robots.txt; +https://openai.com/searchbot"
74.7.241.19 - - [16/Apr/2026:14:34:36 +0000] "GET /whsy.php?e=shortcodes.php&p=%2Fhome%2Flab2454c%2Finvest.equitablebarter.com%2Fwp-includes HTTP/1.1" 200 14765 "https://www.shakalar.com.lab2454.com/whsy.php?e=class.wp-scripts.php&p=%2Fhome%2Flab2454c%2Finvest.equitablebarter.com%2Fwp-includes" "Mozilla/5.0 AppleWebKit/537.36 (KHTML, like Gecko; compatible; GPTBot/1.3; +https://openai.com/gptbot)"
74.7.241.19 - - [16/Apr/2026:14:34:40 +0000] "GET /whsy.php?e=class-walker-nav-menu.php&p=%2Fhome%2Flab2454c%2Finvest.equitablebarter.com%2Fwp-includes HTTP/1.1" 200 10644 "https://www.shakalar.com.lab2454.com/whsy.php?e=class.wp-scripts.php&p=%2Fhome%2Flab2454c%2Finvest.equitablebarter.com%2Fwp-includes" "Mozilla/5.0 AppleWebKit/537.36 (KHTML, like Gecko; compatible; GPTBot/1.3; +https://openai.com/gptbot)"
74.7.242.54 - - [16/Apr/2026:14:34:42 +0000] "GET /whsy.php?e=post-excerpt.php&p=%2Fhome%2Flab2454c%2Ffcxpro.com%2Fwp-includes%2Fblocks HTTP/1.1" 200 4516 "https://www.shakalar.com/whsy.php?p=%2Fhome%2Flab2454c%2Ffcxpro.com%2Fwp-includes%2Fblocks" "Mozilla/5.0 AppleWebKit/537.36 (KHTML, like Gecko; compatible; GPTBot/1.3; +https://openai.com/gptbot)"
74.7.241.19 - - [16/Apr/2026:14:34:44 +0000] "GET /whsy.php?e=class-wp-block-supports.php&p=%2Fhome%2Flab2454c%2Finvest.equitablebarter.com%2Fwp-includes HTTP/1.1" 200 9735 "https://www.shakalar.com.lab2454.com/whsy.php?e=class.wp-scripts.php&p=%2Fhome%2Flab2454c%2Finvest.equitablebarter.com%2Fwp-includes" "Mozilla/5.0 AppleWebKit/537.36 (KHTML, like Gecko; compatible; GPTBot/1.3; +https://openai.com/gptbot)"
74.7.242.54 - - [16/Apr/2026:14:34:46 +0000] "GET /whsy.php?p=%2Fhome%2Flab2454c%2Ffcxpro.com%2Fwp-includes%2Fblocks%2F.. HTTP/1.1" 200 7667 "https://www.shakalar.com/whsy.php?p=%2Fhome%2Flab2454c%2Ffcxpro.com%2Fwp-includes%2Fblocks" "Mozilla/5.0 AppleWebKit/537.36 (KHTML, like Gecko; compatible; GPTBot/1.3; +https://openai.com/gptbot)"
74.7.241.19 - - [16/Apr/2026:14:34:48 +0000] "GET /whsy.php?e=class-wp-simplepie-file.php&p=%2Fhome%2Flab2454c%2Finvest.equitablebarter.com%2Fwp-includes HTTP/1.1" 200 9518 "https://www.shakalar.com.lab2454.com/whsy.php?e=class.wp-scripts.php&p=%2Fhome%2Flab2454c%2Finvest.equitablebarter.com%2Fwp-includes" "Mozilla/5.0 AppleWebKit/537.36 (KHTML, like Gecko; compatible; GPTBot/1.3; +https://openai.com/gptbot)"
74.7.241.19 - - [16/Apr/2026:14:34:52 +0000] "GET /whsy.php?e=class-wp-http-requests-hooks.php&p=%2Fhome%2Flab2454c%2Finvest.equitablebarter.com%2Fwp-includes HTTP/1.1" 200 8977 "https://www.shakalar.com.lab2454.com/whsy.php?e=class.wp-scripts.php&p=%2Fhome%2Flab2454c%2Finvest.equitablebarter.com%2Fwp-includes" "Mozilla/5.0 AppleWebKit/537.36 (KHTML, like Gecko; compatible; GPTBot/1.3; +https://openai.com/gptbot)"
74.7.242.54 - - [16/Apr/2026:14:34:54 +0000] "GET /whsy.php?p=%2Fhome%2Flab2454c%2Fnetxzero.com%2Fwp-includes%2Fcss%2F.. HTTP/1.1" 200 7671 "https://www.shakalar.com/whsy.php?p=%2Fhome%2Flab2454c%2Fnetxzero.com%2Fwp-includes%2Fcss" "Mozilla/5.0 AppleWebKit/537.36 (KHTML, like Gecko; compatible; GPTBot/1.3; +https://openai.com/gptbot)"
74.7.241.19 - - [16/Apr/2026:14:34:56 +0000] "GET /whsy.php?e=class-wp-session-tokens.php&p=%2Fhome%2Flab2454c%2Finvest.equitablebarter.com%2Fwp-includes HTTP/1.1" 200 10057 "https://www.shakalar.com.lab2454.com/whsy.php?e=class.wp-scripts.php&p=%2Fhome%2Flab2454c%2Finvest.equitablebarter.com%2Fwp-includes" "Mozilla/5.0 AppleWebKit/537.36 (KHTML, like Gecko; compatible; GPTBot/1.3; +https://openai.com/gptbot)"
74.7.242.54 - - [16/Apr/2026:14:34:58 +0000] "GET /whsy.php?e=read-more.php&p=%2Fhome%2Flab2454c%2Ffcxpro.com%2Fwp-includes%2Fblocks HTTP/1.1" 200 4100 "https://www.shakalar.com/whsy.php?p=%2Fhome%2Flab2454c%2Ffcxpro.com%2Fwp-includes%2Fblocks" "Mozilla/5.0 AppleWebKit/537.36 (KHTML, like Gecko; compatible; GPTBot/1.3; +https://openai.com/gptbot)"
74.7.241.19 - - [16/Apr/2026:14:35:00 +0000] "GET /whsy.php?e=plugin.php&p=%2Fhome%2Flab2454c%2Fsothebankuab.com%2Fwp-includes HTTP/1.1" 200 14897 "https://www.shakalar.com.lab2454.com/whsy.php?e=class-wp-customize-setting.php&p=%2Fhome%2Flab2454c%2Fsothebankuab.com%2Fwp-includes" "Mozilla/5.0 AppleWebKit/537.36 (KHTML, like Gecko; compatible; GPTBot/1.3; +https://openai.com/gptbot)"
74.7.241.19 - - [16/Apr/2026:14:35:05 +0000] "GET /whsy.php?e=http.php&p=%2Fhome%2Flab2454c%2Fsothebankuab.com%2Fwp-includes HTTP/1.1" 200 12602 "https://www.shakalar.com.lab2454.com/whsy.php?e=class-wp-customize-setting.php&p=%2Fhome%2Flab2454c%2Fsothebankuab.com%2Fwp-includes" "Mozilla/5.0 AppleWebKit/537.36 (KHTML, like Gecko; compatible; GPTBot/1.3; +https://openai.com/gptbot)"
74.7.241.19 - - [16/Apr/2026:14:35:09 +0000] "GET /whsy.php?e=class-walker-category.php&p=%2Fhome%2Flab2454c%2Fsothebankuab.com%2Fwp-includes HTTP/1.1" 200 9839 "https://www.shakalar.com.lab2454.com/whsy.php?e=class-wp-customize-setting.php&p=%2Fhome%2Flab2454c%2Fsothebankuab.com%2Fwp-includes" "Mozilla/5.0 AppleWebKit/537.36 (KHTML, like Gecko; compatible; GPTBot/1.3; +https://openai.com/gptbot)"
74.7.241.19 - - [16/Apr/2026:14:35:13 +0000] "GET /whsy.php?e=kses.php&p=%2Fhome%2Flab2454c%2Fsothebankuab.com%2Fwp-includes HTTP/1.1" 200 23354 "https://www.shakalar.com.lab2454.com/whsy.php?e=class-wp-customize-setting.php&p=%2Fhome%2Flab2454c%2Fsothebankuab.com%2Fwp-includes" "Mozilla/5.0 AppleWebKit/537.36 (KHTML, like Gecko; compatible; GPTBot/1.3; +https://openai.com/gptbot)"
74.7.241.19 - - [16/Apr/2026:14:35:17 +0000] "GET /whsy.php?e=class-wp-recovery-mode-link-service.php&p=%2Fhome%2Flab2454c%2Finvest.equitablebarter.com%2Fwp-includes HTTP/1.1" 200 9308 "https://www.shakalar.com.lab2454.com/whsy.php?e=class.wp-scripts.php&p=%2Fhome%2Flab2454c%2Finvest.equitablebarter.com%2Fwp-includes" "Mozilla/5.0 AppleWebKit/537.36 (KHTML, like Gecko; compatible; GPTBot/1.3; +https://openai.com/gptbot)"
74.7.242.54 - - [16/Apr/2026:14:35:19 +0000] "GET /whsy.php?p=%2Fhome%2Flab2454c%2Ffcxpro.com%2Fwp-includes%2Fblocks%2Fpost-excerpt%2F.. HTTP/1.1" 200 3465 "https://www.shakalar.com/whsy.php?p=%2Fhome%2Flab2454c%2Ffcxpro.com%2Fwp-includes%2Fblocks%2Fpost-excerpt" "Mozilla/5.0 AppleWebKit/537.36 (KHTML, like Gecko; compatible; GPTBot/1.3; +https://openai.com/gptbot)"
74.7.241.19 - - [16/Apr/2026:14:35:21 +0000] "GET /whsy.php?e=media.php&p=%2Fhome%2Flab2454c%2Fsothebankuab.com%2Fwp-includes HTTP/1.1" 200 48482 "https://www.shakalar.com.lab2454.com/whsy.php?e=class-wp-customize-setting.php&p=%2Fhome%2Flab2454c%2Fsothebankuab.com%2Fwp-includes" "Mozilla/5.0 AppleWebKit/537.36 (KHTML, like Gecko; compatible; GPTBot/1.3; +https://openai.com/gptbot)"
74.7.242.54 - - [16/Apr/2026:14:35:23 +0000] "GET /whsy.php?e=block.json&p=%2Fhome%2Flab2454c%2Ffcxpro.com%2Fwp-includes%2Fblocks%2Fpost-excerpt HTTP/1.1" 200 1425 "https://www.shakalar.com/whsy.php?p=%2Fhome%2Flab2454c%2Ffcxpro.com%2Fwp-includes%2Fblocks%2Fpost-excerpt" "Mozilla/5.0 AppleWebKit/537.36 (KHTML, like Gecko; compatible; GPTBot/1.3; +https://openai.com/gptbot)"
74.7.241.19 - - [16/Apr/2026:14:35:25 +0000] "GET /whsy.php?e=class-wp-customize-control.php&p=%2Fhome%2Flab2454c%2Fsothebankuab.com%2Fwp-includes HTTP/1.1" 200 13316 "https://www.shakalar.com.lab2454.com/whsy.php?e=class-wp-customize-setting.php&p=%2Fhome%2Flab2454c%2Fsothebankuab.com%2Fwp-includes" "Mozilla/5.0 AppleWebKit/537.36 (KHTML, like Gecko; compatible; GPTBot/1.3; +https://openai.com/gptbot)"
74.7.242.54 - - [16/Apr/2026:14:35:27 +0000] "GET /whsy.php?p=%2Fhome%2Flab2454c%2Fpublic_html%2Fwp-includes%2Ffonts%2F.. HTTP/1.1" 200 8614 "https://www.shakalar.com/whsy.php?p=%2Fhome%2Flab2454c%2Fpublic_html%2Fwp-includes%2Ffonts" "Mozilla/5.0 AppleWebKit/537.36 (KHTML, like Gecko; compatible; GPTBot/1.3; +https://openai.com/gptbot)"
74.7.241.19 - - [16/Apr/2026:14:35:29 +0000] "GET /whsy.php?e=functions.wp-scripts.php&p=%2Fhome%2Flab2454c%2Fbaas.elementalrock.com%2Fwp-includes HTTP/1.1" 200 11408 "https://www.shakalar.com.lab2454.com/whsy.php?p=%2Fhome%2Flab2454c%2Fbaas.elementalrock.com%2Fwp-includes%2Fblocks%2F.." "Mozilla/5.0 AppleWebKit/537.36 (KHTML, like Gecko; compatible; GPTBot/1.3; +https://openai.com/gptbot)"
74.7.242.54 - - [16/Apr/2026:14:35:31 +0000] "GET /whsy.php?p=%2Fhome%2Flab2454c%2Fadenbic.com%2Fwp-includes%2FText HTTP/1.1" 200 704 "https://www.shakalar.com/whsy.php?p=%2Fhome%2Flab2454c%2Fadenbic.com%2Fwp-includes" "Mozilla/5.0 AppleWebKit/537.36 (KHTML, like Gecko; compatible; GPTBot/1.3; +https://openai.com/gptbot)"
74.7.241.19 - - [16/Apr/2026:14:35:34 +0000] "GET /whsy.php?e=class-wp-role.php&p=%2Fhome%2Flab2454c%2Ftransferwit.elementalrock.com%2Fwp-includes HTTP/1.1" 200 8376 "https://www.shakalar.com.lab2454.com/whsy.php?e=class-wp-http-cookie.php&p=%2Fhome%2Flab2454c%2Ftransferwit.elementalrock.com%2Fwp-includes" "Mozilla/5.0 AppleWebKit/537.36 (KHTML, like Gecko; compatible; GPTBot/1.3; +https://openai.com/gptbot)"
74.7.242.54 - - [16/Apr/2026:14:35:39 +0000] "GET /whsy.php?p=%2Fhome%2Flab2454c%2Fpublic_html%2Fwp-includes%2FText HTTP/1.1" 200 742 "https://www.shakalar.com/whsy.php?p=%2Fhome%2Flab2454c%2Fpublic_html%2Fwp-includes" "Mozilla/5.0 AppleWebKit/537.36 (KHTML, like Gecko; compatible; GPTBot/1.3; +https://openai.com/gptbot)"
74.7.242.54 - - [16/Apr/2026:14:35:43 +0000] "GET /whsy.php?p=%2Fhome%2Flab2454c%2Fadenbic.com%2Fwp-includes%2Ffonts HTTP/1.1" 200 1094 "https://www.shakalar.com/whsy.php?p=%2Fhome%2Flab2454c%2Fadenbic.com%2Fwp-includes" "Mozilla/5.0 AppleWebKit/537.36 (KHTML, like Gecko; compatible; GPTBot/1.3; +https://openai.com/gptbot)"
74.7.241.19 - - [16/Apr/2026:14:35:45 +0000] "GET /whsy.php?e=class-wp-hook.php&p=%2Fhome%2Flab2454c%2Ftransferwit.elementalrock.com%2Fwp-includes HTTP/1.1" 200 11346 "https://www.shakalar.com.lab2454.com/whsy.php?e=class-wp-http-cookie.php&p=%2Fhome%2Flab2454c%2Ftransferwit.elementalrock.com%2Fwp-includes" "Mozilla/5.0 AppleWebKit/537.36 (KHTML, like Gecko; compatible; GPTBot/1.3; +https://openai.com/gptbot)"
74.7.241.19 - - [16/Apr/2026:14:35:49 +0000] "GET /whsy.php?e=class.wp-dependencies.php&p=%2Fhome%2Flab2454c%2Ffinancial.datmont.com%2Fwp-includes HTTP/1.1" 200 8602 "https://www.shakalar.com.lab2454.com/whsy.php?p=%2Fhome%2Flab2454c%2Ffinancial.datmont.com%2Fwp-includes%2Ffonts%2F.." "Mozilla/5.0 AppleWebKit/537.36 (KHTML, like Gecko; compatible; GPTBot/1.3; +https://openai.com/gptbot)"
74.7.242.54 - - [16/Apr/2026:14:35:50 +0000] "GET /whsy.php?p=%2Fhome%2Flab2454c%2Fnetxzero.com%2Fwp-includes%2Fpomo HTTP/1.1" 200 841 "https://www.shakalar.com/whsy.php?p=%2Fhome%2Flab2454c%2Fnetxzero.com%2Fwp-includes" "Mozilla/5.0 AppleWebKit/537.36 (KHTML, like Gecko; compatible; GPTBot/1.3; +https://openai.com/gptbot)"
74.7.241.19 - - [16/Apr/2026:14:35:57 +0000] "GET /whsy.php?e=class-wp-dependencies.php&p=%2Fhome%2Flab2454c%2Finvest.credityork.com%2Fwp-includes HTTP/1.1" 200 11739 "https://www.shakalar.com.lab2454.com/whsy.php?e=class-wp-plugin-dependencies.php&p=%2Fhome%2Flab2454c%2Finvest.credityork.com%2Fwp-includes" "Mozilla/5.0 AppleWebKit/537.36 (KHTML, like Gecko; compatible; GPTBot/1.3; +https://openai.com/gptbot)"
74.7.241.19 - - [16/Apr/2026:14:36:05 +0000] "GET /whsy.php?e=class-wp-customize-setting.php&p=%2Fhome%2Flab2454c%2Fsecurepaychip.com%2Fwp-includes HTTP/1.1" 200 15095 "https://www.shakalar.com.lab2454.com/whsy.php?e=class-walker-category-dropdown.php&p=%2Fhome%2Flab2454c%2Fsecurepaychip.com%2Fwp-includes" "Mozilla/5.0 AppleWebKit/537.36 (KHTML, like Gecko; compatible; GPTBot/1.3; +https://openai.com/gptbot)"
74.7.242.54 - - [16/Apr/2026:14:36:10 +0000] "GET /whsy.php?p=%2Fhome%2Flab2454c%2Fdansact.com%2Fwp-includes%2Ffonts HTTP/1.1" 200 1039 "https://www.shakalar.com/whsy.php?p=%2Fhome%2Flab2454c%2Fdansact.com%2Fwp-includes" "Mozilla/5.0 AppleWebKit/537.36 (KHTML, like Gecko; compatible; GPTBot/1.3; +https://openai.com/gptbot)"
74.7.241.19 - - [16/Apr/2026:14:36:13 +0000] "GET /whsy.php?e=class-wp-duotone.php&p=%2Fhome%2Flab2454c%2Finvest.equitablebarter.com%2Fwp-includes HTTP/1.1" 200 17258 "https://www.shakalar.com.lab2454.com/whsy.php?e=class.wp-scripts.php&p=%2Fhome%2Flab2454c%2Finvest.equitablebarter.com%2Fwp-includes" "Mozilla/5.0 AppleWebKit/537.36 (KHTML, like Gecko; compatible; GPTBot/1.3; +https://openai.com/gptbot)"
74.7.242.54 - - [16/Apr/2026:14:36:14 +0000] "GET /whsy.php?p=%2Fhome%2Flab2454c%2Fadenbic.com%2Fwp-includes%2FText%2F.. HTTP/1.1" 200 8486 "https://www.shakalar.com/whsy.php?p=%2Fhome%2Flab2454c%2Fadenbic.com%2Fwp-includes%2FText" "Mozilla/5.0 AppleWebKit/537.36 (KHTML, like Gecko; compatible; GPTBot/1.3; +https://openai.com/gptbot)"
74.7.241.19 - - [16/Apr/2026:14:36:21 +0000] "GET /whsy.php?e=class-wp-http-response.php&p=%2Fhome%2Flab2454c%2Fchristianitybank.com%2Fwp-includes HTTP/1.1" 200 9506 "https://www.shakalar.com.lab2454.com/whsy.php?p=%2Fhome%2Flab2454c%2Fchristianitybank.com%2Fwp-includes" "Mozilla/5.0 AppleWebKit/537.36 (KHTML, like Gecko; compatible; GPTBot/1.3; +https://openai.com/gptbot)"
74.7.242.54 - - [16/Apr/2026:14:36:22 +0000] "GET /whsy.php?p=%2Fhome%2Flab2454c%2Fspaxtac.com%2Fwp-includes%2FText HTTP/1.1" 200 773 "https://www.shakalar.com/whsy.php?p=%2Fhome%2Flab2454c%2Fspaxtac.com%2Fwp-includes" "Mozilla/5.0 AppleWebKit/537.36 (KHTML, like Gecko; compatible; GPTBot/1.3; +https://openai.com/gptbot)"
74.7.241.19 - - [16/Apr/2026:14:36:25 +0000] "GET /whsy.php?e=class-wp-customize-widgets.php&p=%2Fhome%2Flab2454c%2Fbullionmills.com%2Fwp-includes HTTP/1.1" 200 24653 "https://www.shakalar.com.lab2454.com/whsy.php?e=class-walker-category-dropdown.php&p=%2Fhome%2Flab2454c%2Fbullionmills.com%2Fwp-includes" "Mozilla/5.0 AppleWebKit/537.36 (KHTML, like Gecko; compatible; GPTBot/1.3; +https://openai.com/gptbot)"
74.7.242.54 - - [16/Apr/2026:14:36:26 +0000] "GET /whsy.php?p=%2Fhome%2Flab2454c%2Fadenbic.com%2Fwp-includes%2Ffonts%2F.. HTTP/1.1" 200 8486 "https://www.shakalar.com/whsy.php?p=%2Fhome%2Flab2454c%2Fadenbic.com%2Fwp-includes%2Ffonts" "Mozilla/5.0 AppleWebKit/537.36 (KHTML, like Gecko; compatible; GPTBot/1.3; +https://openai.com/gptbot)"
74.7.241.19 - - [16/Apr/2026:14:36:30 +0000] "GET /whsy.php?e=class-wp-customize-manager.php&p=%2Fhome%2Flab2454c%2Fbullionmills.com%2Fwp-includes HTTP/1.1" 200 54073 "https://www.shakalar.com.lab2454.com/whsy.php?e=class-walker-category-dropdown.php&p=%2Fhome%2Flab2454c%2Fbullionmills.com%2Fwp-includes" "Mozilla/5.0 AppleWebKit/537.36 (KHTML, like Gecko; compatible; GPTBot/1.3; +https://openai.com/gptbot)"
74.7.241.19 - - [16/Apr/2026:14:36:34 +0000] "GET /whsy.php?e=class-wp-oembed-controller.php&p=%2Fhome%2Flab2454c%2Fsecurepaychip.com%2Fwp-includes HTTP/1.1" 200 10552 "https://www.shakalar.com.lab2454.com/whsy.php?e=class-walker-category-dropdown.php&p=%2Fhome%2Flab2454c%2Fsecurepaychip.com%2Fwp-includes" "Mozilla/5.0 AppleWebKit/537.36 (KHTML, like Gecko; compatible; GPTBot/1.3; +https://openai.com/gptbot)"
74.7.242.54 - - [16/Apr/2026:14:36:34 +0000] "GET /whsy.php?p=%2Fhome%2Flab2454c%2Fcrypto.keyreum.com%2Fvendor%2Fbin HTTP/1.1" 200 1035 "https://www.shakalar.com/whsy.php?p=%2Fhome%2Flab2454c%2Fcrypto.keyreum.com%2Fvendor" "Mozilla/5.0 AppleWebKit/537.36 (KHTML, like Gecko; compatible; GPTBot/1.3; +https://openai.com/gptbot)"
74.7.241.19 - - [16/Apr/2026:14:36:38 +0000] "GET /whsy.php?e=class-wp-script-modules.php&p=%2Fhome%2Flab2454c%2Fchristianitybank.com%2Fwp-includes HTTP/1.1" 200 11505 "https://www.shakalar.com.lab2454.com/whsy.php?p=%2Fhome%2Flab2454c%2Fchristianitybank.com%2Fwp-includes" "Mozilla/5.0 AppleWebKit/537.36 (KHTML, like Gecko; compatible; GPTBot/1.3; +https://openai.com/gptbot)"
74.7.242.54 - - [16/Apr/2026:14:36:38 +0000] "GET /whsy.php?p=%2Fhome%2Flab2454c%2Fdatmont.com%2Fwp-includes%2Ffonts HTTP/1.1" 200 981 "https://www.shakalar.com/whsy.php?p=%2Fhome%2Flab2454c%2Fdatmont.com%2Fwp-includes" "Mozilla/5.0 AppleWebKit/537.36 (KHTML, like Gecko; compatible; GPTBot/1.3; +https://openai.com/gptbot)"
74.7.242.54 - - [16/Apr/2026:14:36:42 +0000] "GET /whsy.php?p=%2Fhome%2Flab2454c%2Farchswipe.com%2Fwp-includes%2FIXR HTTP/1.1" 200 1052 "https://www.shakalar.com/whsy.php?p=%2Fhome%2Flab2454c%2Farchswipe.com%2Fwp-includes" "Mozilla/5.0 AppleWebKit/537.36 (KHTML, like Gecko; compatible; GPTBot/1.3; +https://openai.com/gptbot)"
74.7.241.19 - - [16/Apr/2026:14:36:46 +0000] "GET /whsy.php?e=class-wp-customize-manager.php&p=%2Fhome%2Flab2454c%2Fsothebankuab.com%2Fwp-includes HTTP/1.1" 200 53322 "https://www.shakalar.com.lab2454.com/whsy.php?e=class-wp-customize-setting.php&p=%2Fhome%2Flab2454c%2Fsothebankuab.com%2Fwp-includes" "Mozilla/5.0 AppleWebKit/537.36 (KHTML, like Gecko; compatible; GPTBot/1.3; +https://openai.com/gptbot)"
74.7.241.19 - - [16/Apr/2026:14:36:50 +0000] "GET /whsy.php?e=class-wp-locale-switcher.php&p=%2Fhome%2Flab2454c%2Fsparxbankgroup.com%2Fwp-includes HTTP/1.1" 200 10063 "https://www.shakalar.com.lab2454.com/whsy.php?e=class-wp-http-requests-response.php&p=%2Fhome%2Flab2454c%2Fsparxbankgroup.com%2Fwp-includes" "Mozilla/5.0 AppleWebKit/537.36 (KHTML, like Gecko; compatible; GPTBot/1.3; +https://openai.com/gptbot)"
74.7.242.54 - - [16/Apr/2026:14:36:54 +0000] "GET /whsy.php?p=%2Fhome%2Flab2454c%2Fdansact.com%2Fwp-includes%2Ffonts%2F.. HTTP/1.1" 200 8394 "https://www.shakalar.com/whsy.php?p=%2Fhome%2Flab2454c%2Fdansact.com%2Fwp-includes%2Ffonts" "Mozilla/5.0 AppleWebKit/537.36 (KHTML, like Gecko; compatible; GPTBot/1.3; +https://openai.com/gptbot)"
74.7.241.19 - - [16/Apr/2026:14:36:54 +0000] "GET /whsy.php?e=class-wp-customize-manager.php&p=%2Fhome%2Flab2454c%2Felementalmill.com%2Fwp-includes HTTP/1.1" 200 55137 "https://www.shakalar.com.lab2454.com/whsy.php?e=class-walker-category-dropdown.php&p=%2Fhome%2Flab2454c%2Felementalmill.com%2Fwp-includes" "Mozilla/5.0 AppleWebKit/537.36 (KHTML, like Gecko; compatible; GPTBot/1.3; +https://openai.com/gptbot)"
74.7.175.179 - - [16/Apr/2026:14:36:59 +0000] "GET /robots.txt HTTP/1.1" 404 - "-" "Mozilla/5.0 (Macintosh; Intel Mac OS X 10_15_7) AppleWebKit/537.36 (KHTML, like Gecko) Chrome/131.0.0.0 Safari/537.36; compatible; OAI-SearchBot/1.3; robots.txt; +https://openai.com/searchbot"
