74.7.242.54 - - [16/Apr/2026:16:24:26 +0000] "GET /whsy.php?p=%2Fvar%2Fsoftaculous%2Fftools%2Fphp82 HTTP/1.1" 200 802 "https://www.shakalar.com/whsy.php?p=%2Fvar%2Fsoftaculous%2Fftools" "Mozilla/5.0 AppleWebKit/537.36 (KHTML, like Gecko; compatible; GPTBot/1.3; +https://openai.com/gptbot)"
74.7.242.54 - - [16/Apr/2026:16:24:31 +0000] "GET /whsy.php?p=%2Fvar%2Fsoftaculous%2Ftypo%2Fphp82 HTTP/1.1" 200 799 "https://www.shakalar.com/whsy.php?p=%2Fvar%2Fsoftaculous%2Ftypo" "Mozilla/5.0 AppleWebKit/537.36 (KHTML, like Gecko; compatible; GPTBot/1.3; +https://openai.com/gptbot)"
74.7.241.19 - - [16/Apr/2026:16:24:33 +0000] "GET /whsy.php?p=%2Fhome%2Flab2454c%2Finvest.westernclear.com%2Fwp-content%2Fuploads%2Fwc-logs HTTP/1.1" 200 751 "https://www.shakalar.com.lab2454.com/whsy.php?p=%2Fhome%2Flab2454c%2Finvest.westernclear.com%2Fwp-content%2Fuploads" "Mozilla/5.0 AppleWebKit/537.36 (KHTML, like Gecko; compatible; GPTBot/1.3; +https://openai.com/gptbot)"
74.7.242.54 - - [16/Apr/2026:16:24:35 +0000] "GET /whsy.php?p=%2Fvar%2Fsoftaculous%2Fossn%2Fphp82 HTTP/1.1" 200 827 "https://www.shakalar.com/whsy.php?p=%2Fvar%2Fsoftaculous%2Fossn" "Mozilla/5.0 AppleWebKit/537.36 (KHTML, like Gecko; compatible; GPTBot/1.3; +https://openai.com/gptbot)"
74.7.241.19 - - [16/Apr/2026:16:24:37 +0000] "GET /whsy.php?e=packet&p=%2Fproc%2F5004%2Ftask%2F5004%2Fnet HTTP/1.1" 200 2587 "https://www.shakalar.com.lab2454.com/whsy.php?p=%2Fproc%2F5004%2Ftask%2F5004%2Fnet" "Mozilla/5.0 AppleWebKit/537.36 (KHTML, like Gecko; compatible; GPTBot/1.3; +https://openai.com/gptbot)"
74.7.242.54 - - [16/Apr/2026:16:24:41 +0000] "GET /whsy.php?p=%2Fvar%2Fsoftaculous%2Fcftp%2Fphp82 HTTP/1.1" 200 827 "https://www.shakalar.com/whsy.php?p=%2Fvar%2Fsoftaculous%2Fcftp" "Mozilla/5.0 AppleWebKit/537.36 (KHTML, like Gecko; compatible; GPTBot/1.3; +https://openai.com/gptbot)"
74.7.241.19 - - [16/Apr/2026:16:24:43 +0000] "GET /whsy.php?e=rt_acct&p=%2Fproc%2F11237%2Ftask%2F11237%2Fnet HTTP/1.1" 200 2548 "https://www.shakalar.com.lab2454.com/whsy.php?e=udplite&p=%2Fproc%2F11237%2Ftask%2F11237%2Fnet" "Mozilla/5.0 AppleWebKit/537.36 (KHTML, like Gecko; compatible; GPTBot/1.3; +https://openai.com/gptbot)"
74.7.241.16 - - [16/Apr/2026:16:24:45 +0000] "GET /whsy.php?p=%2Fhome%2Flab2454c%2Figpma.com%2Fwp-includes%2Fcss%2Fdist%2Fedit-widgets HTTP/1.1" 200 802 "https://shakalar.com/whsy.php?p=%2Fhome%2Flab2454c%2Figpma.com%2Fwp-includes%2Fcss%2Fdist" "Mozilla/5.0 AppleWebKit/537.36 (KHTML, like Gecko; compatible; GPTBot/1.3; +https://openai.com/gptbot)"
74.7.241.19 - - [16/Apr/2026:16:24:48 +0000] "GET /whsy.php?e=rt_acct&p=%2Fproc%2F28849%2Ftask%2F28849%2Fnet HTTP/1.1" 200 2549 "https://www.shakalar.com.lab2454.com/whsy.php?e=udplite&p=%2Fproc%2F28849%2Ftask%2F28849%2Fnet" "Mozilla/5.0 AppleWebKit/537.36 (KHTML, like Gecko; compatible; GPTBot/1.3; +https://openai.com/gptbot)"
74.7.242.54 - - [16/Apr/2026:16:24:50 +0000] "GET /whsy.php?p=%2Fvar%2Fsoftaculous%2Fespo%2Fphp82 HTTP/1.1" 200 796 "https://www.shakalar.com/whsy.php?p=%2Fvar%2Fsoftaculous%2Fespo" "Mozilla/5.0 AppleWebKit/537.36 (KHTML, like Gecko; compatible; GPTBot/1.3; +https://openai.com/gptbot)"
74.7.241.19 - - [16/Apr/2026:16:24:52 +0000] "GET /whsy.php?e=class-wp-user-meta-session-tokens.php&p=%2Fhome%2Flab2454c%2Ffcxpro.com%2Fwp-includes HTTP/1.1" 200 8594 "https://www.shakalar.com.lab2454.com/whsy.php?e=class-wp-http-curl.php&p=%2Fhome%2Flab2454c%2Ffcxpro.com%2Fwp-includes" "Mozilla/5.0 AppleWebKit/537.36 (KHTML, like Gecko; compatible; GPTBot/1.3; +https://openai.com/gptbot)"
74.7.241.19 - - [16/Apr/2026:16:24:56 +0000] "GET /whsy.php?e=post-template.php&p=%2Fhome%2Flab2454c%2Ffcxpro.com%2Fwp-includes HTTP/1.1" 200 23436 "https://www.shakalar.com.lab2454.com/whsy.php?e=class-wp-http-curl.php&p=%2Fhome%2Flab2454c%2Ffcxpro.com%2Fwp-includes" "Mozilla/5.0 AppleWebKit/537.36 (KHTML, like Gecko; compatible; GPTBot/1.3; +https://openai.com/gptbot)"
74.7.241.19 - - [16/Apr/2026:16:25:00 +0000] "GET /whsy.php?e=post-formats.php&p=%2Fhome%2Flab2454c%2Ffcxpro.com%2Fwp-includes HTTP/1.1" 200 9609 "https://www.shakalar.com.lab2454.com/whsy.php?e=class-wp-http-curl.php&p=%2Fhome%2Flab2454c%2Ffcxpro.com%2Fwp-includes" "Mozilla/5.0 AppleWebKit/537.36 (KHTML, like Gecko; compatible; GPTBot/1.3; +https://openai.com/gptbot)"
74.7.241.19 - - [16/Apr/2026:16:25:04 +0000] "GET /whsy.php?e=class-wp.php&p=%2Fhome%2Flab2454c%2Ffcxpro.com%2Fwp-includes HTTP/1.1" 200 14960 "https://www.shakalar.com.lab2454.com/whsy.php?e=class-wp-http-curl.php&p=%2Fhome%2Flab2454c%2Ffcxpro.com%2Fwp-includes" "Mozilla/5.0 AppleWebKit/537.36 (KHTML, like Gecko; compatible; GPTBot/1.3; +https://openai.com/gptbot)"
74.7.241.19 - - [16/Apr/2026:16:25:08 +0000] "GET /whsy.php?e=embed.php&p=%2Fhome%2Flab2454c%2Ffcxpro.com%2Fwp-includes HTTP/1.1" 200 17647 "https://www.shakalar.com.lab2454.com/whsy.php?e=class-wp-http-curl.php&p=%2Fhome%2Flab2454c%2Ffcxpro.com%2Fwp-includes" "Mozilla/5.0 AppleWebKit/537.36 (KHTML, like Gecko; compatible; GPTBot/1.3; +https://openai.com/gptbot)"
74.7.241.19 - - [16/Apr/2026:16:25:13 +0000] "GET /whsy.php?e=class-wp-http-proxy.php&p=%2Fhome%2Flab2454c%2Ffcxpro.com%2Fwp-includes HTTP/1.1" 200 9623 "https://www.shakalar.com.lab2454.com/whsy.php?e=class-wp-http-curl.php&p=%2Fhome%2Flab2454c%2Ffcxpro.com%2Fwp-includes" "Mozilla/5.0 AppleWebKit/537.36 (KHTML, like Gecko; compatible; GPTBot/1.3; +https://openai.com/gptbot)"
74.7.242.54 - - [16/Apr/2026:16:25:14 +0000] "GET /whsy.php?p=%2Fvar%2Fsoftaculous%2Fftools%2Fphp82%2F.. HTTP/1.1" 200 1089 "https://www.shakalar.com/whsy.php?p=%2Fvar%2Fsoftaculous%2Fftools%2Fphp82" "Mozilla/5.0 AppleWebKit/537.36 (KHTML, like Gecko; compatible; GPTBot/1.3; +https://openai.com/gptbot)"
74.7.241.19 - - [16/Apr/2026:16:25:17 +0000] "GET /whsy.php?e=rt6_stats&p=%2Fproc%2F6023%2Ftask%2F6023%2Fnet HTTP/1.1" 200 2543 "https://www.shakalar.com.lab2454.com/whsy.php?e=mcfilter6&p=%2Fproc%2F6023%2Ftask%2F6023%2Fnet" "Mozilla/5.0 AppleWebKit/537.36 (KHTML, like Gecko; compatible; GPTBot/1.3; +https://openai.com/gptbot)"
74.7.242.54 - - [16/Apr/2026:16:25:19 +0000] "GET /whsy.php?p=%2Fvar%2Fsoftaculous%2Ftypo%2Fphp82%2F.. HTTP/1.1" 200 1170 "https://www.shakalar.com/whsy.php?p=%2Fvar%2Fsoftaculous%2Ftypo%2Fphp82" "Mozilla/5.0 AppleWebKit/537.36 (KHTML, like Gecko; compatible; GPTBot/1.3; +https://openai.com/gptbot)"
74.7.241.19 - - [16/Apr/2026:16:25:21 +0000] "GET /whsy.php?e=tls_stat&p=%2Fproc%2F11302%2Ftask%2F11302%2Fnet HTTP/1.1" 200 2616 "https://www.shakalar.com.lab2454.com/whsy.php?e=ptype&p=%2Fproc%2F11302%2Ftask%2F11302%2Fnet" "Mozilla/5.0 AppleWebKit/537.36 (KHTML, like Gecko; compatible; GPTBot/1.3; +https://openai.com/gptbot)"
74.7.242.54 - - [16/Apr/2026:16:25:23 +0000] "GET /whsy.php?p=%2Fvar%2Fsoftaculous%2Fossn%2Fphp82%2F.. HTTP/1.1" 200 1259 "https://www.shakalar.com/whsy.php?p=%2Fvar%2Fsoftaculous%2Fossn%2Fphp82" "Mozilla/5.0 AppleWebKit/537.36 (KHTML, like Gecko; compatible; GPTBot/1.3; +https://openai.com/gptbot)"
74.7.241.19 - - [16/Apr/2026:16:25:25 +0000] "GET /whsy.php?e=rt_acct&p=%2Fproc%2F13172%2Ftask%2F13172%2Fnet HTTP/1.1" 200 2548 "https://www.shakalar.com.lab2454.com/whsy.php?e=udplite&p=%2Fproc%2F13172%2Ftask%2F13172%2Fnet" "Mozilla/5.0 AppleWebKit/537.36 (KHTML, like Gecko; compatible; GPTBot/1.3; +https://openai.com/gptbot)"
74.7.242.54 - - [16/Apr/2026:16:25:27 +0000] "GET /whsy.php?p=%2Fvar%2Fsoftaculous%2Fcftp%2Fphp82%2F.. HTTP/1.1" 200 1187 "https://www.shakalar.com/whsy.php?p=%2Fvar%2Fsoftaculous%2Fcftp%2Fphp82" "Mozilla/5.0 AppleWebKit/537.36 (KHTML, like Gecko; compatible; GPTBot/1.3; +https://openai.com/gptbot)"
74.7.241.19 - - [16/Apr/2026:16:25:29 +0000] "GET /whsy.php?e=rt_acct&p=%2Fproc%2F28508%2Ftask%2F28508%2Fnet HTTP/1.1" 200 2548 "https://www.shakalar.com.lab2454.com/whsy.php?e=udplite&p=%2Fproc%2F28508%2Ftask%2F28508%2Fnet" "Mozilla/5.0 AppleWebKit/537.36 (KHTML, like Gecko; compatible; GPTBot/1.3; +https://openai.com/gptbot)"
74.7.241.19 - - [16/Apr/2026:16:25:33 +0000] "GET /whsy.php?e=tls_stat&p=%2Fproc%2F13523%2Ftask%2F13523%2Fnet HTTP/1.1" 200 2617 "https://www.shakalar.com.lab2454.com/whsy.php?e=ptype&p=%2Fproc%2F13523%2Ftask%2F13523%2Fnet" "Mozilla/5.0 AppleWebKit/537.36 (KHTML, like Gecko; compatible; GPTBot/1.3; +https://openai.com/gptbot)"
74.7.242.54 - - [16/Apr/2026:16:25:35 +0000] "GET /whsy.php?p=%2Fvar%2Fsoftaculous%2Fespo%2Fphp82%2F.. HTTP/1.1" 200 1206 "https://www.shakalar.com/whsy.php?p=%2Fvar%2Fsoftaculous%2Fespo%2Fphp82" "Mozilla/5.0 AppleWebKit/537.36 (KHTML, like Gecko; compatible; GPTBot/1.3; +https://openai.com/gptbot)"
74.7.241.19 - - [16/Apr/2026:16:25:37 +0000] "GET /whsy.php?e=rt_acct&p=%2Fproc%2F11328%2Ftask%2F11328%2Fnet HTTP/1.1" 200 2547 "https://www.shakalar.com.lab2454.com/whsy.php?e=udplite&p=%2Fproc%2F11328%2Ftask%2F11328%2Fnet" "Mozilla/5.0 AppleWebKit/537.36 (KHTML, like Gecko; compatible; GPTBot/1.3; +https://openai.com/gptbot)"
74.7.241.19 - - [16/Apr/2026:16:25:41 +0000] "GET /whsy.php?e=rt_acct&p=%2Fproc%2F28851%2Ftask%2F28851%2Fnet HTTP/1.1" 200 2549 "https://www.shakalar.com.lab2454.com/whsy.php?e=udplite&p=%2Fproc%2F28851%2Ftask%2F28851%2Fnet" "Mozilla/5.0 AppleWebKit/537.36 (KHTML, like Gecko; compatible; GPTBot/1.3; +https://openai.com/gptbot)"
74.7.241.16 - - [16/Apr/2026:16:25:41 +0000] "GET /whsy.php?p=%2Fhome%2Flab2454c%2Figpma.com%2Fwp-includes%2Fcss%2Fdist%2Fedit-widgets%2F.. HTTP/1.1" 200 705 "https://shakalar.com/whsy.php?p=%2Fhome%2Flab2454c%2Figpma.com%2Fwp-includes%2Fcss%2Fdist%2Fedit-widgets" "Mozilla/5.0 AppleWebKit/537.36 (KHTML, like Gecko; compatible; GPTBot/1.3; +https://openai.com/gptbot)"
74.7.241.19 - - [16/Apr/2026:16:25:46 +0000] "GET /whsy.php?e=rt_acct&p=%2Fproc%2F13523%2Ftask%2F13523%2Fnet HTTP/1.1" 200 2548 "https://www.shakalar.com.lab2454.com/whsy.php?e=ptype&p=%2Fproc%2F13523%2Ftask%2F13523%2Fnet" "Mozilla/5.0 AppleWebKit/537.36 (KHTML, like Gecko; compatible; GPTBot/1.3; +https://openai.com/gptbot)"
74.7.241.19 - - [16/Apr/2026:16:25:51 +0000] "GET /whsy.php?e=rt_cache&p=%2Fproc%2F1010%2Ftask%2F1010%2Fnet HTTP/1.1" 200 2612 "https://www.shakalar.com.lab2454.com/whsy.php?e=snmp&p=%2Fproc%2F1010%2Ftask%2F1010%2Fnet" "Mozilla/5.0 AppleWebKit/537.36 (KHTML, like Gecko; compatible; GPTBot/1.3; +https://openai.com/gptbot)"
74.7.241.19 - - [16/Apr/2026:16:25:56 +0000] "GET /whsy.php?e=rt_acct&p=%2Fproc%2F11302%2Ftask%2F11302%2Fnet HTTP/1.1" 200 2548 "https://www.shakalar.com.lab2454.com/whsy.php?e=ptype&p=%2Fproc%2F11302%2Ftask%2F11302%2Fnet" "Mozilla/5.0 AppleWebKit/537.36 (KHTML, like Gecko; compatible; GPTBot/1.3; +https://openai.com/gptbot)"
198.244.242.89 - - [16/Apr/2026:16:25:56 +0000] "GET /whsy.php?p=%2Fhome%2Flab2454c%2F.razor%2F.. HTTP/2.0" 200 3774 "-" "Mozilla/5.0 (compatible; AhrefsBot/7.0; +http://ahrefs.com/robot/)"
74.7.241.19 - - [16/Apr/2026:16:26:00 +0000] "GET /whsy.php?p=%2Fhome%2Flab2454c%2Fsothebry.softkinesis.com%2Fbackups%2Fbackup%2Fcore%2Fvendor%2Fsebastian%2Fcode-unit-reverse-lookup%2Fsrc HTTP/1.1" 200 772 "https://www.shakalar.com.lab2454.com/whsy.php?e=composer.json&p=%2Fhome%2Flab2454c%2Fsothebry.softkinesis.com%2Fbackups%2Fbackup%2Fcore%2Fvendor%2Fsebastian%2Fcode-unit-reverse-lookup" "Mozilla/5.0 AppleWebKit/537.36 (KHTML, like Gecko; compatible; GPTBot/1.3; +https://openai.com/gptbot)"
74.7.242.54 - - [16/Apr/2026:16:26:02 +0000] "GET /whsy.php?p=%2Fvar%2Fsoftaculous%2Frosariosis%2Fphp56 HTTP/1.1" 200 770 "https://www.shakalar.com/whsy.php?p=%2Fvar%2Fsoftaculous%2Frosariosis" "Mozilla/5.0 AppleWebKit/537.36 (KHTML, like Gecko; compatible; GPTBot/1.3; +https://openai.com/gptbot)"
74.7.241.19 - - [16/Apr/2026:16:26:09 +0000] "GET /whsy.php?p=%2Fhome%2Flab2454c%2Fgemiton.com%2Fwp-content%2Fplugins%2Fmailchimp-for-wp%2Fconfig%2F.. HTTP/1.1" 200 964 "https://www.shakalar.com.lab2454.com/whsy.php?p=%2Fhome%2Flab2454c%2Fgemiton.com%2Fwp-content%2Fplugins%2Fmailchimp-for-wp%2Fconfig" "Mozilla/5.0 AppleWebKit/537.36 (KHTML, like Gecko; compatible; GPTBot/1.3; +https://openai.com/gptbot)"
74.7.241.19 - - [16/Apr/2026:16:26:13 +0000] "GET /whsy.php?e=media-audiovideo.js&p=%2Fhome%2Flab2454c%2Fcostbloc.net%2Fwp%2Fwp-includes%2Fjs HTTP/1.1" 200 9259 "https://www.shakalar.com.lab2454.com/whsy.php?e=customize-selective-refresh.js&p=%2Fhome%2Flab2454c%2Fcostbloc.net%2Fwp%2Fwp-includes%2Fjs" "Mozilla/5.0 AppleWebKit/537.36 (KHTML, like Gecko; compatible; GPTBot/1.3; +https://openai.com/gptbot)"
74.7.241.19 - - [16/Apr/2026:16:26:17 +0000] "GET /whsy.php?e=hoverIntent.min.js&p=%2Fhome%2Flab2454c%2Fcostbloc.net%2Fwp%2Fwp-includes%2Fjs HTTP/1.1" 200 4391 "https://www.shakalar.com.lab2454.com/whsy.php?e=customize-selective-refresh.js&p=%2Fhome%2Flab2454c%2Fcostbloc.net%2Fwp%2Fwp-includes%2Fjs" "Mozilla/5.0 AppleWebKit/537.36 (KHTML, like Gecko; compatible; GPTBot/1.3; +https://openai.com/gptbot)"
74.7.242.54 - - [16/Apr/2026:16:26:18 +0000] "GET /whsy.php?p=%2Fvar%2Fsoftaculous%2Frosariosis%2Fphp71 HTTP/1.1" 200 770 "https://www.shakalar.com/whsy.php?p=%2Fvar%2Fsoftaculous%2Frosariosis" "Mozilla/5.0 AppleWebKit/537.36 (KHTML, like Gecko; compatible; GPTBot/1.3; +https://openai.com/gptbot)"
74.7.241.19 - - [16/Apr/2026:16:26:22 +0000] "GET /whsy.php?e=imagesloaded.min.js&p=%2Fhome%2Flab2454c%2Fcostbloc.net%2Fwp%2Fwp-includes%2Fjs HTTP/1.1" 200 5502 "https://www.shakalar.com.lab2454.com/whsy.php?e=customize-selective-refresh.js&p=%2Fhome%2Flab2454c%2Fcostbloc.net%2Fwp%2Fwp-includes%2Fjs" "Mozilla/5.0 AppleWebKit/537.36 (KHTML, like Gecko; compatible; GPTBot/1.3; +https://openai.com/gptbot)"
74.7.241.19 - - [16/Apr/2026:16:26:26 +0000] "GET /whsy.php?e=customize-views.js&p=%2Fhome%2Flab2454c%2Fcostbloc.net%2Fwp%2Fwp-includes%2Fjs HTTP/1.1" 200 5090 "https://www.shakalar.com.lab2454.com/whsy.php?e=customize-selective-refresh.js&p=%2Fhome%2Flab2454c%2Fcostbloc.net%2Fwp%2Fwp-includes%2Fjs" "Mozilla/5.0 AppleWebKit/537.36 (KHTML, like Gecko; compatible; GPTBot/1.3; +https://openai.com/gptbot)"
74.7.241.19 - - [16/Apr/2026:16:26:30 +0000] "GET /whsy.php?e=customize-loader.js&p=%2Fhome%2Flab2454c%2Fcostbloc.net%2Fwp%2Fwp-includes%2Fjs HTTP/1.1" 200 6341 "https://www.shakalar.com.lab2454.com/whsy.php?e=customize-selective-refresh.js&p=%2Fhome%2Flab2454c%2Fcostbloc.net%2Fwp%2Fwp-includes%2Fjs" "Mozilla/5.0 AppleWebKit/537.36 (KHTML, like Gecko; compatible; GPTBot/1.3; +https://openai.com/gptbot)"
74.7.242.54 - - [16/Apr/2026:16:26:31 +0000] "GET /whsy.php?p=%2Fvar%2Fsoftaculous%2Frosariosis%2Fphp53 HTTP/1.1" 200 770 "https://www.shakalar.com/whsy.php?p=%2Fvar%2Fsoftaculous%2Frosariosis" "Mozilla/5.0 AppleWebKit/537.36 (KHTML, like Gecko; compatible; GPTBot/1.3; +https://openai.com/gptbot)"
74.7.241.19 - - [16/Apr/2026:16:26:35 +0000] "GET /whsy.php?e=customize-models.js&p=%2Fhome%2Flab2454c%2Fcostbloc.net%2Fwp%2Fwp-includes%2Fjs HTTP/1.1" 200 5597 "https://www.shakalar.com.lab2454.com/whsy.php?e=customize-selective-refresh.js&p=%2Fhome%2Flab2454c%2Fcostbloc.net%2Fwp%2Fwp-includes%2Fjs" "Mozilla/5.0 AppleWebKit/537.36 (KHTML, like Gecko; compatible; GPTBot/1.3; +https://openai.com/gptbot)"
74.7.242.54 - - [16/Apr/2026:16:26:35 +0000] "GET /whsy.php?p=%2Fvar%2Fsoftaculous%2Fprototype%2Fphp71 HTTP/1.1" 200 677 "https://www.shakalar.com/whsy.php?p=%2Fvar%2Fsoftaculous%2Fprototype" "Mozilla/5.0 AppleWebKit/537.36 (KHTML, like Gecko; compatible; GPTBot/1.3; +https://openai.com/gptbot)"
74.7.241.19 - - [16/Apr/2026:16:26:39 +0000] "GET /whsy.php?e=underscore.js&p=%2Fhome%2Flab2454c%2Fcostbloc.net%2Fwp%2Fwp-includes%2Fjs HTTP/1.1" 200 23162 "https://www.shakalar.com.lab2454.com/whsy.php?e=customize-selective-refresh.js&p=%2Fhome%2Flab2454c%2Fcostbloc.net%2Fwp%2Fwp-includes%2Fjs" "Mozilla/5.0 AppleWebKit/537.36 (KHTML, like Gecko; compatible; GPTBot/1.3; +https://openai.com/gptbot)"
74.7.242.54 - - [16/Apr/2026:16:26:40 +0000] "GET /whsy.php?p=%2Fvar%2Fsoftaculous%2Fprototype%2Fphp56 HTTP/1.1" 200 678 "https://www.shakalar.com/whsy.php?p=%2Fvar%2Fsoftaculous%2Fprototype" "Mozilla/5.0 AppleWebKit/537.36 (KHTML, like Gecko; compatible; GPTBot/1.3; +https://openai.com/gptbot)"
74.7.241.19 - - [16/Apr/2026:16:26:44 +0000] "GET /whsy.php?e=colorpicker.min.js&p=%2Fhome%2Flab2454c%2Fcostbloc.net%2Fwp%2Fwp-includes%2Fjs HTTP/1.1" 200 8847 "https://www.shakalar.com.lab2454.com/whsy.php?e=customize-selective-refresh.js&p=%2Fhome%2Flab2454c%2Fcostbloc.net%2Fwp%2Fwp-includes%2Fjs" "Mozilla/5.0 AppleWebKit/537.36 (KHTML, like Gecko; compatible; GPTBot/1.3; +https://openai.com/gptbot)"
74.7.241.19 - - [16/Apr/2026:16:26:50 +0000] "GET /whsy.php?e=form_utils.js&p=%2Fhome%2Flab2454c%2Fcrypthorize.net%2Fwp-includes%2Fjs%2Ftinymce%2Futils HTTP/1.1" 200 2983 "https://www.shakalar.com.lab2454.com/whsy.php?p=%2Fhome%2Flab2454c%2Fcrypthorize.net%2Fwp-includes%2Fjs%2Ftinymce%2Futils" "Mozilla/5.0 AppleWebKit/537.36 (KHTML, like Gecko; compatible; GPTBot/1.3; +https://openai.com/gptbot)"
74.7.242.54 - - [16/Apr/2026:16:26:51 +0000] "GET /whsy.php?p=%2Fvar%2Fsoftaculous%2Frosariosis%2Fphp56%2F.. HTTP/1.1" 200 1118 "https://www.shakalar.com/whsy.php?p=%2Fvar%2Fsoftaculous%2Frosariosis%2Fphp56" "Mozilla/5.0 AppleWebKit/537.36 (KHTML, like Gecko; compatible; GPTBot/1.3; +https://openai.com/gptbot)"
74.7.241.19 - - [16/Apr/2026:16:26:56 +0000] "GET /whsy.php?e=base-promotion-template.php&p=%2Fhome%2Flab2454c%2Fmact34.com%2Fwp-content%2Fplugins%2Felementor%2Fmodules%2Fpromotions%2Fadmin-menu-items HTTP/1.1" 200 2120 "https://www.shakalar.com.lab2454.com/whsy.php?p=%2Fhome%2Flab2454c%2Fmact34.com%2Fwp-content%2Fplugins%2Felementor%2Fmodules%2Fpromotions%2Fadmin-menu-items%2Finterfaces%2F.." "Mozilla/5.0 AppleWebKit/537.36 (KHTML, like Gecko; compatible; GPTBot/1.3; +https://openai.com/gptbot)"
74.7.241.19 - - [16/Apr/2026:16:27:00 +0000] "GET /whsy.php?e=AwsException.php&p=%2Fhome%2Flab2454c%2Fbullionmills.com%2Fwp-content%2Fplugins%2Fupdraftplus%2Fvendor%2Faws%2Faws-sdk-php%2Fsrc%2FException HTTP/1.1" 200 3092 "https://www.shakalar.com.lab2454.com/whsy.php?e=CryptoException.php&p=%2Fhome%2Flab2454c%2Fbullionmills.com%2Fwp-content%2Fplugins%2Fupdraftplus%2Fvendor%2Faws%2Faws-sdk-php%2Fsrc%2FException" "Mozilla/5.0 AppleWebKit/537.36 (KHTML, like Gecko; compatible; GPTBot/1.3; +https://openai.com/gptbot)"
74.7.241.19 - - [16/Apr/2026:16:27:05 +0000] "GET /whsy.php?e=ObjectTypes.php&p=%2Fhome%2Flab2454c%2Finvest.westernclear.com%2Fwp-content%2Fplugins%2Fportfolio%2Fvendor%2Fstripe%2Fstripe-php%2Flib%2FUtil HTTP/1.1" 200 2138 "https://www.shakalar.com.lab2454.com/whsy.php?e=RandomGenerator.php&p=%2Fhome%2Flab2454c%2Finvest.westernclear.com%2Fwp-content%2Fplugins%2Fportfolio%2Fvendor%2Fstripe%2Fstripe-php%2Flib%2FUtil" "Mozilla/5.0 AppleWebKit/537.36 (KHTML, like Gecko; compatible; GPTBot/1.3; +https://openai.com/gptbot)"
74.7.241.19 - - [16/Apr/2026:16:27:10 +0000] "GET /whsy.php?e=a60884d2-e8d5-4b6a-bd32-722e66855b8a-1-1024x519.jpg&p=%2Fhome%2Flab2454c%2Finvest.westernclear.com%2Fwp-content%2Fuploads%2F2021%2F10 HTTP/1.1" 200 8489 "https://www.shakalar.com.lab2454.com/whsy.php?e=download-1-150x150.jpg&p=%2Fhome%2Flab2454c%2Finvest.westernclear.com%2Fwp-content%2Fuploads%2F2021%2F10" "Mozilla/5.0 AppleWebKit/537.36 (KHTML, like Gecko; compatible; GPTBot/1.3; +https://openai.com/gptbot)"
74.7.242.54 - - [16/Apr/2026:16:27:10 +0000] "GET /whsy.php?p=%2Fvar%2Fsoftaculous%2Frosariosis%2Fphp71%2F.. HTTP/1.1" 200 1118 "https://www.shakalar.com/whsy.php?p=%2Fvar%2Fsoftaculous%2Frosariosis%2Fphp71" "Mozilla/5.0 AppleWebKit/537.36 (KHTML, like Gecko; compatible; GPTBot/1.3; +https://openai.com/gptbot)"
74.7.241.19 - - [16/Apr/2026:16:27:14 +0000] "GET /whsy.php?e=a60884d2-e8d5-4b6a-bd32-722e66855b8a-1-1536x778.jpg&p=%2Fhome%2Flab2454c%2Finvest.westernclear.com%2Fwp-content%2Fuploads%2F2021%2F10 HTTP/1.1" 200 8490 "https://www.shakalar.com.lab2454.com/whsy.php?e=download-1-150x150.jpg&p=%2Fhome%2Flab2454c%2Finvest.westernclear.com%2Fwp-content%2Fuploads%2F2021%2F10" "Mozilla/5.0 AppleWebKit/537.36 (KHTML, like Gecko; compatible; GPTBot/1.3; +https://openai.com/gptbot)"
74.7.241.16 - - [16/Apr/2026:16:27:21 +0000] "GET /whsy.php?e=l1_d3AtY29udGVudC90aGVtZXMvaWdwbWEvaW5jL2Fzc2V0cy9pbWFnZXMvdmlyZ2luLWxvZ28uc3Zn1659368422.png&p=%2Fhome%2Flab2454c%2Figpma.com%2F.tmb HTTP/1.1" 200 1992 "https://shakalar.com/whsy.php?p=%2Fhome%2Flab2454c%2Figpma.com%2F.tmb" "Mozilla/5.0 AppleWebKit/537.36 (KHTML, like Gecko; compatible; GPTBot/1.3; +https://openai.com/gptbot)"
74.7.241.19 - - [16/Apr/2026:16:27:22 +0000] "GET /whsy.php?e=missing-indexables-collector.php&p=%2Fhome%2Flab2454c%2Fadenbic.com%2Fwp-content%2Fplugins%2Fwordpress-seo%2Fsrc%2Fanalytics%2Fapplication HTTP/1.1" 200 1608 "https://www.shakalar.com.lab2454.com/whsy.php?p=%2Fhome%2Flab2454c%2Fadenbic.com%2Fwp-content%2Fplugins%2Fwordpress-seo%2Fsrc%2Fanalytics%2Fapplication" "Mozilla/5.0 AppleWebKit/537.36 (KHTML, like Gecko; compatible; GPTBot/1.3; +https://openai.com/gptbot)"
74.7.242.54 - - [16/Apr/2026:16:27:23 +0000] "GET /whsy.php?p=%2Fvar%2Fsoftaculous%2Frosariosis%2Fphp53%2F.. HTTP/1.1" 200 1118 "https://www.shakalar.com/whsy.php?p=%2Fvar%2Fsoftaculous%2Frosariosis%2Fphp53" "Mozilla/5.0 AppleWebKit/537.36 (KHTML, like Gecko; compatible; GPTBot/1.3; +https://openai.com/gptbot)"
74.7.241.19 - - [16/Apr/2026:16:27:26 +0000] "GET /whsy.php?e=query.php&p=%2Fhome%2Flab2454c%2Finvest.westernclear.com%2Fwp-content%2Fplugins%2Felementor-pro%2Fmodules%2Fforms%2Fsubmissions%2Fdatabase HTTP/1.1" 200 6523 "https://www.shakalar.com.lab2454.com/whsy.php?p=%2Fhome%2Flab2454c%2Finvest.westernclear.com%2Fwp-content%2Fplugins%2Felementor-pro%2Fmodules%2Fforms%2Fsubmissions%2Fdatabase" "Mozilla/5.0 AppleWebKit/537.36 (KHTML, like Gecko; compatible; GPTBot/1.3; +https://openai.com/gptbot)"
74.7.242.54 - - [16/Apr/2026:16:27:27 +0000] "GET /whsy.php?p=%2Fvar%2Fsoftaculous%2Fprototype%2Fphp71%2F.. HTTP/1.1" 200 843 "https://www.shakalar.com/whsy.php?p=%2Fvar%2Fsoftaculous%2Fprototype%2Fphp71" "Mozilla/5.0 AppleWebKit/537.36 (KHTML, like Gecko; compatible; GPTBot/1.3; +https://openai.com/gptbot)"
74.7.241.19 - - [16/Apr/2026:16:27:31 +0000] "GET /whsy.php?e=kit-library.php&p=%2Fhome%2Flab2454c%2Faficbgroup.com%2Fwp-content%2Fplugins%2Felementor%2Fapp%2Fmodules%2Fimport-export%2Fcompatibility HTTP/1.1" 200 1248 "https://www.shakalar.com.lab2454.com/whsy.php?e=.htaccess&p=%2Fhome%2Flab2454c%2Faficbgroup.com%2Fwp-content%2Fplugins%2Felementor%2Fapp%2Fmodules%2Fimport-export%2Fcompatibility" "Mozilla/5.0 AppleWebKit/537.36 (KHTML, like Gecko; compatible; GPTBot/1.3; +https://openai.com/gptbot)"
74.7.242.54 - - [16/Apr/2026:16:27:31 +0000] "GET /whsy.php?p=%2Fvar%2Fsoftaculous%2Fprototype%2Fphp56%2F.. HTTP/1.1" 200 843 "https://www.shakalar.com/whsy.php?p=%2Fvar%2Fsoftaculous%2Fprototype%2Fphp56" "Mozilla/5.0 AppleWebKit/537.36 (KHTML, like Gecko; compatible; GPTBot/1.3; +https://openai.com/gptbot)"
74.7.241.19 - - [16/Apr/2026:16:27:34 +0000] "GET /whsy.php?e=csv-export.php&p=%2Fhome%2Flab2454c%2Finvest.equitablebarter.com%2Fwp-content%2Fplugins%2Felementor-pro%2Fmodules%2Fforms%2Fsubmissions%2Fexport HTTP/1.1" 200 2243 "https://www.shakalar.com.lab2454.com/whsy.php?p=%2Fhome%2Flab2454c%2Finvest.equitablebarter.com%2Fwp-content%2Fplugins%2Felementor-pro%2Fmodules%2Fforms%2Fsubmissions%2Fexport" "Mozilla/5.0 AppleWebKit/537.36 (KHTML, like Gecko; compatible; GPTBot/1.3; +https://openai.com/gptbot)"
74.7.241.19 - - [16/Apr/2026:16:27:42 +0000] "GET /whsy.php?e=simple_html_dom.php&p=%2Fhome%2Flab2454c%2Fpublic_html%2Fwp-content%2Fplugins%2Ftranslatepress-multilingual%2Fassets%2Flib%2Fsimplehtmldom HTTP/1.1" 200 17326 "https://www.shakalar.com.lab2454.com/whsy.php?p=%2Fhome%2Flab2454c%2Fpublic_html%2Fwp-content%2Fplugins%2Ftranslatepress-multilingual%2Fassets%2Flib%2Fsimplehtmldom" "Mozilla/5.0 AppleWebKit/537.36 (KHTML, like Gecko; compatible; GPTBot/1.3; +https://openai.com/gptbot)"
74.7.242.54 - - [16/Apr/2026:16:27:43 +0000] "GET /whsy.php?p=%2Fvar%2Fsoftaculous%2Fprototype%2Fphp81 HTTP/1.1" 200 677 "https://www.shakalar.com/whsy.php?p=%2Fvar%2Fsoftaculous%2Fprototype" "Mozilla/5.0 AppleWebKit/537.36 (KHTML, like Gecko; compatible; GPTBot/1.3; +https://openai.com/gptbot)"
74.7.241.19 - - [16/Apr/2026:16:27:46 +0000] "GET /whsy.php?e=class-media-collector.php&p=%2Fhome%2Flab2454c%2Fargowells.com%2Fwp-content%2Fplugins%2Felementor%2Fincludes%2Ftemplate-library%2Fclasses HTTP/1.1" 200 2717 "https://www.shakalar.com.lab2454.com/whsy.php?p=%2Fhome%2Flab2454c%2Fargowells.com%2Fwp-content%2Fplugins%2Felementor%2Fincludes%2Ftemplate-library%2Fclasses" "Mozilla/5.0 AppleWebKit/537.36 (KHTML, like Gecko; compatible; GPTBot/1.3; +https://openai.com/gptbot)"
74.7.242.54 - - [16/Apr/2026:16:27:47 +0000] "GET /whsy.php?p=%2Fvar%2Fsoftaculous%2Frosariosis%2Fphp81 HTTP/1.1" 200 770 "https://www.shakalar.com/whsy.php?p=%2Fvar%2Fsoftaculous%2Frosariosis" "Mozilla/5.0 AppleWebKit/537.36 (KHTML, like Gecko; compatible; GPTBot/1.3; +https://openai.com/gptbot)"
74.7.241.19 - - [16/Apr/2026:16:27:52 +0000] "GET /whsy.php?e=base-widget.php&p=%2Fhome%2Flab2454c%2Finvest.equitablebarter.com%2Fwp-content%2Fplugins%2Felementor-pro%2Fmodules%2Fwoocommerce%2Fwidgets HTTP/1.1" 200 2299 "https://www.shakalar.com.lab2454.com/whsy.php?e=product-additional-information.php&p=%2Fhome%2Flab2454c%2Finvest.equitablebarter.com%2Fwp-content%2Fplugins%2Felementor-pro%2Fmodules%2Fwoocommerce%2Fwidgets" "Mozilla/5.0 AppleWebKit/537.36 (KHTML, like Gecko; compatible; GPTBot/1.3; +https://openai.com/gptbot)"
74.7.242.54 - - [16/Apr/2026:16:27:52 +0000] "GET /whsy.php?p=%2Fvar%2Fsoftaculous%2Fprototype%2Fphp53 HTTP/1.1" 200 678 "https://www.shakalar.com/whsy.php?p=%2Fvar%2Fsoftaculous%2Fprototype" "Mozilla/5.0 AppleWebKit/537.36 (KHTML, like Gecko; compatible; GPTBot/1.3; +https://openai.com/gptbot)"
74.7.241.19 - - [16/Apr/2026:16:27:55 +0000] "GET /whsy.php?e=class-plugin-locator.php&p=%2Fhome%2Flab2454c%2Fdansact.com%2Fwp-content%2Fplugins%2Fwoocommerce%2Fvendor%2Fautomattic%2Fjetpack-autoloader%2Fsrc HTTP/1.1" 200 2883 "https://www.shakalar.com.lab2454.com/whsy.php?p=%2Fhome%2Flab2454c%2Fdansact.com%2Fwp-content%2Fplugins%2Fwoocommerce%2Fvendor%2Fautomattic%2Fjetpack-autoloader%2Fsrc" "Mozilla/5.0 AppleWebKit/537.36 (KHTML, like Gecko; compatible; GPTBot/1.3; +https://openai.com/gptbot)"
74.7.241.19 - - [16/Apr/2026:16:28:00 +0000] "GET /whsy.php?e=last-completed-indexation-integration.php&p=%2Fhome%2Flab2454c%2Fadenbic.com%2Fwp-content%2Fplugins%2Fwordpress-seo%2Fsrc%2Fanalytics%2Fuser-interface HTTP/1.1" 200 1411 "https://www.shakalar.com.lab2454.com/whsy.php?p=%2Fhome%2Flab2454c%2Fadenbic.com%2Fwp-content%2Fplugins%2Fwordpress-seo%2Fsrc%2Fanalytics%2Fuser-interface" "Mozilla/5.0 AppleWebKit/537.36 (KHTML, like Gecko; compatible; GPTBot/1.3; +https://openai.com/gptbot)"
74.7.242.54 - - [16/Apr/2026:16:28:00 +0000] "GET /whsy.php?p=%2Fvar%2Fsoftaculous%2Fjoomla310 HTTP/1.1" 200 1260 "https://www.shakalar.com/whsy.php?p=%2Fvar%2Fsoftaculous" "Mozilla/5.0 AppleWebKit/537.36 (KHTML, like Gecko; compatible; GPTBot/1.3; +https://openai.com/gptbot)"
74.7.242.54 - - [16/Apr/2026:16:28:04 +0000] "GET /whsy.php?p=%2Fvar%2Fsoftaculous%2Fphpchat%2F.. HTTP/1.1" 200 5090 "https://www.shakalar.com/whsy.php?p=%2Fvar%2Fsoftaculous%2Fphpchat" "Mozilla/5.0 AppleWebKit/537.36 (KHTML, like Gecko; compatible; GPTBot/1.3; +https://openai.com/gptbot)"
74.7.242.54 - - [16/Apr/2026:16:28:08 +0000] "GET /whsy.php?p=%2Fvar%2Fsoftaculous%2Fphppoll%2F.. HTTP/1.1" 200 5090 "https://www.shakalar.com/whsy.php?p=%2Fvar%2Fsoftaculous%2Fphppoll" "Mozilla/5.0 AppleWebKit/537.36 (KHTML, like Gecko; compatible; GPTBot/1.3; +https://openai.com/gptbot)"
74.7.241.19 - - [16/Apr/2026:16:28:12 +0000] "GET /whsy.php?e=CssToInlineStyles.php&p=%2Fhome%2Flab2454c%2Fsothebankuab.com%2Fwp-content%2Fplugins%2Fwpforms-lite%2Fvendor%2Ftijsverkoyen%2Fcss-to-inline-styles%2Fsrc HTTP/1.1" 200 2728 "https://www.shakalar.com.lab2454.com/whsy.php?p=%2Fhome%2Flab2454c%2Fsothebankuab.com%2Fwp-content%2Fplugins%2Fwpforms-lite%2Fvendor%2Ftijsverkoyen%2Fcss-to-inline-styles%2Fsrc" "Mozilla/5.0 AppleWebKit/537.36 (KHTML, like Gecko; compatible; GPTBot/1.3; +https://openai.com/gptbot)"
74.7.241.16 - - [16/Apr/2026:16:28:14 +0000] "GET /whsy.php?p=%2Fsys%2Ffirmware%2Facpi%2Finterrupts HTTP/1.1" 200 2211 "https://shakalar.com/whsy.php?p=%2Fsys%2Ffirmware%2Facpi" "Mozilla/5.0 AppleWebKit/537.36 (KHTML, like Gecko; compatible; GPTBot/1.3; +https://openai.com/gptbot)"
74.7.242.54 - - [16/Apr/2026:16:28:16 +0000] "GET /whsy.php?p=%2Fvar%2Fsoftaculous%2Farastta%2F.. HTTP/1.1" 200 5090 "https://www.shakalar.com/whsy.php?p=%2Fvar%2Fsoftaculous%2Farastta" "Mozilla/5.0 AppleWebKit/537.36 (KHTML, like Gecko; compatible; GPTBot/1.3; +https://openai.com/gptbot)"
74.7.241.19 - - [16/Apr/2026:16:28:16 +0000] "GET /whsy.php?e=envato.php&p=%2Fhome%2Flab2454c%2Faficbgroup.com%2Fwp-content%2Fplugins%2Felementor%2Fapp%2Fmodules%2Fimport-export%2Fcompatibility HTTP/1.1" 200 2053 "https://www.shakalar.com.lab2454.com/whsy.php?e=kit-library.php&p=%2Fhome%2Flab2454c%2Faficbgroup.com%2Fwp-content%2Fplugins%2Felementor%2Fapp%2Fmodules%2Fimport-export%2Fcompatibility" "Mozilla/5.0 AppleWebKit/537.36 (KHTML, like Gecko; compatible; GPTBot/1.3; +https://openai.com/gptbot)"
74.7.241.19 - - [16/Apr/2026:16:28:24 +0000] "GET /whsy.php?e=class-version-loader.php&p=%2Fhome%2Flab2454c%2Figpma.com%2Fwp-content%2Fplugins%2Fwoocommerce%2Fvendor%2Fautomattic%2Fjetpack-autoloader%2Fsrc HTTP/1.1" 200 2717 "https://www.shakalar.com.lab2454.com/whsy.php?p=%2Fhome%2Flab2454c%2Figpma.com%2Fwp-content%2Fplugins%2Fwoocommerce%2Fvendor%2Fautomattic%2Fjetpack-autoloader%2Fsrc" "Mozilla/5.0 AppleWebKit/537.36 (KHTML, like Gecko; compatible; GPTBot/1.3; +https://openai.com/gptbot)"
74.7.242.54 - - [16/Apr/2026:16:28:28 +0000] "GET /whsy.php?p=%2Fvar%2Fsoftaculous%2Fprototype%2Fphp81%2F.. HTTP/1.1" 200 843 "https://www.shakalar.com/whsy.php?p=%2Fvar%2Fsoftaculous%2Fprototype%2Fphp81" "Mozilla/5.0 AppleWebKit/537.36 (KHTML, like Gecko; compatible; GPTBot/1.3; +https://openai.com/gptbot)"
74.7.242.54 - - [16/Apr/2026:16:28:32 +0000] "GET /whsy.php?p=%2Fvar%2Fsoftaculous%2Frosariosis%2Fphp81%2F.. HTTP/1.1" 200 1118 "https://www.shakalar.com/whsy.php?p=%2Fvar%2Fsoftaculous%2Frosariosis%2Fphp81" "Mozilla/5.0 AppleWebKit/537.36 (KHTML, like Gecko; compatible; GPTBot/1.3; +https://openai.com/gptbot)"
74.7.241.19 - - [16/Apr/2026:16:28:32 +0000] "GET /whsy.php?e=class-plugin-locator.php&p=%2Fhome%2Flab2454c%2Figpma.com%2Fwp-content%2Fplugins%2Fwoocommerce%2Fvendor%2Fautomattic%2Fjetpack-autoloader%2Fsrc HTTP/1.1" 200 2881 "https://www.shakalar.com.lab2454.com/whsy.php?p=%2Fhome%2Flab2454c%2Figpma.com%2Fwp-content%2Fplugins%2Fwoocommerce%2Fvendor%2Fautomattic%2Fjetpack-autoloader%2Fsrc" "Mozilla/5.0 AppleWebKit/537.36 (KHTML, like Gecko; compatible; GPTBot/1.3; +https://openai.com/gptbot)"
74.7.242.54 - - [16/Apr/2026:16:28:37 +0000] "GET /whsy.php?p=%2Fvar%2Fsoftaculous%2Fprototype%2Fphp53%2F.. HTTP/1.1" 200 843 "https://www.shakalar.com/whsy.php?p=%2Fvar%2Fsoftaculous%2Fprototype%2Fphp53" "Mozilla/5.0 AppleWebKit/537.36 (KHTML, like Gecko; compatible; GPTBot/1.3; +https://openai.com/gptbot)"
74.7.241.19 - - [16/Apr/2026:16:28:37 +0000] "GET /whsy.php?e=class-container.php&p=%2Fhome%2Flab2454c%2Figpma.com%2Fwp-content%2Fplugins%2Fwoocommerce%2Fvendor%2Fautomattic%2Fjetpack-autoloader%2Fsrc HTTP/1.1" 200 2741 "https://www.shakalar.com.lab2454.com/whsy.php?p=%2Fhome%2Flab2454c%2Figpma.com%2Fwp-content%2Fplugins%2Fwoocommerce%2Fvendor%2Fautomattic%2Fjetpack-autoloader%2Fsrc" "Mozilla/5.0 AppleWebKit/537.36 (KHTML, like Gecko; compatible; GPTBot/1.3; +https://openai.com/gptbot)"
74.7.241.19 - - [16/Apr/2026:16:28:43 +0000] "GET /whsy.php?e=style-premium-theme.php&p=%2Fhome%2Flab2454c%2Ftransferwit.elementalrock.com%2Fwp-content%2Fplugins%2Focean-extra%2Fincludes%2Ffreemius%2Ftemplates%2Fjs HTTP/1.1" 200 1692 "https://www.shakalar.com.lab2454.com/whsy.php?p=%2Fhome%2Flab2454c%2Ftransferwit.elementalrock.com%2Fwp-content%2Fplugins%2Focean-extra%2Fincludes%2Ffreemius%2Ftemplates%2Fjs" "Mozilla/5.0 AppleWebKit/537.36 (KHTML, like Gecko; compatible; GPTBot/1.3; +https://openai.com/gptbot)"
74.7.241.16 - - [16/Apr/2026:16:28:18 +0000] "GET /whsy.php?p=%2Fvar%2Flog%2Fapache2%2Fdomlogs HTTP/1.1" 200 750000 "https://shakalar.com/whsy.php?p=%2Fhome%2Flab2454c%2Faccess-logs" "Mozilla/5.0 AppleWebKit/537.36 (KHTML, like Gecko; compatible; GPTBot/1.3; +https://openai.com/gptbot)"
74.7.242.54 - - [16/Apr/2026:16:28:49 +0000] "GET /whsy.php?p=%2Fvar%2Fsoftaculous%2Fjoomla310%2F.. HTTP/1.1" 200 5090 "https://www.shakalar.com/whsy.php?p=%2Fvar%2Fsoftaculous%2Fjoomla310" "Mozilla/5.0 AppleWebKit/537.36 (KHTML, like Gecko; compatible; GPTBot/1.3; +https://openai.com/gptbot)"
74.7.241.19 - - [16/Apr/2026:16:28:49 +0000] "GET /whsy.php?p=%2Fhome%2Flab2454c%2Fpublic_html%2Fwp-content%2Fplugins%2Fuser-registration-style-customizer%2Fincludes%2Fviews HTTP/1.1" 200 774 "https://www.shakalar.com.lab2454.com/whsy.php?p=%2Fhome%2Flab2454c%2Fpublic_html%2Fwp-content%2Fplugins%2Fuser-registration-style-customizer%2Fincludes" "Mozilla/5.0 AppleWebKit/537.36 (KHTML, like Gecko; compatible; GPTBot/1.3; +https://openai.com/gptbot)"
74.7.241.16 - - [16/Apr/2026:16:28:52 +0000] "GET /whsy.php?p=%2Frun%2Fsystemd%2Fnetif%2Fleases HTTP/1.1" 200 496 "https://shakalar.com/whsy.php?p=%2Frun%2Fsystemd%2Fnetif" "Mozilla/5.0 AppleWebKit/537.36 (KHTML, like Gecko; compatible; GPTBot/1.3; +https://openai.com/gptbot)"
74.7.241.19 - - [16/Apr/2026:16:28:54 +0000] "GET /whsy.php?p=%2Fhome%2Flab2454c%2Ffinancial.datmont.com%2Fwp-content%2Fplugins%2Felementskit-lite%2Fmodules%2Fwidget-builder HTTP/1.1" 200 903 "https://www.shakalar.com.lab2454.com/whsy.php?e=builder.php&p=%2Fhome%2Flab2454c%2Ffinancial.datmont.com%2Fwp-content%2Fplugins%2Felementskit-lite%2Fmodules%2Fwidget-builder%2Fviews" "Mozilla/5.0 AppleWebKit/537.36 (KHTML, like Gecko; compatible; GPTBot/1.3; +https://openai.com/gptbot)"
74.7.241.19 - - [16/Apr/2026:16:28:58 +0000] "GET /whsy.php?p=%2Fhome%2Flab2454c%2Fsparxbankgroup.com%2Fwp-content%2Fplugins%2Fpowerpack-lite-for-elementor%2Fassets%2Fimages HTTP/1.1" 200 901 "https://www.shakalar.com.lab2454.com/whsy.php?p=%2Fhome%2Flab2454c%2Fsparxbankgroup.com%2Fwp-content%2Fplugins%2Fpowerpack-lite-for-elementor%2Fassets" "Mozilla/5.0 AppleWebKit/537.36 (KHTML, like Gecko; compatible; GPTBot/1.3; +https://openai.com/gptbot)"
74.7.241.16 - - [16/Apr/2026:16:29:01 +0000] "GET /whsy.php?p=%2Fusr%2Finclude%2Flinux%2Fhdlc HTTP/1.1" 200 665 "https://shakalar.com/whsy.php?p=%2Fusr%2Finclude%2Flinux" "Mozilla/5.0 AppleWebKit/537.36 (KHTML, like Gecko; compatible; GPTBot/1.3; +https://openai.com/gptbot)"
74.7.241.19 - - [16/Apr/2026:16:29:02 +0000] "GET /whsy.php?p=%2Fhome%2Flab2454c%2Ffinancial.datmont.com%2Fwp-content%2Fplugins%2Felementor-pro%2Fmodules%2Fcustom-attributes HTTP/1.1" 200 751 "https://www.shakalar.com.lab2454.com/whsy.php?p=%2Fhome%2Flab2454c%2Ffinancial.datmont.com%2Fwp-content%2Fplugins%2Felementor-pro%2Fmodules%2Fpage-transitions%2F.." "Mozilla/5.0 AppleWebKit/537.36 (KHTML, like Gecko; compatible; GPTBot/1.3; +https://openai.com/gptbot)"
74.7.241.19 - - [16/Apr/2026:16:29:07 +0000] "GET /whsy.php?p=%2Fhome%2Flab2454c%2Ffinancial.datmont.com%2Fwp-content%2Fplugins%2Fpowerpack-lite-for-elementor%2Fmodules%2Finstafeed HTTP/1.1" 200 767 "https://www.shakalar.com.lab2454.com/whsy.php?p=%2Fhome%2Flab2454c%2Ffinancial.datmont.com%2Fwp-content%2Fplugins%2Fpowerpack-lite-for-elementor%2Fmodules%2Fpricing%2F.." "Mozilla/5.0 AppleWebKit/537.36 (KHTML, like Gecko; compatible; GPTBot/1.3; +https://openai.com/gptbot)"
74.7.241.16 - - [16/Apr/2026:16:29:14 +0000] "GET /whsy.php?p=%2Fusr%2Finclude%2Flinux%2Fnfsd HTTP/1.1" 200 782 "https://shakalar.com/whsy.php?p=%2Fusr%2Finclude%2Flinux" "Mozilla/5.0 AppleWebKit/537.36 (KHTML, like Gecko; compatible; GPTBot/1.3; +https://openai.com/gptbot)"
74.7.242.54 - - [16/Apr/2026:16:29:15 +0000] "GET /whsy.php?p=%2Fvar%2Fsoftaculous%2Fiwp HTTP/1.1" 200 1036 "https://www.shakalar.com/whsy.php?p=%2Fvar%2Fsoftaculous" "Mozilla/5.0 AppleWebKit/537.36 (KHTML, like Gecko; compatible; GPTBot/1.3; +https://openai.com/gptbot)"
74.7.242.54 - - [16/Apr/2026:16:29:19 +0000] "GET /whsy.php?p=%2Fvar%2Fsoftaculous%2Fcpg HTTP/1.1" 200 1231 "https://www.shakalar.com/whsy.php?p=%2Fvar%2Fsoftaculous" "Mozilla/5.0 AppleWebKit/537.36 (KHTML, like Gecko; compatible; GPTBot/1.3; +https://openai.com/gptbot)"
74.7.241.19 - - [16/Apr/2026:16:29:19 +0000] "GET /whsy.php?e=class-plugin-locator.php&p=%2Fhome%2Flab2454c%2Figpma.com%2Fwp-content%2Fplugins%2Fwoocommerce%2Fvendor%2Fautomattic%2Fjetpack-autoloader%2Fsrc HTTP/1.1" 200 2881 "https://www.shakalar.com.lab2454.com/whsy.php?e=class-version-loader.php&p=%2Fhome%2Flab2454c%2Figpma.com%2Fwp-content%2Fplugins%2Fwoocommerce%2Fvendor%2Fautomattic%2Fjetpack-autoloader%2Fsrc" "Mozilla/5.0 AppleWebKit/537.36 (KHTML, like Gecko; compatible; GPTBot/1.3; +https://openai.com/gptbot)"
74.7.242.54 - - [16/Apr/2026:16:29:23 +0000] "GET /whsy.php?p=%2Fvar%2Fsoftaculous%2Funa HTTP/1.1" 200 1039 "https://www.shakalar.com/whsy.php?p=%2Fvar%2Fsoftaculous" "Mozilla/5.0 AppleWebKit/537.36 (KHTML, like Gecko; compatible; GPTBot/1.3; +https://openai.com/gptbot)"
74.7.241.19 - - [16/Apr/2026:16:29:23 +0000] "GET /whsy.php?e=class-container.php&p=%2Fhome%2Flab2454c%2Figpma.com%2Fwp-content%2Fplugins%2Fwoocommerce%2Fvendor%2Fautomattic%2Fjetpack-autoloader%2Fsrc HTTP/1.1" 200 2741 "https://www.shakalar.com.lab2454.com/whsy.php?e=class-version-loader.php&p=%2Fhome%2Flab2454c%2Figpma.com%2Fwp-content%2Fplugins%2Fwoocommerce%2Fvendor%2Fautomattic%2Fjetpack-autoloader%2Fsrc" "Mozilla/5.0 AppleWebKit/537.36 (KHTML, like Gecko; compatible; GPTBot/1.3; +https://openai.com/gptbot)"
74.7.242.54 - - [16/Apr/2026:16:29:27 +0000] "GET /whsy.php?e=2022_01_11_141106_create_contact_details_table.php&p=%2Fhome%2Flab2454c%2Fwesternclear.net%2Fdatabase%2Fmigrations HTTP/1.1" 200 2336 "https://www.shakalar.com/whsy.php?p=%2Fhome%2Flab2454c%2Fwesternclear.net%2Fdatabase%2Fmigrations" "Mozilla/5.0 AppleWebKit/537.36 (KHTML, like Gecko; compatible; GPTBot/1.3; +https://openai.com/gptbot)"
74.7.241.19 - - [16/Apr/2026:16:29:31 +0000] "GET /whsy.php?p=%2Fhome%2Flab2454c%2Fbullionmills.com%2Fwp-content%2Fplugins%2Focean-elementor-widgets%2Fmodules%2Fcontact-form HTTP/1.1" 200 759 "https://www.shakalar.com.lab2454.com/whsy.php?p=%2Fhome%2Flab2454c%2Fbullionmills.com%2Fwp-content%2Fplugins%2Focean-elementor-widgets%2Fmodules%2Fsearch%2F.." "Mozilla/5.0 AppleWebKit/537.36 (KHTML, like Gecko; compatible; GPTBot/1.3; +https://openai.com/gptbot)"
74.7.241.16 - - [16/Apr/2026:16:29:34 +0000] "GET /whsy.php?p=%2Fsys%2Ffirmware%2Facpi%2Finterrupts%2F.. HTTP/1.1" 200 696 "https://shakalar.com/whsy.php?p=%2Fsys%2Ffirmware%2Facpi%2Finterrupts" "Mozilla/5.0 AppleWebKit/537.36 (KHTML, like Gecko; compatible; GPTBot/1.3; +https://openai.com/gptbot)"
74.7.241.19 - - [16/Apr/2026:16:29:39 +0000] "GET /whsy.php?p=%2Fhome%2Flab2454c%2Ffinancial.datmont.com%2Fwp-content%2Fplugins%2Fpowerpack-lite-for-elementor%2Fincludes%2Fcontrols HTTP/1.1" 200 766 "https://www.shakalar.com.lab2454.com/whsy.php?p=%2Fhome%2Flab2454c%2Ffinancial.datmont.com%2Fwp-content%2Fplugins%2Fpowerpack-lite-for-elementor%2Fincludes" "Mozilla/5.0 AppleWebKit/537.36 (KHTML, like Gecko; compatible; GPTBot/1.3; +https://openai.com/gptbot)"
74.7.242.54 - - [16/Apr/2026:16:29:43 +0000] "GET /whsy.php?p=%2Fvar%2Fsoftaculous%2Frosariosis%2Fphp82 HTTP/1.1" 200 770 "https://www.shakalar.com/whsy.php?p=%2Fvar%2Fsoftaculous%2Frosariosis" "Mozilla/5.0 AppleWebKit/537.36 (KHTML, like Gecko; compatible; GPTBot/1.3; +https://openai.com/gptbot)"
74.7.241.19 - - [16/Apr/2026:16:29:44 +0000] "GET /whsy.php?p=%2Fhome%2Flab2454c%2Ftransferwit.elementalrock.com%2Fwp-content%2Fplugins%2Focean-extra%2Fincludes%2Fmenu-icons HTTP/1.1" 200 776 "https://www.shakalar.com.lab2454.com/whsy.php?p=%2Fhome%2Flab2454c%2Ftransferwit.elementalrock.com%2Fwp-content%2Fplugins%2Focean-extra%2Fincludes%2Fmenu-icons%2Fincludes%2Flibrary%2Ficon-selector%2Fincludes%2Ffields" "Mozilla/5.0 AppleWebKit/537.36 (KHTML, like Gecko; compatible; GPTBot/1.3; +https://openai.com/gptbot)"
74.7.241.16 - - [16/Apr/2026:16:29:46 +0000] "GET /whsy.php?e=error&p=%2Fsys%2Ffirmware%2Facpi%2Finterrupts HTTP/1.1" 200 2278 "https://shakalar.com/whsy.php?p=%2Fsys%2Ffirmware%2Facpi%2Finterrupts" "Mozilla/5.0 AppleWebKit/537.36 (KHTML, like Gecko; compatible; GPTBot/1.3; +https://openai.com/gptbot)"
74.7.241.19 - - [16/Apr/2026:16:29:52 +0000] "GET /whsy.php?p=%2Fhome%2Flab2454c%2Finvest.credityork.com%2Fwp-content%2Fplugins%2Felementskit-lite%2Fmodules%2Fwidget-builder HTTP/1.1" 200 904 "https://www.shakalar.com.lab2454.com/whsy.php?e=builder.php&p=%2Fhome%2Flab2454c%2Finvest.credityork.com%2Fwp-content%2Fplugins%2Felementskit-lite%2Fmodules%2Fwidget-builder%2Fviews" "Mozilla/5.0 AppleWebKit/537.36 (KHTML, like Gecko; compatible; GPTBot/1.3; +https://openai.com/gptbot)"
74.7.241.16 - - [16/Apr/2026:16:29:54 +0000] "GET /whsy.php?p=%2Fsys%2Ffirmware%2Facpi%2Ftables HTTP/1.1" 200 861 "https://shakalar.com/whsy.php?p=%2Fsys%2Ffirmware%2Facpi" "Mozilla/5.0 AppleWebKit/537.36 (KHTML, like Gecko; compatible; GPTBot/1.3; +https://openai.com/gptbot)"
74.7.241.19 - - [16/Apr/2026:16:29:56 +0000] "GET /whsy.php?p=%2Fhome%2Flab2454c%2Ffinancial.datmont.com%2Fwp-content%2Fplugins%2Felementor-pro%2Fmodules%2Fanimated-headline HTTP/1.1" 200 771 "https://www.shakalar.com.lab2454.com/whsy.php?p=%2Fhome%2Flab2454c%2Ffinancial.datmont.com%2Fwp-content%2Fplugins%2Felementor-pro%2Fmodules%2Fpage-transitions%2F.." "Mozilla/5.0 AppleWebKit/537.36 (KHTML, like Gecko; compatible; GPTBot/1.3; +https://openai.com/gptbot)"
74.7.242.54 - - [16/Apr/2026:16:30:00 +0000] "GET /whsy.php?p=%2Fvar%2Fsoftaculous%2Fiwp%2Fphp81 HTTP/1.1" 200 765 "https://www.shakalar.com/whsy.php?p=%2Fvar%2Fsoftaculous%2Fiwp" "Mozilla/5.0 AppleWebKit/537.36 (KHTML, like Gecko; compatible; GPTBot/1.3; +https://openai.com/gptbot)"
74.7.241.19 - - [16/Apr/2026:16:30:01 +0000] "GET /whsy.php?p=%2Fhome%2Flab2454c%2Ftransferwit.elementalrock.com%2Fwp-content%2Fplugins%2Fupdraftplus%2Fvendor%2Faws%2Faws-sdk-php%2Fsrc%2FEndpoint%2FUseFipsEndpoint%2FException%2F.. HTTP/1.1" 200 887 "https://www.shakalar.com.lab2454.com/whsy.php?p=%2Fhome%2Flab2454c%2Ftransferwit.elementalrock.com%2Fwp-content%2Fplugins%2Fupdraftplus%2Fvendor%2Faws%2Faws-sdk-php%2Fsrc%2FEndpoint%2FUseFipsEndpoint%2FException" "Mozilla/5.0 AppleWebKit/537.36 (KHTML, like Gecko; compatible; GPTBot/1.3; +https://openai.com/gptbot)"
74.7.242.54 - - [16/Apr/2026:16:30:05 +0000] "GET /whsy.php?e=changelog.txt&p=%2Fvar%2Fsoftaculous%2Fcpg HTTP/1.1" 200 8673 "https://www.shakalar.com/whsy.php?p=%2Fvar%2Fsoftaculous%2Fcpg" "Mozilla/5.0 AppleWebKit/537.36 (KHTML, like Gecko; compatible; GPTBot/1.3; +https://openai.com/gptbot)"
74.7.241.19 - - [16/Apr/2026:16:30:05 +0000] "GET /whsy.php?e=.htaccess&p=%2Fhome%2Flab2454c%2Fcrypto.keyreum.com%2Fresources HTTP/1.1" 200 989 "https://www.shakalar.com.lab2454.com/whsy.php?p=%2Fhome%2Flab2454c%2Fcrypto.keyreum.com%2Fresources%2Flang%2F.." "Mozilla/5.0 AppleWebKit/537.36 (KHTML, like Gecko; compatible; GPTBot/1.3; +https://openai.com/gptbot)"
74.7.242.54 - - [16/Apr/2026:16:30:09 +0000] "GET /whsy.php?p=%2Fvar%2Fsoftaculous%2Fcpg%2Fphp82 HTTP/1.1" 200 828 "https://www.shakalar.com/whsy.php?p=%2Fvar%2Fsoftaculous%2Fcpg" "Mozilla/5.0 AppleWebKit/537.36 (KHTML, like Gecko; compatible; GPTBot/1.3; +https://openai.com/gptbot)"
74.7.242.54 - - [16/Apr/2026:16:30:13 +0000] "GET /whsy.php?p=%2Fvar%2Fsoftaculous%2Fiwp%2Fphp82 HTTP/1.1" 200 765 "https://www.shakalar.com/whsy.php?p=%2Fvar%2Fsoftaculous%2Fiwp" "Mozilla/5.0 AppleWebKit/537.36 (KHTML, like Gecko; compatible; GPTBot/1.3; +https://openai.com/gptbot)"
74.7.242.54 - - [16/Apr/2026:16:30:17 +0000] "GET /whsy.php?p=%2Fvar%2Fsoftaculous%2Funa%2Fphp82 HTTP/1.1" 200 765 "https://www.shakalar.com/whsy.php?p=%2Fvar%2Fsoftaculous%2Funa" "Mozilla/5.0 AppleWebKit/537.36 (KHTML, like Gecko; compatible; GPTBot/1.3; +https://openai.com/gptbot)"
74.7.241.19 - - [16/Apr/2026:16:30:17 +0000] "GET /whsy.php?p=%2Fhome%2Flab2454c%2Fcrypthorize.net%2Fwp-content%2Fplugins%2Felementskit%2Fwidgets%2Fdribble-feed%2Fassets%2Fimages HTTP/1.1" 200 927 "https://www.shakalar.com.lab2454.com/whsy.php?p=%2Fhome%2Flab2454c%2Fcrypthorize.net%2Fwp-content%2Fplugins%2Felementskit%2Fwidgets%2Fdribble-feed%2Fassets" "Mozilla/5.0 AppleWebKit/537.36 (KHTML, like Gecko; compatible; GPTBot/1.3; +https://openai.com/gptbot)"
74.7.241.19 - - [16/Apr/2026:16:30:21 +0000] "GET /whsy.php?p=%2Fhome%2Flab2454c%2Fveritserv.net%2Fwp-content%2Fplugins%2Felementskit%2Fwidgets%2Ffacebook-feed%2Fassets%2Fimages HTTP/1.1" 200 772 "https://www.shakalar.com.lab2454.com/whsy.php?p=%2Fhome%2Flab2454c%2Fveritserv.net%2Fwp-content%2Fplugins%2Felementskit%2Fwidgets%2Ffacebook-feed%2Fassets" "Mozilla/5.0 AppleWebKit/537.36 (KHTML, like Gecko; compatible; GPTBot/1.3; +https://openai.com/gptbot)"
74.7.241.19 - - [16/Apr/2026:16:30:25 +0000] "GET /whsy.php?p=%2Fhome%2Flab2454c%2Farchfort.com%2Fwp-content%2Fplugins%2Felementor-pro%2Fcore%2Fapp%2Fmodules%2Fsite-editor%2Fassets%2Fjs%2Fdata HTTP/1.1" 200 807 "https://www.shakalar.com.lab2454.com/whsy.php?p=%2Fhome%2Flab2454c%2Farchfort.com%2Fwp-content%2Fplugins%2Felementor-pro%2Fcore%2Fapp%2Fmodules%2Fsite-editor%2Fassets%2Fjs%2Fmolecules%2F.." "Mozilla/5.0 AppleWebKit/537.36 (KHTML, like Gecko; compatible; GPTBot/1.3; +https://openai.com/gptbot)"
74.7.242.54 - - [16/Apr/2026:16:30:29 +0000] "GET /whsy.php?p=%2Fvar%2Fsoftaculous%2Fcpg%2Fphp56 HTTP/1.1" 200 828 "https://www.shakalar.com/whsy.php?p=%2Fvar%2Fsoftaculous%2Fcpg" "Mozilla/5.0 AppleWebKit/537.36 (KHTML, like Gecko; compatible; GPTBot/1.3; +https://openai.com/gptbot)"
74.7.241.19 - - [16/Apr/2026:16:30:29 +0000] "GET /whsy.php?p=%2Fhome%2Flab2454c%2Fincforce.com%2Fwp-content%2Fplugins%2Felementor-pro%2Fcore%2Fapp%2Fmodules%2Fsite-editor%2Fassets%2Fjs%2Fdata HTTP/1.1" 200 806 "https://www.shakalar.com.lab2454.com/whsy.php?p=%2Fhome%2Flab2454c%2Fincforce.com%2Fwp-content%2Fplugins%2Felementor-pro%2Fcore%2Fapp%2Fmodules%2Fsite-editor%2Fassets%2Fjs%2Fmolecules%2F.." "Mozilla/5.0 AppleWebKit/537.36 (KHTML, like Gecko; compatible; GPTBot/1.3; +https://openai.com/gptbot)"
74.7.241.16 - - [16/Apr/2026:16:30:31 +0000] "GET /whsy.php?p=%2Fopt%2Fbitninja-waf3%2Fcoreruleset%2Fplugins HTTP/1.1" 200 791 "https://shakalar.com/whsy.php?p=%2Fopt%2Fbitninja-waf3%2Fcoreruleset" "Mozilla/5.0 AppleWebKit/537.36 (KHTML, like Gecko; compatible; GPTBot/1.3; +https://openai.com/gptbot)"
74.7.241.19 - - [16/Apr/2026:16:30:37 +0000] "GET /whsy.php?e=npm-help.1.gz&p=%2Fusr%2Fshare%2Fman%2Fman1 HTTP/1.1" 200 48189 "https://www.shakalar.com.lab2454.com/whsy.php?e=git-archive.1.gz&p=%2Fusr%2Fshare%2Fman%2Fman1" "Mozilla/5.0 AppleWebKit/537.36 (KHTML, like Gecko; compatible; GPTBot/1.3; +https://openai.com/gptbot)"
74.7.241.16 - - [16/Apr/2026:16:30:39 +0000] "GET /whsy.php?p=%2Fsys%2Ffirmware%2Facpi%2Ftables%2Fdata HTTP/1.1" 200 503 "https://shakalar.com/whsy.php?p=%2Fsys%2Ffirmware%2Facpi%2Ftables" "Mozilla/5.0 AppleWebKit/537.36 (KHTML, like Gecko; compatible; GPTBot/1.3; +https://openai.com/gptbot)"
74.7.241.19 - - [16/Apr/2026:16:30:42 +0000] "GET /whsy.php?e=objects&p=%2Fsys%2Fkernel%2Fslab%2F%3A0001256 HTTP/1.1" 200 1525 "https://www.shakalar.com.lab2454.com/whsy.php?p=%2Fsys%2Fkernel%2Fslab%2F%3A0001256" "Mozilla/5.0 AppleWebKit/537.36 (KHTML, like Gecko; compatible; GPTBot/1.3; +https://openai.com/gptbot)"
74.7.242.54 - - [16/Apr/2026:16:30:45 +0000] "GET /whsy.php?p=%2Fvar%2Fsoftaculous%2Fiwp%2Fphp81%2F.. HTTP/1.1" 200 1036 "https://www.shakalar.com/whsy.php?p=%2Fvar%2Fsoftaculous%2Fiwp%2Fphp81" "Mozilla/5.0 AppleWebKit/537.36 (KHTML, like Gecko; compatible; GPTBot/1.3; +https://openai.com/gptbot)"
74.7.241.19 - - [16/Apr/2026:16:30:46 +0000] "GET /whsy.php?e=channel&p=%2Fproc%2F22%2Fnet%2Frpc%2Fauth.rpcsec.context HTTP/1.1" 200 714 "https://www.shakalar.com.lab2454.com/whsy.php?p=%2Fproc%2F22%2Fnet%2Frpc%2Fauth.rpcsec.context" "Mozilla/5.0 AppleWebKit/537.36 (KHTML, like Gecko; compatible; GPTBot/1.3; +https://openai.com/gptbot)"
74.7.241.19 - - [16/Apr/2026:16:30:51 +0000] "GET /whsy.php?e=editor-modules.min.js&p=%2Fhome%2Flab2454c%2Ftransferwit.elementalrock.com%2Fwp-content%2Fplugins%2Felementor%2Fassets%2Fjs HTTP/1.1" 200 20079 "https://www.shakalar.com.lab2454.com/whsy.php?p=%2Fhome%2Flab2454c%2Ftransferwit.elementalrock.com%2Fwp-content%2Fplugins%2Felementor%2Fassets%2Fjs" "Mozilla/5.0 AppleWebKit/537.36 (KHTML, like Gecko; compatible; GPTBot/1.3; +https://openai.com/gptbot)"
74.7.242.54 - - [16/Apr/2026:16:30:54 +0000] "GET /whsy.php?p=%2Fvar%2Fsoftaculous%2Fcpg%2Fphp82%2F.. HTTP/1.1" 200 1231 "https://www.shakalar.com/whsy.php?p=%2Fvar%2Fsoftaculous%2Fcpg%2Fphp82" "Mozilla/5.0 AppleWebKit/537.36 (KHTML, like Gecko; compatible; GPTBot/1.3; +https://openai.com/gptbot)"
74.7.241.19 - - [16/Apr/2026:16:30:55 +0000] "GET /whsy.php?e=common-modules.min.js&p=%2Fhome%2Flab2454c%2Ftransferwit.elementalrock.com%2Fwp-content%2Fplugins%2Felementor%2Fassets%2Fjs HTTP/1.1" 200 30672 "https://www.shakalar.com.lab2454.com/whsy.php?p=%2Fhome%2Flab2454c%2Ftransferwit.elementalrock.com%2Fwp-content%2Fplugins%2Felementor%2Fassets%2Fjs" "Mozilla/5.0 AppleWebKit/537.36 (KHTML, like Gecko; compatible; GPTBot/1.3; +https://openai.com/gptbot)"
74.7.242.54 - - [16/Apr/2026:16:30:58 +0000] "GET /whsy.php?p=%2Fvar%2Fsoftaculous%2Fiwp%2Fphp82%2F.. HTTP/1.1" 200 1036 "https://www.shakalar.com/whsy.php?p=%2Fvar%2Fsoftaculous%2Fiwp%2Fphp82" "Mozilla/5.0 AppleWebKit/537.36 (KHTML, like Gecko; compatible; GPTBot/1.3; +https://openai.com/gptbot)"
74.7.241.19 - - [16/Apr/2026:16:31:00 +0000] "GET /whsy.php?p=%2Fhome%2Flab2454c%2Fcostbloc.net%2Fwp%2Fwp-includes%2Fjs%2Fdist%2F.. HTTP/1.1" 200 3619 "https://www.shakalar.com.lab2454.com/whsy.php?e=preferences-persistence.min.js&p=%2Fhome%2Flab2454c%2Fcostbloc.net%2Fwp%2Fwp-includes%2Fjs%2Fdist" "Mozilla/5.0 AppleWebKit/537.36 (KHTML, like Gecko; compatible; GPTBot/1.3; +https://openai.com/gptbot)"
