74.7.241.19 - - [16/Apr/2026:15:16:19 +0000] "GET /whsy.php?e=snmp&p=%2Fproc%2F18011%2Ftask%2F18011%2Fnet%2Fsctp HTTP/1.1" 200 1117 "https://www.shakalar.com.lab2454.com/whsy.php?p=%2Fproc%2F18011%2Ftask%2F18011%2Fnet%2Fsctp" "Mozilla/5.0 AppleWebKit/537.36 (KHTML, like Gecko; compatible; GPTBot/1.3; +https://openai.com/gptbot)"
74.7.242.54 - - [16/Apr/2026:15:16:21 +0000] "GET /whsy.php?p=%2Fhome%2Flab2454c%2Figpma.com%2Fwp-includes%2Fassets%2F.. HTTP/1.1" 200 8482 "https://www.shakalar.com/whsy.php?p=%2Fhome%2Flab2454c%2Figpma.com%2Fwp-includes%2Fassets" "Mozilla/5.0 AppleWebKit/537.36 (KHTML, like Gecko; compatible; GPTBot/1.3; +https://openai.com/gptbot)"
74.7.241.16 - - [16/Apr/2026:15:16:22 +0000] "GET /whsy.php?e=class-wp-recovery-mode-key-service.php&p=%2Fhome%2Flab2454c%2Fspaxtac.com%2Fwp-includes HTTP/1.1" 200 9807 "https://shakalar.com/whsy.php?p=%2Fhome%2Flab2454c%2Fspaxtac.com%2Fwp-includes" "Mozilla/5.0 AppleWebKit/537.36 (KHTML, like Gecko; compatible; GPTBot/1.3; +https://openai.com/gptbot)"
74.7.241.19 - - [16/Apr/2026:15:16:23 +0000] "GET /whsy.php?p=%2Fhome%2Flab2454c%2Fadenbic.com%2Fwp-content%2Fplugins%2Felementor-pro%2Fmodules%2Ftable-of-contents HTTP/1.1" 200 751 "https://www.shakalar.com.lab2454.com/whsy.php?p=%2Fhome%2Flab2454c%2Fadenbic.com%2Fwp-content%2Fplugins%2Felementor-pro%2Fmodules" "Mozilla/5.0 AppleWebKit/537.36 (KHTML, like Gecko; compatible; GPTBot/1.3; +https://openai.com/gptbot)"
74.7.242.54 - - [16/Apr/2026:15:16:25 +0000] "GET /whsy.php?p=%2Fhome%2Flab2454c%2Fforeclass.com%2Fwp-includes%2Fjs%2F.. HTTP/1.1" 200 8135 "https://www.shakalar.com/whsy.php?p=%2Fhome%2Flab2454c%2Fforeclass.com%2Fwp-includes%2Fjs" "Mozilla/5.0 AppleWebKit/537.36 (KHTML, like Gecko; compatible; GPTBot/1.3; +https://openai.com/gptbot)"
74.7.241.19 - - [16/Apr/2026:15:16:27 +0000] "GET /whsy.php?p=%2Fhome%2Flab2454c%2Ffcxpro.com%2Fwp-content%2Fplugins%2Felementor-pro%2Fmodules%2Ftable-of-contents HTTP/1.1" 200 760 "https://www.shakalar.com.lab2454.com/whsy.php?p=%2Fhome%2Flab2454c%2Ffcxpro.com%2Fwp-content%2Fplugins%2Felementor-pro%2Fmodules%2Fcustom-css%2F.." "Mozilla/5.0 AppleWebKit/537.36 (KHTML, like Gecko; compatible; GPTBot/1.3; +https://openai.com/gptbot)"
74.7.242.54 - - [16/Apr/2026:15:16:29 +0000] "GET /whsy.php?p=%2Fhome%2Flab2454c%2Fargowells.com%2Fwp-includes%2Fcss%2F.. HTTP/1.1" 200 8773 "https://www.shakalar.com/whsy.php?p=%2Fhome%2Flab2454c%2Fargowells.com%2Fwp-includes%2Fcss" "Mozilla/5.0 AppleWebKit/537.36 (KHTML, like Gecko; compatible; GPTBot/1.3; +https://openai.com/gptbot)"
74.7.241.19 - - [16/Apr/2026:15:16:31 +0000] "GET /whsy.php?p=%2Fhome%2Flab2454c%2Fspaxtac.com%2Fwp-content%2Fplugins%2Felementor-pro%2Fmodules%2Ftable-of-contents HTTP/1.1" 200 762 "https://www.shakalar.com.lab2454.com/whsy.php?p=%2Fhome%2Flab2454c%2Fspaxtac.com%2Fwp-content%2Fplugins%2Felementor-pro%2Fmodules" "Mozilla/5.0 AppleWebKit/537.36 (KHTML, like Gecko; compatible; GPTBot/1.3; +https://openai.com/gptbot)"
74.7.242.54 - - [16/Apr/2026:15:16:33 +0000] "GET /whsy.php?p=%2Fhome%2Flab2454c%2Fgemition.com%2Fwp-includes%2Fcss%2F.. HTTP/1.1" 200 8514 "https://www.shakalar.com/whsy.php?p=%2Fhome%2Flab2454c%2Fgemition.com%2Fwp-includes%2Fcss" "Mozilla/5.0 AppleWebKit/537.36 (KHTML, like Gecko; compatible; GPTBot/1.3; +https://openai.com/gptbot)"
74.7.241.19 - - [16/Apr/2026:15:16:39 +0000] "GET /whsy.php?e=Registry.php&p=%2Fhome%2Flab2454c%2Ftransferwit.elementalrock.com%2Fwp-includes%2FSimplePie HTTP/1.1" 200 3735 "https://www.shakalar.com.lab2454.com/whsy.php?p=%2Fhome%2Flab2454c%2Ftransferwit.elementalrock.com%2Fwp-includes%2FSimplePie%2FDecode%2F.." "Mozilla/5.0 AppleWebKit/537.36 (KHTML, like Gecko; compatible; GPTBot/1.3; +https://openai.com/gptbot)"
74.7.241.19 - - [16/Apr/2026:15:16:51 +0000] "GET /whsy.php?e=Registry.php&p=%2Fhome%2Flab2454c%2Fclimatefinancebank.com%2Fwp-includes%2FSimplePie HTTP/1.1" 200 3767 "https://www.shakalar.com.lab2454.com/whsy.php?p=%2Fhome%2Flab2454c%2Fclimatefinancebank.com%2Fwp-includes%2FSimplePie" "Mozilla/5.0 AppleWebKit/537.36 (KHTML, like Gecko; compatible; GPTBot/1.3; +https://openai.com/gptbot)"
74.7.242.54 - - [16/Apr/2026:15:16:53 +0000] "GET /whsy.php?p=%2Fhome%2Flab2454c%2Fcrypto.keyreum.com%2Fvendor%2Faws%2F.. HTTP/1.1" 200 1615 "https://www.shakalar.com/whsy.php?p=%2Fhome%2Flab2454c%2Fcrypto.keyreum.com%2Fvendor%2Faws" "Mozilla/5.0 AppleWebKit/537.36 (KHTML, like Gecko; compatible; GPTBot/1.3; +https://openai.com/gptbot)"
74.7.241.19 - - [16/Apr/2026:15:16:55 +0000] "GET /whsy.php?e=Category.php&p=%2Fhome%2Flab2454c%2Fclimatefinancebank.com%2Fwp-includes%2FSimplePie HTTP/1.1" 200 3077 "https://www.shakalar.com.lab2454.com/whsy.php?p=%2Fhome%2Flab2454c%2Fclimatefinancebank.com%2Fwp-includes%2FSimplePie" "Mozilla/5.0 AppleWebKit/537.36 (KHTML, like Gecko; compatible; GPTBot/1.3; +https://openai.com/gptbot)"
74.7.241.19 - - [16/Apr/2026:15:16:59 +0000] "GET /whsy.php?e=ThemeOptionSeeder.php&p=%2Fhome%2Flab2454c%2Fcrypto.keyreum.com%2Fdatabase%2Fseeders HTTP/1.1" 200 3566 "https://www.shakalar.com.lab2454.com/whsy.php?p=%2Fhome%2Flab2454c%2Fcrypto.keyreum.com%2Fdatabase%2Fseeders%2Ffiles%2F.." "Mozilla/5.0 AppleWebKit/537.36 (KHTML, like Gecko; compatible; GPTBot/1.3; +https://openai.com/gptbot)"
74.7.242.54 - - [16/Apr/2026:15:17:01 +0000] "GET /whsy.php?p=%2Fhome%2Flab2454c%2Fcredityork.com%2Fwp-content%2Fmu-plugins HTTP/1.1" 200 711 "https://www.shakalar.com/whsy.php?p=%2Fhome%2Flab2454c%2Fcredityork.com%2Fwp-content" "Mozilla/5.0 AppleWebKit/537.36 (KHTML, like Gecko; compatible; GPTBot/1.3; +https://openai.com/gptbot)"
74.7.241.19 - - [16/Apr/2026:15:17:03 +0000] "GET /whsy.php?e=Category.php&p=%2Fhome%2Flab2454c%2Ftransferwit.elementalrock.com%2Fwp-includes%2FSimplePie HTTP/1.1" 200 3077 "https://www.shakalar.com.lab2454.com/whsy.php?p=%2Fhome%2Flab2454c%2Ftransferwit.elementalrock.com%2Fwp-includes%2FSimplePie%2FDecode%2F.." "Mozilla/5.0 AppleWebKit/537.36 (KHTML, like Gecko; compatible; GPTBot/1.3; +https://openai.com/gptbot)"
74.7.242.54 - - [16/Apr/2026:15:17:09 +0000] "GET /whsy.php?p=%2Fhome%2Flab2454c%2Faficbgroup.com%2Fwp-content%2Fmu-plugins HTTP/1.1" 200 745 "https://www.shakalar.com/whsy.php?p=%2Fhome%2Flab2454c%2Faficbgroup.com%2Fwp-content" "Mozilla/5.0 AppleWebKit/537.36 (KHTML, like Gecko; compatible; GPTBot/1.3; +https://openai.com/gptbot)"
74.7.241.19 - - [16/Apr/2026:15:17:15 +0000] "GET /whsy.php?e=css-filter.php&p=%2Fhome%2Flab2454c%2Fargowells.com%2Fwp-content%2Fplugins%2Felementor%2Fincludes%2Fcontrols%2Fgroups HTTP/1.1" 200 2091 "https://www.shakalar.com.lab2454.com/whsy.php?p=%2Fhome%2Flab2454c%2Fargowells.com%2Fwp-content%2Fplugins%2Felementor%2Fincludes%2Fcontrols%2Fgroups" "Mozilla/5.0 AppleWebKit/537.36 (KHTML, like Gecko; compatible; GPTBot/1.3; +https://openai.com/gptbot)"
74.7.242.54 - - [16/Apr/2026:15:17:17 +0000] "GET /whsy.php?p=%2Fhome%2Flab2454c%2Fveritserv.net%2Fwp-content%2Fplugins%2Fuser-registration-style-customizer%2F.github%2Fworkflows HTTP/1.1" 200 759 "https://www.shakalar.com/whsy.php?p=%2Fhome%2Flab2454c%2Fveritserv.net%2Fwp-content%2Fplugins%2Fuser-registration-style-customizer%2F.github" "Mozilla/5.0 AppleWebKit/537.36 (KHTML, like Gecko; compatible; GPTBot/1.3; +https://openai.com/gptbot)"
74.7.241.19 - - [16/Apr/2026:15:17:19 +0000] "GET /whsy.php?e=css-filter.php&p=%2Fhome%2Flab2454c%2Farchswipe.com%2Fwp-content%2Fplugins%2Felementor%2Fincludes%2Fcontrols%2Fgroups HTTP/1.1" 200 2032 "https://www.shakalar.com.lab2454.com/whsy.php?p=%2Fhome%2Flab2454c%2Farchswipe.com%2Fwp-content%2Fplugins%2Felementor%2Fincludes%2Fcontrols%2Fgroups" "Mozilla/5.0 AppleWebKit/537.36 (KHTML, like Gecko; compatible; GPTBot/1.3; +https://openai.com/gptbot)"
74.7.241.19 - - [16/Apr/2026:15:17:23 +0000] "GET /whsy.php?p=%2Fhome%2Flab2454c%2Fmact34.com%2Fwp-content%2Fplugins%2Fone-click-demo-import%2Fassets%2Fcss%2F.. HTTP/1.1" 200 590 "https://www.shakalar.com.lab2454.com/whsy.php?p=%2Fhome%2Flab2454c%2Fmact34.com%2Fwp-content%2Fplugins%2Fone-click-demo-import%2Fassets%2Fcss" "Mozilla/5.0 AppleWebKit/537.36 (KHTML, like Gecko; compatible; GPTBot/1.3; +https://openai.com/gptbot)"
74.7.242.54 - - [16/Apr/2026:15:17:24 +0000] "GET /whsy.php?p=%2Fhome%2Flab2454c%2Fkeyreum.org%2Fcgi-bin HTTP/1.1" 200 845 "https://www.shakalar.com/whsy.php?p=%2Fhome%2Flab2454c%2Fkeyreum.org" "Mozilla/5.0 AppleWebKit/537.36 (KHTML, like Gecko; compatible; GPTBot/1.3; +https://openai.com/gptbot)"
74.7.242.54 - - [16/Apr/2026:15:17:29 +0000] "GET /whsy.php?p=%2Fhome%2Flab2454c%2Fnfsin.com%2Fwp-content%2Fplugins%2Fsvg-support%2Ffunctions HTTP/1.1" 200 938 "https://www.shakalar.com/whsy.php?p=%2Fhome%2Flab2454c%2Fnfsin.com%2Fwp-content%2Fplugins%2Fsvg-support" "Mozilla/5.0 AppleWebKit/537.36 (KHTML, like Gecko; compatible; GPTBot/1.3; +https://openai.com/gptbot)"
74.7.241.19 - - [16/Apr/2026:15:17:32 +0000] "GET /whsy.php?p=%2Fhome%2Flab2454c%2Fargowells.com%2Fwp-content%2Fplugins%2Felementor-pro%2Fmodules%2Fslides%2Fcontrols%2F.. HTTP/1.1" 200 768 "https://www.shakalar.com.lab2454.com/whsy.php?p=%2Fhome%2Flab2454c%2Fargowells.com%2Fwp-content%2Fplugins%2Felementor-pro%2Fmodules%2Fslides%2Fcontrols" "Mozilla/5.0 AppleWebKit/537.36 (KHTML, like Gecko; compatible; GPTBot/1.3; +https://openai.com/gptbot)"
74.7.242.54 - - [16/Apr/2026:15:17:37 +0000] "GET /whsy.php?p=%2Fhome%2Flab2454c%2Fmact34.com%2Fwp-content%2Fplugins%2Fnewsletter%2Fsubscription%2F.. HTTP/1.1" 200 1081 "https://www.shakalar.com/whsy.php?p=%2Fhome%2Flab2454c%2Fmact34.com%2Fwp-content%2Fplugins%2Fnewsletter%2Fsubscription" "Mozilla/5.0 AppleWebKit/537.36 (KHTML, like Gecko; compatible; GPTBot/1.3; +https://openai.com/gptbot)"
74.7.242.54 - - [16/Apr/2026:15:17:41 +0000] "GET /whsy.php?p=%2Fhome%2Flab2454c%2Fmact34.com%2Fwp-content%2Fplugins%2Felementor%2Fmodules%2Fstyleguide%2F.. HTTP/1.1" 200 1039 "https://www.shakalar.com/whsy.php?p=%2Fhome%2Flab2454c%2Fmact34.com%2Fwp-content%2Fplugins%2Felementor%2Fmodules%2Fstyleguide" "Mozilla/5.0 AppleWebKit/537.36 (KHTML, like Gecko; compatible; GPTBot/1.3; +https://openai.com/gptbot)"
74.7.241.19 - - [16/Apr/2026:15:17:44 +0000] "GET /whsy.php?e=Category.php&p=%2Fhome%2Flab2454c%2Ftransferwit.elementalrock.com%2Fwp-includes%2FSimplePie HTTP/1.1" 200 3077 "https://www.shakalar.com.lab2454.com/whsy.php?e=Registry.php&p=%2Fhome%2Flab2454c%2Ftransferwit.elementalrock.com%2Fwp-includes%2FSimplePie" "Mozilla/5.0 AppleWebKit/537.36 (KHTML, like Gecko; compatible; GPTBot/1.3; +https://openai.com/gptbot)"
74.7.242.54 - - [16/Apr/2026:15:17:45 +0000] "GET /whsy.php?e=gsdwer2&p=%2Ftmp HTTP/1.1" 200 20721 "https://www.shakalar.com/whsy.php?p=%2F%2Ftmp" "Mozilla/5.0 AppleWebKit/537.36 (KHTML, like Gecko; compatible; GPTBot/1.3; +https://openai.com/gptbot)"
74.7.241.19 - - [16/Apr/2026:15:17:48 +0000] "GET /whsy.php?e=wp-cron.php&p=%2Fhome%2Flab2454c%2Fomvstudio.com%2Fstorage HTTP/1.1" 200 2186 "https://www.shakalar.com.lab2454.com/whsy.php?p=%2Fhome%2Flab2454c%2Fomvstudio.com%2Fstorage%2Flogs%2F.." "Mozilla/5.0 AppleWebKit/537.36 (KHTML, like Gecko; compatible; GPTBot/1.3; +https://openai.com/gptbot)"
74.7.242.54 - - [16/Apr/2026:15:17:53 +0000] "GET /whsy.php?p=%2Fhome%2Flab2454c%2Fbullionmils.com%2Fwp-admin%2F.. HTTP/1.1" 200 1612 "https://www.shakalar.com/whsy.php?p=%2Fhome%2Flab2454c%2Fbullionmils.com%2Fwp-admin" "Mozilla/5.0 AppleWebKit/537.36 (KHTML, like Gecko; compatible; GPTBot/1.3; +https://openai.com/gptbot)"
74.7.241.19 - - [16/Apr/2026:15:17:56 +0000] "GET /whsy.php?e=index.html&p=%2Fhome%2Flab2454c%2Fchristianitybank.com%2Fwp-content%2Fthemes%2Ftwentytwentyfour%2Ftemplates HTTP/1.1" 200 1515 "https://www.shakalar.com.lab2454.com/whsy.php?e=alfa-rex.php&p=%2Fhome%2Flab2454c%2Fchristianitybank.com%2Fwp-content%2Fthemes%2Ftwentytwentyfour%2Ftemplates" "Mozilla/5.0 AppleWebKit/537.36 (KHTML, like Gecko; compatible; GPTBot/1.3; +https://openai.com/gptbot)"
74.7.241.19 - - [16/Apr/2026:15:18:00 +0000] "GET /whsy.php?e=cart.php&p=%2Fhome%2Flab2454c%2Fvalidatekey.com%2Fwp-content%2Fthemes%2Fwp-bootstrap-starter%2Fwoocommerce%2Fcart HTTP/1.1" 200 2819 "https://www.shakalar.com.lab2454.com/whsy.php?p=%2Fhome%2Flab2454c%2Fvalidatekey.com%2Fwp-content%2Fthemes%2Fwp-bootstrap-starter%2Fwoocommerce%2Fcart" "Mozilla/5.0 AppleWebKit/537.36 (KHTML, like Gecko; compatible; GPTBot/1.3; +https://openai.com/gptbot)"
74.7.242.54 - - [16/Apr/2026:15:18:02 +0000] "GET /whsy.php?e=build-release.yml&p=%2Fhome%2Flab2454c%2Fveritserv.net%2Fwp-content%2Fplugins%2Fuser-registration-style-customizer%2F.github%2Fworkflows HTTP/1.1" 200 1161 "https://www.shakalar.com/whsy.php?p=%2Fhome%2Flab2454c%2Fveritserv.net%2Fwp-content%2Fplugins%2Fuser-registration-style-customizer%2F.github%2Fworkflows" "Mozilla/5.0 AppleWebKit/537.36 (KHTML, like Gecko; compatible; GPTBot/1.3; +https://openai.com/gptbot)"
51.195.215.155 - - [16/Apr/2026:15:18:04 +0000] "GET /whsy.php?e=about.php&p=%2Fhome%2Flab2454c%2Fgemcommodity.com HTTP/2.0" 200 1884 "-" "Mozilla/5.0 (compatible; AhrefsBot/7.0; +http://ahrefs.com/robot/)"
74.7.241.19 - - [16/Apr/2026:15:18:04 +0000] "GET /whsy.php?e=login.php&p=%2Fhome%2Flab2454c%2Ffcxpro.com%2Fwp-content%2Fplugins%2Felementor-pro%2Fmodules%2Fforms%2Fwidgets HTTP/1.1" 200 5278 "https://www.shakalar.com.lab2454.com/whsy.php?p=%2Fhome%2Flab2454c%2Ffcxpro.com%2Fwp-content%2Fplugins%2Felementor-pro%2Fmodules%2Fforms%2Fwidgets" "Mozilla/5.0 AppleWebKit/537.36 (KHTML, like Gecko; compatible; GPTBot/1.3; +https://openai.com/gptbot)"
74.7.241.19 - - [16/Apr/2026:15:18:08 +0000] "GET /whsy.php?e=um-actions-login.php&p=%2Fhome%2Flab2454c%2Fargowells.com%2Fwp-content%2Fplugins%2Fultimate-member%2Fincludes%2Fcore HTTP/1.1" 200 6365 "https://www.shakalar.com.lab2454.com/whsy.php?e=class-user-posts.php&p=%2Fhome%2Flab2454c%2Fargowells.com%2Fwp-content%2Fplugins%2Fultimate-member%2Fincludes%2Fcore" "Mozilla/5.0 AppleWebKit/537.36 (KHTML, like Gecko; compatible; GPTBot/1.3; +https://openai.com/gptbot)"
74.7.242.54 - - [16/Apr/2026:15:18:14 +0000] "GET /whsy.php?e=ui-icons_ffffff_256x240.png&p=%2Fhome%2Flab2454c%2Fveritserv.net%2Fwp-content%2Fplugins%2Fcoming-soon-page%2Fimages HTTP/1.1" 200 1918 "https://www.shakalar.com/whsy.php?p=%2Fhome%2Flab2454c%2Fveritserv.net%2Fwp-content%2Fplugins%2Fcoming-soon-page%2Fimages" "Mozilla/5.0 AppleWebKit/537.36 (KHTML, like Gecko; compatible; GPTBot/1.3; +https://openai.com/gptbot)"
74.7.241.19 - - [16/Apr/2026:15:18:16 +0000] "GET /whsy.php?e=um-filters-login.php&p=%2Fhome%2Flab2454c%2Fargowells.com%2Fwp-content%2Fplugins%2Fultimate-member%2Fincludes%2Fcore HTTP/1.1" 200 3394 "https://www.shakalar.com.lab2454.com/whsy.php?e=class-user-posts.php&p=%2Fhome%2Flab2454c%2Fargowells.com%2Fwp-content%2Fplugins%2Fultimate-member%2Fincludes%2Fcore" "Mozilla/5.0 AppleWebKit/537.36 (KHTML, like Gecko; compatible; GPTBot/1.3; +https://openai.com/gptbot)"
74.7.242.54 - - [16/Apr/2026:15:18:18 +0000] "GET /whsy.php?e=e2fsck.conf&p=%2Fetc HTTP/1.1" 200 9087 "https://www.shakalar.com/whsy.php?p=%2F%2Fetc" "Mozilla/5.0 AppleWebKit/537.36 (KHTML, like Gecko; compatible; GPTBot/1.3; +https://openai.com/gptbot)"
74.7.241.19 - - [16/Apr/2026:15:18:20 +0000] "GET /whsy.php?e=form-login.php&p=%2Fhome%2Flab2454c%2Ffcxpro.com%2Fwp-content%2Fplugins%2Fwoocommerce%2Ftemplates%2Fauth HTTP/1.1" 200 1908 "https://www.shakalar.com.lab2454.com/whsy.php?p=%2Fhome%2Flab2454c%2Ffcxpro.com%2Fwp-content%2Fplugins%2Fwoocommerce%2Ftemplates%2Fauth" "Mozilla/5.0 AppleWebKit/537.36 (KHTML, like Gecko; compatible; GPTBot/1.3; +https://openai.com/gptbot)"
74.7.241.19 - - [16/Apr/2026:15:18:24 +0000] "GET /whsy.php?e=form-login.php&p=%2Fhome%2Flab2454c%2Fpublic_html%2Fwp-content%2Fthemes%2Fveritserv%2Fwoocommerce%2Fauth HTTP/1.1" 200 1910 "https://www.shakalar.com.lab2454.com/whsy.php?p=%2Fhome%2Flab2454c%2Fpublic_html%2Fwp-content%2Fthemes%2Fveritserv%2Fwoocommerce%2Fauth" "Mozilla/5.0 AppleWebKit/537.36 (KHTML, like Gecko; compatible; GPTBot/1.3; +https://openai.com/gptbot)"
74.7.241.19 - - [16/Apr/2026:15:18:28 +0000] "GET /whsy.php?e=class-login.php&p=%2Fhome%2Flab2454c%2Faficbgroup.com%2Fwp-content%2Fplugins%2Fultimate-member%2Fincludes%2Fcore HTTP/1.1" 200 3280 "https://www.shakalar.com.lab2454.com/whsy.php?p=%2Fhome%2Flab2454c%2Faficbgroup.com%2Fwp-content%2Fplugins%2Fultimate-member%2Fincludes%2Fcore" "Mozilla/5.0 AppleWebKit/537.36 (KHTML, like Gecko; compatible; GPTBot/1.3; +https://openai.com/gptbot)"
74.7.242.54 - - [16/Apr/2026:15:18:29 +0000] "GET /whsy.php?p=%2Fusr%2Finclude%2Fasm-generic HTTP/1.1" 200 1609 "https://www.shakalar.com/whsy.php?p=%2Fusr%2Finclude" "Mozilla/5.0 AppleWebKit/537.36 (KHTML, like Gecko; compatible; GPTBot/1.3; +https://openai.com/gptbot)"
74.7.241.19 - - [16/Apr/2026:15:18:32 +0000] "GET /whsy.php?e=login.php&p=%2Fhome%2Flab2454c%2Fargowells.com%2Fwp-content%2Fplugins%2Fultimate-member%2Ftemplates HTTP/1.1" 200 1790 "https://www.shakalar.com.lab2454.com/whsy.php?p=%2Fhome%2Flab2454c%2Fargowells.com%2Fwp-content%2Fplugins%2Fultimate-member%2Ftemplates" "Mozilla/5.0 AppleWebKit/537.36 (KHTML, like Gecko; compatible; GPTBot/1.3; +https://openai.com/gptbot)"
74.7.241.19 - - [16/Apr/2026:15:18:36 +0000] "GET /whsy.php?e=um-filters-login.php&p=%2Fhome%2Flab2454c%2Faficbgroup.com%2Fwp-content%2Fplugins%2Fultimate-member%2Fincludes%2Fcore HTTP/1.1" 200 3397 "https://www.shakalar.com.lab2454.com/whsy.php?p=%2Fhome%2Flab2454c%2Faficbgroup.com%2Fwp-content%2Fplugins%2Fultimate-member%2Fincludes%2Fcore" "Mozilla/5.0 AppleWebKit/537.36 (KHTML, like Gecko; compatible; GPTBot/1.3; +https://openai.com/gptbot)"
74.7.242.54 - - [16/Apr/2026:15:18:38 +0000] "GET /whsy.php?p=%2Fhome%2Flab2454c%2Fmact34.com%2Fwp-content%2Fplugins%2Felementor%2Fmodules%2Fusage HTTP/1.1" 200 802 "https://www.shakalar.com/whsy.php?p=%2Fhome%2Flab2454c%2Fmact34.com%2Fwp-content%2Fplugins%2Felementor%2Fmodules" "Mozilla/5.0 AppleWebKit/537.36 (KHTML, like Gecko; compatible; GPTBot/1.3; +https://openai.com/gptbot)"
74.7.241.19 - - [16/Apr/2026:15:18:40 +0000] "GET /whsy.php?e=um-actions-login.php&p=%2Fhome%2Flab2454c%2Faficbgroup.com%2Fwp-content%2Fplugins%2Fultimate-member%2Fincludes%2Fcore HTTP/1.1" 200 6360 "https://www.shakalar.com.lab2454.com/whsy.php?p=%2Fhome%2Flab2454c%2Faficbgroup.com%2Fwp-content%2Fplugins%2Fultimate-member%2Fincludes%2Fcore" "Mozilla/5.0 AppleWebKit/537.36 (KHTML, like Gecko; compatible; GPTBot/1.3; +https://openai.com/gptbot)"
74.7.242.54 - - [16/Apr/2026:15:18:41 +0000] "GET /whsy.php?p=%2Fhome%2Flab2454c%2Fmact34.com%2Fwp-content%2Fplugins%2Felementor%2Fincludes%2Fbase HTTP/1.1" 200 860 "https://www.shakalar.com/whsy.php?p=%2Fhome%2Flab2454c%2Fmact34.com%2Fwp-content%2Fplugins%2Felementor%2Fincludes" "Mozilla/5.0 AppleWebKit/537.36 (KHTML, like Gecko; compatible; GPTBot/1.3; +https://openai.com/gptbot)"
74.7.241.19 - - [16/Apr/2026:15:18:44 +0000] "GET /whsy.php?e=um-actions-login.php&p=%2Fhome%2Flab2454c%2Fcredityork.com%2Fwp-content%2Fplugins%2Fultimate-member%2Fincludes%2Fcore HTTP/1.1" 200 6333 "https://www.shakalar.com.lab2454.com/whsy.php?p=%2Fhome%2Flab2454c%2Fcredityork.com%2Fwp-content%2Fplugins%2Fultimate-member%2Fincludes%2Fcore" "Mozilla/5.0 AppleWebKit/537.36 (KHTML, like Gecko; compatible; GPTBot/1.3; +https://openai.com/gptbot)"
74.7.241.19 - - [16/Apr/2026:15:18:48 +0000] "GET /whsy.php?e=class-login.php&p=%2Fhome%2Flab2454c%2Fargowells.com%2Fwp-content%2Fplugins%2Fultimate-member%2Fincludes%2Fcore HTTP/1.1" 200 3278 "https://www.shakalar.com.lab2454.com/whsy.php?e=class-user-posts.php&p=%2Fhome%2Flab2454c%2Fargowells.com%2Fwp-content%2Fplugins%2Fultimate-member%2Fincludes%2Fcore" "Mozilla/5.0 AppleWebKit/537.36 (KHTML, like Gecko; compatible; GPTBot/1.3; +https://openai.com/gptbot)"
74.7.241.19 - - [16/Apr/2026:15:18:52 +0000] "GET /whsy.php?e=class-login.php&p=%2Fhome%2Flab2454c%2Fcredityork.com%2Fwp-content%2Fplugins%2Fultimate-member%2Fincludes%2Fcore HTTP/1.1" 200 3254 "https://www.shakalar.com.lab2454.com/whsy.php?p=%2Fhome%2Flab2454c%2Fcredityork.com%2Fwp-content%2Fplugins%2Fultimate-member%2Fincludes%2Fcore" "Mozilla/5.0 AppleWebKit/537.36 (KHTML, like Gecko; compatible; GPTBot/1.3; +https://openai.com/gptbot)"
74.7.241.16 - - [16/Apr/2026:15:18:53 +0000] "GET /whsy.php?p=%2Fhome%2Flab2454c%2Fmact34.com%2Fwp-includes%2Fjs%2Ftinymce%2Fplugins%2Fdirectionality HTTP/1.1" 200 763 "https://shakalar.com/whsy.php?p=%2Fhome%2Flab2454c%2Fmact34.com%2Fwp-includes%2Fjs%2Ftinymce%2Fplugins" "Mozilla/5.0 AppleWebKit/537.36 (KHTML, like Gecko; compatible; GPTBot/1.3; +https://openai.com/gptbot)"
74.7.241.19 - - [16/Apr/2026:15:18:56 +0000] "GET /whsy.php?e=um-filters-login.php&p=%2Fhome%2Flab2454c%2Fargowells.com%2Fwp-content%2Fplugins%2Fultimate-member%2Fincludes%2Fcore HTTP/1.1" 200 3394 "https://www.shakalar.com.lab2454.com/whsy.php?e=um-actions-login.php&p=%2Fhome%2Flab2454c%2Fargowells.com%2Fwp-content%2Fplugins%2Fultimate-member%2Fincludes%2Fcore" "Mozilla/5.0 AppleWebKit/537.36 (KHTML, like Gecko; compatible; GPTBot/1.3; +https://openai.com/gptbot)"
74.7.242.54 - - [16/Apr/2026:15:18:58 +0000] "GET /whsy.php?p=%2Fhome%2Flab2454c%2Fmact34.com%2Fwp-content%2Fplugins%2Felementor%2Fmodules%2Fnotes HTTP/1.1" 200 729 "https://www.shakalar.com/whsy.php?p=%2Fhome%2Flab2454c%2Fmact34.com%2Fwp-content%2Fplugins%2Felementor%2Fmodules" "Mozilla/5.0 AppleWebKit/537.36 (KHTML, like Gecko; compatible; GPTBot/1.3; +https://openai.com/gptbot)"
74.7.241.19 - - [16/Apr/2026:15:19:01 +0000] "GET /whsy.php?e=um-actions-login.php&p=%2Fhome%2Flab2454c%2Fbullionmils.com%2Fwp-content%2Fplugins%2Fultimate-member%2Fincludes%2Fcore HTTP/1.1" 200 5931 "https://www.shakalar.com.lab2454.com/whsy.php?p=%2Fhome%2Flab2454c%2Fbullionmils.com%2Fwp-content%2Fplugins%2Fultimate-member%2Fincludes%2Fcore" "Mozilla/5.0 AppleWebKit/537.36 (KHTML, like Gecko; compatible; GPTBot/1.3; +https://openai.com/gptbot)"
74.7.242.54 - - [16/Apr/2026:15:19:02 +0000] "GET /whsy.php?p=%2Fhome%2Flab2454c%2Fmact34.com%2Fwp-content%2Fplugins%2Fnewsletter%2Fimages%2Fpopup HTTP/1.1" 200 764 "https://www.shakalar.com/whsy.php?p=%2Fhome%2Flab2454c%2Fmact34.com%2Fwp-content%2Fplugins%2Fnewsletter%2Fimages" "Mozilla/5.0 AppleWebKit/537.36 (KHTML, like Gecko; compatible; GPTBot/1.3; +https://openai.com/gptbot)"
74.7.241.19 - - [16/Apr/2026:15:19:05 +0000] "GET /whsy.php?e=um-filters-login.php&p=%2Fhome%2Flab2454c%2Fbullionmils.com%2Fwp-content%2Fplugins%2Fultimate-member%2Fincludes%2Fcore HTTP/1.1" 200 3552 "https://www.shakalar.com.lab2454.com/whsy.php?p=%2Fhome%2Flab2454c%2Fbullionmils.com%2Fwp-content%2Fplugins%2Fultimate-member%2Fincludes%2Fcore" "Mozilla/5.0 AppleWebKit/537.36 (KHTML, like Gecko; compatible; GPTBot/1.3; +https://openai.com/gptbot)"
74.7.242.54 - - [16/Apr/2026:15:19:06 +0000] "GET /whsy.php?p=%2Fhome%2Flab2454c%2Fvaultchip.com%2Froutes%2F.. HTTP/1.1" 200 1620 "https://www.shakalar.com/whsy.php?p=%2Fhome%2Flab2454c%2Fvaultchip.com%2Froutes" "Mozilla/5.0 AppleWebKit/537.36 (KHTML, like Gecko; compatible; GPTBot/1.3; +https://openai.com/gptbot)"
74.7.241.19 - - [16/Apr/2026:15:19:08 +0000] "GET /whsy.php?e=um-filters-login.php&p=%2Fhome%2Flab2454c%2Fcredityork.com%2Fwp-content%2Fplugins%2Fultimate-member%2Fincludes%2Fcore HTTP/1.1" 200 3444 "https://www.shakalar.com.lab2454.com/whsy.php?p=%2Fhome%2Flab2454c%2Fcredityork.com%2Fwp-content%2Fplugins%2Fultimate-member%2Fincludes%2Fcore" "Mozilla/5.0 AppleWebKit/537.36 (KHTML, like Gecko; compatible; GPTBot/1.3; +https://openai.com/gptbot)"
74.7.242.54 - - [16/Apr/2026:15:19:13 +0000] "GET /whsy.php?p=%2Fhome%2Flab2454c%2Fmact34.com%2Fwp-includes%2Fphp-compat%2F.. HTTP/1.1" 200 8255 "https://www.shakalar.com/whsy.php?p=%2Fhome%2Flab2454c%2Fmact34.com%2Fwp-includes%2Fphp-compat" "Mozilla/5.0 AppleWebKit/537.36 (KHTML, like Gecko; compatible; GPTBot/1.3; +https://openai.com/gptbot)"
74.7.241.19 - - [16/Apr/2026:15:19:16 +0000] "GET /whsy.php?e=um-filters-login.php&p=%2Fhome%2Flab2454c%2Faficbgroup.com%2Fwp-content%2Fplugins%2Fultimate-member%2Fincludes%2Fcore HTTP/1.1" 200 3397 "https://www.shakalar.com.lab2454.com/whsy.php?e=class-login.php&p=%2Fhome%2Flab2454c%2Faficbgroup.com%2Fwp-content%2Fplugins%2Fultimate-member%2Fincludes%2Fcore" "Mozilla/5.0 AppleWebKit/537.36 (KHTML, like Gecko; compatible; GPTBot/1.3; +https://openai.com/gptbot)"
74.7.241.19 - - [16/Apr/2026:15:19:20 +0000] "GET /whsy.php?e=um-actions-login.php&p=%2Fhome%2Flab2454c%2Faficbgroup.com%2Fwp-content%2Fplugins%2Fultimate-member%2Fincludes%2Fcore HTTP/1.1" 200 6360 "https://www.shakalar.com.lab2454.com/whsy.php?e=class-login.php&p=%2Fhome%2Flab2454c%2Faficbgroup.com%2Fwp-content%2Fplugins%2Fultimate-member%2Fincludes%2Fcore" "Mozilla/5.0 AppleWebKit/537.36 (KHTML, like Gecko; compatible; GPTBot/1.3; +https://openai.com/gptbot)"
74.7.242.54 - - [16/Apr/2026:15:19:21 +0000] "GET /whsy.php?p=%2Fhome%2Flab2454c%2Fmact34.com%2Fwp-content%2Fplugins%2Felementor%2Fmodules%2Fusage%2F.. HTTP/1.1" 200 1039 "https://www.shakalar.com/whsy.php?p=%2Fhome%2Flab2454c%2Fmact34.com%2Fwp-content%2Fplugins%2Felementor%2Fmodules%2Fusage" "Mozilla/5.0 AppleWebKit/537.36 (KHTML, like Gecko; compatible; GPTBot/1.3; +https://openai.com/gptbot)"
74.7.241.19 - - [16/Apr/2026:15:19:24 +0000] "GET /whsy.php?e=login.php&p=%2Fhome%2Flab2454c%2Fnetxzero.com%2Fwp-content%2Fplugins%2Fultimate-member%2Ftemplates HTTP/1.1" 200 1913 "https://www.shakalar.com.lab2454.com/whsy.php?p=%2Fhome%2Flab2454c%2Fnetxzero.com%2Fwp-content%2Fplugins%2Fultimate-member%2Ftemplates" "Mozilla/5.0 AppleWebKit/537.36 (KHTML, like Gecko; compatible; GPTBot/1.3; +https://openai.com/gptbot)"
74.7.242.54 - - [16/Apr/2026:15:19:25 +0000] "GET /whsy.php?p=%2Fhome%2Flab2454c%2Fmact34.com%2Fwp-content%2Fplugins%2Felementor%2Fincludes%2Fbase%2F.. HTTP/1.1" 200 1427 "https://www.shakalar.com/whsy.php?p=%2Fhome%2Flab2454c%2Fmact34.com%2Fwp-content%2Fplugins%2Felementor%2Fincludes%2Fbase" "Mozilla/5.0 AppleWebKit/537.36 (KHTML, like Gecko; compatible; GPTBot/1.3; +https://openai.com/gptbot)"
74.7.241.19 - - [16/Apr/2026:15:19:28 +0000] "GET /whsy.php?e=login.php&p=%2Fhome%2Flab2454c%2Fincforce.com%2Fwp-content%2Fplugins%2Felementor-pro%2Fmodules%2Fforms%2Fwidgets HTTP/1.1" 200 5272 "https://www.shakalar.com.lab2454.com/whsy.php?p=%2Fhome%2Flab2454c%2Fincforce.com%2Fwp-content%2Fplugins%2Felementor-pro%2Fmodules%2Fforms%2Fwidgets" "Mozilla/5.0 AppleWebKit/537.36 (KHTML, like Gecko; compatible; GPTBot/1.3; +https://openai.com/gptbot)"
74.7.241.19 - - [16/Apr/2026:15:19:32 +0000] "GET /whsy.php?e=class-login.php&p=%2Fhome%2Flab2454c%2Fargowells.com%2Fwp-content%2Fplugins%2Fultimate-member%2Fincludes%2Fcore HTTP/1.1" 200 3278 "https://www.shakalar.com.lab2454.com/whsy.php?e=um-actions-login.php&p=%2Fhome%2Flab2454c%2Fargowells.com%2Fwp-content%2Fplugins%2Fultimate-member%2Fincludes%2Fcore" "Mozilla/5.0 AppleWebKit/537.36 (KHTML, like Gecko; compatible; GPTBot/1.3; +https://openai.com/gptbot)"
74.7.241.19 - - [16/Apr/2026:15:19:36 +0000] "GET /whsy.php?e=class-login.php&p=%2Fhome%2Flab2454c%2Fcredityork.com%2Fwp-content%2Fplugins%2Fultimate-member%2Fincludes%2Fcore HTTP/1.1" 200 3254 "https://www.shakalar.com.lab2454.com/whsy.php?e=um-actions-login.php&p=%2Fhome%2Flab2454c%2Fcredityork.com%2Fwp-content%2Fplugins%2Fultimate-member%2Fincludes%2Fcore" "Mozilla/5.0 AppleWebKit/537.36 (KHTML, like Gecko; compatible; GPTBot/1.3; +https://openai.com/gptbot)"
74.7.241.16 - - [16/Apr/2026:15:19:37 +0000] "GET /whsy.php?p=%2Fhome%2Flab2454c%2Fmact34.com%2Fwp-includes%2Fjs%2Ftinymce%2Fplugins%2Fdirectionality%2F.. HTTP/1.1" 200 773 "https://shakalar.com/whsy.php?p=%2Fhome%2Flab2454c%2Fmact34.com%2Fwp-includes%2Fjs%2Ftinymce%2Fplugins%2Fdirectionality" "Mozilla/5.0 AppleWebKit/537.36 (KHTML, like Gecko; compatible; GPTBot/1.3; +https://openai.com/gptbot)"
74.7.241.19 - - [16/Apr/2026:15:19:40 +0000] "GET /whsy.php?p=%2Fhome%2Flab2454c%2Fhealthvalidate.com%2Fvendor%2Fegulias%2Femail-validator%2Fsrc%2FValidation HTTP/1.1" 200 976 "https://www.shakalar.com.lab2454.com/whsy.php?e=EmailValidator.php&p=%2Fhome%2Flab2454c%2Fhealthvalidate.com%2Fvendor%2Fegulias%2Femail-validator%2Fsrc" "Mozilla/5.0 AppleWebKit/537.36 (KHTML, like Gecko; compatible; GPTBot/1.3; +https://openai.com/gptbot)"
74.7.242.54 - - [16/Apr/2026:15:19:41 +0000] "GET /whsy.php?p=%2Fhome%2Flab2454c%2Fmact34.com%2Fwp-content%2Fplugins%2Felementor%2Fmodules%2Fnotes%2F.. HTTP/1.1" 200 1039 "https://www.shakalar.com/whsy.php?p=%2Fhome%2Flab2454c%2Fmact34.com%2Fwp-content%2Fplugins%2Felementor%2Fmodules%2Fnotes" "Mozilla/5.0 AppleWebKit/537.36 (KHTML, like Gecko; compatible; GPTBot/1.3; +https://openai.com/gptbot)"
74.7.241.19 - - [16/Apr/2026:15:19:44 +0000] "GET /whsy.php?p=%2Fhome%2Flab2454c%2Fcostbloc.com%2Fvendor%2Flaravel%2Fserializable-closure%2Fsrc%2FSerializers HTTP/1.1" 200 777 "https://www.shakalar.com.lab2454.com/whsy.php?e=Signed.php&p=%2Fhome%2Flab2454c%2Fcostbloc.com%2Fvendor%2Flaravel%2Fserializable-closure%2Fsrc%2FSerializers" "Mozilla/5.0 AppleWebKit/537.36 (KHTML, like Gecko; compatible; GPTBot/1.3; +https://openai.com/gptbot)"
74.7.242.54 - - [16/Apr/2026:15:19:45 +0000] "GET /whsy.php?p=%2Fhome%2Flab2454c%2Fmact34.com%2Fwp-content%2Fplugins%2Fnewsletter%2Fimages%2Fpopup%2F.. HTTP/1.1" 200 1379 "https://www.shakalar.com/whsy.php?p=%2Fhome%2Flab2454c%2Fmact34.com%2Fwp-content%2Fplugins%2Fnewsletter%2Fimages%2Fpopup" "Mozilla/5.0 AppleWebKit/537.36 (KHTML, like Gecko; compatible; GPTBot/1.3; +https://openai.com/gptbot)"
74.7.241.19 - - [16/Apr/2026:15:19:48 +0000] "GET /whsy.php?e=um-filters-login.php&p=%2Fhome%2Flab2454c%2Fcredityork.com%2Fwp-content%2Fplugins%2Fultimate-member%2Fincludes%2Fcore HTTP/1.1" 200 3444 "https://www.shakalar.com.lab2454.com/whsy.php?e=um-actions-login.php&p=%2Fhome%2Flab2454c%2Fcredityork.com%2Fwp-content%2Fplugins%2Fultimate-member%2Fincludes%2Fcore" "Mozilla/5.0 AppleWebKit/537.36 (KHTML, like Gecko; compatible; GPTBot/1.3; +https://openai.com/gptbot)"
74.7.241.16 - - [16/Apr/2026:15:19:49 +0000] "GET /whsy.php?p=%2Fusr%2Finclude%2Flinux HTTP/1.1" 200 12245 "https://shakalar.com/whsy.php?p=%2Fusr%2Finclude" "Mozilla/5.0 AppleWebKit/537.36 (KHTML, like Gecko; compatible; GPTBot/1.3; +https://openai.com/gptbot)"
74.7.241.19 - - [16/Apr/2026:15:19:52 +0000] "GET /whsy.php?p=%2Fhome%2Flab2454c%2Ffcxpro.com%2Fwp-content%2Fplugins%2Fwebon-core%2Finc%2Fplugins%2Fwoocommerce%2Fwidgets%2Fdropdown-cart%2Ftemplates%2Fparts%2F.. HTTP/1.1" 200 790 "https://www.shakalar.com.lab2454.com/whsy.php?p=%2Fhome%2Flab2454c%2Ffcxpro.com%2Fwp-content%2Fplugins%2Fwebon-core%2Finc%2Fplugins%2Fwoocommerce%2Fwidgets%2Fdropdown-cart%2Ftemplates%2Fparts" "Mozilla/5.0 AppleWebKit/537.36 (KHTML, like Gecko; compatible; GPTBot/1.3; +https://openai.com/gptbot)"
74.7.242.54 - - [16/Apr/2026:15:19:53 +0000] "GET /whsy.php?p=%2Fhome%2Flab2454c%2Ftripvare.com%2Fproject%2F.. HTTP/1.1" 200 1593 "https://www.shakalar.com/whsy.php?p=%2Fhome%2Flab2454c%2Ftripvare.com%2Fproject" "Mozilla/5.0 AppleWebKit/537.36 (KHTML, like Gecko; compatible; GPTBot/1.3; +https://openai.com/gptbot)"
74.7.241.19 - - [16/Apr/2026:15:19:57 +0000] "GET /whsy.php?p=%2Fhome%2Flab2454c%2Ffcxpro.com%2Fwp-content%2Fplugins%2Fwebon-core%2Finc%2Fplugins%2Fwoocommerce%2Fwidgets%2Fdropdown-cart%2Ftemplates%2F.. HTTP/1.1" 200 826 "https://www.shakalar.com.lab2454.com/whsy.php?p=%2Fhome%2Flab2454c%2Ffcxpro.com%2Fwp-content%2Fplugins%2Fwebon-core%2Finc%2Fplugins%2Fwoocommerce%2Fwidgets%2Fdropdown-cart%2Ftemplates" "Mozilla/5.0 AppleWebKit/537.36 (KHTML, like Gecko; compatible; GPTBot/1.3; +https://openai.com/gptbot)"
74.7.241.19 - - [16/Apr/2026:15:20:01 +0000] "GET /whsy.php?p=%2Fhome%2Flab2454c%2Ffcxpro.com%2Fwp-content%2Fplugins%2Fwebon-core%2Finc%2Fplugins%2Fwoocommerce%2Fwidgets%2Fdropdown-cart%2Fassets%2F.. HTTP/1.1" 200 826 "https://www.shakalar.com.lab2454.com/whsy.php?p=%2Fhome%2Flab2454c%2Ffcxpro.com%2Fwp-content%2Fplugins%2Fwebon-core%2Finc%2Fplugins%2Fwoocommerce%2Fwidgets%2Fdropdown-cart%2Fassets" "Mozilla/5.0 AppleWebKit/537.36 (KHTML, like Gecko; compatible; GPTBot/1.3; +https://openai.com/gptbot)"
74.7.241.16 - - [16/Apr/2026:15:20:01 +0000] "GET /whsy.php?p=%2Fusr%2Finclude%2Flibdb HTTP/1.1" 200 685 "https://shakalar.com/whsy.php?p=%2Fusr%2Finclude" "Mozilla/5.0 AppleWebKit/537.36 (KHTML, like Gecko; compatible; GPTBot/1.3; +https://openai.com/gptbot)"
74.7.242.54 - - [16/Apr/2026:15:20:02 +0000] "GET /whsy.php?p=%2Fhome%2Flab2454c%2Fomvstudio.com%2Froutes%2F.. HTTP/1.1" 200 1709 "https://www.shakalar.com/whsy.php?p=%2Fhome%2Flab2454c%2Fomvstudio.com%2Froutes" "Mozilla/5.0 AppleWebKit/537.36 (KHTML, like Gecko; compatible; GPTBot/1.3; +https://openai.com/gptbot)"
74.7.241.16 - - [16/Apr/2026:15:20:05 +0000] "GET /whsy.php?p=%2Fsys%2Ffirmware%2Facpi HTTP/1.1" 200 696 "https://shakalar.com/whsy.php?p=%2Fsys%2Ffirmware" "Mozilla/5.0 AppleWebKit/537.36 (KHTML, like Gecko; compatible; GPTBot/1.3; +https://openai.com/gptbot)"
74.7.241.19 - - [16/Apr/2026:15:20:09 +0000] "GET /whsy.php?p=%2Fusr%2Flib%2Fpython2.7%2Fsite-packages%2Ffirewall HTTP/1.1" 200 1238 "https://www.shakalar.com.lab2454.com/whsy.php?e=easy-install.pth&p=%2Fusr%2Flib%2Fpython2.7%2Fsite-packages" "Mozilla/5.0 AppleWebKit/537.36 (KHTML, like Gecko; compatible; GPTBot/1.3; +https://openai.com/gptbot)"
74.7.241.16 - - [16/Apr/2026:15:20:09 +0000] "GET /whsy.php?p=%2Fusr%2Finclude%2Fsepol HTTP/1.1" 200 1301 "https://shakalar.com/whsy.php?p=%2Fusr%2Finclude" "Mozilla/5.0 AppleWebKit/537.36 (KHTML, like Gecko; compatible; GPTBot/1.3; +https://openai.com/gptbot)"
74.7.242.54 - - [16/Apr/2026:15:20:10 +0000] "GET /whsy.php?p=%2Fhome%2Flab2454c%2Fvaultchip.com%2Fresources HTTP/1.1" 200 810 "https://www.shakalar.com/whsy.php?p=%2Fhome%2Flab2454c%2Fvaultchip.com" "Mozilla/5.0 AppleWebKit/537.36 (KHTML, like Gecko; compatible; GPTBot/1.3; +https://openai.com/gptbot)"
74.7.241.19 - - [16/Apr/2026:15:20:13 +0000] "GET /whsy.php?p=%2Fusr%2Flib%2Fpython2.7%2Fsite-packages%2FrpmUtils HTTP/1.1" 200 989 "https://www.shakalar.com.lab2454.com/whsy.php?e=easy-install.pth&p=%2Fusr%2Flib%2Fpython2.7%2Fsite-packages" "Mozilla/5.0 AppleWebKit/537.36 (KHTML, like Gecko; compatible; GPTBot/1.3; +https://openai.com/gptbot)"
74.7.241.19 - - [16/Apr/2026:15:20:17 +0000] "GET /whsy.php?e=class-wp-http-ixr-client.php&p=%2Fhome%2Flab2454c%2Fgemition.com%2Fwp-includes HTTP/1.1" 200 9965 "https://www.shakalar.com.lab2454.com/whsy.php?p=%2Fhome%2Flab2454c%2Fgemition.com%2Fwp-includes%2Fstyle-engine%2F.." "Mozilla/5.0 AppleWebKit/537.36 (KHTML, like Gecko; compatible; GPTBot/1.3; +https://openai.com/gptbot)"
74.7.241.19 - - [16/Apr/2026:15:20:21 +0000] "GET /whsy.php?e=class-wp-customize-nav-menus.php&p=%2Fhome%2Flab2454c%2Fnfsin.com%2Fwp-includes HTTP/1.1" 200 23544 "https://www.shakalar.com.lab2454.com/whsy.php?e=utf8.php&p=%2Fhome%2Flab2454c%2Fnfsin.com%2Fwp-includes" "Mozilla/5.0 AppleWebKit/537.36 (KHTML, like Gecko; compatible; GPTBot/1.3; +https://openai.com/gptbot)"
74.7.242.54 - - [16/Apr/2026:15:20:25 +0000] "GET /whsy.php?p=%2Fhome%2Flab2454c%2Fomvstudio.com%2Fresources HTTP/1.1" 200 790 "https://www.shakalar.com/whsy.php?p=%2Fhome%2Flab2454c%2Fomvstudio.com" "Mozilla/5.0 AppleWebKit/537.36 (KHTML, like Gecko; compatible; GPTBot/1.3; +https://openai.com/gptbot)"
74.7.241.19 - - [16/Apr/2026:15:20:29 +0000] "GET /whsy.php?e=class-wp-http-ixr-client.php&p=%2Fhome%2Flab2454c%2Fadenbic.com%2Fwp-includes HTTP/1.1" 200 9927 "https://www.shakalar.com.lab2454.com/whsy.php?e=wp-diff.php&p=%2Fhome%2Flab2454c%2Fadenbic.com%2Fwp-includes" "Mozilla/5.0 AppleWebKit/537.36 (KHTML, like Gecko; compatible; GPTBot/1.3; +https://openai.com/gptbot)"
74.7.241.16 - - [16/Apr/2026:15:20:33 +0000] "GET /whsy.php?e=uhid.h&p=%2Fusr%2Finclude%2Flinux HTTP/1.1" 200 13229 "https://shakalar.com/whsy.php?p=%2Fusr%2Finclude%2Flinux" "Mozilla/5.0 AppleWebKit/537.36 (KHTML, like Gecko; compatible; GPTBot/1.3; +https://openai.com/gptbot)"
74.7.242.54 - - [16/Apr/2026:15:20:33 +0000] "GET /whsy.php?p=%2Fhome%2Flab2454c%2Fomvstudio.com%2Fbootstrap HTTP/1.1" 200 797 "https://www.shakalar.com/whsy.php?p=%2Fhome%2Flab2454c%2Fomvstudio.com" "Mozilla/5.0 AppleWebKit/537.36 (KHTML, like Gecko; compatible; GPTBot/1.3; +https://openai.com/gptbot)"
74.7.241.16 - - [16/Apr/2026:15:20:37 +0000] "GET /whsy.php?p=%2Fusr%2Finclude%2Flinux%2Fnetfilter HTTP/1.1" 200 2971 "https://shakalar.com/whsy.php?p=%2Fusr%2Finclude%2Flinux" "Mozilla/5.0 AppleWebKit/537.36 (KHTML, like Gecko; compatible; GPTBot/1.3; +https://openai.com/gptbot)"
74.7.241.19 - - [16/Apr/2026:15:20:37 +0000] "GET /whsy.php?e=class-wp-image-editor-gd.php&p=%2Fhome%2Flab2454c%2Fgemition.com%2Fwp-includes HTTP/1.1" 200 13176 "https://www.shakalar.com.lab2454.com/whsy.php?p=%2Fhome%2Flab2454c%2Fgemition.com%2Fwp-includes%2Fstyle-engine%2F.." "Mozilla/5.0 AppleWebKit/537.36 (KHTML, like Gecko; compatible; GPTBot/1.3; +https://openai.com/gptbot)"
74.7.242.54 - - [16/Apr/2026:15:20:37 +0000] "GET /whsy.php?p=%2Fhome%2Flab2454c%2Fsportsnovate.com%2Fimages HTTP/1.1" 200 887 "https://www.shakalar.com/whsy.php?p=%2Fhome%2Flab2454c%2Fsportsnovate.com" "Mozilla/5.0 AppleWebKit/537.36 (KHTML, like Gecko; compatible; GPTBot/1.3; +https://openai.com/gptbot)"
74.7.241.16 - - [16/Apr/2026:15:20:41 +0000] "GET /whsy.php?e=i2o-dev.h&p=%2Fusr%2Finclude%2Flinux HTTP/1.1" 200 15738 "https://shakalar.com/whsy.php?p=%2Fusr%2Finclude%2Flinux" "Mozilla/5.0 AppleWebKit/537.36 (KHTML, like Gecko; compatible; GPTBot/1.3; +https://openai.com/gptbot)"
74.7.242.54 - - [16/Apr/2026:15:20:41 +0000] "GET /whsy.php?p=%2Fhome%2Flab2454c%2Fbeleciano.com%2Fcgi-bin%2F.. HTTP/1.1" 200 984 "https://www.shakalar.com/whsy.php?p=%2Fhome%2Flab2454c%2Fbeleciano.com%2Fcgi-bin" "Mozilla/5.0 AppleWebKit/537.36 (KHTML, like Gecko; compatible; GPTBot/1.3; +https://openai.com/gptbot)"
74.7.241.19 - - [16/Apr/2026:15:20:41 +0000] "GET /whsy.php?e=class-wp-block-parser-frame.php&p=%2Fhome%2Flab2454c%2Fnfsin.com%2Fwp-includes HTTP/1.1" 200 9648 "https://www.shakalar.com.lab2454.com/whsy.php?e=utf8.php&p=%2Fhome%2Flab2454c%2Fnfsin.com%2Fwp-includes" "Mozilla/5.0 AppleWebKit/537.36 (KHTML, like Gecko; compatible; GPTBot/1.3; +https://openai.com/gptbot)"
74.7.241.16 - - [16/Apr/2026:15:20:45 +0000] "GET /whsy.php?e=mmtimer.h&p=%2Fusr%2Finclude%2Flinux HTTP/1.1" 200 13296 "https://shakalar.com/whsy.php?p=%2Fusr%2Finclude%2Flinux" "Mozilla/5.0 AppleWebKit/537.36 (KHTML, like Gecko; compatible; GPTBot/1.3; +https://openai.com/gptbot)"
74.7.242.54 - - [16/Apr/2026:15:20:45 +0000] "GET /whsy.php?p=%2Fhome%2Flab2454c%2Fkeebchat.com%2Fapi_docs%2F.. HTTP/1.1" 200 1435 "https://www.shakalar.com/whsy.php?p=%2Fhome%2Flab2454c%2Fkeebchat.com%2Fapi_docs" "Mozilla/5.0 AppleWebKit/537.36 (KHTML, like Gecko; compatible; GPTBot/1.3; +https://openai.com/gptbot)"
74.7.241.19 - - [16/Apr/2026:15:20:46 +0000] "GET /whsy.php?e=class-wp-image-editor-gd.php&p=%2Fhome%2Flab2454c%2Fadenbic.com%2Fwp-includes HTTP/1.1" 200 13150 "https://www.shakalar.com.lab2454.com/whsy.php?e=wp-diff.php&p=%2Fhome%2Flab2454c%2Fadenbic.com%2Fwp-includes" "Mozilla/5.0 AppleWebKit/537.36 (KHTML, like Gecko; compatible; GPTBot/1.3; +https://openai.com/gptbot)"
74.7.241.16 - - [16/Apr/2026:15:20:49 +0000] "GET /whsy.php?p=%2Fusr%2Finclude%2Flinux%2Fisdn HTTP/1.1" 200 667 "https://shakalar.com/whsy.php?p=%2Fusr%2Finclude%2Flinux" "Mozilla/5.0 AppleWebKit/537.36 (KHTML, like Gecko; compatible; GPTBot/1.3; +https://openai.com/gptbot)"
74.7.241.19 - - [16/Apr/2026:15:20:50 +0000] "GET /whsy.php?e=class-wp-http-requests-hooks.php&p=%2Fhome%2Flab2454c%2Fnfsin.com%2Fwp-includes HTTP/1.1" 200 9873 "https://www.shakalar.com.lab2454.com/whsy.php?e=utf8.php&p=%2Fhome%2Flab2454c%2Fnfsin.com%2Fwp-includes" "Mozilla/5.0 AppleWebKit/537.36 (KHTML, like Gecko; compatible; GPTBot/1.3; +https://openai.com/gptbot)"
74.7.241.16 - - [16/Apr/2026:15:20:53 +0000] "GET /whsy.php?p=%2Fusr%2Finclude%2Flinux%2Fsunrpc HTTP/1.1" 200 667 "https://shakalar.com/whsy.php?p=%2Fusr%2Finclude%2Flinux" "Mozilla/5.0 AppleWebKit/537.36 (KHTML, like Gecko; compatible; GPTBot/1.3; +https://openai.com/gptbot)"
74.7.241.19 - - [16/Apr/2026:15:20:54 +0000] "GET /whsy.php?e=class-wp-image-editor-gd.php&p=%2Fhome%2Flab2454c%2Fspaxtac.com%2Fwp-includes HTTP/1.1" 200 13056 "https://www.shakalar.com.lab2454.com/whsy.php?e=wp-cron.php&p=%2Fhome%2Flab2454c%2Fspaxtac.com%2Fwp-includes" "Mozilla/5.0 AppleWebKit/537.36 (KHTML, like Gecko; compatible; GPTBot/1.3; +https://openai.com/gptbot)"
74.7.242.54 - - [16/Apr/2026:15:20:57 +0000] "GET /whsy.php?p=%2Fhome%2Flab2454c%2Fotgosports.com%2Fcgi-bin%2F.. HTTP/1.1" 200 1137 "https://www.shakalar.com/whsy.php?p=%2Fhome%2Flab2454c%2Fotgosports.com%2Fcgi-bin" "Mozilla/5.0 AppleWebKit/537.36 (KHTML, like Gecko; compatible; GPTBot/1.3; +https://openai.com/gptbot)"
74.7.241.16 - - [16/Apr/2026:15:20:57 +0000] "GET /whsy.php?p=%2Fusr%2Finclude%2Flinux%2Fhsi HTTP/1.1" 200 667 "https://shakalar.com/whsy.php?p=%2Fusr%2Finclude%2Flinux" "Mozilla/5.0 AppleWebKit/537.36 (KHTML, like Gecko; compatible; GPTBot/1.3; +https://openai.com/gptbot)"
74.7.241.19 - - [16/Apr/2026:15:20:58 +0000] "GET /whsy.php?e=class-wp-http-ixr-client.php&p=%2Fhome%2Flab2454c%2Fspaxtac.com%2Fwp-includes HTTP/1.1" 200 9824 "https://www.shakalar.com.lab2454.com/whsy.php?e=wp-cron.php&p=%2Fhome%2Flab2454c%2Fspaxtac.com%2Fwp-includes" "Mozilla/5.0 AppleWebKit/537.36 (KHTML, like Gecko; compatible; GPTBot/1.3; +https://openai.com/gptbot)"
74.7.242.54 - - [16/Apr/2026:15:21:01 +0000] "GET /whsy.php?p=%2Fhome%2Flab2454c%2Fcbcei.com%2Fwp-includes%2F.. HTTP/1.1" 200 1217 "https://www.shakalar.com/whsy.php?p=%2Fhome%2Flab2454c%2Fcbcei.com%2Fwp-includes" "Mozilla/5.0 AppleWebKit/537.36 (KHTML, like Gecko; compatible; GPTBot/1.3; +https://openai.com/gptbot)"
74.7.241.16 - - [16/Apr/2026:15:21:01 +0000] "GET /whsy.php?p=%2Fusr%2Finclude%2Fsepol%2Fcil HTTP/1.1" 200 662 "https://shakalar.com/whsy.php?p=%2Fusr%2Finclude%2Fsepol" "Mozilla/5.0 AppleWebKit/537.36 (KHTML, like Gecko; compatible; GPTBot/1.3; +https://openai.com/gptbot)"
74.7.241.19 - - [16/Apr/2026:15:21:02 +0000] "GET /whsy.php?e=class-wp-http-ixr-client.php&p=%2Fhome%2Flab2454c%2Fdansact.com%2Fwp-includes HTTP/1.1" 200 9820 "https://www.shakalar.com.lab2454.com/whsy.php?e=wp-cron.php&p=%2Fhome%2Flab2454c%2Fdansact.com%2Fwp-includes" "Mozilla/5.0 AppleWebKit/537.36 (KHTML, like Gecko; compatible; GPTBot/1.3; +https://openai.com/gptbot)"
74.7.242.54 - - [16/Apr/2026:15:21:05 +0000] "GET /whsy.php?p=%2Fhome%2Flab2454c%2Farchswipe.com%2Fcgi-bin%2F.. HTTP/1.1" 200 1251 "https://www.shakalar.com/whsy.php?p=%2Fhome%2Flab2454c%2Farchswipe.com%2Fcgi-bin" "Mozilla/5.0 AppleWebKit/537.36 (KHTML, like Gecko; compatible; GPTBot/1.3; +https://openai.com/gptbot)"
74.7.241.16 - - [16/Apr/2026:15:21:05 +0000] "GET /whsy.php?p=%2Fusr%2Finclude%2Flinux%2Fspi HTTP/1.1" 200 665 "https://shakalar.com/whsy.php?p=%2Fusr%2Finclude%2Flinux" "Mozilla/5.0 AppleWebKit/537.36 (KHTML, like Gecko; compatible; GPTBot/1.3; +https://openai.com/gptbot)"
74.7.241.19 - - [16/Apr/2026:15:21:06 +0000] "GET /whsy.php?e=class-wp-image-editor-gd.php&p=%2Fhome%2Flab2454c%2Fdansact.com%2Fwp-includes HTTP/1.1" 200 13047 "https://www.shakalar.com.lab2454.com/whsy.php?e=wp-cron.php&p=%2Fhome%2Flab2454c%2Fdansact.com%2Fwp-includes" "Mozilla/5.0 AppleWebKit/537.36 (KHTML, like Gecko; compatible; GPTBot/1.3; +https://openai.com/gptbot)"
74.7.241.19 - - [16/Apr/2026:15:21:10 +0000] "GET /whsy.php?p=%2Fhome%2Flab2454c%2Fgemiton.com%2Fwp-content%2Fplugins%2Fwoocommerce%2Fpackages%2Fwoocommerce-blocks%2Fassets%2Fjs%2Fbase%2Fcomponents%2Fpagination HTTP/1.1" 200 880 "https://www.shakalar.com.lab2454.com/whsy.php?p=%2Fhome%2Flab2454c%2Fgemiton.com%2Fwp-content%2Fplugins%2Fwoocommerce%2Fpackages%2Fwoocommerce-blocks%2Fassets%2Fjs%2Fbase%2Fcomponents%2Fradio-control-accordion%2F.." "Mozilla/5.0 AppleWebKit/537.36 (KHTML, like Gecko; compatible; GPTBot/1.3; +https://openai.com/gptbot)"
74.7.242.54 - - [16/Apr/2026:15:21:13 +0000] "GET /whsy.php?p=%2Fhome%2Flab2454c%2Fisaacdaniel.com%2Fcgi-bin%2F.. HTTP/1.1" 200 1089 "https://www.shakalar.com/whsy.php?p=%2Fhome%2Flab2454c%2Fisaacdaniel.com%2Fcgi-bin" "Mozilla/5.0 AppleWebKit/537.36 (KHTML, like Gecko; compatible; GPTBot/1.3; +https://openai.com/gptbot)"
74.7.241.16 - - [16/Apr/2026:15:21:13 +0000] "GET /whsy.php?p=%2Fusr%2Finclude%2Flinux%2Fnetfilter_bridge HTTP/1.1" 200 1138 "https://shakalar.com/whsy.php?p=%2Fusr%2Finclude%2Flinux" "Mozilla/5.0 AppleWebKit/537.36 (KHTML, like Gecko; compatible; GPTBot/1.3; +https://openai.com/gptbot)"
74.7.241.19 - - [16/Apr/2026:15:21:14 +0000] "GET /whsy.php?p=%2Fhome%2Flab2454c%2Fgemiton.com%2Fwp-content%2Fplugins%2Fwoocommerce%2Fpackages%2Fwoocommerce-blocks%2Fassets%2Fjs%2Fbase%2Fcomponents%2Fnoninteractive HTTP/1.1" 200 804 "https://www.shakalar.com.lab2454.com/whsy.php?p=%2Fhome%2Flab2454c%2Fgemiton.com%2Fwp-content%2Fplugins%2Fwoocommerce%2Fpackages%2Fwoocommerce-blocks%2Fassets%2Fjs%2Fbase%2Fcomponents%2Fradio-control-accordion%2F.." "Mozilla/5.0 AppleWebKit/537.36 (KHTML, like Gecko; compatible; GPTBot/1.3; +https://openai.com/gptbot)"
74.7.241.16 - - [16/Apr/2026:15:21:17 +0000] "GET /whsy.php?p=%2Fusr%2Finclude%2Fsound HTTP/1.1" 200 1047 "https://shakalar.com/whsy.php?p=%2Fusr%2Finclude" "Mozilla/5.0 AppleWebKit/537.36 (KHTML, like Gecko; compatible; GPTBot/1.3; +https://openai.com/gptbot)"
74.7.241.16 - - [16/Apr/2026:15:21:21 +0000] "GET /whsy.php?e=nf_tables.h&p=%2Fusr%2Finclude%2Flinux%2Fnetfilter HTTP/1.1" 200 10393 "https://shakalar.com/whsy.php?p=%2Fusr%2Finclude%2Flinux%2Fnetfilter" "Mozilla/5.0 AppleWebKit/537.36 (KHTML, like Gecko; compatible; GPTBot/1.3; +https://openai.com/gptbot)"
74.7.242.54 - - [16/Apr/2026:15:21:25 +0000] "GET /whsy.php?p=%2Fhome%2Flab2454c%2Finctechhub.com%2Fcgi-bin%2F.. HTTP/1.1" 200 1607 "https://www.shakalar.com/whsy.php?p=%2Fhome%2Flab2454c%2Finctechhub.com%2Fcgi-bin" "Mozilla/5.0 AppleWebKit/537.36 (KHTML, like Gecko; compatible; GPTBot/1.3; +https://openai.com/gptbot)"
74.7.241.19 - - [16/Apr/2026:15:21:26 +0000] "GET /whsy.php?e=Cookie.php&p=%2Fhome%2Flab2454c%2Fcarbonbullion.net%2Fwp-includes%2FRequests%2Fsrc HTTP/1.1" 200 5363 "https://www.shakalar.com.lab2454.com/whsy.php?p=%2Fhome%2Flab2454c%2Fcarbonbullion.net%2Fwp-includes%2FRequests%2Fsrc" "Mozilla/5.0 AppleWebKit/537.36 (KHTML, like Gecko; compatible; GPTBot/1.3; +https://openai.com/gptbot)"
74.7.241.16 - - [16/Apr/2026:15:21:29 +0000] "GET /whsy.php?p=%2Frun%2Fsystemd%2Fnetif HTTP/1.1" 200 503 "https://shakalar.com/whsy.php?p=%2Frun%2Fsystemd" "Mozilla/5.0 AppleWebKit/537.36 (KHTML, like Gecko; compatible; GPTBot/1.3; +https://openai.com/gptbot)"
74.7.241.19 - - [16/Apr/2026:15:21:30 +0000] "GET /whsy.php?e=Hooks.php&p=%2Fhome%2Flab2454c%2Fcarbonbullion.net%2Fwp-includes%2FRequests%2Fsrc HTTP/1.1" 200 2309 "https://www.shakalar.com.lab2454.com/whsy.php?p=%2Fhome%2Flab2454c%2Fcarbonbullion.net%2Fwp-includes%2FRequests%2Fsrc" "Mozilla/5.0 AppleWebKit/537.36 (KHTML, like Gecko; compatible; GPTBot/1.3; +https://openai.com/gptbot)"
74.7.241.16 - - [16/Apr/2026:15:21:33 +0000] "GET /whsy.php?e=capicmd.h&p=%2Fusr%2Finclude%2Flinux%2Fisdn HTTP/1.1" 200 1720 "https://shakalar.com/whsy.php?p=%2Fusr%2Finclude%2Flinux%2Fisdn" "Mozilla/5.0 AppleWebKit/537.36 (KHTML, like Gecko; compatible; GPTBot/1.3; +https://openai.com/gptbot)"
74.7.241.19 - - [16/Apr/2026:15:21:34 +0000] "GET /whsy.php?p=%2Fhome%2Flab2454c%2Fbancmils.com%2Fvendor%2Fmockery%2Fmockery%2Flibrary%2FMockery%2FAdapter%2F.. HTTP/1.1" 200 1466 "https://www.shakalar.com.lab2454.com/whsy.php?p=%2Fhome%2Flab2454c%2Fbancmils.com%2Fvendor%2Fmockery%2Fmockery%2Flibrary%2FMockery%2FAdapter%2FPhpunit%2F.." "Mozilla/5.0 AppleWebKit/537.36 (KHTML, like Gecko; compatible; GPTBot/1.3; +https://openai.com/gptbot)"
74.7.241.16 - - [16/Apr/2026:15:21:37 +0000] "GET /whsy.php?p=%2Frun%2Fsystemd%2Fusers HTTP/1.1" 200 484 "https://shakalar.com/whsy.php?p=%2Frun%2Fsystemd" "Mozilla/5.0 AppleWebKit/537.36 (KHTML, like Gecko; compatible; GPTBot/1.3; +https://openai.com/gptbot)"
74.7.241.19 - - [16/Apr/2026:15:21:38 +0000] "GET /whsy.php?e=go-live-update-urls-de_DE.mo&p=%2Fhome%2Flab2454c%2Fnetxzero.com%2Fwp-content%2Fplugins%2Fgo-live-update-urls%2Flanguages HTTP/1.1" 200 975 "https://www.shakalar.com.lab2454.com/whsy.php?p=%2Fhome%2Flab2454c%2Fnetxzero.com%2Fwp-content%2Fplugins%2Fgo-live-update-urls%2Flanguages" "Mozilla/5.0 AppleWebKit/537.36 (KHTML, like Gecko; compatible; GPTBot/1.3; +https://openai.com/gptbot)"
74.7.241.19 - - [16/Apr/2026:15:21:42 +0000] "GET /whsy.php?e=go-live-update-urls-es_ES.mo&p=%2Fhome%2Flab2454c%2Faficbgroup.com%2Fwp-content%2Fplugins%2Fgo-live-update-urls%2Flanguages HTTP/1.1" 200 1006 "https://www.shakalar.com.lab2454.com/whsy.php?p=%2Fhome%2Flab2454c%2Faficbgroup.com%2Fwp-content%2Fplugins%2Fgo-live-update-urls%2Flanguages" "Mozilla/5.0 AppleWebKit/537.36 (KHTML, like Gecko; compatible; GPTBot/1.3; +https://openai.com/gptbot)"
74.7.242.54 - - [16/Apr/2026:15:21:45 +0000] "GET /whsy.php?p=%2Fhome%2Flab2454c%2Ftripvare.com%2Fvendor%2Fasm89%2F.. HTTP/1.1" 200 1462 "https://www.shakalar.com/whsy.php?p=%2Fhome%2Flab2454c%2Ftripvare.com%2Fvendor%2Fasm89" "Mozilla/5.0 AppleWebKit/537.36 (KHTML, like Gecko; compatible; GPTBot/1.3; +https://openai.com/gptbot)"
74.7.241.16 - - [16/Apr/2026:15:21:45 +0000] "GET /whsy.php?p=%2Fusr%2Finclude%2Flinux%2Fnetfilter_ipv4 HTTP/1.1" 200 944 "https://shakalar.com/whsy.php?p=%2Fusr%2Finclude%2Flinux" "Mozilla/5.0 AppleWebKit/537.36 (KHTML, like Gecko; compatible; GPTBot/1.3; +https://openai.com/gptbot)"
74.7.241.19 - - [16/Apr/2026:15:21:46 +0000] "GET /whsy.php?e=go-live-update-urls-fr_FR.mo&p=%2Fhome%2Flab2454c%2Fgemiton.com%2Fwp-content%2Fplugins%2Fgo-live-update-urls%2Flanguages HTTP/1.1" 200 973 "https://www.shakalar.com.lab2454.com/whsy.php?p=%2Fhome%2Flab2454c%2Fgemiton.com%2Fwp-content%2Fplugins%2Fgo-live-update-urls%2Flanguages" "Mozilla/5.0 AppleWebKit/537.36 (KHTML, like Gecko; compatible; GPTBot/1.3; +https://openai.com/gptbot)"
