74.7.227.10 - - [16/Apr/2026:17:40:11 +0000] "GET /whsy.php?e=xfrm_stat&p=%2Fproc%2F10590%2Fnet HTTP/1.1" 200 1067 "https://bespoketrading.com/whsy.php?p=%2Fproc%2F10590%2Fnet" "Mozilla/5.0 AppleWebKit/537.36 (KHTML, like Gecko; compatible; GPTBot/1.3; +https://openai.com/gptbot)"
74.7.227.10 - - [16/Apr/2026:17:40:15 +0000] "GET /whsy.php?e=xfrm_stat&p=%2Fproc%2F16753%2Fnet HTTP/1.1" 200 1067 "https://bespoketrading.com/whsy.php?p=%2Fproc%2F16753%2Fnet" "Mozilla/5.0 AppleWebKit/537.36 (KHTML, like Gecko; compatible; GPTBot/1.3; +https://openai.com/gptbot)"
74.7.227.10 - - [16/Apr/2026:17:40:19 +0000] "GET /whsy.php?e=dev_mcast&p=%2Fproc%2F11384%2Fnet HTTP/1.1" 200 2578 "https://bespoketrading.com/whsy.php?p=%2Fproc%2F11384%2Fnet" "Mozilla/5.0 AppleWebKit/537.36 (KHTML, like Gecko; compatible; GPTBot/1.3; +https://openai.com/gptbot)"
74.7.243.227 - - [16/Apr/2026:17:40:21 +0000] "GET /whsy.php?p=%2Fvar%2Fsoftaculous%2Fpyro%2Fphp56 HTTP/1.1" 200 708 "https://www.bespoketrading.com.lab2454.com/whsy.php?p=%2Fvar%2Fsoftaculous%2Fpyro" "Mozilla/5.0 AppleWebKit/537.36 (KHTML, like Gecko; compatible; GPTBot/1.3; +https://openai.com/gptbot)"
74.7.227.10 - - [16/Apr/2026:17:40:23 +0000] "GET /whsy.php?e=dev_mcast&p=%2Fproc%2F13417%2Fnet HTTP/1.1" 200 1067 "https://bespoketrading.com/whsy.php?p=%2Fproc%2F13417%2Fnet" "Mozilla/5.0 AppleWebKit/537.36 (KHTML, like Gecko; compatible; GPTBot/1.3; +https://openai.com/gptbot)"
74.7.243.227 - - [16/Apr/2026:17:40:25 +0000] "GET /whsy.php?p=%2Fvar%2Fsoftaculous%2Fpyro%2Fphp71 HTTP/1.1" 200 708 "https://www.bespoketrading.com.lab2454.com/whsy.php?p=%2Fvar%2Fsoftaculous%2Fpyro" "Mozilla/5.0 AppleWebKit/537.36 (KHTML, like Gecko; compatible; GPTBot/1.3; +https://openai.com/gptbot)"
74.7.243.227 - - [16/Apr/2026:17:40:29 +0000] "GET /whsy.php?p=%2Fvar%2Fsoftaculous%2Fwp62 HTTP/1.1" 200 1475 "https://www.bespoketrading.com.lab2454.com/whsy.php?p=%2Fvar%2Fsoftaculous" "Mozilla/5.0 AppleWebKit/537.36 (KHTML, like Gecko; compatible; GPTBot/1.3; +https://openai.com/gptbot)"
74.7.243.227 - - [16/Apr/2026:17:40:33 +0000] "GET /whsy.php?p=%2Fvar%2Fsoftaculous%2Fwp52 HTTP/1.1" 200 1475 "https://www.bespoketrading.com.lab2454.com/whsy.php?p=%2Fvar%2Fsoftaculous" "Mozilla/5.0 AppleWebKit/537.36 (KHTML, like Gecko; compatible; GPTBot/1.3; +https://openai.com/gptbot)"
74.7.227.10 - - [16/Apr/2026:17:40:35 +0000] "GET /whsy.php?e=xfrm_stat&p=%2Fproc%2F11384%2Fnet HTTP/1.1" 200 2715 "https://bespoketrading.com/whsy.php?p=%2Fproc%2F11384%2Fnet" "Mozilla/5.0 AppleWebKit/537.36 (KHTML, like Gecko; compatible; GPTBot/1.3; +https://openai.com/gptbot)"
74.7.227.10 - - [16/Apr/2026:17:40:40 +0000] "GET /whsy.php?e=xfrm_stat&p=%2Fproc%2F17375%2Fnet HTTP/1.1" 200 1067 "https://bespoketrading.com/whsy.php?p=%2Fproc%2F17375%2Fnet" "Mozilla/5.0 AppleWebKit/537.36 (KHTML, like Gecko; compatible; GPTBot/1.3; +https://openai.com/gptbot)"
74.7.243.236 - - [16/Apr/2026:17:40:47 +0000] "GET /whsy.php?p=%2Fhome%2Flab2454c%2Fwesternclear.net%2Fdatabase%2Fmigrations%2F.. HTTP/1.1" 200 929 "https://bespoketrading.com.lab2454.com/whsy.php?p=%2Fhome%2Flab2454c%2Fwesternclear.net%2Fdatabase%2Fmigrations" "Mozilla/5.0 AppleWebKit/537.36 (KHTML, like Gecko; compatible; GPTBot/1.3; +https://openai.com/gptbot)"
74.7.243.227 - - [16/Apr/2026:17:40:48 +0000] "GET /whsy.php?p=%2Fvar%2Fsoftaculous%2Fostic%2Fphp82 HTTP/1.1" 200 799 "https://www.bespoketrading.com.lab2454.com/whsy.php?p=%2Fvar%2Fsoftaculous%2Fostic" "Mozilla/5.0 AppleWebKit/537.36 (KHTML, like Gecko; compatible; GPTBot/1.3; +https://openai.com/gptbot)"
74.7.227.10 - - [16/Apr/2026:17:40:51 +0000] "GET /whsy.php?e=xfrm_stat&p=%2Fproc%2F10786%2Fnet HTTP/1.1" 200 1067 "https://bespoketrading.com/whsy.php?p=%2Fproc%2F10786%2Fnet" "Mozilla/5.0 AppleWebKit/537.36 (KHTML, like Gecko; compatible; GPTBot/1.3; +https://openai.com/gptbot)"
74.7.243.227 - - [16/Apr/2026:17:40:54 +0000] "GET /whsy.php?p=%2Fvar%2Fsoftaculous%2Fmorph%2Fphp82 HTTP/1.1" 200 674 "https://www.bespoketrading.com.lab2454.com/whsy.php?p=%2Fvar%2Fsoftaculous%2Fmorph" "Mozilla/5.0 AppleWebKit/537.36 (KHTML, like Gecko; compatible; GPTBot/1.3; +https://openai.com/gptbot)"
74.7.227.10 - - [16/Apr/2026:17:40:57 +0000] "GET /whsy.php?e=dev_mcast&p=%2Fproc%2F14876%2Fnet HTTP/1.1" 200 1067 "https://bespoketrading.com/whsy.php?p=%2Fproc%2F14876%2Fnet" "Mozilla/5.0 AppleWebKit/537.36 (KHTML, like Gecko; compatible; GPTBot/1.3; +https://openai.com/gptbot)"
74.7.227.10 - - [16/Apr/2026:17:41:04 +0000] "GET /whsy.php?e=dev_mcast&p=%2Fproc%2F17193%2Fnet HTTP/1.1" 200 1067 "https://bespoketrading.com/whsy.php?p=%2Fproc%2F17193%2Fnet" "Mozilla/5.0 AppleWebKit/537.36 (KHTML, like Gecko; compatible; GPTBot/1.3; +https://openai.com/gptbot)"
74.7.227.10 - - [16/Apr/2026:17:41:09 +0000] "GET /whsy.php?e=dev_mcast&p=%2Fproc%2F10596%2Fnet HTTP/1.1" 200 1067 "https://bespoketrading.com/whsy.php?p=%2Fproc%2F10596%2Fnet" "Mozilla/5.0 AppleWebKit/537.36 (KHTML, like Gecko; compatible; GPTBot/1.3; +https://openai.com/gptbot)"
74.7.243.227 - - [16/Apr/2026:17:41:15 +0000] "GET /whsy.php?p=%2Fvar%2Fsoftaculous%2Fpyro%2Fphp56%2F.. HTTP/1.1" 200 1157 "https://www.bespoketrading.com.lab2454.com/whsy.php?p=%2Fvar%2Fsoftaculous%2Fpyro%2Fphp56" "Mozilla/5.0 AppleWebKit/537.36 (KHTML, like Gecko; compatible; GPTBot/1.3; +https://openai.com/gptbot)"
74.7.243.227 - - [16/Apr/2026:17:41:19 +0000] "GET /whsy.php?p=%2Fvar%2Fsoftaculous%2Fpyro%2Fphp71%2F.. HTTP/1.1" 200 1157 "https://www.bespoketrading.com.lab2454.com/whsy.php?p=%2Fvar%2Fsoftaculous%2Fpyro%2Fphp71" "Mozilla/5.0 AppleWebKit/537.36 (KHTML, like Gecko; compatible; GPTBot/1.3; +https://openai.com/gptbot)"
74.7.227.10 - - [16/Apr/2026:17:41:21 +0000] "GET /whsy.php?e=xfrm_stat&p=%2Fproc%2F13097%2Fnet HTTP/1.1" 200 1067 "https://bespoketrading.com/whsy.php?e=ip6_tables_matches&p=%2Fproc%2F13097%2Fnet" "Mozilla/5.0 AppleWebKit/537.36 (KHTML, like Gecko; compatible; GPTBot/1.3; +https://openai.com/gptbot)"
74.7.243.227 - - [16/Apr/2026:17:41:23 +0000] "GET /whsy.php?p=%2Fvar%2Fsoftaculous%2Fwp62%2Fimages HTTP/1.1" 200 706 "https://www.bespoketrading.com.lab2454.com/whsy.php?p=%2Fvar%2Fsoftaculous%2Fwp62" "Mozilla/5.0 AppleWebKit/537.36 (KHTML, like Gecko; compatible; GPTBot/1.3; +https://openai.com/gptbot)"
74.7.227.10 - - [16/Apr/2026:17:41:25 +0000] "GET /whsy.php?e=xfrm_stat&p=%2Fproc%2F11384%2Fnet HTTP/1.1" 200 2715 "https://bespoketrading.com/whsy.php?e=dev_mcast&p=%2Fproc%2F11384%2Fnet" "Mozilla/5.0 AppleWebKit/537.36 (KHTML, like Gecko; compatible; GPTBot/1.3; +https://openai.com/gptbot)"
74.7.243.227 - - [16/Apr/2026:17:41:27 +0000] "GET /whsy.php?e=_index.php&p=%2Fvar%2Fsoftaculous%2Fwp62 HTTP/1.1" 200 1581 "https://www.bespoketrading.com.lab2454.com/whsy.php?p=%2Fvar%2Fsoftaculous%2Fwp62" "Mozilla/5.0 AppleWebKit/537.36 (KHTML, like Gecko; compatible; GPTBot/1.3; +https://openai.com/gptbot)"
74.7.227.10 - - [16/Apr/2026:17:41:30 +0000] "GET /whsy.php?e=dev_mcast&p=%2Fproc%2F30691%2Fnet HTTP/1.1" 200 1067 "https://bespoketrading.com/whsy.php?p=%2Fproc%2F30691%2Fnet" "Mozilla/5.0 AppleWebKit/537.36 (KHTML, like Gecko; compatible; GPTBot/1.3; +https://openai.com/gptbot)"
74.7.227.10 - - [16/Apr/2026:17:41:34 +0000] "GET /whsy.php?e=dev_mcast&p=%2Fproc%2F16807%2Fnet HTTP/1.1" 200 1067 "https://bespoketrading.com/whsy.php?p=%2Fproc%2F16807%2Fnet" "Mozilla/5.0 AppleWebKit/537.36 (KHTML, like Gecko; compatible; GPTBot/1.3; +https://openai.com/gptbot)"
74.7.243.227 - - [16/Apr/2026:17:41:37 +0000] "GET /whsy.php?e=_index.php&p=%2Fvar%2Fsoftaculous%2Fwp52 HTTP/1.1" 200 1580 "https://www.bespoketrading.com.lab2454.com/whsy.php?p=%2Fvar%2Fsoftaculous%2Fwp52" "Mozilla/5.0 AppleWebKit/537.36 (KHTML, like Gecko; compatible; GPTBot/1.3; +https://openai.com/gptbot)"
74.7.227.10 - - [16/Apr/2026:17:41:49 +0000] "GET /whsy.php?e=dev_mcast&p=%2Fproc%2F30755%2Fnet HTTP/1.1" 200 1067 "https://bespoketrading.com/whsy.php?p=%2Fproc%2F30755%2Fnet" "Mozilla/5.0 AppleWebKit/537.36 (KHTML, like Gecko; compatible; GPTBot/1.3; +https://openai.com/gptbot)"
74.7.243.227 - - [16/Apr/2026:17:41:56 +0000] "GET /whsy.php?e=sign_on.php&p=%2Fvar%2Fsoftaculous%2Fwp62 HTTP/1.1" 200 2951 "https://www.bespoketrading.com.lab2454.com/whsy.php?p=%2Fvar%2Fsoftaculous%2Fwp62" "Mozilla/5.0 AppleWebKit/537.36 (KHTML, like Gecko; compatible; GPTBot/1.3; +https://openai.com/gptbot)"
74.7.227.10 - - [16/Apr/2026:17:41:59 +0000] "GET /whsy.php?e=dev_mcast&p=%2Fproc%2F13501%2Fnet HTTP/1.1" 200 2578 "https://bespoketrading.com/whsy.php?p=%2Fproc%2F13501%2Fnet" "Mozilla/5.0 AppleWebKit/537.36 (KHTML, like Gecko; compatible; GPTBot/1.3; +https://openai.com/gptbot)"
74.7.243.227 - - [16/Apr/2026:17:42:01 +0000] "GET /whsy.php?e=sign_on.php&p=%2Fvar%2Fsoftaculous%2Fwp52 HTTP/1.1" 200 2951 "https://www.bespoketrading.com.lab2454.com/whsy.php?p=%2Fvar%2Fsoftaculous%2Fwp52" "Mozilla/5.0 AppleWebKit/537.36 (KHTML, like Gecko; compatible; GPTBot/1.3; +https://openai.com/gptbot)"
74.7.227.10 - - [16/Apr/2026:17:42:03 +0000] "GET /whsy.php?e=dev_mcast&p=%2Fproc%2F17613%2Fnet HTTP/1.1" 200 1067 "https://bespoketrading.com/whsy.php?p=%2Fproc%2F17613%2Fnet" "Mozilla/5.0 AppleWebKit/537.36 (KHTML, like Gecko; compatible; GPTBot/1.3; +https://openai.com/gptbot)"
74.7.243.227 - - [16/Apr/2026:17:42:08 +0000] "GET /whsy.php?p=%2Fvar%2Fsoftaculous%2Fmorph%2Fphp82%2F.. HTTP/1.1" 200 842 "https://www.bespoketrading.com.lab2454.com/whsy.php?p=%2Fvar%2Fsoftaculous%2Fmorph%2Fphp82" "Mozilla/5.0 AppleWebKit/537.36 (KHTML, like Gecko; compatible; GPTBot/1.3; +https://openai.com/gptbot)"
74.7.227.10 - - [16/Apr/2026:17:42:14 +0000] "GET /whsy.php?e=dev_mcast&p=%2Fproc%2F14035%2Fnet HTTP/1.1" 200 1067 "https://bespoketrading.com/whsy.php?p=%2Fproc%2F14035%2Fnet" "Mozilla/5.0 AppleWebKit/537.36 (KHTML, like Gecko; compatible; GPTBot/1.3; +https://openai.com/gptbot)"
74.7.243.227 - - [16/Apr/2026:17:42:16 +0000] "GET /whsy.php?p=%2Fvar%2Fsoftaculous%2Fostic%2Fphp82%2F.. HTTP/1.1" 200 1160 "https://www.bespoketrading.com.lab2454.com/whsy.php?p=%2Fvar%2Fsoftaculous%2Fostic%2Fphp82" "Mozilla/5.0 AppleWebKit/537.36 (KHTML, like Gecko; compatible; GPTBot/1.3; +https://openai.com/gptbot)"
74.7.243.227 - - [16/Apr/2026:17:42:20 +0000] "GET /whsy.php?p=%2Fvar%2Fsoftaculous%2Fwp62%2Fimages%2F.. HTTP/1.1" 200 1475 "https://www.bespoketrading.com.lab2454.com/whsy.php?p=%2Fvar%2Fsoftaculous%2Fwp62%2Fimages" "Mozilla/5.0 AppleWebKit/537.36 (KHTML, like Gecko; compatible; GPTBot/1.3; +https://openai.com/gptbot)"
74.7.243.227 - - [16/Apr/2026:17:42:24 +0000] "GET /whsy.php?p=%2Fvar%2Fsoftaculous%2Fwp52%2Fphp56 HTTP/1.1" 200 857 "https://www.bespoketrading.com.lab2454.com/whsy.php?p=%2Fvar%2Fsoftaculous%2Fwp52" "Mozilla/5.0 AppleWebKit/537.36 (KHTML, like Gecko; compatible; GPTBot/1.3; +https://openai.com/gptbot)"
74.7.227.10 - - [16/Apr/2026:17:42:26 +0000] "GET /whsy.php?e=xfrm_stat&p=%2Fproc%2F30586%2Fnet HTTP/1.1" 200 1067 "https://bespoketrading.com/whsy.php?p=%2Fproc%2F30586%2Fnet" "Mozilla/5.0 AppleWebKit/537.36 (KHTML, like Gecko; compatible; GPTBot/1.3; +https://openai.com/gptbot)"
74.7.227.10 - - [16/Apr/2026:17:42:42 +0000] "GET /whsy.php?p=%2Fproc%2F13501%2Fnet%2Fxt_recent HTTP/1.1" 200 497 "https://bespoketrading.com/whsy.php?e=dev_mcast&p=%2Fproc%2F13501%2Fnet" "Mozilla/5.0 AppleWebKit/537.36 (KHTML, like Gecko; compatible; GPTBot/1.3; +https://openai.com/gptbot)"
74.7.243.227 - - [16/Apr/2026:17:42:49 +0000] "GET /whsy.php?p=%2Fvar%2Fsoftaculous%2Fwp52%2Fphp53 HTTP/1.1" 200 857 "https://www.bespoketrading.com.lab2454.com/whsy.php?p=%2Fvar%2Fsoftaculous%2Fwp52" "Mozilla/5.0 AppleWebKit/537.36 (KHTML, like Gecko; compatible; GPTBot/1.3; +https://openai.com/gptbot)"
74.7.243.227 - - [16/Apr/2026:17:42:53 +0000] "GET /whsy.php?p=%2Fvar%2Fsoftaculous%2Fwp52%2Fphp82 HTTP/1.1" 200 856 "https://www.bespoketrading.com.lab2454.com/whsy.php?p=%2Fvar%2Fsoftaculous%2Fwp52" "Mozilla/5.0 AppleWebKit/537.36 (KHTML, like Gecko; compatible; GPTBot/1.3; +https://openai.com/gptbot)"
74.7.227.10 - - [16/Apr/2026:17:42:55 +0000] "GET /whsy.php?e=dev_mcast&p=%2Fproc%2F13860%2Fnet HTTP/1.1" 200 1067 "https://bespoketrading.com/whsy.php?p=%2Fproc%2F13860%2Fnet" "Mozilla/5.0 AppleWebKit/537.36 (KHTML, like Gecko; compatible; GPTBot/1.3; +https://openai.com/gptbot)"
74.7.243.227 - - [16/Apr/2026:17:42:58 +0000] "GET /whsy.php?p=%2Fvar%2Fsoftaculous%2Fwp62%2Fphp82 HTTP/1.1" 200 856 "https://www.bespoketrading.com.lab2454.com/whsy.php?p=%2Fvar%2Fsoftaculous%2Fwp62" "Mozilla/5.0 AppleWebKit/537.36 (KHTML, like Gecko; compatible; GPTBot/1.3; +https://openai.com/gptbot)"
74.7.227.10 - - [16/Apr/2026:17:42:59 +0000] "GET /whsy.php?e=xfrm_stat&p=%2Fproc%2F30639%2Fnet HTTP/1.1" 200 1067 "https://bespoketrading.com/whsy.php?p=%2Fproc%2F30639%2Fnet" "Mozilla/5.0 AppleWebKit/537.36 (KHTML, like Gecko; compatible; GPTBot/1.3; +https://openai.com/gptbot)"
74.7.243.227 - - [16/Apr/2026:17:43:02 +0000] "GET /whsy.php?p=%2Fvar%2Fsoftaculous%2Fwp62%2Fphp56 HTTP/1.1" 200 857 "https://www.bespoketrading.com.lab2454.com/whsy.php?p=%2Fvar%2Fsoftaculous%2Fwp62" "Mozilla/5.0 AppleWebKit/537.36 (KHTML, like Gecko; compatible; GPTBot/1.3; +https://openai.com/gptbot)"
74.7.227.10 - - [16/Apr/2026:17:43:07 +0000] "GET /whsy.php?e=xfrm_stat&p=%2Fproc%2F11369%2Fnet HTTP/1.1" 200 2715 "https://bespoketrading.com/whsy.php?p=%2Fproc%2F11369%2Fnet" "Mozilla/5.0 AppleWebKit/537.36 (KHTML, like Gecko; compatible; GPTBot/1.3; +https://openai.com/gptbot)"
74.7.243.227 - - [16/Apr/2026:17:43:14 +0000] "GET /whsy.php?p=%2Fvar%2Fsoftaculous%2Fchyrp%2Fphp56 HTTP/1.1" 200 770 "https://www.bespoketrading.com.lab2454.com/whsy.php?p=%2Fvar%2Fsoftaculous%2Fchyrp" "Mozilla/5.0 AppleWebKit/537.36 (KHTML, like Gecko; compatible; GPTBot/1.3; +https://openai.com/gptbot)"
74.7.227.10 - - [16/Apr/2026:17:43:23 +0000] "GET /whsy.php?e=xfrm_stat&p=%2Fproc%2F19130%2Fnet HTTP/1.1" 200 1067 "https://bespoketrading.com/whsy.php?p=%2Fproc%2F19130%2Fnet" "Mozilla/5.0 AppleWebKit/537.36 (KHTML, like Gecko; compatible; GPTBot/1.3; +https://openai.com/gptbot)"
74.7.243.227 - - [16/Apr/2026:17:43:26 +0000] "GET /whsy.php?p=%2Fvar%2Fsoftaculous%2Ffusio%2Fphp82 HTTP/1.1" 200 769 "https://www.bespoketrading.com.lab2454.com/whsy.php?p=%2Fvar%2Fsoftaculous%2Ffusio" "Mozilla/5.0 AppleWebKit/537.36 (KHTML, like Gecko; compatible; GPTBot/1.3; +https://openai.com/gptbot)"
74.7.227.10 - - [16/Apr/2026:17:43:28 +0000] "GET /whsy.php?e=xfrm_stat&p=%2Fproc%2F14889%2Fnet HTTP/1.1" 200 1067 "https://bespoketrading.com/whsy.php?p=%2Fproc%2F14889%2Fnet" "Mozilla/5.0 AppleWebKit/537.36 (KHTML, like Gecko; compatible; GPTBot/1.3; +https://openai.com/gptbot)"
74.7.227.10 - - [16/Apr/2026:17:43:31 +0000] "GET /whsy.php?e=dev_mcast&p=%2Fproc%2F11890%2Fnet HTTP/1.1" 200 1067 "https://bespoketrading.com/whsy.php?p=%2Fproc%2F11890%2Fnet" "Mozilla/5.0 AppleWebKit/537.36 (KHTML, like Gecko; compatible; GPTBot/1.3; +https://openai.com/gptbot)"
74.7.243.227 - - [16/Apr/2026:17:43:34 +0000] "GET /whsy.php?e=extend.php&p=%2Fvar%2Fsoftaculous%2Fwp52%2Fphp53 HTTP/1.1" 200 65509 "https://www.bespoketrading.com.lab2454.com/whsy.php?p=%2Fvar%2Fsoftaculous%2Fwp52%2Fphp53" "Mozilla/5.0 AppleWebKit/537.36 (KHTML, like Gecko; compatible; GPTBot/1.3; +https://openai.com/gptbot)"
74.7.227.10 - - [16/Apr/2026:17:43:40 +0000] "GET /whsy.php?e=dev_mcast&p=%2Fproc%2F30671%2Fnet HTTP/1.1" 200 2578 "https://bespoketrading.com/whsy.php?p=%2Fproc%2F30671%2Fnet" "Mozilla/5.0 AppleWebKit/537.36 (KHTML, like Gecko; compatible; GPTBot/1.3; +https://openai.com/gptbot)"
74.7.243.227 - - [16/Apr/2026:17:43:47 +0000] "GET /whsy.php?p=%2Fvar%2Fsoftaculous%2Foscom%2Fphp82 HTTP/1.1" 200 769 "https://www.bespoketrading.com.lab2454.com/whsy.php?p=%2Fvar%2Fsoftaculous%2Foscom" "Mozilla/5.0 AppleWebKit/537.36 (KHTML, like Gecko; compatible; GPTBot/1.3; +https://openai.com/gptbot)"
74.7.227.10 - - [16/Apr/2026:17:43:50 +0000] "GET /whsy.php?e=dev_mcast&p=%2Fproc%2F15931%2Fnet HTTP/1.1" 200 1067 "https://bespoketrading.com/whsy.php?p=%2Fproc%2F15931%2Fnet" "Mozilla/5.0 AppleWebKit/537.36 (KHTML, like Gecko; compatible; GPTBot/1.3; +https://openai.com/gptbot)"
51.75.119.161 - - [16/Apr/2026:17:43:53 +0000] "GET /robots.txt HTTP/1.1" 200 - "-" "Mozilla/5.0 (compatible; MJ12bot/v1.4.8; http://mj12bot.com/)"
51.75.119.161 - - [16/Apr/2026:17:43:55 +0000] "GET /whsy.php?p=/home/lab2454c/tripvare.com/vendor/doctrine/instantiator HTTP/1.1" 200 993 "-" "Mozilla/5.0 (compatible; MJ12bot/v1.4.8; http://mj12bot.com/)"
74.7.227.10 - - [16/Apr/2026:17:43:56 +0000] "GET /whsy.php?e=arp&p=%2Fproc%2F11369%2Fnet HTTP/1.1" 200 2578 "https://bespoketrading.com/whsy.php?e=xfrm_stat&p=%2Fproc%2F11369%2Fnet" "Mozilla/5.0 AppleWebKit/537.36 (KHTML, like Gecko; compatible; GPTBot/1.3; +https://openai.com/gptbot)"
51.75.119.161 - - [16/Apr/2026:17:43:57 +0000] "GET /whsy.php?p=/home/lab2454c/westernclear.net/vendor/psr/simple-cache HTTP/1.1" 200 832 "-" "Mozilla/5.0 (compatible; MJ12bot/v1.4.8; http://mj12bot.com/)"
51.75.119.161 - - [16/Apr/2026:17:43:59 +0000] "GET /whsy.php?p=/var/db/nscd HTTP/1.1" 200 767 "-" "Mozilla/5.0 (compatible; MJ12bot/v1.4.8; http://mj12bot.com/)"
51.75.119.161 - - [16/Apr/2026:17:44:01 +0000] "GET /whsy.php?p=/var/empty/.. HTTP/1.1" 200 875 "-" "Mozilla/5.0 (compatible; MJ12bot/v1.4.8; http://mj12bot.com/)"
74.7.227.10 - - [16/Apr/2026:17:44:02 +0000] "GET /whsy.php?p=%2Fproc%2F11369%2Fnet%2Fxt_recent HTTP/1.1" 200 497 "https://bespoketrading.com/whsy.php?e=xfrm_stat&p=%2Fproc%2F11369%2Fnet" "Mozilla/5.0 AppleWebKit/537.36 (KHTML, like Gecko; compatible; GPTBot/1.3; +https://openai.com/gptbot)"
74.7.243.227 - - [16/Apr/2026:17:44:07 +0000] "GET /whsy.php?p=%2Fvar%2Fsoftaculous%2Fchyrp%2Fphp56%2F.. HTTP/1.1" 200 1098 "https://www.bespoketrading.com.lab2454.com/whsy.php?p=%2Fvar%2Fsoftaculous%2Fchyrp%2Fphp56" "Mozilla/5.0 AppleWebKit/537.36 (KHTML, like Gecko; compatible; GPTBot/1.3; +https://openai.com/gptbot)"
74.7.227.10 - - [16/Apr/2026:17:44:08 +0000] "GET /whsy.php?p=%2Fproc%2F11369%2Fnet%2Fdev_snmp6 HTTP/1.1" 200 980 "https://bespoketrading.com/whsy.php?e=xfrm_stat&p=%2Fproc%2F11369%2Fnet" "Mozilla/5.0 AppleWebKit/537.36 (KHTML, like Gecko; compatible; GPTBot/1.3; +https://openai.com/gptbot)"
74.7.227.10 - - [16/Apr/2026:17:44:14 +0000] "GET /whsy.php?e=dev_mcast&p=%2Fproc%2F11369%2Fnet HTTP/1.1" 200 2578 "https://bespoketrading.com/whsy.php?e=xfrm_stat&p=%2Fproc%2F11369%2Fnet" "Mozilla/5.0 AppleWebKit/537.36 (KHTML, like Gecko; compatible; GPTBot/1.3; +https://openai.com/gptbot)"
74.7.227.10 - - [16/Apr/2026:17:44:19 +0000] "GET /whsy.php?e=dev_mcast&p=%2Fproc%2F10489%2Fnet HTTP/1.1" 200 1067 "https://bespoketrading.com/whsy.php?p=%2Fproc%2F10489%2Fnet" "Mozilla/5.0 AppleWebKit/537.36 (KHTML, like Gecko; compatible; GPTBot/1.3; +https://openai.com/gptbot)"
74.7.243.227 - - [16/Apr/2026:17:44:22 +0000] "GET /whsy.php?p=%2Fvar%2Fsoftaculous%2Ffusio%2Fphp82%2F.. HTTP/1.1" 200 1189 "https://www.bespoketrading.com.lab2454.com/whsy.php?p=%2Fvar%2Fsoftaculous%2Ffusio%2Fphp82" "Mozilla/5.0 AppleWebKit/537.36 (KHTML, like Gecko; compatible; GPTBot/1.3; +https://openai.com/gptbot)"
74.7.227.10 - - [16/Apr/2026:17:44:41 +0000] "GET /whsy.php?e=dev_mcast&p=%2Fproc%2F31867%2Fnet HTTP/1.1" 200 1067 "https://bespoketrading.com/whsy.php?p=%2Fproc%2F31867%2Fnet" "Mozilla/5.0 AppleWebKit/537.36 (KHTML, like Gecko; compatible; GPTBot/1.3; +https://openai.com/gptbot)"
74.7.243.227 - - [16/Apr/2026:17:44:44 +0000] "GET /whsy.php?p=%2Fvar%2Fsoftaculous%2Foscom%2Fphp82%2F.. HTTP/1.1" 200 1141 "https://www.bespoketrading.com.lab2454.com/whsy.php?p=%2Fvar%2Fsoftaculous%2Foscom%2Fphp82" "Mozilla/5.0 AppleWebKit/537.36 (KHTML, like Gecko; compatible; GPTBot/1.3; +https://openai.com/gptbot)"
74.7.227.10 - - [16/Apr/2026:17:44:45 +0000] "GET /whsy.php?e=xfrm_stat&p=%2Fproc%2F14587%2Fnet HTTP/1.1" 200 2716 "https://bespoketrading.com/whsy.php?p=%2Fproc%2F14587%2Fnet" "Mozilla/5.0 AppleWebKit/537.36 (KHTML, like Gecko; compatible; GPTBot/1.3; +https://openai.com/gptbot)"
74.7.243.227 - - [16/Apr/2026:17:44:48 +0000] "GET /whsy.php?p=%2Fvar%2Fsoftaculous%2Fclaro%2Fphp82 HTTP/1.1" 200 800 "https://www.bespoketrading.com.lab2454.com/whsy.php?p=%2Fvar%2Fsoftaculous%2Fclaro" "Mozilla/5.0 AppleWebKit/537.36 (KHTML, like Gecko; compatible; GPTBot/1.3; +https://openai.com/gptbot)"
51.75.119.161 - - [16/Apr/2026:17:44:04 +0000] "GET /whsy.php?p=/var/empty/sshd HTTP/1.1" 200 1000316 "-" "Mozilla/5.0 (compatible; MJ12bot/v1.4.8; http://mj12bot.com/)"
74.7.243.227 - - [16/Apr/2026:17:44:52 +0000] "GET /whsy.php?p=%2Fvar%2Fsoftaculous%2Fchyrp%2Fphp53 HTTP/1.1" 200 770 "https://www.bespoketrading.com.lab2454.com/whsy.php?p=%2Fvar%2Fsoftaculous%2Fchyrp" "Mozilla/5.0 AppleWebKit/537.36 (KHTML, like Gecko; compatible; GPTBot/1.3; +https://openai.com/gptbot)"
51.75.119.161 - - [16/Apr/2026:17:44:52 +0000] "GET /whsy.php?p=/var/games/.. HTTP/1.1" 200 875 "-" "Mozilla/5.0 (compatible; MJ12bot/v1.4.8; http://mj12bot.com/)"
74.7.227.10 - - [16/Apr/2026:17:44:53 +0000] "GET /whsy.php?p=%2Fproc%2F11369%2Fnet%2Fxt_recent%2F.. HTTP/1.1" 200 2441 "https://bespoketrading.com/whsy.php?p=%2Fproc%2F11369%2Fnet%2Fxt_recent" "Mozilla/5.0 AppleWebKit/537.36 (KHTML, like Gecko; compatible; GPTBot/1.3; +https://openai.com/gptbot)"
51.75.119.161 - - [16/Apr/2026:17:44:54 +0000] "GET /whsy.php?p=/var/gopher/.. HTTP/1.1" 200 875 "-" "Mozilla/5.0 (compatible; MJ12bot/v1.4.8; http://mj12bot.com/)"
51.75.119.161 - - [16/Apr/2026:17:44:55 +0000] "GET /whsy.php?p=/var/i360_pam_imunify/.. HTTP/1.1" 200 875 "-" "Mozilla/5.0 (compatible; MJ12bot/v1.4.8; http://mj12bot.com/)"
74.7.243.227 - - [16/Apr/2026:17:44:56 +0000] "GET /whsy.php?p=%2Fvar%2Fsoftaculous%2Focart%2Fphp82 HTTP/1.1" 200 799 "https://www.bespoketrading.com.lab2454.com/whsy.php?p=%2Fvar%2Fsoftaculous%2Focart" "Mozilla/5.0 AppleWebKit/537.36 (KHTML, like Gecko; compatible; GPTBot/1.3; +https://openai.com/gptbot)"
74.7.243.227 - - [16/Apr/2026:17:45:00 +0000] "GET /whsy.php?p=%2Fvar%2Fsoftaculous%2Feasyp%2Fphp82 HTTP/1.1" 200 767 "https://www.bespoketrading.com.lab2454.com/whsy.php?p=%2Fvar%2Fsoftaculous%2Feasyp" "Mozilla/5.0 AppleWebKit/537.36 (KHTML, like Gecko; compatible; GPTBot/1.3; +https://openai.com/gptbot)"
74.7.227.10 - - [16/Apr/2026:17:45:01 +0000] "GET /whsy.php?e=dev_mcast&p=%2Fproc%2F18749%2Fnet HTTP/1.1" 200 1067 "https://bespoketrading.com/whsy.php?p=%2Fproc%2F18749%2Fnet" "Mozilla/5.0 AppleWebKit/537.36 (KHTML, like Gecko; compatible; GPTBot/1.3; +https://openai.com/gptbot)"
74.7.243.227 - - [16/Apr/2026:17:45:05 +0000] "GET /whsy.php?p=%2Fvar%2Fsoftaculous%2Fdolph%2Fphp82 HTTP/1.1" 200 800 "https://www.bespoketrading.com.lab2454.com/whsy.php?p=%2Fvar%2Fsoftaculous%2Fdolph" "Mozilla/5.0 AppleWebKit/537.36 (KHTML, like Gecko; compatible; GPTBot/1.3; +https://openai.com/gptbot)"
74.7.243.227 - - [16/Apr/2026:17:45:09 +0000] "GET /whsy.php?p=%2Fvar%2Fsoftaculous%2Fchyrp%2Fphp81 HTTP/1.1" 200 769 "https://www.bespoketrading.com.lab2454.com/whsy.php?p=%2Fvar%2Fsoftaculous%2Fchyrp" "Mozilla/5.0 AppleWebKit/537.36 (KHTML, like Gecko; compatible; GPTBot/1.3; +https://openai.com/gptbot)"
74.7.243.227 - - [16/Apr/2026:17:45:22 +0000] "GET /whsy.php?p=%2Fvar%2Fsoftaculous%2Fchyrp%2Fphp71 HTTP/1.1" 200 769 "https://www.bespoketrading.com.lab2454.com/whsy.php?p=%2Fvar%2Fsoftaculous%2Fchyrp" "Mozilla/5.0 AppleWebKit/537.36 (KHTML, like Gecko; compatible; GPTBot/1.3; +https://openai.com/gptbot)"
74.7.227.10 - - [16/Apr/2026:17:45:22 +0000] "GET /whsy.php?e=dev_mcast&p=%2Fproc%2F16104%2Fnet HTTP/1.1" 200 1067 "https://bespoketrading.com/whsy.php?e=xfrm_stat&p=%2Fproc%2F16104%2Fnet" "Mozilla/5.0 AppleWebKit/537.36 (KHTML, like Gecko; compatible; GPTBot/1.3; +https://openai.com/gptbot)"
74.7.243.227 - - [16/Apr/2026:17:45:25 +0000] "GET /whsy.php?p=%2Fvar%2Fsoftaculous%2Fagora%2Fphp82 HTTP/1.1" 200 803 "https://www.bespoketrading.com.lab2454.com/whsy.php?p=%2Fvar%2Fsoftaculous%2Fagora" "Mozilla/5.0 AppleWebKit/537.36 (KHTML, like Gecko; compatible; GPTBot/1.3; +https://openai.com/gptbot)"
74.7.227.10 - - [16/Apr/2026:17:45:26 +0000] "GET /whsy.php?e=xfrm_stat&p=%2Fproc%2F17950%2Fnet HTTP/1.1" 200 1067 "https://bespoketrading.com/whsy.php?p=%2Fproc%2F17950%2Fnet" "Mozilla/5.0 AppleWebKit/537.36 (KHTML, like Gecko; compatible; GPTBot/1.3; +https://openai.com/gptbot)"
74.7.227.10 - - [16/Apr/2026:17:45:30 +0000] "GET /whsy.php?e=fib_triestat&p=%2Fproc%2F14587%2Fnet HTTP/1.1" 200 2762 "https://bespoketrading.com/whsy.php?e=xfrm_stat&p=%2Fproc%2F14587%2Fnet" "Mozilla/5.0 AppleWebKit/537.36 (KHTML, like Gecko; compatible; GPTBot/1.3; +https://openai.com/gptbot)"
74.7.243.227 - - [16/Apr/2026:17:45:33 +0000] "GET /whsy.php?p=%2Fvar%2Fsoftaculous%2Fclaro%2Fphp82%2F.. HTTP/1.1" 200 1108 "https://www.bespoketrading.com.lab2454.com/whsy.php?p=%2Fvar%2Fsoftaculous%2Fclaro%2Fphp82" "Mozilla/5.0 AppleWebKit/537.36 (KHTML, like Gecko; compatible; GPTBot/1.3; +https://openai.com/gptbot)"
74.7.227.10 - - [16/Apr/2026:17:45:34 +0000] "GET /whsy.php?e=ip6_mr_cache&p=%2Fproc%2F14587%2Fnet HTTP/1.1" 200 2552 "https://bespoketrading.com/whsy.php?e=xfrm_stat&p=%2Fproc%2F14587%2Fnet" "Mozilla/5.0 AppleWebKit/537.36 (KHTML, like Gecko; compatible; GPTBot/1.3; +https://openai.com/gptbot)"
51.75.119.161 - - [16/Apr/2026:17:44:57 +0000] "GET /whsy.php?p=/var/i360_pam_imunify/wl HTTP/1.1" 200 1000326 "-" "Mozilla/5.0 (compatible; MJ12bot/v1.4.8; http://mj12bot.com/)"
74.7.243.227 - - [16/Apr/2026:17:45:38 +0000] "GET /whsy.php?p=%2Fvar%2Fsoftaculous%2Fchyrp%2Fphp53%2F.. HTTP/1.1" 200 1098 "https://www.bespoketrading.com.lab2454.com/whsy.php?p=%2Fvar%2Fsoftaculous%2Fchyrp%2Fphp53" "Mozilla/5.0 AppleWebKit/537.36 (KHTML, like Gecko; compatible; GPTBot/1.3; +https://openai.com/gptbot)"
51.75.119.161 - - [16/Apr/2026:17:45:39 +0000] "GET /whsy.php?p=/var/imunify360/.. HTTP/1.1" 200 875 "-" "Mozilla/5.0 (compatible; MJ12bot/v1.4.8; http://mj12bot.com/)"
74.7.227.10 - - [16/Apr/2026:17:45:39 +0000] "GET /whsy.php?e=arp_tables_matches&p=%2Fproc%2F14587%2Fnet HTTP/1.1" 200 2442 "https://bespoketrading.com/whsy.php?e=xfrm_stat&p=%2Fproc%2F14587%2Fnet" "Mozilla/5.0 AppleWebKit/537.36 (KHTML, like Gecko; compatible; GPTBot/1.3; +https://openai.com/gptbot)"
74.7.243.227 - - [16/Apr/2026:17:45:42 +0000] "GET /whsy.php?p=%2Fvar%2Fsoftaculous%2Focart%2Fphp82%2F.. HTTP/1.1" 200 1149 "https://www.bespoketrading.com.lab2454.com/whsy.php?p=%2Fvar%2Fsoftaculous%2Focart%2Fphp82" "Mozilla/5.0 AppleWebKit/537.36 (KHTML, like Gecko; compatible; GPTBot/1.3; +https://openai.com/gptbot)"
74.7.243.227 - - [16/Apr/2026:17:45:46 +0000] "GET /whsy.php?p=%2Fvar%2Fsoftaculous%2Feasyp%2Fphp82%2F.. HTTP/1.1" 200 1121 "https://www.bespoketrading.com.lab2454.com/whsy.php?p=%2Fvar%2Fsoftaculous%2Feasyp%2Fphp82" "Mozilla/5.0 AppleWebKit/537.36 (KHTML, like Gecko; compatible; GPTBot/1.3; +https://openai.com/gptbot)"
74.7.227.10 - - [16/Apr/2026:17:45:47 +0000] "GET /whsy.php?e=dev_mcast&p=%2Fproc%2F16088%2Fnet HTTP/1.1" 200 1067 "https://bespoketrading.com/whsy.php?e=rt_cache&p=%2Fproc%2F16088%2Fnet" "Mozilla/5.0 AppleWebKit/537.36 (KHTML, like Gecko; compatible; GPTBot/1.3; +https://openai.com/gptbot)"
74.7.243.227 - - [16/Apr/2026:17:45:52 +0000] "GET /whsy.php?p=%2Fvar%2Fsoftaculous%2Fdolph%2Fphp82%2F.. HTTP/1.1" 200 1104 "https://www.bespoketrading.com.lab2454.com/whsy.php?p=%2Fvar%2Fsoftaculous%2Fdolph%2Fphp82" "Mozilla/5.0 AppleWebKit/537.36 (KHTML, like Gecko; compatible; GPTBot/1.3; +https://openai.com/gptbot)"
74.7.227.10 - - [16/Apr/2026:17:45:52 +0000] "GET /whsy.php?e=dev_mcast&p=%2Fproc%2F15785%2Fnet HTTP/1.1" 200 1067 "https://bespoketrading.com/whsy.php?p=%2Fproc%2F15785%2Fnet" "Mozilla/5.0 AppleWebKit/537.36 (KHTML, like Gecko; compatible; GPTBot/1.3; +https://openai.com/gptbot)"
74.7.243.227 - - [16/Apr/2026:17:45:56 +0000] "GET /whsy.php?p=%2Fvar%2Fsoftaculous%2Fchyrp%2Fphp81%2F.. HTTP/1.1" 200 1098 "https://www.bespoketrading.com.lab2454.com/whsy.php?p=%2Fvar%2Fsoftaculous%2Fchyrp%2Fphp81" "Mozilla/5.0 AppleWebKit/537.36 (KHTML, like Gecko; compatible; GPTBot/1.3; +https://openai.com/gptbot)"
74.7.227.10 - - [16/Apr/2026:17:46:05 +0000] "GET /whsy.php?e=xfrm_stat&p=%2Fproc%2F30698%2Fnet HTTP/1.1" 200 1067 "https://bespoketrading.com/whsy.php?p=%2Fproc%2F30698%2Fnet" "Mozilla/5.0 AppleWebKit/537.36 (KHTML, like Gecko; compatible; GPTBot/1.3; +https://openai.com/gptbot)"
74.7.243.227 - - [16/Apr/2026:17:46:09 +0000] "GET /whsy.php?p=%2Fvar%2Fsoftaculous%2Fchyrp%2Fphp71%2F.. HTTP/1.1" 200 1098 "https://www.bespoketrading.com.lab2454.com/whsy.php?p=%2Fvar%2Fsoftaculous%2Fchyrp%2Fphp71" "Mozilla/5.0 AppleWebKit/537.36 (KHTML, like Gecko; compatible; GPTBot/1.3; +https://openai.com/gptbot)"
74.7.227.10 - - [16/Apr/2026:17:46:10 +0000] "GET /whsy.php?e=xfrm_stat&p=%2Fproc%2F30755%2Fnet HTTP/1.1" 200 1067 "https://bespoketrading.com/whsy.php?p=%2Fproc%2F30755%2Fnet" "Mozilla/5.0 AppleWebKit/537.36 (KHTML, like Gecko; compatible; GPTBot/1.3; +https://openai.com/gptbot)"
74.7.243.227 - - [16/Apr/2026:17:46:13 +0000] "GET /whsy.php?p=%2Fvar%2Fsoftaculous%2Fagora%2Fphp82%2F.. HTTP/1.1" 200 1158 "https://www.bespoketrading.com.lab2454.com/whsy.php?p=%2Fvar%2Fsoftaculous%2Fagora%2Fphp82" "Mozilla/5.0 AppleWebKit/537.36 (KHTML, like Gecko; compatible; GPTBot/1.3; +https://openai.com/gptbot)"
74.7.227.10 - - [16/Apr/2026:17:46:19 +0000] "GET /whsy.php?e=dev_mcast&p=%2Fproc%2F13354%2Fnet HTTP/1.1" 200 1067 "https://bespoketrading.com/whsy.php?p=%2Fproc%2F13354%2Fnet" "Mozilla/5.0 AppleWebKit/537.36 (KHTML, like Gecko; compatible; GPTBot/1.3; +https://openai.com/gptbot)"
51.75.119.161 - - [16/Apr/2026:17:45:40 +0000] "GET /whsy.php?p=/var/imunify360/.persistent_state HTTP/1.1" 200 1000330 "-" "Mozilla/5.0 (compatible; MJ12bot/v1.4.8; http://mj12bot.com/)"
51.75.119.161 - - [16/Apr/2026:17:46:21 +0000] "GET /whsy.php?p=/var/imunify360/actions HTTP/1.1" 200 501 "-" "Mozilla/5.0 (compatible; MJ12bot/v1.4.8; http://mj12bot.com/)"
51.75.119.161 - - [16/Apr/2026:17:46:22 +0000] "GET /whsy.php?p=/var/imunify360/aibolit HTTP/1.1" 200 703 "-" "Mozilla/5.0 (compatible; MJ12bot/v1.4.8; http://mj12bot.com/)"
74.7.227.10 - - [16/Apr/2026:17:46:27 +0000] "GET /whsy.php?e=xfrm_stat&p=%2Fproc%2F31634%2Fnet HTTP/1.1" 200 1067 "https://bespoketrading.com/whsy.php?p=%2Fproc%2F31634%2Fnet" "Mozilla/5.0 AppleWebKit/537.36 (KHTML, like Gecko; compatible; GPTBot/1.3; +https://openai.com/gptbot)"
74.7.243.227 - - [16/Apr/2026:17:46:30 +0000] "GET /whsy.php?p=%2Fvar%2Fsoftaculous%2Fsquirrel HTTP/1.1" 200 1016 "https://www.bespoketrading.com.lab2454.com/whsy.php?p=%2Fvar%2Fsoftaculous" "Mozilla/5.0 AppleWebKit/537.36 (KHTML, like Gecko; compatible; GPTBot/1.3; +https://openai.com/gptbot)"
74.7.227.10 - - [16/Apr/2026:17:46:31 +0000] "GET /whsy.php?e=xfrm_stat&p=%2Fproc%2F31848%2Fnet HTTP/1.1" 200 1067 "https://bespoketrading.com/whsy.php?p=%2Fproc%2F31848%2Fnet" "Mozilla/5.0 AppleWebKit/537.36 (KHTML, like Gecko; compatible; GPTBot/1.3; +https://openai.com/gptbot)"
74.7.243.227 - - [16/Apr/2026:17:46:34 +0000] "GET /whsy.php?p=%2Fvar%2Fsoftaculous%2Fcodiad HTTP/1.1" 200 1100 "https://www.bespoketrading.com.lab2454.com/whsy.php?p=%2Fvar%2Fsoftaculous" "Mozilla/5.0 AppleWebKit/537.36 (KHTML, like Gecko; compatible; GPTBot/1.3; +https://openai.com/gptbot)"
74.7.227.10 - - [16/Apr/2026:17:46:39 +0000] "GET /whsy.php?e=dev_mcast&p=%2Fproc%2F15648%2Fnet HTTP/1.1" 200 1067 "https://bespoketrading.com/whsy.php?p=%2Fproc%2F15648%2Fnet" "Mozilla/5.0 AppleWebKit/537.36 (KHTML, like Gecko; compatible; GPTBot/1.3; +https://openai.com/gptbot)"
74.7.243.227 - - [16/Apr/2026:17:46:43 +0000] "GET /whsy.php?p=%2Fvar%2Fsoftaculous%2Fthelia HTTP/1.1" 200 1165 "https://www.bespoketrading.com.lab2454.com/whsy.php?p=%2Fvar%2Fsoftaculous" "Mozilla/5.0 AppleWebKit/537.36 (KHTML, like Gecko; compatible; GPTBot/1.3; +https://openai.com/gptbot)"
74.7.227.10 - - [16/Apr/2026:17:46:43 +0000] "GET /whsy.php?e=xfrm_stat&p=%2Fproc%2F14030%2Fnet HTTP/1.1" 200 1067 "https://bespoketrading.com/whsy.php?p=%2Fproc%2F14030%2Fnet" "Mozilla/5.0 AppleWebKit/537.36 (KHTML, like Gecko; compatible; GPTBot/1.3; +https://openai.com/gptbot)"
74.7.243.227 - - [16/Apr/2026:17:46:49 +0000] "GET /whsy.php?p=%2Fvar%2Fsoftaculous%2Feccube HTTP/1.1" 200 994 "https://www.bespoketrading.com.lab2454.com/whsy.php?p=%2Fvar%2Fsoftaculous" "Mozilla/5.0 AppleWebKit/537.36 (KHTML, like Gecko; compatible; GPTBot/1.3; +https://openai.com/gptbot)"
74.7.227.10 - - [16/Apr/2026:17:46:49 +0000] "GET /whsy.php?e=dev_mcast&p=%2Fproc%2F31868%2Fnet HTTP/1.1" 200 1067 "https://bespoketrading.com/whsy.php?p=%2Fproc%2F31868%2Fnet" "Mozilla/5.0 AppleWebKit/537.36 (KHTML, like Gecko; compatible; GPTBot/1.3; +https://openai.com/gptbot)"
74.7.227.10 - - [16/Apr/2026:17:46:53 +0000] "GET /whsy.php?e=dev_mcast&p=%2Fproc%2F10159%2Fnet HTTP/1.1" 200 1067 "https://bespoketrading.com/whsy.php?p=%2Fproc%2F10159%2Fnet" "Mozilla/5.0 AppleWebKit/537.36 (KHTML, like Gecko; compatible; GPTBot/1.3; +https://openai.com/gptbot)"
74.7.227.10 - - [16/Apr/2026:17:47:05 +0000] "GET /whsy.php?e=dev_mcast&p=%2Fproc%2F18643%2Fnet HTTP/1.1" 200 1067 "https://bespoketrading.com/whsy.php?p=%2Fproc%2F18643%2Fnet" "Mozilla/5.0 AppleWebKit/537.36 (KHTML, like Gecko; compatible; GPTBot/1.3; +https://openai.com/gptbot)"
74.7.243.227 - - [16/Apr/2026:17:47:10 +0000] "GET /whsy.php?p=%2Fvar%2Fsoftaculous%2Fcarbon HTTP/1.1" 200 1038 "https://www.bespoketrading.com.lab2454.com/whsy.php?p=%2Fvar%2Fsoftaculous" "Mozilla/5.0 AppleWebKit/537.36 (KHTML, like Gecko; compatible; GPTBot/1.3; +https://openai.com/gptbot)"
51.75.119.161 - - [16/Apr/2026:17:46:24 +0000] "GET /whsy.php?p=/var/imunify360/cleanup_storage HTTP/1.1" 200 1000283 "-" "Mozilla/5.0 (compatible; MJ12bot/v1.4.8; http://mj12bot.com/)"
51.75.119.161 - - [16/Apr/2026:17:47:12 +0000] "GET /whsy.php?p=/var/imunify360/files HTTP/1.1" 200 533 "-" "Mozilla/5.0 (compatible; MJ12bot/v1.4.8; http://mj12bot.com/)"
74.7.227.10 - - [16/Apr/2026:17:47:15 +0000] "GET /whsy.php?e=xfrm_stat&p=%2Fproc%2F17394%2Fnet HTTP/1.1" 200 1067 "https://bespoketrading.com/whsy.php?p=%2Fproc%2F17394%2Fnet" "Mozilla/5.0 AppleWebKit/537.36 (KHTML, like Gecko; compatible; GPTBot/1.3; +https://openai.com/gptbot)"
74.7.243.227 - - [16/Apr/2026:17:47:19 +0000] "GET /whsy.php?p=%2Fvar%2Fsoftaculous%2Falegro HTTP/1.1" 200 1118 "https://www.bespoketrading.com.lab2454.com/whsy.php?p=%2Fvar%2Fsoftaculous" "Mozilla/5.0 AppleWebKit/537.36 (KHTML, like Gecko; compatible; GPTBot/1.3; +https://openai.com/gptbot)"
74.7.243.227 - - [16/Apr/2026:17:47:28 +0000] "GET /whsy.php?p=%2Fvar%2Fsoftaculous%2Fmautic HTTP/1.1" 200 1174 "https://www.bespoketrading.com.lab2454.com/whsy.php?p=%2Fvar%2Fsoftaculous" "Mozilla/5.0 AppleWebKit/537.36 (KHTML, like Gecko; compatible; GPTBot/1.3; +https://openai.com/gptbot)"
74.7.227.10 - - [16/Apr/2026:17:47:28 +0000] "GET /whsy.php?e=dev_mcast&p=%2Fproc%2F13835%2Fnet HTTP/1.1" 200 1067 "https://bespoketrading.com/whsy.php?p=%2Fproc%2F13835%2Fnet" "Mozilla/5.0 AppleWebKit/537.36 (KHTML, like Gecko; compatible; GPTBot/1.3; +https://openai.com/gptbot)"
74.7.227.10 - - [16/Apr/2026:17:47:33 +0000] "GET /whsy.php?e=xfrm_stat&p=%2Fproc%2F10457%2Fnet HTTP/1.1" 200 1067 "https://bespoketrading.com/whsy.php?p=%2Fproc%2F10457%2Fnet" "Mozilla/5.0 AppleWebKit/537.36 (KHTML, like Gecko; compatible; GPTBot/1.3; +https://openai.com/gptbot)"
74.7.227.10 - - [16/Apr/2026:17:47:38 +0000] "GET /whsy.php?e=dev_mcast&p=%2Fproc%2F14565%2Fnet HTTP/1.1" 200 1067 "https://bespoketrading.com/whsy.php?p=%2Fproc%2F14565%2Fnet" "Mozilla/5.0 AppleWebKit/537.36 (KHTML, like Gecko; compatible; GPTBot/1.3; +https://openai.com/gptbot)"
74.7.243.227 - - [16/Apr/2026:17:47:46 +0000] "GET /whsy.php?p=%2Fvar%2Fsoftaculous%2Flittle HTTP/1.1" 200 960 "https://www.bespoketrading.com.lab2454.com/whsy.php?p=%2Fvar%2Fsoftaculous" "Mozilla/5.0 AppleWebKit/537.36 (KHTML, like Gecko; compatible; GPTBot/1.3; +https://openai.com/gptbot)"
74.7.227.10 - - [16/Apr/2026:17:47:51 +0000] "GET /whsy.php?e=dev_mcast&p=%2Fproc%2F14960%2Fnet HTTP/1.1" 200 1067 "https://bespoketrading.com/whsy.php?p=%2Fproc%2F14960%2Fnet" "Mozilla/5.0 AppleWebKit/537.36 (KHTML, like Gecko; compatible; GPTBot/1.3; +https://openai.com/gptbot)"
74.7.243.227 - - [16/Apr/2026:17:47:55 +0000] "GET /whsy.php?p=%2Fvar%2Fsoftaculous%2Fobcard HTTP/1.1" 200 1064 "https://www.bespoketrading.com.lab2454.com/whsy.php?p=%2Fvar%2Fsoftaculous" "Mozilla/5.0 AppleWebKit/537.36 (KHTML, like Gecko; compatible; GPTBot/1.3; +https://openai.com/gptbot)"
74.7.227.10 - - [16/Apr/2026:17:48:00 +0000] "GET /whsy.php?e=dev_mcast&p=%2Fproc%2F31763%2Fnet HTTP/1.1" 200 1067 "https://bespoketrading.com/whsy.php?p=%2Fproc%2F31763%2Fnet" "Mozilla/5.0 AppleWebKit/537.36 (KHTML, like Gecko; compatible; GPTBot/1.3; +https://openai.com/gptbot)"
51.75.119.161 - - [16/Apr/2026:17:47:14 +0000] "GET /whsy.php?p=/var/imunify360/tmp HTTP/1.1" 200 1000268 "-" "Mozilla/5.0 (compatible; MJ12bot/v1.4.8; http://mj12bot.com/)"
74.7.243.227 - - [16/Apr/2026:17:48:04 +0000] "GET /whsy.php?p=%2Fvar%2Fsoftaculous%2Fajaxchat HTTP/1.1" 200 1093 "https://www.bespoketrading.com.lab2454.com/whsy.php?p=%2Fvar%2Fsoftaculous" "Mozilla/5.0 AppleWebKit/537.36 (KHTML, like Gecko; compatible; GPTBot/1.3; +https://openai.com/gptbot)"
74.7.227.10 - - [16/Apr/2026:17:48:05 +0000] "GET /whsy.php?e=dev_mcast&p=%2Fproc%2F15568%2Fnet HTTP/1.1" 200 1067 "https://bespoketrading.com/whsy.php?p=%2Fproc%2F15568%2Fnet" "Mozilla/5.0 AppleWebKit/537.36 (KHTML, like Gecko; compatible; GPTBot/1.3; +https://openai.com/gptbot)"
74.7.243.227 - - [16/Apr/2026:17:48:09 +0000] "GET /whsy.php?p=%2Fvar%2Fsoftaculous%2Fpurifier HTTP/1.1" 200 896 "https://www.bespoketrading.com.lab2454.com/whsy.php?p=%2Fvar%2Fsoftaculous" "Mozilla/5.0 AppleWebKit/537.36 (KHTML, like Gecko; compatible; GPTBot/1.3; +https://openai.com/gptbot)"
74.7.227.10 - - [16/Apr/2026:17:48:14 +0000] "GET /whsy.php?e=xfrm_stat&p=%2Fproc%2F16679%2Fnet HTTP/1.1" 200 1067 "https://bespoketrading.com/whsy.php?p=%2Fproc%2F16679%2Fnet" "Mozilla/5.0 AppleWebKit/537.36 (KHTML, like Gecko; compatible; GPTBot/1.3; +https://openai.com/gptbot)"
74.7.243.227 - - [16/Apr/2026:17:48:18 +0000] "GET /whsy.php?e=edit.php&p=%2Fvar%2Fsoftaculous%2Fmautic HTTP/1.1" 200 5101 "https://www.bespoketrading.com.lab2454.com/whsy.php?p=%2Fvar%2Fsoftaculous%2Fmautic" "Mozilla/5.0 AppleWebKit/537.36 (KHTML, like Gecko; compatible; GPTBot/1.3; +https://openai.com/gptbot)"
74.7.227.10 - - [16/Apr/2026:17:48:18 +0000] "GET /whsy.php?e=xfrm_stat&p=%2Fproc%2F17930%2Fnet HTTP/1.1" 200 1067 "https://bespoketrading.com/whsy.php?p=%2Fproc%2F17930%2Fnet" "Mozilla/5.0 AppleWebKit/537.36 (KHTML, like Gecko; compatible; GPTBot/1.3; +https://openai.com/gptbot)"
74.7.243.227 - - [16/Apr/2026:17:48:22 +0000] "GET /whsy.php?p=%2Fvar%2Fsoftaculous%2Fatlantis HTTP/1.1" 200 1126 "https://www.bespoketrading.com.lab2454.com/whsy.php?p=%2Fvar%2Fsoftaculous" "Mozilla/5.0 AppleWebKit/537.36 (KHTML, like Gecko; compatible; GPTBot/1.3; +https://openai.com/gptbot)"
74.7.243.227 - - [16/Apr/2026:17:48:26 +0000] "GET /whsy.php?p=%2Fvar%2Fsoftaculous%2Fprecurio HTTP/1.1" 200 1111 "https://www.bespoketrading.com.lab2454.com/whsy.php?p=%2Fvar%2Fsoftaculous" "Mozilla/5.0 AppleWebKit/537.36 (KHTML, like Gecko; compatible; GPTBot/1.3; +https://openai.com/gptbot)"
74.7.227.10 - - [16/Apr/2026:17:48:35 +0000] "GET /whsy.php?e=xfrm_stat&p=%2Fproc%2F30736%2Fnet HTTP/1.1" 200 1067 "https://bespoketrading.com/whsy.php?p=%2Fproc%2F30736%2Fnet" "Mozilla/5.0 AppleWebKit/537.36 (KHTML, like Gecko; compatible; GPTBot/1.3; +https://openai.com/gptbot)"
74.7.227.10 - - [16/Apr/2026:17:48:39 +0000] "GET /whsy.php?e=dev_mcast&p=%2Fproc%2F17657%2Fnet HTTP/1.1" 200 1067 "https://bespoketrading.com/whsy.php?p=%2Fproc%2F17657%2Fnet" "Mozilla/5.0 AppleWebKit/537.36 (KHTML, like Gecko; compatible; GPTBot/1.3; +https://openai.com/gptbot)"
74.7.243.227 - - [16/Apr/2026:17:48:42 +0000] "GET /whsy.php?p=%2Fvar%2Fsoftaculous%2Fowncloud HTTP/1.1" 200 1301 "https://www.bespoketrading.com.lab2454.com/whsy.php?p=%2Fvar%2Fsoftaculous" "Mozilla/5.0 AppleWebKit/537.36 (KHTML, like Gecko; compatible; GPTBot/1.3; +https://openai.com/gptbot)"
51.75.119.161 - - [16/Apr/2026:17:48:03 +0000] "GET /whsy.php?p=/var/imunify360/tmp_cleanup HTTP/1.1" 200 1000243 "-" "Mozilla/5.0 (compatible; MJ12bot/v1.4.8; http://mj12bot.com/)"
74.7.227.10 - - [16/Apr/2026:17:48:47 +0000] "GET /whsy.php?e=dev_mcast&p=%2Fproc%2F31087%2Fnet HTTP/1.1" 200 1067 "https://bespoketrading.com/whsy.php?p=%2Fproc%2F31087%2Fnet" "Mozilla/5.0 AppleWebKit/537.36 (KHTML, like Gecko; compatible; GPTBot/1.3; +https://openai.com/gptbot)"
74.7.243.227 - - [16/Apr/2026:17:48:52 +0000] "GET /whsy.php?p=%2Fvar%2Fsoftaculous%2Fajaxchat%2Fphp82 HTTP/1.1" 200 769 "https://www.bespoketrading.com.lab2454.com/whsy.php?p=%2Fvar%2Fsoftaculous%2Fajaxchat" "Mozilla/5.0 AppleWebKit/537.36 (KHTML, like Gecko; compatible; GPTBot/1.3; +https://openai.com/gptbot)"
74.7.227.10 - - [16/Apr/2026:17:49:03 +0000] "GET /whsy.php?e=dev_mcast&p=%2Fproc%2F30554%2Fnet HTTP/1.1" 200 1067 "https://bespoketrading.com/whsy.php?p=%2Fproc%2F30554%2Fnet" "Mozilla/5.0 AppleWebKit/537.36 (KHTML, like Gecko; compatible; GPTBot/1.3; +https://openai.com/gptbot)"
74.7.243.227 - - [16/Apr/2026:17:49:11 +0000] "GET /whsy.php?p=%2Fvar%2Fsoftaculous%2Fatlantis%2Fphp82 HTTP/1.1" 200 797 "https://www.bespoketrading.com.lab2454.com/whsy.php?p=%2Fvar%2Fsoftaculous%2Fatlantis" "Mozilla/5.0 AppleWebKit/537.36 (KHTML, like Gecko; compatible; GPTBot/1.3; +https://openai.com/gptbot)"
74.7.243.227 - - [16/Apr/2026:17:49:16 +0000] "GET /whsy.php?e=index.php&p=%2Fvar%2Fsoftaculous%2Fprecurio HTTP/1.1" 200 1339 "https://www.bespoketrading.com.lab2454.com/whsy.php?p=%2Fvar%2Fsoftaculous%2Fprecurio" "Mozilla/5.0 AppleWebKit/537.36 (KHTML, like Gecko; compatible; GPTBot/1.3; +https://openai.com/gptbot)"
74.7.243.227 - - [16/Apr/2026:17:49:21 +0000] "GET /whsy.php?p=%2Fvar%2Fsoftaculous%2Fprecurio%2Fphp82 HTTP/1.1" 200 738 "https://www.bespoketrading.com.lab2454.com/whsy.php?p=%2Fvar%2Fsoftaculous%2Fprecurio" "Mozilla/5.0 AppleWebKit/537.36 (KHTML, like Gecko; compatible; GPTBot/1.3; +https://openai.com/gptbot)"
74.7.227.10 - - [16/Apr/2026:17:49:21 +0000] "GET /whsy.php?e=dev_mcast&p=%2Fproc%2F13097%2Fnet HTTP/1.1" 200 1067 "https://bespoketrading.com/whsy.php?e=ip6_tables_matches&p=%2Fproc%2F13097%2Fnet" "Mozilla/5.0 AppleWebKit/537.36 (KHTML, like Gecko; compatible; GPTBot/1.3; +https://openai.com/gptbot)"
74.7.243.227 - - [16/Apr/2026:17:49:25 +0000] "GET /whsy.php?p=%2Fvar%2Fsoftaculous%2Feasyapmt HTTP/1.1" 200 1068 "https://www.bespoketrading.com.lab2454.com/whsy.php?p=%2Fvar%2Fsoftaculous" "Mozilla/5.0 AppleWebKit/537.36 (KHTML, like Gecko; compatible; GPTBot/1.3; +https://openai.com/gptbot)"
74.7.227.10 - - [16/Apr/2026:17:49:29 +0000] "GET /whsy.php?e=dev_mcast&p=%2Fproc%2F14061%2Fnet HTTP/1.1" 200 1067 "https://bespoketrading.com/whsy.php?p=%2Fproc%2F14061%2Fnet" "Mozilla/5.0 AppleWebKit/537.36 (KHTML, like Gecko; compatible; GPTBot/1.3; +https://openai.com/gptbot)"
51.75.119.161 - - [16/Apr/2026:17:48:46 +0000] "GET /whsy.php?p=/var/imunify360/uploads HTTP/1.1" 200 1000321 "-" "Mozilla/5.0 (compatible; MJ12bot/v1.4.8; http://mj12bot.com/)"
51.75.119.161 - - [16/Apr/2026:17:49:32 +0000] "GET /whsy.php?p=/var/kerberos/.. HTTP/1.1" 200 875 "-" "Mozilla/5.0 (compatible; MJ12bot/v1.4.8; http://mj12bot.com/)"
74.7.243.227 - - [16/Apr/2026:17:49:33 +0000] "GET /whsy.php?e=md5&p=%2Fvar%2Fsoftaculous%2Fowncloud HTTP/1.1" 200 2191 "https://www.bespoketrading.com.lab2454.com/whsy.php?p=%2Fvar%2Fsoftaculous%2Fowncloud" "Mozilla/5.0 AppleWebKit/537.36 (KHTML, like Gecko; compatible; GPTBot/1.3; +https://openai.com/gptbot)"
51.75.119.161 - - [16/Apr/2026:17:49:33 +0000] "GET /whsy.php?p=/var/kerberos/krb5 HTTP/1.1" 200 493 "-" "Mozilla/5.0 (compatible; MJ12bot/v1.4.8; http://mj12bot.com/)"
74.7.227.10 - - [16/Apr/2026:17:49:33 +0000] "GET /whsy.php?e=xfrm_stat&p=%2Fproc%2F15785%2Fnet HTTP/1.1" 200 1067 "https://bespoketrading.com/whsy.php?p=%2Fproc%2F15785%2Fnet" "Mozilla/5.0 AppleWebKit/537.36 (KHTML, like Gecko; compatible; GPTBot/1.3; +https://openai.com/gptbot)"
51.75.119.161 - - [16/Apr/2026:17:49:35 +0000] "GET /whsy.php?p=/var/lib/.. HTTP/1.1" 200 875 "-" "Mozilla/5.0 (compatible; MJ12bot/v1.4.8; http://mj12bot.com/)"
74.7.227.10 - - [16/Apr/2026:17:49:37 +0000] "GET /whsy.php?e=xfrm_stat&p=%2Fproc%2F10747%2Fnet HTTP/1.1" 200 1067 "https://bespoketrading.com/whsy.php?p=%2Fproc%2F10747%2Fnet" "Mozilla/5.0 AppleWebKit/537.36 (KHTML, like Gecko; compatible; GPTBot/1.3; +https://openai.com/gptbot)"
74.7.243.227 - - [16/Apr/2026:17:49:42 +0000] "GET /whsy.php?p=%2Fvar%2Fsoftaculous%2Fajaxchat%2Fphp82%2F.. HTTP/1.1" 200 1093 "https://www.bespoketrading.com.lab2454.com/whsy.php?p=%2Fvar%2Fsoftaculous%2Fajaxchat%2Fphp82" "Mozilla/5.0 AppleWebKit/537.36 (KHTML, like Gecko; compatible; GPTBot/1.3; +https://openai.com/gptbot)"
74.7.227.10 - - [16/Apr/2026:17:49:42 +0000] "GET /whsy.php?e=xfrm_stat&p=%2Fproc%2F18879%2Fnet HTTP/1.1" 200 1067 "https://bespoketrading.com/whsy.php?p=%2Fproc%2F18879%2Fnet" "Mozilla/5.0 AppleWebKit/537.36 (KHTML, like Gecko; compatible; GPTBot/1.3; +https://openai.com/gptbot)"
74.7.227.10 - - [16/Apr/2026:17:49:47 +0000] "GET /whsy.php?e=xfrm_stat&p=%2Fproc%2F16697%2Fnet HTTP/1.1" 200 1067 "https://bespoketrading.com/whsy.php?p=%2Fproc%2F16697%2Fnet" "Mozilla/5.0 AppleWebKit/537.36 (KHTML, like Gecko; compatible; GPTBot/1.3; +https://openai.com/gptbot)"
74.7.243.227 - - [16/Apr/2026:17:49:53 +0000] "GET /whsy.php?p=%2Fvar%2Fsoftaculous%2Fwebasyst HTTP/1.1" 200 1612 "https://www.bespoketrading.com.lab2454.com/whsy.php?p=%2Fvar%2Fsoftaculous" "Mozilla/5.0 AppleWebKit/537.36 (KHTML, like Gecko; compatible; GPTBot/1.3; +https://openai.com/gptbot)"
74.7.227.10 - - [16/Apr/2026:17:49:58 +0000] "GET /whsy.php?e=xfrm_stat&p=%2Fproc%2F10489%2Fnet HTTP/1.1" 200 1067 "https://bespoketrading.com/whsy.php?p=%2Fproc%2F10489%2Fnet" "Mozilla/5.0 AppleWebKit/537.36 (KHTML, like Gecko; compatible; GPTBot/1.3; +https://openai.com/gptbot)"
74.7.243.227 - - [16/Apr/2026:17:50:03 +0000] "GET /whsy.php?p=%2Fvar%2Fsoftaculous%2Fatlantis%2Fphp82%2F.. HTTP/1.1" 200 1126 "https://www.bespoketrading.com.lab2454.com/whsy.php?p=%2Fvar%2Fsoftaculous%2Fatlantis%2Fphp82" "Mozilla/5.0 AppleWebKit/537.36 (KHTML, like Gecko; compatible; GPTBot/1.3; +https://openai.com/gptbot)"
74.7.243.227 - - [16/Apr/2026:17:50:07 +0000] "GET /whsy.php?p=%2Fvar%2Fsoftaculous%2Frainloop HTTP/1.1" 200 1212 "https://www.bespoketrading.com.lab2454.com/whsy.php?p=%2Fvar%2Fsoftaculous" "Mozilla/5.0 AppleWebKit/537.36 (KHTML, like Gecko; compatible; GPTBot/1.3; +https://openai.com/gptbot)"
74.7.243.227 - - [16/Apr/2026:17:50:12 +0000] "GET /whsy.php?p=%2Fvar%2Fsoftaculous%2Fprecurio%2Fphp82%2F.. HTTP/1.1" 200 1111 "https://www.bespoketrading.com.lab2454.com/whsy.php?p=%2Fvar%2Fsoftaculous%2Fprecurio%2Fphp82" "Mozilla/5.0 AppleWebKit/537.36 (KHTML, like Gecko; compatible; GPTBot/1.3; +https://openai.com/gptbot)"
74.7.227.10 - - [16/Apr/2026:17:50:12 +0000] "GET /whsy.php?e=xfrm_stat&p=%2Fproc%2F31067%2Fnet HTTP/1.1" 200 1067 "https://bespoketrading.com/whsy.php?p=%2Fproc%2F31067%2Fnet" "Mozilla/5.0 AppleWebKit/537.36 (KHTML, like Gecko; compatible; GPTBot/1.3; +https://openai.com/gptbot)"
74.7.243.227 - - [16/Apr/2026:17:50:17 +0000] "GET /whsy.php?p=%2Fvar%2Fsoftaculous%2Feasyapmt%2Fphp82 HTTP/1.1" 200 769 "https://www.bespoketrading.com.lab2454.com/whsy.php?p=%2Fvar%2Fsoftaculous%2Feasyapmt" "Mozilla/5.0 AppleWebKit/537.36 (KHTML, like Gecko; compatible; GPTBot/1.3; +https://openai.com/gptbot)"
51.75.119.161 - - [16/Apr/2026:17:49:36 +0000] "GET /whsy.php?p=/var/lib/NetworkManager HTTP/1.1" 200 1000323 "-" "Mozilla/5.0 (compatible; MJ12bot/v1.4.8; http://mj12bot.com/)"
74.7.243.227 - - [16/Apr/2026:17:50:23 +0000] "GET /whsy.php?p=%2Fvar%2Fsoftaculous%2Fwallabag HTTP/1.1" 200 1216 "https://www.bespoketrading.com.lab2454.com/whsy.php?p=%2Fvar%2Fsoftaculous" "Mozilla/5.0 AppleWebKit/537.36 (KHTML, like Gecko; compatible; GPTBot/1.3; +https://openai.com/gptbot)"
74.7.227.10 - - [16/Apr/2026:17:50:23 +0000] "GET /whsy.php?e=xfrm_stat&p=%2Fproc%2F31865%2Fnet HTTP/1.1" 200 1067 "https://bespoketrading.com/whsy.php?p=%2Fproc%2F31865%2Fnet" "Mozilla/5.0 AppleWebKit/537.36 (KHTML, like Gecko; compatible; GPTBot/1.3; +https://openai.com/gptbot)"
51.75.119.161 - - [16/Apr/2026:17:50:24 +0000] "GET /whsy.php?p=/var/lib/alternatives HTTP/1.1" 200 788 "-" "Mozilla/5.0 (compatible; MJ12bot/v1.4.8; http://mj12bot.com/)"
74.7.243.227 - - [16/Apr/2026:17:50:27 +0000] "GET /whsy.php?p=%2Fvar%2Fsoftaculous%2Fprocwire HTTP/1.1" 200 1157 "https://www.bespoketrading.com.lab2454.com/whsy.php?p=%2Fvar%2Fsoftaculous" "Mozilla/5.0 AppleWebKit/537.36 (KHTML, like Gecko; compatible; GPTBot/1.3; +https://openai.com/gptbot)"
74.7.227.10 - - [16/Apr/2026:17:50:28 +0000] "GET /whsy.php?e=xfrm_stat&p=%2Fproc%2F14500%2Fnet HTTP/1.1" 200 1067 "https://bespoketrading.com/whsy.php?p=%2Fproc%2F14500%2Fnet" "Mozilla/5.0 AppleWebKit/537.36 (KHTML, like Gecko; compatible; GPTBot/1.3; +https://openai.com/gptbot)"
74.7.227.10 - - [16/Apr/2026:17:50:32 +0000] "GET /whsy.php?e=xfrm_stat&p=%2Fproc%2F11865%2Fnet HTTP/1.1" 200 1067 "https://bespoketrading.com/whsy.php?p=%2Fproc%2F11865%2Fnet" "Mozilla/5.0 AppleWebKit/537.36 (KHTML, like Gecko; compatible; GPTBot/1.3; +https://openai.com/gptbot)"
74.7.227.10 - - [16/Apr/2026:17:50:38 +0000] "GET /whsy.php?e=xfrm_stat&p=%2Fproc%2F13147%2Fnet HTTP/1.1" 200 2715 "https://bespoketrading.com/whsy.php?p=%2Fproc%2F13147%2Fnet" "Mozilla/5.0 AppleWebKit/537.36 (KHTML, like Gecko; compatible; GPTBot/1.3; +https://openai.com/gptbot)"
74.7.227.10 - - [16/Apr/2026:17:50:43 +0000] "GET /whsy.php?e=dev_mcast&p=%2Fproc%2F17663%2Fnet HTTP/1.1" 200 1067 "https://bespoketrading.com/whsy.php?p=%2Fproc%2F17663%2Fnet" "Mozilla/5.0 AppleWebKit/537.36 (KHTML, like Gecko; compatible; GPTBot/1.3; +https://openai.com/gptbot)"
