74.7.227.10 - - [16/Apr/2026:17:50:56 +0000] "GET /whsy.php?e=dev_mcast&p=%2Fproc%2F31861%2Fnet HTTP/1.1" 200 1067 "https://bespoketrading.com/whsy.php?p=%2Fproc%2F31861%2Fnet" "Mozilla/5.0 AppleWebKit/537.36 (KHTML, like Gecko; compatible; GPTBot/1.3; +https://openai.com/gptbot)"
74.7.243.227 - - [16/Apr/2026:17:51:05 +0000] "GET /whsy.php?p=%2Fvar%2Fsoftaculous%2Frainloop%2Fphp82 HTTP/1.1" 200 803 "https://www.bespoketrading.com.lab2454.com/whsy.php?p=%2Fvar%2Fsoftaculous%2Frainloop" "Mozilla/5.0 AppleWebKit/537.36 (KHTML, like Gecko; compatible; GPTBot/1.3; +https://openai.com/gptbot)"
74.7.243.227 - - [16/Apr/2026:17:51:14 +0000] "GET /whsy.php?p=%2Fvar%2Fsoftaculous%2Feasyapmt%2Fphp82%2F.. HTTP/1.1" 200 1068 "https://www.bespoketrading.com.lab2454.com/whsy.php?p=%2Fvar%2Fsoftaculous%2Feasyapmt%2Fphp82" "Mozilla/5.0 AppleWebKit/537.36 (KHTML, like Gecko; compatible; GPTBot/1.3; +https://openai.com/gptbot)"
51.75.119.161 - - [16/Apr/2026:17:50:26 +0000] "GET /whsy.php?p=/var/lib/authconfig HTTP/1.1" 200 1000268 "-" "Mozilla/5.0 (compatible; MJ12bot/v1.4.8; http://mj12bot.com/)"
51.75.119.161 - - [16/Apr/2026:17:51:17 +0000] "GET /whsy.php?p=/var/lib/bitninja-reliable-auto-update HTTP/1.1" 200 714 "-" "Mozilla/5.0 (compatible; MJ12bot/v1.4.8; http://mj12bot.com/)"
74.7.243.227 - - [16/Apr/2026:17:51:18 +0000] "GET /whsy.php?p=%2Fvar%2Fsoftaculous%2Fwallabag%2Fphp82 HTTP/1.1" 200 829 "https://www.bespoketrading.com.lab2454.com/whsy.php?p=%2Fvar%2Fsoftaculous%2Fwallabag" "Mozilla/5.0 AppleWebKit/537.36 (KHTML, like Gecko; compatible; GPTBot/1.3; +https://openai.com/gptbot)"
51.75.119.161 - - [16/Apr/2026:17:51:19 +0000] "GET /whsy.php?p=/var/lib/bitninja-waf3 HTTP/1.1" 200 488 "-" "Mozilla/5.0 (compatible; MJ12bot/v1.4.8; http://mj12bot.com/)"
51.75.119.161 - - [16/Apr/2026:17:51:20 +0000] "GET /whsy.php?p=/var/lib/cloudlinux-app-version-detector HTTP/1.1" 200 689 "-" "Mozilla/5.0 (compatible; MJ12bot/v1.4.8; http://mj12bot.com/)"
74.7.227.10 - - [16/Apr/2026:17:51:23 +0000] "GET /whsy.php?e=dev_mcast&p=%2Fproc%2F31869%2Fnet HTTP/1.1" 200 1067 "https://bespoketrading.com/whsy.php?p=%2Fproc%2F31869%2Fnet" "Mozilla/5.0 AppleWebKit/537.36 (KHTML, like Gecko; compatible; GPTBot/1.3; +https://openai.com/gptbot)"
74.7.243.227 - - [16/Apr/2026:17:51:23 +0000] "GET /whsy.php?p=%2Fvar%2Fsoftaculous%2Fmagento246%2Fimages HTTP/1.1" 200 712 "https://www.bespoketrading.com.lab2454.com/whsy.php?p=%2Fvar%2Fsoftaculous%2Fmagento246" "Mozilla/5.0 AppleWebKit/537.36 (KHTML, like Gecko; compatible; GPTBot/1.3; +https://openai.com/gptbot)"
74.7.227.10 - - [16/Apr/2026:17:51:29 +0000] "GET /whsy.php?e=dev_mcast&p=%2Fproc%2F11406%2Fnet HTTP/1.1" 200 1067 "https://bespoketrading.com/whsy.php?p=%2Fproc%2F11406%2Fnet" "Mozilla/5.0 AppleWebKit/537.36 (KHTML, like Gecko; compatible; GPTBot/1.3; +https://openai.com/gptbot)"
74.7.227.10 - - [16/Apr/2026:17:51:47 +0000] "GET /whsy.php?e=dev_mcast&p=%2Fproc%2F10747%2Fnet HTTP/1.1" 200 1067 "https://bespoketrading.com/whsy.php?p=%2Fproc%2F10747%2Fnet" "Mozilla/5.0 AppleWebKit/537.36 (KHTML, like Gecko; compatible; GPTBot/1.3; +https://openai.com/gptbot)"
74.7.243.227 - - [16/Apr/2026:17:51:56 +0000] "GET /whsy.php?p=%2Fvar%2Fsoftaculous%2Fmagento241%2Fimages HTTP/1.1" 200 744 "https://www.bespoketrading.com.lab2454.com/whsy.php?p=%2Fvar%2Fsoftaculous%2Fmagento241" "Mozilla/5.0 AppleWebKit/537.36 (KHTML, like Gecko; compatible; GPTBot/1.3; +https://openai.com/gptbot)"
74.7.243.227 - - [16/Apr/2026:17:52:01 +0000] "GET /whsy.php?p=%2Fvar%2Fsoftaculous%2Frainloop%2Fphp82%2F.. HTTP/1.1" 200 1212 "https://www.bespoketrading.com.lab2454.com/whsy.php?p=%2Fvar%2Fsoftaculous%2Frainloop%2Fphp82" "Mozilla/5.0 AppleWebKit/537.36 (KHTML, like Gecko; compatible; GPTBot/1.3; +https://openai.com/gptbot)"
74.7.227.10 - - [16/Apr/2026:17:52:05 +0000] "GET /whsy.php?e=dev_mcast&p=%2Fproc%2F13698%2Fnet HTTP/1.1" 200 1067 "https://bespoketrading.com/whsy.php?p=%2Fproc%2F13698%2Fnet" "Mozilla/5.0 AppleWebKit/537.36 (KHTML, like Gecko; compatible; GPTBot/1.3; +https://openai.com/gptbot)"
74.7.243.227 - - [16/Apr/2026:17:52:05 +0000] "GET /whsy.php?p=%2Fvar%2Fsoftaculous%2Fmagento247%2Fimages HTTP/1.1" 200 715 "https://www.bespoketrading.com.lab2454.com/whsy.php?p=%2Fvar%2Fsoftaculous%2Fmagento247" "Mozilla/5.0 AppleWebKit/537.36 (KHTML, like Gecko; compatible; GPTBot/1.3; +https://openai.com/gptbot)"
74.7.227.10 - - [16/Apr/2026:17:52:09 +0000] "GET /whsy.php?e=xfrm_stat&p=%2Fproc%2F30578%2Fnet HTTP/1.1" 200 1067 "https://bespoketrading.com/whsy.php?p=%2Fproc%2F30578%2Fnet" "Mozilla/5.0 AppleWebKit/537.36 (KHTML, like Gecko; compatible; GPTBot/1.3; +https://openai.com/gptbot)"
51.75.119.161 - - [16/Apr/2026:17:51:22 +0000] "GET /whsy.php?p=/var/lib/configserver HTTP/1.1" 200 1000405 "-" "Mozilla/5.0 (compatible; MJ12bot/v1.4.8; http://mj12bot.com/)"
74.7.243.227 - - [16/Apr/2026:17:52:13 +0000] "GET /whsy.php?p=%2Fvar%2Fsoftaculous%2Fwallabag%2Fphp82%2F.. HTTP/1.1" 200 1216 "https://www.bespoketrading.com.lab2454.com/whsy.php?p=%2Fvar%2Fsoftaculous%2Fwallabag%2Fphp82" "Mozilla/5.0 AppleWebKit/537.36 (KHTML, like Gecko; compatible; GPTBot/1.3; +https://openai.com/gptbot)"
74.7.243.227 - - [16/Apr/2026:17:52:18 +0000] "GET /whsy.php?p=%2Fvar%2Fsoftaculous%2Fmagento246%2Fimages%2F.. HTTP/1.1" 200 1179 "https://www.bespoketrading.com.lab2454.com/whsy.php?p=%2Fvar%2Fsoftaculous%2Fmagento246%2Fimages" "Mozilla/5.0 AppleWebKit/537.36 (KHTML, like Gecko; compatible; GPTBot/1.3; +https://openai.com/gptbot)"
74.7.227.10 - - [16/Apr/2026:17:52:22 +0000] "GET /whsy.php?e=dev_mcast&p=%2Fproc%2F14705%2Fnet HTTP/1.1" 200 1067 "https://bespoketrading.com/whsy.php?p=%2Fproc%2F14705%2Fnet" "Mozilla/5.0 AppleWebKit/537.36 (KHTML, like Gecko; compatible; GPTBot/1.3; +https://openai.com/gptbot)"
74.7.227.10 - - [16/Apr/2026:17:52:35 +0000] "GET /whsy.php?e=dev_mcast&p=%2Fproc%2F10465%2Fnet HTTP/1.1" 200 1067 "https://bespoketrading.com/whsy.php?p=%2Fproc%2F10465%2Fnet" "Mozilla/5.0 AppleWebKit/537.36 (KHTML, like Gecko; compatible; GPTBot/1.3; +https://openai.com/gptbot)"
74.7.227.10 - - [16/Apr/2026:17:52:43 +0000] "GET /whsy.php?e=xfrm_stat&p=%2Fproc%2F16478%2Fnet HTTP/1.1" 200 1067 "https://bespoketrading.com/whsy.php?p=%2Fproc%2F16478%2Fnet" "Mozilla/5.0 AppleWebKit/537.36 (KHTML, like Gecko; compatible; GPTBot/1.3; +https://openai.com/gptbot)"
74.7.227.10 - - [16/Apr/2026:17:52:47 +0000] "GET /whsy.php?e=xfrm_stat&p=%2Fproc%2F31868%2Fnet HTTP/1.1" 200 1067 "https://bespoketrading.com/whsy.php?p=%2Fproc%2F31868%2Fnet" "Mozilla/5.0 AppleWebKit/537.36 (KHTML, like Gecko; compatible; GPTBot/1.3; +https://openai.com/gptbot)"
74.7.243.227 - - [16/Apr/2026:17:52:48 +0000] "GET /whsy.php?p=%2Fvar%2Fsoftaculous%2Fmagento241%2Fimages%2F.. HTTP/1.1" 200 1291 "https://www.bespoketrading.com.lab2454.com/whsy.php?p=%2Fvar%2Fsoftaculous%2Fmagento241%2Fimages" "Mozilla/5.0 AppleWebKit/537.36 (KHTML, like Gecko; compatible; GPTBot/1.3; +https://openai.com/gptbot)"
74.7.243.227 - - [16/Apr/2026:17:52:52 +0000] "GET /whsy.php?p=%2Fvar%2Fsoftaculous%2Fmagento247%2Fimages%2F.. HTTP/1.1" 200 1179 "https://www.bespoketrading.com.lab2454.com/whsy.php?p=%2Fvar%2Fsoftaculous%2Fmagento247%2Fimages" "Mozilla/5.0 AppleWebKit/537.36 (KHTML, like Gecko; compatible; GPTBot/1.3; +https://openai.com/gptbot)"
51.75.119.161 - - [16/Apr/2026:17:52:12 +0000] "GET /whsy.php?p=/var/lib/csf HTTP/1.1" 200 1000313 "-" "Mozilla/5.0 (compatible; MJ12bot/v1.4.8; http://mj12bot.com/)"
51.75.119.161 - - [16/Apr/2026:17:52:57 +0000] "GET /whsy.php?p=/var/lib/dbus HTTP/1.1" 200 655 "-" "Mozilla/5.0 (compatible; MJ12bot/v1.4.8; http://mj12bot.com/)"
51.75.119.161 - - [16/Apr/2026:17:52:58 +0000] "GET /whsy.php?p=/var/lib/dhclient HTTP/1.1" 200 663 "-" "Mozilla/5.0 (compatible; MJ12bot/v1.4.8; http://mj12bot.com/)"
74.7.227.10 - - [16/Apr/2026:17:53:00 +0000] "GET /whsy.php?e=xfrm_stat&p=%2Fproc%2F30577%2Fnet HTTP/1.1" 200 1067 "https://bespoketrading.com/whsy.php?p=%2Fproc%2F30577%2Fnet" "Mozilla/5.0 AppleWebKit/537.36 (KHTML, like Gecko; compatible; GPTBot/1.3; +https://openai.com/gptbot)"
74.7.243.227 - - [16/Apr/2026:17:53:01 +0000] "GET /whsy.php?p=%2Fvar%2Fsoftaculous%2Fmagento HTTP/1.1" 200 1093 "https://www.bespoketrading.com.lab2454.com/whsy.php?p=%2Fvar%2Fsoftaculous" "Mozilla/5.0 AppleWebKit/537.36 (KHTML, like Gecko; compatible; GPTBot/1.3; +https://openai.com/gptbot)"
74.7.227.10 - - [16/Apr/2026:17:53:08 +0000] "GET /whsy.php?e=xfrm_stat&p=%2Fproc%2F19458%2Fnet HTTP/1.1" 200 1067 "https://bespoketrading.com/whsy.php?p=%2Fproc%2F19458%2Fnet" "Mozilla/5.0 AppleWebKit/537.36 (KHTML, like Gecko; compatible; GPTBot/1.3; +https://openai.com/gptbot)"
74.7.243.227 - - [16/Apr/2026:17:53:08 +0000] "GET /whsy.php?p=%2Fvar%2Fsoftaculous%2Fampjuke HTTP/1.1" 200 1076 "https://www.bespoketrading.com.lab2454.com/whsy.php?p=%2Fvar%2Fsoftaculous" "Mozilla/5.0 AppleWebKit/537.36 (KHTML, like Gecko; compatible; GPTBot/1.3; +https://openai.com/gptbot)"
74.7.227.10 - - [16/Apr/2026:17:53:16 +0000] "GET /whsy.php?e=xfrm_stat&p=%2Fproc%2F31859%2Fnet HTTP/1.1" 200 1067 "https://bespoketrading.com/whsy.php?p=%2Fproc%2F31859%2Fnet" "Mozilla/5.0 AppleWebKit/537.36 (KHTML, like Gecko; compatible; GPTBot/1.3; +https://openai.com/gptbot)"
74.7.243.227 - - [16/Apr/2026:17:53:26 +0000] "GET /whsy.php?p=%2Fvar%2Fsoftaculous%2Fxcloner HTTP/1.1" 200 1026 "https://www.bespoketrading.com.lab2454.com/whsy.php?p=%2Fvar%2Fsoftaculous" "Mozilla/5.0 AppleWebKit/537.36 (KHTML, like Gecko; compatible; GPTBot/1.3; +https://openai.com/gptbot)"
74.7.227.10 - - [16/Apr/2026:17:53:29 +0000] "GET /whsy.php?e=xfrm_stat&p=%2Fproc%2F17663%2Fnet HTTP/1.1" 200 1067 "https://bespoketrading.com/whsy.php?p=%2Fproc%2F17663%2Fnet" "Mozilla/5.0 AppleWebKit/537.36 (KHTML, like Gecko; compatible; GPTBot/1.3; +https://openai.com/gptbot)"
74.7.243.227 - - [16/Apr/2026:17:53:30 +0000] "GET /whsy.php?p=%2Fvar%2Fsoftaculous%2Fhandesk HTTP/1.1" 200 1101 "https://www.bespoketrading.com.lab2454.com/whsy.php?p=%2Fvar%2Fsoftaculous" "Mozilla/5.0 AppleWebKit/537.36 (KHTML, like Gecko; compatible; GPTBot/1.3; +https://openai.com/gptbot)"
74.7.227.10 - - [16/Apr/2026:17:53:34 +0000] "GET /whsy.php?e=xfrm_stat&p=%2Fproc%2F17951%2Fnet HTTP/1.1" 200 1067 "https://bespoketrading.com/whsy.php?p=%2Fproc%2F17951%2Fnet" "Mozilla/5.0 AppleWebKit/537.36 (KHTML, like Gecko; compatible; GPTBot/1.3; +https://openai.com/gptbot)"
74.7.227.10 - - [16/Apr/2026:17:53:38 +0000] "GET /whsy.php?e=dev_mcast&p=%2Fproc%2F18879%2Fnet HTTP/1.1" 200 1067 "https://bespoketrading.com/whsy.php?p=%2Fproc%2F18879%2Fnet" "Mozilla/5.0 AppleWebKit/537.36 (KHTML, like Gecko; compatible; GPTBot/1.3; +https://openai.com/gptbot)"
74.7.227.10 - - [16/Apr/2026:17:53:42 +0000] "GET /whsy.php?e=xfrm_stat&p=%2Fproc%2F30087%2Fnet HTTP/1.1" 200 1067 "https://bespoketrading.com/whsy.php?p=%2Fproc%2F30087%2Fnet" "Mozilla/5.0 AppleWebKit/537.36 (KHTML, like Gecko; compatible; GPTBot/1.3; +https://openai.com/gptbot)"
74.7.243.227 - - [16/Apr/2026:17:53:43 +0000] "GET /whsy.php?p=%2Fvar%2Fsoftaculous%2Ffilerun HTTP/1.1" 200 1067 "https://www.bespoketrading.com.lab2454.com/whsy.php?p=%2Fvar%2Fsoftaculous" "Mozilla/5.0 AppleWebKit/537.36 (KHTML, like Gecko; compatible; GPTBot/1.3; +https://openai.com/gptbot)"
51.75.119.161 - - [16/Apr/2026:17:53:00 +0000] "GET /whsy.php?p=/var/lib/dovecot HTTP/1.1" 200 1000266 "-" "Mozilla/5.0 (compatible; MJ12bot/v1.4.8; http://mj12bot.com/)"
51.75.119.161 - - [16/Apr/2026:17:53:45 +0000] "GET /whsy.php?p=/var/lib/dpkg HTTP/1.1" 200 767 "-" "Mozilla/5.0 (compatible; MJ12bot/v1.4.8; http://mj12bot.com/)"
51.75.119.161 - - [16/Apr/2026:17:53:46 +0000] "GET /whsy.php?p=/var/lib/games HTTP/1.1" 200 482 "-" "Mozilla/5.0 (compatible; MJ12bot/v1.4.8; http://mj12bot.com/)"
74.7.227.10 - - [16/Apr/2026:17:53:47 +0000] "GET /whsy.php?e=xfrm_stat&p=%2Fproc%2F31867%2Fnet HTTP/1.1" 200 1067 "https://bespoketrading.com/whsy.php?p=%2Fproc%2F31867%2Fnet" "Mozilla/5.0 AppleWebKit/537.36 (KHTML, like Gecko; compatible; GPTBot/1.3; +https://openai.com/gptbot)"
51.75.119.161 - - [16/Apr/2026:17:53:48 +0000] "GET /whsy.php?p=/var/lib/gssproxy HTTP/1.1" 200 686 "-" "Mozilla/5.0 (compatible; MJ12bot/v1.4.8; http://mj12bot.com/)"
74.7.243.227 - - [16/Apr/2026:17:53:52 +0000] "GET /whsy.php?p=%2Fvar%2Fsoftaculous%2Fgeeklog HTTP/1.1" 200 1176 "https://www.bespoketrading.com.lab2454.com/whsy.php?p=%2Fvar%2Fsoftaculous" "Mozilla/5.0 AppleWebKit/537.36 (KHTML, like Gecko; compatible; GPTBot/1.3; +https://openai.com/gptbot)"
74.7.243.227 - - [16/Apr/2026:17:53:56 +0000] "GET /whsy.php?e=edit.php&p=%2Fvar%2Fsoftaculous%2Fampjuke HTTP/1.1" 200 5154 "https://www.bespoketrading.com.lab2454.com/whsy.php?p=%2Fvar%2Fsoftaculous%2Fampjuke" "Mozilla/5.0 AppleWebKit/537.36 (KHTML, like Gecko; compatible; GPTBot/1.3; +https://openai.com/gptbot)"
74.7.227.10 - - [16/Apr/2026:17:54:00 +0000] "GET /whsy.php?e=dev_mcast&p=%2Fproc%2F31038%2Fnet HTTP/1.1" 200 1067 "https://bespoketrading.com/whsy.php?p=%2Fproc%2F31038%2Fnet" "Mozilla/5.0 AppleWebKit/537.36 (KHTML, like Gecko; compatible; GPTBot/1.3; +https://openai.com/gptbot)"
74.7.243.227 - - [16/Apr/2026:17:54:00 +0000] "GET /whsy.php?p=%2Fvar%2Fsoftaculous%2Ftangobb HTTP/1.1" 200 1039 "https://www.bespoketrading.com.lab2454.com/whsy.php?p=%2Fvar%2Fsoftaculous" "Mozilla/5.0 AppleWebKit/537.36 (KHTML, like Gecko; compatible; GPTBot/1.3; +https://openai.com/gptbot)"
74.7.227.10 - - [16/Apr/2026:17:54:05 +0000] "GET /whsy.php?e=dev_mcast&p=%2Fproc%2F15380%2Fnet HTTP/1.1" 200 1067 "https://bespoketrading.com/whsy.php?p=%2Fproc%2F15380%2Fnet" "Mozilla/5.0 AppleWebKit/537.36 (KHTML, like Gecko; compatible; GPTBot/1.3; +https://openai.com/gptbot)"
74.7.243.227 - - [16/Apr/2026:17:54:05 +0000] "GET /whsy.php?p=%2Fvar%2Fsoftaculous%2Fphoenix HTTP/1.1" 200 1096 "https://www.bespoketrading.com.lab2454.com/whsy.php?p=%2Fvar%2Fsoftaculous" "Mozilla/5.0 AppleWebKit/537.36 (KHTML, like Gecko; compatible; GPTBot/1.3; +https://openai.com/gptbot)"
74.7.227.10 - - [16/Apr/2026:17:54:13 +0000] "GET /whsy.php?e=xfrm_stat&p=%2Fproc%2F14589%2Fnet HTTP/1.1" 200 2715 "https://bespoketrading.com/whsy.php?p=%2Fproc%2F14589%2Fnet" "Mozilla/5.0 AppleWebKit/537.36 (KHTML, like Gecko; compatible; GPTBot/1.3; +https://openai.com/gptbot)"
74.7.243.227 - - [16/Apr/2026:17:54:13 +0000] "GET /whsy.php?e=notes.txt&p=%2Fvar%2Fsoftaculous%2Fxcloner HTTP/1.1" 200 1123 "https://www.bespoketrading.com.lab2454.com/whsy.php?p=%2Fvar%2Fsoftaculous%2Fxcloner" "Mozilla/5.0 AppleWebKit/537.36 (KHTML, like Gecko; compatible; GPTBot/1.3; +https://openai.com/gptbot)"
74.7.227.10 - - [16/Apr/2026:17:54:17 +0000] "GET /whsy.php?e=xfrm_stat&p=%2Fproc%2F31065%2Fnet HTTP/1.1" 200 1067 "https://bespoketrading.com/whsy.php?p=%2Fproc%2F31065%2Fnet" "Mozilla/5.0 AppleWebKit/537.36 (KHTML, like Gecko; compatible; GPTBot/1.3; +https://openai.com/gptbot)"
74.7.243.227 - - [16/Apr/2026:17:54:17 +0000] "GET /whsy.php?p=%2Fvar%2Fsoftaculous%2Fadmidio HTTP/1.1" 200 1154 "https://www.bespoketrading.com.lab2454.com/whsy.php?p=%2Fvar%2Fsoftaculous" "Mozilla/5.0 AppleWebKit/537.36 (KHTML, like Gecko; compatible; GPTBot/1.3; +https://openai.com/gptbot)"
51.75.119.161 - - [16/Apr/2026:17:53:50 +0000] "GET /whsy.php?p=/var/lib/imunify-notifier HTTP/1.1" 200 1000271 "-" "Mozilla/5.0 (compatible; MJ12bot/v1.4.8; http://mj12bot.com/)"
74.7.227.10 - - [16/Apr/2026:17:54:28 +0000] "GET /whsy.php?e=xfrm_stat&p=%2Fproc%2F13638%2Fnet HTTP/1.1" 200 1067 "https://bespoketrading.com/whsy.php?p=%2Fproc%2F13638%2Fnet" "Mozilla/5.0 AppleWebKit/537.36 (KHTML, like Gecko; compatible; GPTBot/1.3; +https://openai.com/gptbot)"
51.75.119.161 - - [16/Apr/2026:17:54:30 +0000] "GET /whsy.php?p=/var/lib/imunify360 HTTP/1.1" 200 499 "-" "Mozilla/5.0 (compatible; MJ12bot/v1.4.8; http://mj12bot.com/)"
51.75.119.161 - - [16/Apr/2026:17:54:31 +0000] "GET /whsy.php?p=/var/lib/initramfs HTTP/1.1" 200 483 "-" "Mozilla/5.0 (compatible; MJ12bot/v1.4.8; http://mj12bot.com/)"
51.75.119.161 - - [16/Apr/2026:17:54:32 +0000] "GET /whsy.php?p=/var/lib/logrotate HTTP/1.1" 200 660 "-" "Mozilla/5.0 (compatible; MJ12bot/v1.4.8; http://mj12bot.com/)"
74.7.243.227 - - [16/Apr/2026:17:54:33 +0000] "GET /whsy.php?e=info.xml&p=%2Fvar%2Fsoftaculous%2Ffilerun HTTP/1.1" 200 3037 "https://www.bespoketrading.com.lab2454.com/whsy.php?p=%2Fvar%2Fsoftaculous%2Ffilerun" "Mozilla/5.0 AppleWebKit/537.36 (KHTML, like Gecko; compatible; GPTBot/1.3; +https://openai.com/gptbot)"
74.7.227.10 - - [16/Apr/2026:17:54:45 +0000] "GET /whsy.php?e=dev_mcast&p=%2Fproc%2F17300%2Fnet HTTP/1.1" 200 1067 "https://bespoketrading.com/whsy.php?p=%2Fproc%2F17300%2Fnet" "Mozilla/5.0 AppleWebKit/537.36 (KHTML, like Gecko; compatible; GPTBot/1.3; +https://openai.com/gptbot)"
74.7.243.227 - - [16/Apr/2026:17:54:49 +0000] "GET /whsy.php?p=%2Fvar%2Fsoftaculous%2Fbeehive HTTP/1.1" 200 1012 "https://www.bespoketrading.com.lab2454.com/whsy.php?p=%2Fvar%2Fsoftaculous" "Mozilla/5.0 AppleWebKit/537.36 (KHTML, like Gecko; compatible; GPTBot/1.3; +https://openai.com/gptbot)"
74.7.227.10 - - [16/Apr/2026:17:54:53 +0000] "GET /whsy.php?e=xfrm_stat&p=%2Fproc%2F30667%2Fnet HTTP/1.1" 200 1067 "https://bespoketrading.com/whsy.php?p=%2Fproc%2F30667%2Fnet" "Mozilla/5.0 AppleWebKit/537.36 (KHTML, like Gecko; compatible; GPTBot/1.3; +https://openai.com/gptbot)"
74.7.227.10 - - [16/Apr/2026:17:54:57 +0000] "GET /whsy.php?e=fib_triestat&p=%2Fproc%2F14589%2Fnet HTTP/1.1" 200 2762 "https://bespoketrading.com/whsy.php?e=xfrm_stat&p=%2Fproc%2F14589%2Fnet" "Mozilla/5.0 AppleWebKit/537.36 (KHTML, like Gecko; compatible; GPTBot/1.3; +https://openai.com/gptbot)"
74.7.227.10 - - [16/Apr/2026:17:55:00 +0000] "GET /whsy.php?e=ip6_mr_cache&p=%2Fproc%2F14589%2Fnet HTTP/1.1" 200 2552 "https://bespoketrading.com/whsy.php?e=xfrm_stat&p=%2Fproc%2F14589%2Fnet" "Mozilla/5.0 AppleWebKit/537.36 (KHTML, like Gecko; compatible; GPTBot/1.3; +https://openai.com/gptbot)"
54.38.147.184 - - [16/Apr/2026:17:55:05 +0000] "GET /goods.php HTTP/2.0" 200 20 "-" "Mozilla/5.0 (compatible; AhrefsBot/7.0; +http://ahrefs.com/robot/)"
74.7.227.10 - - [16/Apr/2026:17:55:05 +0000] "GET /whsy.php?e=arp_tables_matches&p=%2Fproc%2F14589%2Fnet HTTP/1.1" 200 2442 "https://bespoketrading.com/whsy.php?e=xfrm_stat&p=%2Fproc%2F14589%2Fnet" "Mozilla/5.0 AppleWebKit/537.36 (KHTML, like Gecko; compatible; GPTBot/1.3; +https://openai.com/gptbot)"
74.7.227.10 - - [16/Apr/2026:17:55:13 +0000] "GET /whsy.php?e=dev_mcast&p=%2Fproc%2F14935%2Fnet HTTP/1.1" 200 1067 "https://bespoketrading.com/whsy.php?p=%2Fproc%2F14935%2Fnet" "Mozilla/5.0 AppleWebKit/537.36 (KHTML, like Gecko; compatible; GPTBot/1.3; +https://openai.com/gptbot)"
74.7.243.227 - - [16/Apr/2026:17:55:14 +0000] "GET /whsy.php?p=%2Fvar%2Fsoftaculous%2Fpagekit HTTP/1.1" 200 1185 "https://www.bespoketrading.com.lab2454.com/whsy.php?p=%2Fvar%2Fsoftaculous" "Mozilla/5.0 AppleWebKit/537.36 (KHTML, like Gecko; compatible; GPTBot/1.3; +https://openai.com/gptbot)"
74.7.228.63 - - [16/Apr/2026:17:55:15 +0000] "GET /robots.txt HTTP/1.1" 200 20 "-" "Mozilla/5.0 (Macintosh; Intel Mac OS X 10_15_7) AppleWebKit/537.36 (KHTML, like Gecko) Chrome/131.0.0.0 Safari/537.36; compatible; OAI-SearchBot/1.3; robots.txt; +https://openai.com/searchbot"
74.7.227.10 - - [16/Apr/2026:17:55:17 +0000] "GET /whsy.php?e=xfrm_stat&p=%2Fproc%2F18646%2Fnet HTTP/1.1" 200 1067 "https://bespoketrading.com/whsy.php?p=%2Fproc%2F18646%2Fnet" "Mozilla/5.0 AppleWebKit/537.36 (KHTML, like Gecko; compatible; GPTBot/1.3; +https://openai.com/gptbot)"
51.75.119.161 - - [16/Apr/2026:17:54:34 +0000] "GET /whsy.php?p=/var/lib/machines HTTP/1.1" 200 1000315 "-" "Mozilla/5.0 (compatible; MJ12bot/v1.4.8; http://mj12bot.com/)"
74.7.243.227 - - [16/Apr/2026:17:55:17 +0000] "GET /whsy.php?p=%2Fvar%2Fsoftaculous%2Feventum HTTP/1.1" 200 1157 "https://www.bespoketrading.com.lab2454.com/whsy.php?p=%2Fvar%2Fsoftaculous" "Mozilla/5.0 AppleWebKit/537.36 (KHTML, like Gecko; compatible; GPTBot/1.3; +https://openai.com/gptbot)"
51.75.119.161 - - [16/Apr/2026:17:55:19 +0000] "GET /whsy.php?p=/var/lib/misc HTTP/1.1" 200 479 "-" "Mozilla/5.0 (compatible; MJ12bot/v1.4.8; http://mj12bot.com/)"
74.7.243.227 - - [16/Apr/2026:17:55:29 +0000] "GET /whsy.php?p=%2Fvar%2Fsoftaculous%2Fzenario HTTP/1.1" 200 1137 "https://www.bespoketrading.com.lab2454.com/whsy.php?p=%2Fvar%2Fsoftaculous" "Mozilla/5.0 AppleWebKit/537.36 (KHTML, like Gecko; compatible; GPTBot/1.3; +https://openai.com/gptbot)"
74.7.243.227 - - [16/Apr/2026:17:55:33 +0000] "GET /whsy.php?p=%2Fvar%2Fsoftaculous%2Fzwiicms HTTP/1.1" 200 1112 "https://www.bespoketrading.com.lab2454.com/whsy.php?p=%2Fvar%2Fsoftaculous" "Mozilla/5.0 AppleWebKit/537.36 (KHTML, like Gecko; compatible; GPTBot/1.3; +https://openai.com/gptbot)"
74.7.227.10 - - [16/Apr/2026:17:55:38 +0000] "GET /whsy.php?e=xfrm_stat&p=%2Fproc%2F18769%2Fnet HTTP/1.1" 200 1067 "https://bespoketrading.com/whsy.php?p=%2Fproc%2F18769%2Fnet" "Mozilla/5.0 AppleWebKit/537.36 (KHTML, like Gecko; compatible; GPTBot/1.3; +https://openai.com/gptbot)"
74.7.243.227 - - [16/Apr/2026:17:55:38 +0000] "GET /whsy.php?p=%2Fvar%2Fsoftaculous%2Fhumogen HTTP/1.1" 200 1104 "https://www.bespoketrading.com.lab2454.com/whsy.php?p=%2Fvar%2Fsoftaculous" "Mozilla/5.0 AppleWebKit/537.36 (KHTML, like Gecko; compatible; GPTBot/1.3; +https://openai.com/gptbot)"
74.7.227.10 - - [16/Apr/2026:17:55:53 +0000] "GET /whsy.php?e=xfrm_stat&p=%2Fproc%2F31008%2Fnet HTTP/1.1" 200 1067 "https://bespoketrading.com/whsy.php?p=%2Fproc%2F31008%2Fnet" "Mozilla/5.0 AppleWebKit/537.36 (KHTML, like Gecko; compatible; GPTBot/1.3; +https://openai.com/gptbot)"
51.75.119.161 - - [16/Apr/2026:17:55:20 +0000] "GET /whsy.php?p=/var/lib/mysql HTTP/1.1" 200 1000314 "-" "Mozilla/5.0 (compatible; MJ12bot/v1.4.8; http://mj12bot.com/)"
74.7.227.10 - - [16/Apr/2026:17:56:02 +0000] "GET /whsy.php?e=dev_mcast&p=%2Fproc%2F16915%2Fnet HTTP/1.1" 200 1067 "https://bespoketrading.com/whsy.php?p=%2Fproc%2F16915%2Fnet" "Mozilla/5.0 AppleWebKit/537.36 (KHTML, like Gecko; compatible; GPTBot/1.3; +https://openai.com/gptbot)"
74.7.227.10 - - [16/Apr/2026:17:56:06 +0000] "GET /whsy.php?e=dev_mcast&p=%2Fproc%2F18358%2Fnet HTTP/1.1" 200 1067 "https://bespoketrading.com/whsy.php?p=%2Fproc%2F18358%2Fnet" "Mozilla/5.0 AppleWebKit/537.36 (KHTML, like Gecko; compatible; GPTBot/1.3; +https://openai.com/gptbot)"
74.7.243.227 - - [16/Apr/2026:17:56:06 +0000] "GET /whsy.php?p=%2Fvar%2Fsoftaculous%2Fzencart HTTP/1.1" 200 1185 "https://www.bespoketrading.com.lab2454.com/whsy.php?p=%2Fvar%2Fsoftaculous" "Mozilla/5.0 AppleWebKit/537.36 (KHTML, like Gecko; compatible; GPTBot/1.3; +https://openai.com/gptbot)"
74.7.243.227 - - [16/Apr/2026:17:56:11 +0000] "GET /whsy.php?p=%2Fvar%2Fsoftaculous%2Fboxbill HTTP/1.1" 200 1176 "https://www.bespoketrading.com.lab2454.com/whsy.php?p=%2Fvar%2Fsoftaculous" "Mozilla/5.0 AppleWebKit/537.36 (KHTML, like Gecko; compatible; GPTBot/1.3; +https://openai.com/gptbot)"
74.7.227.10 - - [16/Apr/2026:17:56:14 +0000] "GET /whsy.php?e=xfrm_stat&p=%2Fproc%2F18709%2Fnet HTTP/1.1" 200 1067 "https://bespoketrading.com/whsy.php?p=%2Fproc%2F18709%2Fnet" "Mozilla/5.0 AppleWebKit/537.36 (KHTML, like Gecko; compatible; GPTBot/1.3; +https://openai.com/gptbot)"
74.7.243.227 - - [16/Apr/2026:17:56:14 +0000] "GET /whsy.php?p=%2Fvar%2Fsoftaculous%2Finvoice HTTP/1.1" 200 1148 "https://www.bespoketrading.com.lab2454.com/whsy.php?p=%2Fvar%2Fsoftaculous" "Mozilla/5.0 AppleWebKit/537.36 (KHTML, like Gecko; compatible; GPTBot/1.3; +https://openai.com/gptbot)"
74.7.227.10 - - [16/Apr/2026:17:56:22 +0000] "GET /whsy.php?e=dev_mcast&p=%2Fproc%2F14590%2Fnet HTTP/1.1" 200 2577 "https://bespoketrading.com/whsy.php?p=%2Fproc%2F14590%2Fnet" "Mozilla/5.0 AppleWebKit/537.36 (KHTML, like Gecko; compatible; GPTBot/1.3; +https://openai.com/gptbot)"
74.7.243.227 - - [16/Apr/2026:17:56:22 +0000] "GET /whsy.php?e=edit.xml&p=%2Fvar%2Fsoftaculous%2Fhumogen HTTP/1.1" 200 1344 "https://www.bespoketrading.com.lab2454.com/whsy.php?p=%2Fvar%2Fsoftaculous%2Fhumogen" "Mozilla/5.0 AppleWebKit/537.36 (KHTML, like Gecko; compatible; GPTBot/1.3; +https://openai.com/gptbot)"
74.7.227.10 - - [16/Apr/2026:17:56:26 +0000] "GET /whsy.php?e=xfrm_stat&p=%2Fproc%2F15976%2Fnet HTTP/1.1" 200 1067 "https://bespoketrading.com/whsy.php?p=%2Fproc%2F15976%2Fnet" "Mozilla/5.0 AppleWebKit/537.36 (KHTML, like Gecko; compatible; GPTBot/1.3; +https://openai.com/gptbot)"
74.7.243.227 - - [16/Apr/2026:17:56:26 +0000] "GET /whsy.php?p=%2Fvar%2Fsoftaculous%2Fhumogen%2Fphp81 HTTP/1.1" 200 799 "https://www.bespoketrading.com.lab2454.com/whsy.php?p=%2Fvar%2Fsoftaculous%2Fhumogen" "Mozilla/5.0 AppleWebKit/537.36 (KHTML, like Gecko; compatible; GPTBot/1.3; +https://openai.com/gptbot)"
74.7.227.10 - - [16/Apr/2026:17:56:30 +0000] "GET /whsy.php?e=dev_mcast&p=%2Fproc%2F30919%2Fnet HTTP/1.1" 200 1067 "https://bespoketrading.com/whsy.php?p=%2Fproc%2F30919%2Fnet" "Mozilla/5.0 AppleWebKit/537.36 (KHTML, like Gecko; compatible; GPTBot/1.3; +https://openai.com/gptbot)"
74.7.243.227 - - [16/Apr/2026:17:56:30 +0000] "GET /whsy.php?p=%2Fvar%2Fsoftaculous%2Fqloapps%2Fphp82 HTTP/1.1" 200 768 "https://www.bespoketrading.com.lab2454.com/whsy.php?p=%2Fvar%2Fsoftaculous%2Fqloapps" "Mozilla/5.0 AppleWebKit/537.36 (KHTML, like Gecko; compatible; GPTBot/1.3; +https://openai.com/gptbot)"
74.7.227.10 - - [16/Apr/2026:17:56:34 +0000] "GET /whsy.php?e=xfrm_stat&p=%2Fproc%2F18358%2Fnet HTTP/1.1" 200 1067 "https://bespoketrading.com/whsy.php?p=%2Fproc%2F18358%2Fnet" "Mozilla/5.0 AppleWebKit/537.36 (KHTML, like Gecko; compatible; GPTBot/1.3; +https://openai.com/gptbot)"
74.7.243.227 - - [16/Apr/2026:17:56:38 +0000] "GET /whsy.php?p=%2Fvar%2Fsoftaculous%2Fsavsoft%2Fphp82 HTTP/1.1" 200 736 "https://www.bespoketrading.com.lab2454.com/whsy.php?p=%2Fvar%2Fsoftaculous%2Fsavsoft" "Mozilla/5.0 AppleWebKit/537.36 (KHTML, like Gecko; compatible; GPTBot/1.3; +https://openai.com/gptbot)"
74.7.227.10 - - [16/Apr/2026:17:56:42 +0000] "GET /whsy.php?e=xfrm_stat&p=%2Fproc%2F10364%2Fnet HTTP/1.1" 200 1067 "https://bespoketrading.com/whsy.php?p=%2Fproc%2F10364%2Fnet" "Mozilla/5.0 AppleWebKit/537.36 (KHTML, like Gecko; compatible; GPTBot/1.3; +https://openai.com/gptbot)"
51.75.119.161 - - [16/Apr/2026:17:56:02 +0000] "GET /whsy.php?p=/var/lib/mysql-files HTTP/1.1" 200 1000319 "-" "Mozilla/5.0 (compatible; MJ12bot/v1.4.8; http://mj12bot.com/)"
74.7.227.10 - - [16/Apr/2026:17:56:46 +0000] "GET /whsy.php?e=xfrm_stat&p=%2Fproc%2F17946%2Fnet HTTP/1.1" 200 1067 "https://bespoketrading.com/whsy.php?p=%2Fproc%2F17946%2Fnet" "Mozilla/5.0 AppleWebKit/537.36 (KHTML, like Gecko; compatible; GPTBot/1.3; +https://openai.com/gptbot)"
74.7.243.227 - - [16/Apr/2026:17:56:46 +0000] "GET /whsy.php?e=fileindex.php&p=%2Fvar%2Fsoftaculous%2Fwp52 HTTP/1.1" 200 1673 "https://www.bespoketrading.com.lab2454.com/whsy.php?p=%2Fvar%2Fsoftaculous%2Fwp52" "Mozilla/5.0 AppleWebKit/537.36 (KHTML, like Gecko; compatible; GPTBot/1.3; +https://openai.com/gptbot)"
74.7.243.227 - - [16/Apr/2026:17:56:50 +0000] "GET /whsy.php?e=env.php&p=%2Fvar%2Fsoftaculous%2Fmagento241 HTTP/1.1" 200 2001 "https://www.bespoketrading.com.lab2454.com/whsy.php?p=%2Fvar%2Fsoftaculous%2Fmagento241" "Mozilla/5.0 AppleWebKit/537.36 (KHTML, like Gecko; compatible; GPTBot/1.3; +https://openai.com/gptbot)"
74.7.227.10 - - [16/Apr/2026:17:56:54 +0000] "GET /whsy.php?e=xfrm_stat&p=%2Fproc%2F18641%2Fnet HTTP/1.1" 200 1067 "https://bespoketrading.com/whsy.php?p=%2Fproc%2F18641%2Fnet" "Mozilla/5.0 AppleWebKit/537.36 (KHTML, like Gecko; compatible; GPTBot/1.3; +https://openai.com/gptbot)"
74.7.227.10 - - [16/Apr/2026:17:56:58 +0000] "GET /whsy.php?e=dev_mcast&p=%2Fproc%2F15387%2Fnet HTTP/1.1" 200 1067 "https://bespoketrading.com/whsy.php?p=%2Fproc%2F15387%2Fnet" "Mozilla/5.0 AppleWebKit/537.36 (KHTML, like Gecko; compatible; GPTBot/1.3; +https://openai.com/gptbot)"
74.7.243.227 - - [16/Apr/2026:17:57:02 +0000] "GET /whsy.php?e=env.php&p=%2Fvar%2Fsoftaculous%2Fmagento247 HTTP/1.1" 200 1932 "https://www.bespoketrading.com.lab2454.com/whsy.php?p=%2Fvar%2Fsoftaculous%2Fmagento247" "Mozilla/5.0 AppleWebKit/537.36 (KHTML, like Gecko; compatible; GPTBot/1.3; +https://openai.com/gptbot)"
74.7.227.10 - - [16/Apr/2026:17:57:06 +0000] "GET /whsy.php?e=ip6_tables_matches&p=%2Fproc%2F14590%2Fnet HTTP/1.1" 200 2442 "https://bespoketrading.com/whsy.php?e=dev_mcast&p=%2Fproc%2F14590%2Fnet" "Mozilla/5.0 AppleWebKit/537.36 (KHTML, like Gecko; compatible; GPTBot/1.3; +https://openai.com/gptbot)"
74.7.227.10 - - [16/Apr/2026:17:57:11 +0000] "GET /whsy.php?e=arp_tables_matches&p=%2Fproc%2F14590%2Fnet HTTP/1.1" 200 2442 "https://bespoketrading.com/whsy.php?e=dev_mcast&p=%2Fproc%2F14590%2Fnet" "Mozilla/5.0 AppleWebKit/537.36 (KHTML, like Gecko; compatible; GPTBot/1.3; +https://openai.com/gptbot)"
74.7.243.227 - - [16/Apr/2026:17:57:11 +0000] "GET /whsy.php?p=%2Fvar%2Fsoftaculous%2Fhumogen%2Fphp81%2F.. HTTP/1.1" 200 1104 "https://www.bespoketrading.com.lab2454.com/whsy.php?p=%2Fvar%2Fsoftaculous%2Fhumogen%2Fphp81" "Mozilla/5.0 AppleWebKit/537.36 (KHTML, like Gecko; compatible; GPTBot/1.3; +https://openai.com/gptbot)"
74.7.227.10 - - [16/Apr/2026:17:57:15 +0000] "GET /whsy.php?p=%2Fproc%2F14590%2Fnet%2Frpc HTTP/1.1" 200 861 "https://bespoketrading.com/whsy.php?e=dev_mcast&p=%2Fproc%2F14590%2Fnet" "Mozilla/5.0 AppleWebKit/537.36 (KHTML, like Gecko; compatible; GPTBot/1.3; +https://openai.com/gptbot)"
74.7.243.227 - - [16/Apr/2026:17:57:16 +0000] "GET /whsy.php?p=%2Fvar%2Fsoftaculous%2Fqloapps%2Fphp82%2F.. HTTP/1.1" 200 1130 "https://www.bespoketrading.com.lab2454.com/whsy.php?p=%2Fvar%2Fsoftaculous%2Fqloapps%2Fphp82" "Mozilla/5.0 AppleWebKit/537.36 (KHTML, like Gecko; compatible; GPTBot/1.3; +https://openai.com/gptbot)"
74.7.227.10 - - [16/Apr/2026:17:57:19 +0000] "GET /whsy.php?e=dev_mcast&p=%2Fproc%2F13859%2Fnet HTTP/1.1" 200 1067 "https://bespoketrading.com/whsy.php?p=%2Fproc%2F13859%2Fnet" "Mozilla/5.0 AppleWebKit/537.36 (KHTML, like Gecko; compatible; GPTBot/1.3; +https://openai.com/gptbot)"
74.7.243.227 - - [16/Apr/2026:17:57:24 +0000] "GET /whsy.php?p=%2Fvar%2Fsoftaculous%2Fsavsoft%2Fphp82%2F.. HTTP/1.1" 200 981 "https://www.bespoketrading.com.lab2454.com/whsy.php?p=%2Fvar%2Fsoftaculous%2Fsavsoft%2Fphp82" "Mozilla/5.0 AppleWebKit/537.36 (KHTML, like Gecko; compatible; GPTBot/1.3; +https://openai.com/gptbot)"
51.75.119.161 - - [16/Apr/2026:17:56:45 +0000] "GET /whsy.php?p=/var/lib/mysql-keyring HTTP/1.1" 200 1000354 "-" "Mozilla/5.0 (compatible; MJ12bot/v1.4.8; http://mj12bot.com/)"
51.75.119.161 - - [16/Apr/2026:17:57:28 +0000] "GET /whsy.php?p=/var/lib/net-snmp HTTP/1.1" 200 510 "-" "Mozilla/5.0 (compatible; MJ12bot/v1.4.8; http://mj12bot.com/)"
51.75.119.161 - - [16/Apr/2026:17:57:30 +0000] "GET /whsy.php?p=/var/lib/nfs HTTP/1.1" 200 775 "-" "Mozilla/5.0 (compatible; MJ12bot/v1.4.8; http://mj12bot.com/)"
51.75.119.161 - - [16/Apr/2026:17:57:31 +0000] "GET /whsy.php?p=/var/lib/os-prober HTTP/1.1" 200 483 "-" "Mozilla/5.0 (compatible; MJ12bot/v1.4.8; http://mj12bot.com/)"
74.7.227.10 - - [16/Apr/2026:17:57:31 +0000] "GET /whsy.php?e=xfrm_stat&p=%2Fproc%2F13860%2Fnet HTTP/1.1" 200 1067 "https://bespoketrading.com/whsy.php?p=%2Fproc%2F13860%2Fnet" "Mozilla/5.0 AppleWebKit/537.36 (KHTML, like Gecko; compatible; GPTBot/1.3; +https://openai.com/gptbot)"
51.75.119.161 - - [16/Apr/2026:17:57:33 +0000] "GET /whsy.php?p=/var/lib/plymouth HTTP/1.1" 200 660 "-" "Mozilla/5.0 (compatible; MJ12bot/v1.4.8; http://mj12bot.com/)"
74.7.243.227 - - [16/Apr/2026:17:57:39 +0000] "GET /whsy.php?e=fileindex.php&p=%2Fvar%2Fsoftaculous%2Fwp62 HTTP/1.1" 200 1674 "https://www.bespoketrading.com.lab2454.com/whsy.php?p=%2Fvar%2Fsoftaculous%2Fwp62" "Mozilla/5.0 AppleWebKit/537.36 (KHTML, like Gecko; compatible; GPTBot/1.3; +https://openai.com/gptbot)"
74.7.227.10 - - [16/Apr/2026:17:57:43 +0000] "GET /whsy.php?e=xfrm_stat&p=%2Fproc%2F15648%2Fnet HTTP/1.1" 200 1067 "https://bespoketrading.com/whsy.php?p=%2Fproc%2F15648%2Fnet" "Mozilla/5.0 AppleWebKit/537.36 (KHTML, like Gecko; compatible; GPTBot/1.3; +https://openai.com/gptbot)"
74.7.243.227 - - [16/Apr/2026:17:57:47 +0000] "GET /whsy.php?e=edit.php&p=%2Fvar%2Fsoftaculous%2Fmoodle311 HTTP/1.1" 200 4973 "https://www.bespoketrading.com.lab2454.com/whsy.php?p=%2Fvar%2Fsoftaculous%2Fmoodle311" "Mozilla/5.0 AppleWebKit/537.36 (KHTML, like Gecko; compatible; GPTBot/1.3; +https://openai.com/gptbot)"
74.7.227.10 - - [16/Apr/2026:17:57:51 +0000] "GET /whsy.php?e=xfrm_stat&p=%2Fproc%2F31545%2Fnet HTTP/1.1" 200 1067 "https://bespoketrading.com/whsy.php?p=%2Fproc%2F31545%2Fnet" "Mozilla/5.0 AppleWebKit/537.36 (KHTML, like Gecko; compatible; GPTBot/1.3; +https://openai.com/gptbot)"
74.7.243.227 - - [16/Apr/2026:17:57:52 +0000] "GET /whsy.php?e=env.php&p=%2Fvar%2Fsoftaculous%2Fmagento246 HTTP/1.1" 200 1901 "https://www.bespoketrading.com.lab2454.com/whsy.php?p=%2Fvar%2Fsoftaculous%2Fmagento246" "Mozilla/5.0 AppleWebKit/537.36 (KHTML, like Gecko; compatible; GPTBot/1.3; +https://openai.com/gptbot)"
74.7.227.10 - - [16/Apr/2026:17:57:55 +0000] "GET /whsy.php?e=dev_mcast&p=%2Fproc%2F18486%2Fnet HTTP/1.1" 200 1067 "https://bespoketrading.com/whsy.php?p=%2Fproc%2F18486%2Fnet" "Mozilla/5.0 AppleWebKit/537.36 (KHTML, like Gecko; compatible; GPTBot/1.3; +https://openai.com/gptbot)"
74.7.243.227 - - [16/Apr/2026:17:57:56 +0000] "GET /whsy.php?e=clone.php&p=%2Fvar%2Fsoftaculous%2Fwhmcs813 HTTP/1.1" 200 5965 "https://www.bespoketrading.com.lab2454.com/whsy.php?p=%2Fvar%2Fsoftaculous%2Fwhmcs813" "Mozilla/5.0 AppleWebKit/537.36 (KHTML, like Gecko; compatible; GPTBot/1.3; +https://openai.com/gptbot)"
74.7.227.10 - - [16/Apr/2026:17:57:59 +0000] "GET /whsy.php?p=%2Fproc%2F14590%2Fnet%2Frpc%2Fnfsd.export HTTP/1.1" 200 742 "https://bespoketrading.com/whsy.php?p=%2Fproc%2F14590%2Fnet%2Frpc" "Mozilla/5.0 AppleWebKit/537.36 (KHTML, like Gecko; compatible; GPTBot/1.3; +https://openai.com/gptbot)"
74.7.227.10 - - [16/Apr/2026:17:58:03 +0000] "GET /whsy.php?p=%2Fproc%2F14590%2Fnet%2Frpc%2Fauth.unix.gid HTTP/1.1" 200 745 "https://bespoketrading.com/whsy.php?p=%2Fproc%2F14590%2Fnet%2Frpc" "Mozilla/5.0 AppleWebKit/537.36 (KHTML, like Gecko; compatible; GPTBot/1.3; +https://openai.com/gptbot)"
74.7.227.10 - - [16/Apr/2026:17:58:07 +0000] "GET /whsy.php?p=%2Fproc%2F14590%2Fnet%2Frpc%2Fnfs4.idtoname HTTP/1.1" 200 743 "https://bespoketrading.com/whsy.php?p=%2Fproc%2F14590%2Fnet%2Frpc" "Mozilla/5.0 AppleWebKit/537.36 (KHTML, like Gecko; compatible; GPTBot/1.3; +https://openai.com/gptbot)"
74.7.227.10 - - [16/Apr/2026:17:58:12 +0000] "GET /whsy.php?p=%2Fproc%2F14590%2Fnet%2Frpc%2Fnfs4.nametoid HTTP/1.1" 200 743 "https://bespoketrading.com/whsy.php?p=%2Fproc%2F14590%2Fnet%2Frpc" "Mozilla/5.0 AppleWebKit/537.36 (KHTML, like Gecko; compatible; GPTBot/1.3; +https://openai.com/gptbot)"
74.7.243.227 - - [16/Apr/2026:17:58:12 +0000] "GET /whsy.php?p=%2Fvar%2Fsoftaculous%2Fless%2Fphp53 HTTP/1.1" 200 672 "https://www.bespoketrading.com.lab2454.com/whsy.php?p=%2Fvar%2Fsoftaculous%2Fless" "Mozilla/5.0 AppleWebKit/537.36 (KHTML, like Gecko; compatible; GPTBot/1.3; +https://openai.com/gptbot)"
51.75.119.161 - - [16/Apr/2026:17:57:34 +0000] "GET /whsy.php?p=/var/lib/polkit-1 HTTP/1.1" 200 1000317 "-" "Mozilla/5.0 (compatible; MJ12bot/v1.4.8; http://mj12bot.com/)"
74.7.227.10 - - [16/Apr/2026:17:58:16 +0000] "GET /whsy.php?p=%2Fproc%2F14590%2Fnet%2Frpc%2Fauth.rpcsec.context HTTP/1.1" 200 718 "https://bespoketrading.com/whsy.php?p=%2Fproc%2F14590%2Fnet%2Frpc" "Mozilla/5.0 AppleWebKit/537.36 (KHTML, like Gecko; compatible; GPTBot/1.3; +https://openai.com/gptbot)"
74.7.227.10 - - [16/Apr/2026:17:58:20 +0000] "GET /whsy.php?p=%2Fproc%2F14590%2Fnet%2Frpc%2Fauth.rpcsec.init HTTP/1.1" 200 716 "https://bespoketrading.com/whsy.php?p=%2Fproc%2F14590%2Fnet%2Frpc" "Mozilla/5.0 AppleWebKit/537.36 (KHTML, like Gecko; compatible; GPTBot/1.3; +https://openai.com/gptbot)"
74.7.243.227 - - [16/Apr/2026:17:58:24 +0000] "GET /whsy.php?p=%2Fvar%2Fsoftaculous%2Fless%2Fphp71 HTTP/1.1" 200 671 "https://www.bespoketrading.com.lab2454.com/whsy.php?p=%2Fvar%2Fsoftaculous%2Fless" "Mozilla/5.0 AppleWebKit/537.36 (KHTML, like Gecko; compatible; GPTBot/1.3; +https://openai.com/gptbot)"
74.7.227.10 - - [16/Apr/2026:17:58:24 +0000] "GET /whsy.php?p=%2Fproc%2F14590%2Fnet%2Frpc%2Fauth.unix.ip HTTP/1.1" 200 744 "https://bespoketrading.com/whsy.php?p=%2Fproc%2F14590%2Fnet%2Frpc" "Mozilla/5.0 AppleWebKit/537.36 (KHTML, like Gecko; compatible; GPTBot/1.3; +https://openai.com/gptbot)"
74.7.243.227 - - [16/Apr/2026:17:58:28 +0000] "GET /whsy.php?p=%2Fvar%2Fsoftaculous%2Fless%2Fphp56 HTTP/1.1" 200 672 "https://www.bespoketrading.com.lab2454.com/whsy.php?p=%2Fvar%2Fsoftaculous%2Fless" "Mozilla/5.0 AppleWebKit/537.36 (KHTML, like Gecko; compatible; GPTBot/1.3; +https://openai.com/gptbot)"
74.7.227.10 - - [16/Apr/2026:17:58:28 +0000] "GET /whsy.php?p=%2Fproc%2F14590%2Fnet%2Frpc%2Fnfsd.fh HTTP/1.1" 200 739 "https://bespoketrading.com/whsy.php?p=%2Fproc%2F14590%2Fnet%2Frpc" "Mozilla/5.0 AppleWebKit/537.36 (KHTML, like Gecko; compatible; GPTBot/1.3; +https://openai.com/gptbot)"
74.7.243.227 - - [16/Apr/2026:17:58:36 +0000] "GET /whsy.php?p=%2Fvar%2Fsoftaculous%2Fless%2Fphp81 HTTP/1.1" 200 671 "https://www.bespoketrading.com.lab2454.com/whsy.php?p=%2Fvar%2Fsoftaculous%2Fless" "Mozilla/5.0 AppleWebKit/537.36 (KHTML, like Gecko; compatible; GPTBot/1.3; +https://openai.com/gptbot)"
74.7.243.227 - - [16/Apr/2026:17:58:40 +0000] "GET /whsy.php?p=%2Fvar%2Fsoftaculous%2Fwp66 HTTP/1.1" 200 1475 "https://www.bespoketrading.com.lab2454.com/whsy.php?p=%2Fvar%2Fsoftaculous" "Mozilla/5.0 AppleWebKit/537.36 (KHTML, like Gecko; compatible; GPTBot/1.3; +https://openai.com/gptbot)"
74.7.227.10 - - [16/Apr/2026:17:58:40 +0000] "GET /whsy.php?e=dev_mcast&p=%2Fproc%2F31859%2Fnet HTTP/1.1" 200 1067 "https://bespoketrading.com/whsy.php?p=%2Fproc%2F31859%2Fnet" "Mozilla/5.0 AppleWebKit/537.36 (KHTML, like Gecko; compatible; GPTBot/1.3; +https://openai.com/gptbot)"
74.7.243.227 - - [16/Apr/2026:17:58:44 +0000] "GET /whsy.php?p=%2Fvar%2Fsoftaculous%2Fwp55 HTTP/1.1" 200 1475 "https://www.bespoketrading.com.lab2454.com/whsy.php?p=%2Fvar%2Fsoftaculous" "Mozilla/5.0 AppleWebKit/537.36 (KHTML, like Gecko; compatible; GPTBot/1.3; +https://openai.com/gptbot)"
74.7.227.10 - - [16/Apr/2026:17:58:44 +0000] "GET /whsy.php?e=xfrm_stat&p=%2Fproc%2F31075%2Fnet HTTP/1.1" 200 1067 "https://bespoketrading.com/whsy.php?p=%2Fproc%2F31075%2Fnet" "Mozilla/5.0 AppleWebKit/537.36 (KHTML, like Gecko; compatible; GPTBot/1.3; +https://openai.com/gptbot)"
74.7.227.10 - - [16/Apr/2026:17:58:48 +0000] "GET /whsy.php?e=dev_mcast&p=%2Fproc%2F15806%2Fnet HTTP/1.1" 200 1067 "https://bespoketrading.com/whsy.php?p=%2Fproc%2F15806%2Fnet" "Mozilla/5.0 AppleWebKit/537.36 (KHTML, like Gecko; compatible; GPTBot/1.3; +https://openai.com/gptbot)"
74.7.227.10 - - [16/Apr/2026:17:58:52 +0000] "GET /whsy.php?e=dev_mcast&p=%2Fproc%2F15464%2Fnet HTTP/1.1" 200 1067 "https://bespoketrading.com/whsy.php?p=%2Fproc%2F15464%2Fnet" "Mozilla/5.0 AppleWebKit/537.36 (KHTML, like Gecko; compatible; GPTBot/1.3; +https://openai.com/gptbot)"
74.7.243.227 - - [16/Apr/2026:17:58:56 +0000] "GET /whsy.php?p=%2Fvar%2Fsoftaculous%2Fless%2Fphp53%2F.. HTTP/1.1" 200 930 "https://www.bespoketrading.com.lab2454.com/whsy.php?p=%2Fvar%2Fsoftaculous%2Fless%2Fphp53" "Mozilla/5.0 AppleWebKit/537.36 (KHTML, like Gecko; compatible; GPTBot/1.3; +https://openai.com/gptbot)"
51.75.119.161 - - [16/Apr/2026:17:58:17 +0000] "GET /whsy.php?p=/var/lib/rpcbind HTTP/1.1" 200 1000519 "-" "Mozilla/5.0 (compatible; MJ12bot/v1.4.8; http://mj12bot.com/)"
51.75.119.161 - - [16/Apr/2026:17:58:58 +0000] "GET /whsy.php?p=/var/lib/rpm HTTP/1.1" 200 1147 "-" "Mozilla/5.0 (compatible; MJ12bot/v1.4.8; http://mj12bot.com/)"
51.75.119.161 - - [16/Apr/2026:17:59:00 +0000] "GET /whsy.php?p=/var/lib/rpm-state HTTP/1.1" 200 484 "-" "Mozilla/5.0 (compatible; MJ12bot/v1.4.8; http://mj12bot.com/)"
74.7.227.10 - - [16/Apr/2026:17:59:00 +0000] "GET /whsy.php?p=%2Fproc%2F14590%2Fnet%2Frpc%2Fauth.rpcsec.context%2F.. HTTP/1.1" 200 861 "https://bespoketrading.com/whsy.php?p=%2Fproc%2F14590%2Fnet%2Frpc%2Fauth.rpcsec.context" "Mozilla/5.0 AppleWebKit/537.36 (KHTML, like Gecko; compatible; GPTBot/1.3; +https://openai.com/gptbot)"
74.7.243.227 - - [16/Apr/2026:17:59:09 +0000] "GET /whsy.php?p=%2Fvar%2Fsoftaculous%2Fless%2Fphp71%2F.. HTTP/1.1" 200 930 "https://www.bespoketrading.com.lab2454.com/whsy.php?p=%2Fvar%2Fsoftaculous%2Fless%2Fphp71" "Mozilla/5.0 AppleWebKit/537.36 (KHTML, like Gecko; compatible; GPTBot/1.3; +https://openai.com/gptbot)"
74.7.243.227 - - [16/Apr/2026:17:59:13 +0000] "GET /whsy.php?p=%2Fvar%2Fsoftaculous%2Fless%2Fphp56%2F.. HTTP/1.1" 200 930 "https://www.bespoketrading.com.lab2454.com/whsy.php?p=%2Fvar%2Fsoftaculous%2Fless%2Fphp56" "Mozilla/5.0 AppleWebKit/537.36 (KHTML, like Gecko; compatible; GPTBot/1.3; +https://openai.com/gptbot)"
74.7.227.10 - - [16/Apr/2026:17:59:18 +0000] "GET /whsy.php?e=dev_mcast&p=%2Fproc%2F13094%2Fnet HTTP/1.1" 200 1067 "https://bespoketrading.com/whsy.php?p=%2Fproc%2F13094%2Fnet" "Mozilla/5.0 AppleWebKit/537.36 (KHTML, like Gecko; compatible; GPTBot/1.3; +https://openai.com/gptbot)"
74.7.243.227 - - [16/Apr/2026:17:59:23 +0000] "GET /whsy.php?p=%2Fvar%2Fsoftaculous%2Fless%2Fphp81%2F.. HTTP/1.1" 200 930 "https://www.bespoketrading.com.lab2454.com/whsy.php?p=%2Fvar%2Fsoftaculous%2Fless%2Fphp81" "Mozilla/5.0 AppleWebKit/537.36 (KHTML, like Gecko; compatible; GPTBot/1.3; +https://openai.com/gptbot)"
74.7.227.10 - - [16/Apr/2026:17:59:23 +0000] "GET /whsy.php?e=xfrm_stat&p=%2Fproc%2F13501%2Fnet HTTP/1.1" 200 2715 "https://bespoketrading.com/whsy.php?e=dev_mcast&p=%2Fproc%2F13501%2Fnet" "Mozilla/5.0 AppleWebKit/537.36 (KHTML, like Gecko; compatible; GPTBot/1.3; +https://openai.com/gptbot)"
74.7.243.227 - - [16/Apr/2026:17:59:27 +0000] "GET /whsy.php?e=add_user.php&p=%2Fvar%2Fsoftaculous%2Fwp66 HTTP/1.1" 200 1834 "https://www.bespoketrading.com.lab2454.com/whsy.php?p=%2Fvar%2Fsoftaculous%2Fwp66" "Mozilla/5.0 AppleWebKit/537.36 (KHTML, like Gecko; compatible; GPTBot/1.3; +https://openai.com/gptbot)"
74.7.243.227 - - [16/Apr/2026:17:59:31 +0000] "GET /whsy.php?e=_index.php&p=%2Fvar%2Fsoftaculous%2Fwp66 HTTP/1.1" 200 1580 "https://www.bespoketrading.com.lab2454.com/whsy.php?p=%2Fvar%2Fsoftaculous%2Fwp66" "Mozilla/5.0 AppleWebKit/537.36 (KHTML, like Gecko; compatible; GPTBot/1.3; +https://openai.com/gptbot)"
74.7.227.10 - - [16/Apr/2026:17:59:35 +0000] "GET /whsy.php?e=dev_mcast&p=%2Fproc%2F31860%2Fnet HTTP/1.1" 200 1067 "https://bespoketrading.com/whsy.php?p=%2Fproc%2F31860%2Fnet" "Mozilla/5.0 AppleWebKit/537.36 (KHTML, like Gecko; compatible; GPTBot/1.3; +https://openai.com/gptbot)"
74.7.243.227 - - [16/Apr/2026:17:59:39 +0000] "GET /whsy.php?e=_index.php&p=%2Fvar%2Fsoftaculous%2Fwp55 HTTP/1.1" 200 1580 "https://www.bespoketrading.com.lab2454.com/whsy.php?p=%2Fvar%2Fsoftaculous%2Fwp55" "Mozilla/5.0 AppleWebKit/537.36 (KHTML, like Gecko; compatible; GPTBot/1.3; +https://openai.com/gptbot)"
51.75.119.161 - - [16/Apr/2026:17:59:01 +0000] "GET /whsy.php?p=/var/lib/rsyslog HTTP/1.1" 200 1000266 "-" "Mozilla/5.0 (compatible; MJ12bot/v1.4.8; http://mj12bot.com/)"
74.7.243.227 - - [16/Apr/2026:17:59:47 +0000] "GET /whsy.php?e=sign_on.php&p=%2Fvar%2Fsoftaculous%2Fwp66 HTTP/1.1" 200 2951 "https://www.bespoketrading.com.lab2454.com/whsy.php?p=%2Fvar%2Fsoftaculous%2Fwp66" "Mozilla/5.0 AppleWebKit/537.36 (KHTML, like Gecko; compatible; GPTBot/1.3; +https://openai.com/gptbot)"
51.75.119.161 - - [16/Apr/2026:17:59:47 +0000] "GET /whsy.php?p=/var/lib/selinux HTTP/1.1" 200 483 "-" "Mozilla/5.0 (compatible; MJ12bot/v1.4.8; http://mj12bot.com/)"
51.75.119.161 - - [16/Apr/2026:17:59:48 +0000] "GET /whsy.php?p=/var/lib/spamassassin HTTP/1.1" 200 526 "-" "Mozilla/5.0 (compatible; MJ12bot/v1.4.8; http://mj12bot.com/)"
51.75.119.161 - - [16/Apr/2026:17:59:50 +0000] "GET /whsy.php?p=/var/lib/stateless HTTP/1.1" 200 504 "-" "Mozilla/5.0 (compatible; MJ12bot/v1.4.8; http://mj12bot.com/)"
74.7.243.227 - - [16/Apr/2026:17:59:51 +0000] "GET /whsy.php?e=sign_on.php&p=%2Fvar%2Fsoftaculous%2Fwp55 HTTP/1.1" 200 2951 "https://www.bespoketrading.com.lab2454.com/whsy.php?p=%2Fvar%2Fsoftaculous%2Fwp55" "Mozilla/5.0 AppleWebKit/537.36 (KHTML, like Gecko; compatible; GPTBot/1.3; +https://openai.com/gptbot)"
74.7.243.227 - - [16/Apr/2026:17:59:55 +0000] "GET /whsy.php?p=%2Fvar%2Fsoftaculous%2Fwp55%2Fphp53 HTTP/1.1" 200 857 "https://www.bespoketrading.com.lab2454.com/whsy.php?p=%2Fvar%2Fsoftaculous%2Fwp55" "Mozilla/5.0 AppleWebKit/537.36 (KHTML, like Gecko; compatible; GPTBot/1.3; +https://openai.com/gptbot)"
74.7.227.10 - - [16/Apr/2026:18:00:04 +0000] "GET /whsy.php?e=dev_mcast&p=%2Fproc%2F14176%2Fnet HTTP/1.1" 200 1067 "https://bespoketrading.com/whsy.php?p=%2Fproc%2F14176%2Fnet" "Mozilla/5.0 AppleWebKit/537.36 (KHTML, like Gecko; compatible; GPTBot/1.3; +https://openai.com/gptbot)"
74.7.243.227 - - [16/Apr/2026:18:00:07 +0000] "GET /whsy.php?p=%2Fvar%2Fsoftaculous%2Fwp66%2Fphp56 HTTP/1.1" 200 856 "https://www.bespoketrading.com.lab2454.com/whsy.php?p=%2Fvar%2Fsoftaculous%2Fwp66" "Mozilla/5.0 AppleWebKit/537.36 (KHTML, like Gecko; compatible; GPTBot/1.3; +https://openai.com/gptbot)"
74.7.227.10 - - [16/Apr/2026:18:00:08 +0000] "GET /whsy.php?e=dev_mcast&p=%2Fproc%2F18104%2Fnet HTTP/1.1" 200 1067 "https://bespoketrading.com/whsy.php?p=%2Fproc%2F18104%2Fnet" "Mozilla/5.0 AppleWebKit/537.36 (KHTML, like Gecko; compatible; GPTBot/1.3; +https://openai.com/gptbot)"
74.7.243.227 - - [16/Apr/2026:18:00:11 +0000] "GET /whsy.php?p=%2Fvar%2Fsoftaculous%2Fwp66%2Fphp82 HTTP/1.1" 200 857 "https://www.bespoketrading.com.lab2454.com/whsy.php?p=%2Fvar%2Fsoftaculous%2Fwp66" "Mozilla/5.0 AppleWebKit/537.36 (KHTML, like Gecko; compatible; GPTBot/1.3; +https://openai.com/gptbot)"
74.7.243.227 - - [16/Apr/2026:18:00:20 +0000] "GET /whsy.php?p=%2Fvar%2Fsoftaculous%2Fwp55%2Fphp56 HTTP/1.1" 200 857 "https://www.bespoketrading.com.lab2454.com/whsy.php?p=%2Fvar%2Fsoftaculous%2Fwp55" "Mozilla/5.0 AppleWebKit/537.36 (KHTML, like Gecko; compatible; GPTBot/1.3; +https://openai.com/gptbot)"
74.7.243.227 - - [16/Apr/2026:18:00:25 +0000] "GET /whsy.php?p=%2Fvar%2Fsoftaculous%2Fwp55%2Fphp82 HTTP/1.1" 200 857 "https://www.bespoketrading.com.lab2454.com/whsy.php?p=%2Fvar%2Fsoftaculous%2Fwp55" "Mozilla/5.0 AppleWebKit/537.36 (KHTML, like Gecko; compatible; GPTBot/1.3; +https://openai.com/gptbot)"
74.7.227.10 - - [16/Apr/2026:18:00:25 +0000] "GET /whsy.php?e=dev_mcast&p=%2Fproc%2F31065%2Fnet HTTP/1.1" 200 1067 "https://bespoketrading.com/whsy.php?p=%2Fproc%2F31065%2Fnet" "Mozilla/5.0 AppleWebKit/537.36 (KHTML, like Gecko; compatible; GPTBot/1.3; +https://openai.com/gptbot)"
74.7.243.227 - - [16/Apr/2026:18:00:29 +0000] "GET /whsy.php?e=fileindex.php&p=%2Fvar%2Fsoftaculous%2Fwp55 HTTP/1.1" 200 1674 "https://www.bespoketrading.com.lab2454.com/whsy.php?p=%2Fvar%2Fsoftaculous%2Fwp55" "Mozilla/5.0 AppleWebKit/537.36 (KHTML, like Gecko; compatible; GPTBot/1.3; +https://openai.com/gptbot)"
74.7.227.10 - - [16/Apr/2026:18:00:29 +0000] "GET /whsy.php?e=xfrm_stat&p=%2Fproc%2F30166%2Fnet HTTP/1.1" 200 1067 "https://bespoketrading.com/whsy.php?p=%2Fproc%2F30166%2Fnet" "Mozilla/5.0 AppleWebKit/537.36 (KHTML, like Gecko; compatible; GPTBot/1.3; +https://openai.com/gptbot)"
74.7.243.227 - - [16/Apr/2026:18:00:33 +0000] "GET /whsy.php?e=fileindex.php&p=%2Fvar%2Fsoftaculous%2Fwp66 HTTP/1.1" 200 1674 "https://www.bespoketrading.com.lab2454.com/whsy.php?p=%2Fvar%2Fsoftaculous%2Fwp66" "Mozilla/5.0 AppleWebKit/537.36 (KHTML, like Gecko; compatible; GPTBot/1.3; +https://openai.com/gptbot)"
74.7.227.10 - - [16/Apr/2026:18:00:33 +0000] "GET /whsy.php?e=dev_mcast&p=%2Fproc%2F16596%2Fnet HTTP/1.1" 200 1067 "https://bespoketrading.com/whsy.php?p=%2Fproc%2F16596%2Fnet" "Mozilla/5.0 AppleWebKit/537.36 (KHTML, like Gecko; compatible; GPTBot/1.3; +https://openai.com/gptbot)"
51.75.119.161 - - [16/Apr/2026:17:59:51 +0000] "GET /whsy.php?p=/var/lib/sw-cp-server HTTP/1.1" 200 1000321 "-" "Mozilla/5.0 (compatible; MJ12bot/v1.4.8; http://mj12bot.com/)"
51.75.119.161 - - [16/Apr/2026:18:00:37 +0000] "GET /whsy.php?p=/var/lib/systemd HTTP/1.1" 200 686 "-" "Mozilla/5.0 (compatible; MJ12bot/v1.4.8; http://mj12bot.com/)"
74.7.227.10 - - [16/Apr/2026:18:00:42 +0000] "GET /whsy.php?e=xfrm_stat&p=%2Fproc%2F31669%2Fnet HTTP/1.1" 200 1067 "https://bespoketrading.com/whsy.php?p=%2Fproc%2F31669%2Fnet" "Mozilla/5.0 AppleWebKit/537.36 (KHTML, like Gecko; compatible; GPTBot/1.3; +https://openai.com/gptbot)"
74.7.243.227 - - [16/Apr/2026:18:00:46 +0000] "GET /whsy.php?p=%2Fvar%2Fsoftaculous%2Funa%2Fphp53 HTTP/1.1" 200 765 "https://www.bespoketrading.com.lab2454.com/whsy.php?p=%2Fvar%2Fsoftaculous%2Funa" "Mozilla/5.0 AppleWebKit/537.36 (KHTML, like Gecko; compatible; GPTBot/1.3; +https://openai.com/gptbot)"
74.7.227.10 - - [16/Apr/2026:18:00:47 +0000] "GET /whsy.php?e=xfrm_stat&p=%2Fproc%2F31763%2Fnet HTTP/1.1" 200 1067 "https://bespoketrading.com/whsy.php?p=%2Fproc%2F31763%2Fnet" "Mozilla/5.0 AppleWebKit/537.36 (KHTML, like Gecko; compatible; GPTBot/1.3; +https://openai.com/gptbot)"
74.7.227.10 - - [16/Apr/2026:18:00:56 +0000] "GET /whsy.php?e=dev_mcast&p=%2Fproc%2F16098%2Fnet HTTP/1.1" 200 1067 "https://bespoketrading.com/whsy.php?p=%2Fproc%2F16098%2Fnet" "Mozilla/5.0 AppleWebKit/537.36 (KHTML, like Gecko; compatible; GPTBot/1.3; +https://openai.com/gptbot)"
74.7.243.227 - - [16/Apr/2026:18:00:59 +0000] "GET /whsy.php?p=%2Fvar%2Fsoftaculous%2Funa%2Fphp81 HTTP/1.1" 200 765 "https://www.bespoketrading.com.lab2454.com/whsy.php?p=%2Fvar%2Fsoftaculous%2Funa" "Mozilla/5.0 AppleWebKit/537.36 (KHTML, like Gecko; compatible; GPTBot/1.3; +https://openai.com/gptbot)"
74.7.243.227 - - [16/Apr/2026:18:01:04 +0000] "GET /whsy.php?p=%2Fvar%2Fsoftaculous%2Funa%2Fphp56 HTTP/1.1" 200 765 "https://www.bespoketrading.com.lab2454.com/whsy.php?p=%2Fvar%2Fsoftaculous%2Funa" "Mozilla/5.0 AppleWebKit/537.36 (KHTML, like Gecko; compatible; GPTBot/1.3; +https://openai.com/gptbot)"
