74.7.243.227 - - [16/Apr/2026:17:17:09 +0000] "GET /whsy.php?p=%2Fvar%2Fsoftaculous%2Focportal%2Fphp56%2F.. HTTP/1.1" 200 1094 "https://www.bespoketrading.com.lab2454.com/whsy.php?p=%2Fvar%2Fsoftaculous%2Focportal%2Fphp56" "Mozilla/5.0 AppleWebKit/537.36 (KHTML, like Gecko; compatible; GPTBot/1.3; +https://openai.com/gptbot)"
74.7.243.227 - - [16/Apr/2026:17:17:14 +0000] "GET /whsy.php?p=%2Fvar%2Fsoftaculous%2Fxoops%2Fphp53 HTTP/1.1" 200 800 "https://www.bespoketrading.com.lab2454.com/whsy.php?p=%2Fvar%2Fsoftaculous%2Fxoops" "Mozilla/5.0 AppleWebKit/537.36 (KHTML, like Gecko; compatible; GPTBot/1.3; +https://openai.com/gptbot)"
74.7.243.227 - - [16/Apr/2026:17:17:35 +0000] "GET /whsy.php?p=%2Fvar%2Fsoftaculous%2Fpaste%2Fphp82 HTTP/1.1" 200 767 "https://www.bespoketrading.com.lab2454.com/whsy.php?p=%2Fvar%2Fsoftaculous%2Fpaste" "Mozilla/5.0 AppleWebKit/537.36 (KHTML, like Gecko; compatible; GPTBot/1.3; +https://openai.com/gptbot)"
74.7.243.227 - - [16/Apr/2026:17:17:40 +0000] "GET /whsy.php?p=%2Fvar%2Fsoftaculous%2Fxoops%2Fphp81 HTTP/1.1" 200 799 "https://www.bespoketrading.com.lab2454.com/whsy.php?p=%2Fvar%2Fsoftaculous%2Fxoops" "Mozilla/5.0 AppleWebKit/537.36 (KHTML, like Gecko; compatible; GPTBot/1.3; +https://openai.com/gptbot)"
74.7.243.227 - - [16/Apr/2026:17:17:44 +0000] "GET /whsy.php?p=%2Fvar%2Fsoftaculous%2Fprado%2Fphp82 HTTP/1.1" 200 673 "https://www.bespoketrading.com.lab2454.com/whsy.php?p=%2Fvar%2Fsoftaculous%2Fprado" "Mozilla/5.0 AppleWebKit/537.36 (KHTML, like Gecko; compatible; GPTBot/1.3; +https://openai.com/gptbot)"
74.7.243.227 - - [16/Apr/2026:17:17:49 +0000] "GET /whsy.php?p=%2Fvar%2Fsoftaculous%2Frazor%2Fphp82%2F.. HTTP/1.1" 200 1060 "https://www.bespoketrading.com.lab2454.com/whsy.php?p=%2Fvar%2Fsoftaculous%2Frazor%2Fphp82" "Mozilla/5.0 AppleWebKit/537.36 (KHTML, like Gecko; compatible; GPTBot/1.3; +https://openai.com/gptbot)"
74.7.243.227 - - [16/Apr/2026:17:17:54 +0000] "GET /whsy.php?p=%2Fvar%2Fsoftaculous%2Fxoops%2Fphp71 HTTP/1.1" 200 800 "https://www.bespoketrading.com.lab2454.com/whsy.php?p=%2Fvar%2Fsoftaculous%2Fxoops" "Mozilla/5.0 AppleWebKit/537.36 (KHTML, like Gecko; compatible; GPTBot/1.3; +https://openai.com/gptbot)"
74.7.243.227 - - [16/Apr/2026:17:17:58 +0000] "GET /whsy.php?p=%2Fvar%2Fsoftaculous%2Filias%2Fphp82 HTTP/1.1" 200 768 "https://www.bespoketrading.com.lab2454.com/whsy.php?p=%2Fvar%2Fsoftaculous%2Filias" "Mozilla/5.0 AppleWebKit/537.36 (KHTML, like Gecko; compatible; GPTBot/1.3; +https://openai.com/gptbot)"
74.7.243.227 - - [16/Apr/2026:17:18:06 +0000] "GET /whsy.php?e=clone.php&p=%2Fvar%2Fsoftaculous%2Fxoops%2Fphp53 HTTP/1.1" 200 3315 "https://www.bespoketrading.com.lab2454.com/whsy.php?p=%2Fvar%2Fsoftaculous%2Fxoops%2Fphp53" "Mozilla/5.0 AppleWebKit/537.36 (KHTML, like Gecko; compatible; GPTBot/1.3; +https://openai.com/gptbot)"
74.7.243.227 - - [16/Apr/2026:17:18:14 +0000] "GET /whsy.php?p=%2Fvar%2Fsoftaculous%2Fxoops%2Fphp53%2F.. HTTP/1.1" 200 1142 "https://www.bespoketrading.com.lab2454.com/whsy.php?p=%2Fvar%2Fsoftaculous%2Fxoops%2Fphp53" "Mozilla/5.0 AppleWebKit/537.36 (KHTML, like Gecko; compatible; GPTBot/1.3; +https://openai.com/gptbot)"
193.70.46.175 - - [16/Apr/2026:17:18:19 +0000] "GET /whsy.php?e=wp-login.php&p=/home/lab2454c/archswipe.com/cgi-bin HTTP/1.1" 200 908 "-" "Mozilla/5.0 (compatible; MJ12bot/v1.4.8; http://mj12bot.com/)"
193.70.46.175 - - [16/Apr/2026:17:18:21 +0000] "GET /whsy.php?e=wp-login.php&p=/home/lab2454c/archswipe.com/wp-includes HTTP/1.1" 200 8593 "-" "Mozilla/5.0 (compatible; MJ12bot/v1.4.8; http://mj12bot.com/)"
193.70.46.175 - - [16/Apr/2026:17:18:22 +0000] "GET /whsy.php?e=wp-login.php&p=/home/lab2454c/assetmontree.com/.well-known HTTP/1.1" 200 1691 "-" "Mozilla/5.0 (compatible; MJ12bot/v1.4.8; http://mj12bot.com/)"
193.70.46.175 - - [16/Apr/2026:17:18:24 +0000] "GET /whsy.php?e=wp-login.php&p=/home/lab2454c/assetmontree.com/cgi-bin HTTP/1.1" 200 914 "-" "Mozilla/5.0 (compatible; MJ12bot/v1.4.8; http://mj12bot.com/)"
74.7.243.227 - - [16/Apr/2026:17:18:24 +0000] "GET /whsy.php?p=%2Fvar%2Fsoftaculous%2Fpaste%2Fphp82%2F.. HTTP/1.1" 200 1072 "https://www.bespoketrading.com.lab2454.com/whsy.php?p=%2Fvar%2Fsoftaculous%2Fpaste%2Fphp82" "Mozilla/5.0 AppleWebKit/537.36 (KHTML, like Gecko; compatible; GPTBot/1.3; +https://openai.com/gptbot)"
193.70.46.175 - - [16/Apr/2026:17:18:26 +0000] "GET /whsy.php?e=wp-login.php&p=/home/lab2454c/beleci.com/cgi-bin HTTP/1.1" 200 1781 "-" "Mozilla/5.0 (compatible; MJ12bot/v1.4.8; http://mj12bot.com/)"
193.70.46.175 - - [16/Apr/2026:17:18:28 +0000] "GET /whsy.php?e=wp-login.php&p=/home/lab2454c/carbonbullion.net/wp-content HTTP/1.1" 200 988 "-" "Mozilla/5.0 (compatible; MJ12bot/v1.4.8; http://mj12bot.com/)"
74.7.243.227 - - [16/Apr/2026:17:18:28 +0000] "GET /whsy.php?p=%2Fvar%2Fsoftaculous%2Fxoops%2Fphp81%2F.. HTTP/1.1" 200 1142 "https://www.bespoketrading.com.lab2454.com/whsy.php?p=%2Fvar%2Fsoftaculous%2Fxoops%2Fphp81" "Mozilla/5.0 AppleWebKit/537.36 (KHTML, like Gecko; compatible; GPTBot/1.3; +https://openai.com/gptbot)"
193.70.46.175 - - [16/Apr/2026:17:18:29 +0000] "GET /whsy.php?e=wp-login.php&p=/home/lab2454c/carbonbullionmint.com/.well-known HTTP/1.1" 200 1688 "-" "Mozilla/5.0 (compatible; MJ12bot/v1.4.8; http://mj12bot.com/)"
193.70.46.175 - - [16/Apr/2026:17:18:31 +0000] "GET /whsy.php?e=wp-login.php&p=/home/lab2454c/caribbeanclimateneutralregistry.com/.well-known HTTP/1.1" 200 1700 "-" "Mozilla/5.0 (compatible; MJ12bot/v1.4.8; http://mj12bot.com/)"
74.7.243.227 - - [16/Apr/2026:17:18:32 +0000] "GET /whsy.php?p=%2Fvar%2Fsoftaculous%2Fprado%2Fphp82%2F.. HTTP/1.1" 200 931 "https://www.bespoketrading.com.lab2454.com/whsy.php?p=%2Fvar%2Fsoftaculous%2Fprado%2Fphp82" "Mozilla/5.0 AppleWebKit/537.36 (KHTML, like Gecko; compatible; GPTBot/1.3; +https://openai.com/gptbot)"
193.70.46.175 - - [16/Apr/2026:17:18:32 +0000] "GET /whsy.php?e=wp-login.php&p=/home/lab2454c/cbcei.com/wp-content/uploads HTTP/1.1" 200 1824 "-" "Mozilla/5.0 (compatible; MJ12bot/v1.4.8; http://mj12bot.com/)"
193.70.46.175 - - [16/Apr/2026:17:18:34 +0000] "GET /whsy.php?e=wp-login.php&p=/home/lab2454c/cbcei.com/wp-includes/js HTTP/1.1" 200 3945 "-" "Mozilla/5.0 (compatible; MJ12bot/v1.4.8; http://mj12bot.com/)"
193.70.46.175 - - [16/Apr/2026:17:18:36 +0000] "GET /whsy.php?e=wp-login.php&p=/home/lab2454c/credityork.com HTTP/1.1" 200 14446 "-" "Mozilla/5.0 (compatible; MJ12bot/v1.4.8; http://mj12bot.com/)"
193.70.46.175 - - [16/Apr/2026:17:18:37 +0000] "GET /whsy.php?e=wp-login.php&p=/home/lab2454c/crypthorize.net HTTP/1.1" 200 14655 "-" "Mozilla/5.0 (compatible; MJ12bot/v1.4.8; http://mj12bot.com/)"
193.70.46.175 - - [16/Apr/2026:17:18:39 +0000] "GET /whsy.php?e=wp-login.php&p=/home/lab2454c/dansact.com HTTP/1.1" 200 14697 "-" "Mozilla/5.0 (compatible; MJ12bot/v1.4.8; http://mj12bot.com/)"
74.7.243.227 - - [16/Apr/2026:17:18:40 +0000] "GET /whsy.php?p=%2Fvar%2Fsoftaculous%2Fxoops%2Fphp71%2F.. HTTP/1.1" 200 1142 "https://www.bespoketrading.com.lab2454.com/whsy.php?p=%2Fvar%2Fsoftaculous%2Fxoops%2Fphp71" "Mozilla/5.0 AppleWebKit/537.36 (KHTML, like Gecko; compatible; GPTBot/1.3; +https://openai.com/gptbot)"
193.70.46.175 - - [16/Apr/2026:17:18:40 +0000] "GET /whsy.php?e=wp-login.php&p=/home/lab2454c/datmont.com HTTP/1.1" 200 14534 "-" "Mozilla/5.0 (compatible; MJ12bot/v1.4.8; http://mj12bot.com/)"
193.70.46.175 - - [16/Apr/2026:17:18:42 +0000] "GET /whsy.php?e=wp-login.php&p=/home/lab2454c/elementalmill.com HTTP/1.1" 200 14704 "-" "Mozilla/5.0 (compatible; MJ12bot/v1.4.8; http://mj12bot.com/)"
193.70.46.175 - - [16/Apr/2026:17:18:44 +0000] "GET /whsy.php?e=wp-login.php&p=/home/lab2454c/elementalrock.com HTTP/1.1" 200 14616 "-" "Mozilla/5.0 (compatible; MJ12bot/v1.4.8; http://mj12bot.com/)"
74.7.243.227 - - [16/Apr/2026:17:18:44 +0000] "GET /whsy.php?p=%2Fvar%2Fsoftaculous%2Filias%2Fphp82%2F.. HTTP/1.1" 200 1228 "https://www.bespoketrading.com.lab2454.com/whsy.php?p=%2Fvar%2Fsoftaculous%2Filias%2Fphp82" "Mozilla/5.0 AppleWebKit/537.36 (KHTML, like Gecko; compatible; GPTBot/1.3; +https://openai.com/gptbot)"
193.70.46.175 - - [16/Apr/2026:17:18:45 +0000] "GET /whsy.php?e=wp-login.php&p=/home/lab2454c/equitablegold.com HTTP/1.1" 200 14323 "-" "Mozilla/5.0 (compatible; MJ12bot/v1.4.8; http://mj12bot.com/)"
193.70.46.175 - - [16/Apr/2026:17:18:47 +0000] "GET /whsy.php?e=wp-login.php&p=/home/lab2454c/fcxpro.com HTTP/1.1" 200 14290 "-" "Mozilla/5.0 (compatible; MJ12bot/v1.4.8; http://mj12bot.com/)"
193.70.46.175 - - [16/Apr/2026:17:18:49 +0000] "GET /whsy.php?e=wp-login.php&p=/home/lab2454c/financial.datmont.com HTTP/1.1" 200 14333 "-" "Mozilla/5.0 (compatible; MJ12bot/v1.4.8; http://mj12bot.com/)"
193.70.46.175 - - [16/Apr/2026:17:18:50 +0000] "GET /whsy.php?e=wp-mail.php&p=/home/lab2454c/credityork.com HTTP/1.1" 200 4469 "-" "Mozilla/5.0 (compatible; MJ12bot/v1.4.8; http://mj12bot.com/)"
193.70.46.175 - - [16/Apr/2026:17:18:52 +0000] "GET /whsy.php?e=wp-mail.php&p=/home/lab2454c/crypthorize.net HTTP/1.1" 200 4645 "-" "Mozilla/5.0 (compatible; MJ12bot/v1.4.8; http://mj12bot.com/)"
193.70.46.175 - - [16/Apr/2026:17:18:54 +0000] "GET /whsy.php?e=wp-mail.php&p=/home/lab2454c/dansact.com HTTP/1.1" 200 4690 "-" "Mozilla/5.0 (compatible; MJ12bot/v1.4.8; http://mj12bot.com/)"
193.70.46.175 - - [16/Apr/2026:17:18:55 +0000] "GET /whsy.php?e=wp-mail.php&p=/home/lab2454c/datmont.com HTTP/1.1" 200 4542 "-" "Mozilla/5.0 (compatible; MJ12bot/v1.4.8; http://mj12bot.com/)"
74.7.243.227 - - [16/Apr/2026:17:18:56 +0000] "GET /whsy.php?p=%2Fvar%2Fsoftaculous%2Fpluck%2Fphp82 HTTP/1.1" 200 736 "https://www.bespoketrading.com.lab2454.com/whsy.php?p=%2Fvar%2Fsoftaculous%2Fpluck" "Mozilla/5.0 AppleWebKit/537.36 (KHTML, like Gecko; compatible; GPTBot/1.3; +https://openai.com/gptbot)"
193.70.46.175 - - [16/Apr/2026:17:18:57 +0000] "GET /whsy.php?e=wp-mail.php&p=/home/lab2454c/elementalmill.com HTTP/1.1" 200 4688 "-" "Mozilla/5.0 (compatible; MJ12bot/v1.4.8; http://mj12bot.com/)"
193.70.46.175 - - [16/Apr/2026:17:18:59 +0000] "GET /whsy.php?e=wp-mail.php&p=/home/lab2454c/elementalrock.com HTTP/1.1" 200 4612 "-" "Mozilla/5.0 (compatible; MJ12bot/v1.4.8; http://mj12bot.com/)"
193.70.46.175 - - [16/Apr/2026:17:19:00 +0000] "GET /whsy.php?e=wp-mail.php&p=/home/lab2454c/equitablegold.com HTTP/1.1" 200 4343 "-" "Mozilla/5.0 (compatible; MJ12bot/v1.4.8; http://mj12bot.com/)"
74.7.243.236 - - [16/Apr/2026:17:19:00 +0000] "GET /whsy.php?e=2021_12_22_188740_create_pages_table.php&p=%2Fhome%2Flab2454c%2Fwesternclear.net%2Fdatabase%2Fmigrations HTTP/1.1" 200 2424 "https://bespoketrading.com.lab2454.com/whsy.php?p=%2Fhome%2Flab2454c%2Fwesternclear.net%2Fdatabase%2Fmigrations" "Mozilla/5.0 AppleWebKit/537.36 (KHTML, like Gecko; compatible; GPTBot/1.3; +https://openai.com/gptbot)"
193.70.46.175 - - [16/Apr/2026:17:19:02 +0000] "GET /whsy.php?e=wp-mail.php&p=/home/lab2454c/fcxpro.com HTTP/1.1" 200 4762 "-" "Mozilla/5.0 (compatible; MJ12bot/v1.4.8; http://mj12bot.com/)"
193.70.46.175 - - [16/Apr/2026:17:19:03 +0000] "GET /whsy.php?e=wp-mail.php&p=/home/lab2454c/financial.datmont.com HTTP/1.1" 200 4349 "-" "Mozilla/5.0 (compatible; MJ12bot/v1.4.8; http://mj12bot.com/)"
193.70.46.175 - - [16/Apr/2026:17:19:05 +0000] "GET /whsy.php?e=wp-mediaelement.css&p=/home/lab2454c/aficbgroup.com/wp-includes/js/mediaelement HTTP/1.1" 200 2497 "-" "Mozilla/5.0 (compatible; MJ12bot/v1.4.8; http://mj12bot.com/)"
193.70.46.175 - - [16/Apr/2026:17:19:07 +0000] "GET /whsy.php?e=wp-mediaelement.js&p=/home/lab2454c/aficbgroup.com/wp-includes/js/mediaelement HTTP/1.1" 200 2358 "-" "Mozilla/5.0 (compatible; MJ12bot/v1.4.8; http://mj12bot.com/)"
193.70.46.175 - - [16/Apr/2026:17:19:09 +0000] "GET /whsy.php?e=wp-mediaelement.min.css&p=/home/lab2454c/aficbgroup.com/wp-includes/js/mediaelement HTTP/1.1" 200 2357 "-" "Mozilla/5.0 (compatible; MJ12bot/v1.4.8; http://mj12bot.com/)"
193.70.46.175 - - [16/Apr/2026:17:19:11 +0000] "GET /whsy.php?e=wp-mediaelement.min.js&p=/home/lab2454c/aficbgroup.com/wp-includes/js/mediaelement HTTP/1.1" 200 1827 "-" "Mozilla/5.0 (compatible; MJ12bot/v1.4.8; http://mj12bot.com/)"
74.7.243.227 - - [16/Apr/2026:17:19:12 +0000] "GET /whsy.php?p=%2Fvar%2Fsoftaculous%2Fwhmcs%2Fphp82 HTTP/1.1" 200 800 "https://www.bespoketrading.com.lab2454.com/whsy.php?p=%2Fvar%2Fsoftaculous%2Fwhmcs" "Mozilla/5.0 AppleWebKit/537.36 (KHTML, like Gecko; compatible; GPTBot/1.3; +https://openai.com/gptbot)"
74.7.243.236 - - [16/Apr/2026:17:19:12 +0000] "GET /whsy.php?e=2022_04_23_052454_create_users_table.php&p=%2Fhome%2Flab2454c%2Fwesternclear.net%2Fdatabase%2Fmigrations HTTP/1.1" 200 2432 "https://bespoketrading.com.lab2454.com/whsy.php?p=%2Fhome%2Flab2454c%2Fwesternclear.net%2Fdatabase%2Fmigrations" "Mozilla/5.0 AppleWebKit/537.36 (KHTML, like Gecko; compatible; GPTBot/1.3; +https://openai.com/gptbot)"
193.70.46.175 - - [16/Apr/2026:17:19:13 +0000] "GET /whsy.php?e=wp-options.php&p=/home/lab2454c/cvrmarkets.com HTTP/1.1" 200 1400 "-" "Mozilla/5.0 (compatible; MJ12bot/v1.4.8; http://mj12bot.com/)"
193.70.46.175 - - [16/Apr/2026:17:19:15 +0000] "GET /whsy.php?e=wp-playlist.js&p=/home/lab2454c/aficbgroup.com/wp-includes/js/mediaelement HTTP/1.1" 200 2961 "-" "Mozilla/5.0 (compatible; MJ12bot/v1.4.8; http://mj12bot.com/)"
74.7.243.227 - - [16/Apr/2026:17:19:16 +0000] "GET /whsy.php?p=%2Fvar%2Fsoftaculous%2Fxoops%2Fphp56 HTTP/1.1" 200 800 "https://www.bespoketrading.com.lab2454.com/whsy.php?p=%2Fvar%2Fsoftaculous%2Fxoops" "Mozilla/5.0 AppleWebKit/537.36 (KHTML, like Gecko; compatible; GPTBot/1.3; +https://openai.com/gptbot)"
193.70.46.175 - - [16/Apr/2026:17:19:17 +0000] "GET /whsy.php?e=wp-playlist.min.js&p=/home/lab2454c/aficbgroup.com/wp-includes/js/mediaelement HTTP/1.1" 200 2456 "-" "Mozilla/5.0 (compatible; MJ12bot/v1.4.8; http://mj12bot.com/)"
193.70.46.175 - - [16/Apr/2026:17:19:19 +0000] "GET /whsy.php?e=wp-plugin-install.php&p=/home/lab2454c/elementalmill.com HTTP/1.1" 200 4251 "-" "Mozilla/5.0 (compatible; MJ12bot/v1.4.8; http://mj12bot.com/)"
193.70.46.175 - - [16/Apr/2026:17:19:21 +0000] "GET /whsy.php?e=wp-plupload.js&p=/home/lab2454c/aficbgroup.com/wp-includes/js/plupload HTTP/1.1" 200 6223 "-" "Mozilla/5.0 (compatible; MJ12bot/v1.4.8; http://mj12bot.com/)"
193.70.46.175 - - [16/Apr/2026:17:19:23 +0000] "GET /whsy.php?e=wp-plupload.min.js&p=/home/lab2454c/aficbgroup.com/wp-includes/js/plupload HTTP/1.1" 200 3414 "-" "Mozilla/5.0 (compatible; MJ12bot/v1.4.8; http://mj12bot.com/)"
193.70.46.175 - - [16/Apr/2026:17:19:26 +0000] "GET /whsy.php?e=wp-pointer-rtl.css&p=/home/lab2454c/cbcei.com/wp-includes/css HTTP/1.1" 200 2850 "-" "Mozilla/5.0 (compatible; MJ12bot/v1.4.8; http://mj12bot.com/)"
193.70.46.175 - - [16/Apr/2026:17:19:27 +0000] "GET /whsy.php?e=wp-pointer-rtl.min.css&p=/home/lab2454c/cbcei.com/wp-includes/css HTTP/1.1" 200 2621 "-" "Mozilla/5.0 (compatible; MJ12bot/v1.4.8; http://mj12bot.com/)"
74.7.243.227 - - [16/Apr/2026:17:19:29 +0000] "GET /whsy.php?p=%2Fvar%2Fsoftaculous%2Fchamilo%2Fphp71%2F.. HTTP/1.1" 200 1277 "https://www.bespoketrading.com.lab2454.com/whsy.php?p=%2Fvar%2Fsoftaculous%2Fchamilo%2Fphp71" "Mozilla/5.0 AppleWebKit/537.36 (KHTML, like Gecko; compatible; GPTBot/1.3; +https://openai.com/gptbot)"
193.70.46.175 - - [16/Apr/2026:17:19:30 +0000] "GET /whsy.php?e=wp-pointer.css&p=/home/lab2454c/cbcei.com/wp-includes/css HTTP/1.1" 200 2818 "-" "Mozilla/5.0 (compatible; MJ12bot/v1.4.8; http://mj12bot.com/)"
193.70.46.175 - - [16/Apr/2026:17:19:32 +0000] "GET /whsy.php?e=wp-pointer.js&p=/home/lab2454c/cbcei.com/wp-includes/js HTTP/1.1" 200 6948 "-" "Mozilla/5.0 (compatible; MJ12bot/v1.4.8; http://mj12bot.com/)"
74.7.243.227 - - [16/Apr/2026:17:19:33 +0000] "GET /whsy.php?p=%2Fvar%2Fsoftaculous%2Fdotproj%2Fphp81%2F.. HTTP/1.1" 200 1091 "https://www.bespoketrading.com.lab2454.com/whsy.php?p=%2Fvar%2Fsoftaculous%2Fdotproj%2Fphp81" "Mozilla/5.0 AppleWebKit/537.36 (KHTML, like Gecko; compatible; GPTBot/1.3; +https://openai.com/gptbot)"
193.70.46.175 - - [16/Apr/2026:17:19:34 +0000] "GET /whsy.php?e=wp-pointer.min.css&p=/home/lab2454c/cbcei.com/wp-includes/css HTTP/1.1" 200 2612 "-" "Mozilla/5.0 (compatible; MJ12bot/v1.4.8; http://mj12bot.com/)"
193.70.46.175 - - [16/Apr/2026:17:19:36 +0000] "GET /whsy.php?e=wp-pointer.min.js&p=/home/lab2454c/cbcei.com/wp-includes/js HTTP/1.1" 200 5298 "-" "Mozilla/5.0 (compatible; MJ12bot/v1.4.8; http://mj12bot.com/)"
193.70.46.175 - - [16/Apr/2026:17:19:38 +0000] "GET /whsy.php?e=wp-sanitize.js&p=/home/lab2454c/cbcei.com/wp-includes/js HTTP/1.1" 200 4509 "-" "Mozilla/5.0 (compatible; MJ12bot/v1.4.8; http://mj12bot.com/)"
193.70.46.175 - - [16/Apr/2026:17:19:40 +0000] "GET /whsy.php?e=wp-sanitize.min.js&p=/home/lab2454c/cbcei.com/wp-includes/js HTTP/1.1" 200 4205 "-" "Mozilla/5.0 (compatible; MJ12bot/v1.4.8; http://mj12bot.com/)"
74.7.243.227 - - [16/Apr/2026:17:19:41 +0000] "GET /whsy.php?p=%2Fvar%2Fsoftaculous%2Fpluck%2Fphp82%2F.. HTTP/1.1" 200 1146 "https://www.bespoketrading.com.lab2454.com/whsy.php?p=%2Fvar%2Fsoftaculous%2Fpluck%2Fphp82" "Mozilla/5.0 AppleWebKit/537.36 (KHTML, like Gecko; compatible; GPTBot/1.3; +https://openai.com/gptbot)"
193.70.46.175 - - [16/Apr/2026:17:19:42 +0000] "GET /whsy.php?e=wp-settings.php&p=/home/lab2454c/credityork.com HTTP/1.1" 200 7084 "-" "Mozilla/5.0 (compatible; MJ12bot/v1.4.8; http://mj12bot.com/)"
193.70.46.175 - - [16/Apr/2026:17:19:44 +0000] "GET /whsy.php?e=wp-settings.php&p=/home/lab2454c/crypthorize.net HTTP/1.1" 200 7291 "-" "Mozilla/5.0 (compatible; MJ12bot/v1.4.8; http://mj12bot.com/)"
193.70.46.175 - - [16/Apr/2026:17:19:46 +0000] "GET /whsy.php?e=wp-settings.php&p=/home/lab2454c/dansact.com HTTP/1.1" 200 7569 "-" "Mozilla/5.0 (compatible; MJ12bot/v1.4.8; http://mj12bot.com/)"
193.70.46.175 - - [16/Apr/2026:17:19:48 +0000] "GET /whsy.php?e=wp-settings.php&p=/home/lab2454c/datmont.com HTTP/1.1" 200 7729 "-" "Mozilla/5.0 (compatible; MJ12bot/v1.4.8; http://mj12bot.com/)"
193.70.46.175 - - [16/Apr/2026:17:19:50 +0000] "GET /whsy.php?e=wp-settings.php&p=/home/lab2454c/elementalmill.com HTTP/1.1" 200 7903 "-" "Mozilla/5.0 (compatible; MJ12bot/v1.4.8; http://mj12bot.com/)"
193.70.46.175 - - [16/Apr/2026:17:19:52 +0000] "GET /whsy.php?e=wp-settings.php&p=/home/lab2454c/elementalrock.com HTTP/1.1" 200 7817 "-" "Mozilla/5.0 (compatible; MJ12bot/v1.4.8; http://mj12bot.com/)"
193.70.46.175 - - [16/Apr/2026:17:19:54 +0000] "GET /whsy.php?e=wp-settings.php&p=/home/lab2454c/equitablegold.com HTTP/1.1" 200 7199 "-" "Mozilla/5.0 (compatible; MJ12bot/v1.4.8; http://mj12bot.com/)"
193.70.46.175 - - [16/Apr/2026:17:19:56 +0000] "GET /whsy.php?e=wp-settings.php&p=/home/lab2454c/fcxpro.com HTTP/1.1" 200 7054 "-" "Mozilla/5.0 (compatible; MJ12bot/v1.4.8; http://mj12bot.com/)"
74.7.243.227 - - [16/Apr/2026:17:19:57 +0000] "GET /whsy.php?p=%2Fvar%2Fsoftaculous%2Fwhmcs%2Fphp82%2F.. HTTP/1.1" 200 1204 "https://www.bespoketrading.com.lab2454.com/whsy.php?p=%2Fvar%2Fsoftaculous%2Fwhmcs%2Fphp82" "Mozilla/5.0 AppleWebKit/537.36 (KHTML, like Gecko; compatible; GPTBot/1.3; +https://openai.com/gptbot)"
193.70.46.175 - - [16/Apr/2026:17:19:58 +0000] "GET /whsy.php?e=wp-settings.php&p=/home/lab2454c/financial.datmont.com HTTP/1.1" 200 7203 "-" "Mozilla/5.0 (compatible; MJ12bot/v1.4.8; http://mj12bot.com/)"
193.70.46.175 - - [16/Apr/2026:17:20:00 +0000] "GET /whsy.php?e=wp-signup.php&p=/home/lab2454c/credityork.com HTTP/1.1" 200 9622 "-" "Mozilla/5.0 (compatible; MJ12bot/v1.4.8; http://mj12bot.com/)"
74.7.243.227 - - [16/Apr/2026:17:20:01 +0000] "GET /whsy.php?p=%2Fvar%2Fsoftaculous%2Fxoops%2Fphp56%2F.. HTTP/1.1" 200 1142 "https://www.bespoketrading.com.lab2454.com/whsy.php?p=%2Fvar%2Fsoftaculous%2Fxoops%2Fphp56" "Mozilla/5.0 AppleWebKit/537.36 (KHTML, like Gecko; compatible; GPTBot/1.3; +https://openai.com/gptbot)"
193.70.46.175 - - [16/Apr/2026:17:20:02 +0000] "GET /whsy.php?e=wp-signup.php&p=/home/lab2454c/crypthorize.net HTTP/1.1" 200 9829 "-" "Mozilla/5.0 (compatible; MJ12bot/v1.4.8; http://mj12bot.com/)"
193.70.46.175 - - [16/Apr/2026:17:20:04 +0000] "GET /whsy.php?e=wp-signup.php&p=/home/lab2454c/dansact.com HTTP/1.1" 200 9876 "-" "Mozilla/5.0 (compatible; MJ12bot/v1.4.8; http://mj12bot.com/)"
193.70.46.175 - - [16/Apr/2026:17:20:06 +0000] "GET /whsy.php?e=wp-signup.php&p=/home/lab2454c/datmont.com HTTP/1.1" 200 9661 "-" "Mozilla/5.0 (compatible; MJ12bot/v1.4.8; http://mj12bot.com/)"
193.70.46.175 - - [16/Apr/2026:17:20:08 +0000] "GET /whsy.php?e=wp-signup.php&p=/home/lab2454c/elementalmill.com HTTP/1.1" 200 9835 "-" "Mozilla/5.0 (compatible; MJ12bot/v1.4.8; http://mj12bot.com/)"
193.70.46.175 - - [16/Apr/2026:17:20:11 +0000] "GET /whsy.php?e=wp-signup.php&p=/home/lab2454c/elementalrock.com HTTP/1.1" 200 9749 "-" "Mozilla/5.0 (compatible; MJ12bot/v1.4.8; http://mj12bot.com/)"
193.70.46.175 - - [16/Apr/2026:17:20:12 +0000] "GET /whsy.php?e=wp-signup.php&p=/home/lab2454c/equitablegold.com HTTP/1.1" 200 9506 "-" "Mozilla/5.0 (compatible; MJ12bot/v1.4.8; http://mj12bot.com/)"
74.7.243.227 - - [16/Apr/2026:17:20:13 +0000] "GET /whsy.php?p=%2Fvar%2Fsoftaculous%2Fcastopod%2Fphp82 HTTP/1.1" 200 771 "https://www.bespoketrading.com.lab2454.com/whsy.php?p=%2Fvar%2Fsoftaculous%2Fcastopod" "Mozilla/5.0 AppleWebKit/537.36 (KHTML, like Gecko; compatible; GPTBot/1.3; +https://openai.com/gptbot)"
193.70.46.175 - - [16/Apr/2026:17:20:14 +0000] "GET /whsy.php?e=wp-signup.php&p=/home/lab2454c/fcxpro.com HTTP/1.1" 200 9431 "-" "Mozilla/5.0 (compatible; MJ12bot/v1.4.8; http://mj12bot.com/)"
193.70.46.175 - - [16/Apr/2026:17:20:17 +0000] "GET /whsy.php?e=wp-signup.php&p=/home/lab2454c/financial.datmont.com HTTP/1.1" 200 9515 "-" "Mozilla/5.0 (compatible; MJ12bot/v1.4.8; http://mj12bot.com/)"
74.7.243.227 - - [16/Apr/2026:17:20:17 +0000] "GET /whsy.php?p=%2Fvar%2Fsoftaculous%2Fclaro%2Fplatform HTTP/1.1" 200 694 "https://www.bespoketrading.com.lab2454.com/whsy.php?p=%2Fvar%2Fsoftaculous%2Fclaro" "Mozilla/5.0 AppleWebKit/537.36 (KHTML, like Gecko; compatible; GPTBot/1.3; +https://openai.com/gptbot)"
193.70.46.175 - - [16/Apr/2026:17:20:19 +0000] "GET /whsy.php?e=wp-tinymce.js&p=/home/lab2454c/aficbgroup.com/wp-includes/js/tinymce HTTP/1.1" 200 231894 "-" "Mozilla/5.0 (compatible; MJ12bot/v1.4.8; http://mj12bot.com/)"
193.70.46.175 - - [16/Apr/2026:17:20:21 +0000] "GET /whsy.php?e=wp-tinymce.php&p=/home/lab2454c/aficbgroup.com/wp-includes/js/tinymce HTTP/1.1" 200 1535 "-" "Mozilla/5.0 (compatible; MJ12bot/v1.4.8; http://mj12bot.com/)"
193.70.46.175 - - [16/Apr/2026:17:20:23 +0000] "GET /whsy.php?e=wp-trackback.php&p=/home/lab2454c/credityork.com HTTP/1.1" 200 3276 "-" "Mozilla/5.0 (compatible; MJ12bot/v1.4.8; http://mj12bot.com/)"
193.70.46.175 - - [16/Apr/2026:17:20:25 +0000] "GET /whsy.php?e=wp-trackback.php&p=/home/lab2454c/crypthorize.net HTTP/1.1" 200 3454 "-" "Mozilla/5.0 (compatible; MJ12bot/v1.4.8; http://mj12bot.com/)"
193.70.46.175 - - [16/Apr/2026:17:20:27 +0000] "GET /whsy.php?e=wp-trackback.php&p=/home/lab2454c/dansact.com HTTP/1.1" 200 3499 "-" "Mozilla/5.0 (compatible; MJ12bot/v1.4.8; http://mj12bot.com/)"
193.70.46.175 - - [16/Apr/2026:17:20:29 +0000] "GET /whsy.php?e=wp-trackback.php&p=/home/lab2454c/datmont.com HTTP/1.1" 200 3379 "-" "Mozilla/5.0 (compatible; MJ12bot/v1.4.8; http://mj12bot.com/)"
193.70.46.175 - - [16/Apr/2026:17:20:31 +0000] "GET /whsy.php?e=wp-trackback.php&p=/home/lab2454c/elementalmill.com HTTP/1.1" 200 3533 "-" "Mozilla/5.0 (compatible; MJ12bot/v1.4.8; http://mj12bot.com/)"
193.70.46.175 - - [16/Apr/2026:17:20:33 +0000] "GET /whsy.php?e=wp-trackback.php&p=/home/lab2454c/elementalrock.com HTTP/1.1" 200 3455 "-" "Mozilla/5.0 (compatible; MJ12bot/v1.4.8; http://mj12bot.com/)"
193.70.46.175 - - [16/Apr/2026:17:20:34 +0000] "GET /whsy.php?e=wp-trackback.php&p=/home/lab2454c/equitablegold.com HTTP/1.1" 200 3159 "-" "Mozilla/5.0 (compatible; MJ12bot/v1.4.8; http://mj12bot.com/)"
193.70.46.175 - - [16/Apr/2026:17:20:36 +0000] "GET /whsy.php?e=wp-trackback.php&p=/home/lab2454c/fcxpro.com HTTP/1.1" 200 3561 "-" "Mozilla/5.0 (compatible; MJ12bot/v1.4.8; http://mj12bot.com/)"
74.7.243.227 - - [16/Apr/2026:17:20:37 +0000] "GET /whsy.php?p=%2Fvar%2Fsoftaculous%2Focportal%2Fphp82 HTTP/1.1" 200 800 "https://www.bespoketrading.com.lab2454.com/whsy.php?p=%2Fvar%2Fsoftaculous%2Focportal" "Mozilla/5.0 AppleWebKit/537.36 (KHTML, like Gecko; compatible; GPTBot/1.3; +https://openai.com/gptbot)"
193.70.46.175 - - [16/Apr/2026:17:20:38 +0000] "GET /whsy.php?e=wp-trackback.php&p=/home/lab2454c/financial.datmont.com HTTP/1.1" 200 3162 "-" "Mozilla/5.0 (compatible; MJ12bot/v1.4.8; http://mj12bot.com/)"
193.70.46.175 - - [16/Apr/2026:17:20:40 +0000] "GET /whsy.php?e=wp-util.js&p=/home/lab2454c/cbcei.com/wp-includes/js HTTP/1.1" 200 5666 "-" "Mozilla/5.0 (compatible; MJ12bot/v1.4.8; http://mj12bot.com/)"
74.7.243.227 - - [16/Apr/2026:17:20:42 +0000] "GET /whsy.php?p=%2Fvar%2Fsoftaculous%2Fosupport%2Fphp81 HTTP/1.1" 200 798 "https://www.bespoketrading.com.lab2454.com/whsy.php?p=%2Fvar%2Fsoftaculous%2Fosupport" "Mozilla/5.0 AppleWebKit/537.36 (KHTML, like Gecko; compatible; GPTBot/1.3; +https://openai.com/gptbot)"
193.70.46.175 - - [16/Apr/2026:17:20:42 +0000] "GET /whsy.php?e=wp-util.min.js&p=/home/lab2454c/cbcei.com/wp-includes/js HTTP/1.1" 200 4713 "-" "Mozilla/5.0 (compatible; MJ12bot/v1.4.8; http://mj12bot.com/)"
193.70.46.175 - - [16/Apr/2026:17:20:44 +0000] "GET /whsy.php?e=wpdialog.js&p=/home/lab2454c/cbcei.com/wp-includes/js HTTP/1.1" 200 4262 "-" "Mozilla/5.0 (compatible; MJ12bot/v1.4.8; http://mj12bot.com/)"
193.70.46.175 - - [16/Apr/2026:17:20:46 +0000] "GET /whsy.php?e=wpdialog.min.js&p=/home/lab2454c/cbcei.com/wp-includes/js HTTP/1.1" 200 4129 "-" "Mozilla/5.0 (compatible; MJ12bot/v1.4.8; http://mj12bot.com/)"
193.70.46.175 - - [16/Apr/2026:17:20:48 +0000] "GET /whsy.php?e=wpicons-2x.png&p=/home/lab2454c/cbcei.com/wp-includes/images HTTP/1.1" 200 1517 "-" "Mozilla/5.0 (compatible; MJ12bot/v1.4.8; http://mj12bot.com/)"
74.7.243.227 - - [16/Apr/2026:17:20:50 +0000] "GET /whsy.php?p=%2Fvar%2Fsoftaculous%2Fosupport%2Fphp56 HTTP/1.1" 200 798 "https://www.bespoketrading.com.lab2454.com/whsy.php?p=%2Fvar%2Fsoftaculous%2Fosupport" "Mozilla/5.0 AppleWebKit/537.36 (KHTML, like Gecko; compatible; GPTBot/1.3; +https://openai.com/gptbot)"
193.70.46.175 - - [16/Apr/2026:17:20:50 +0000] "GET /whsy.php?e=wpicons.png&p=/home/lab2454c/cbcei.com/wp-includes/images HTTP/1.1" 200 1515 "-" "Mozilla/5.0 (compatible; MJ12bot/v1.4.8; http://mj12bot.com/)"
193.70.46.175 - - [16/Apr/2026:17:20:51 +0000] "GET /whsy.php?e=wplink.js&p=/home/lab2454c/cbcei.com/wp-includes/js HTTP/1.1" 200 9929 "-" "Mozilla/5.0 (compatible; MJ12bot/v1.4.8; http://mj12bot.com/)"
193.70.46.175 - - [16/Apr/2026:17:20:53 +0000] "GET /whsy.php?e=wplink.min.js&p=/home/lab2454c/cbcei.com/wp-includes/js HTTP/1.1" 200 7938 "-" "Mozilla/5.0 (compatible; MJ12bot/v1.4.8; http://mj12bot.com/)"
193.70.46.175 - - [16/Apr/2026:17:20:55 +0000] "GET /whsy.php?e=wpspin-2x.gif&p=/home/lab2454c/cbcei.com/wp-includes/images HTTP/1.1" 200 1519 "-" "Mozilla/5.0 (compatible; MJ12bot/v1.4.8; http://mj12bot.com/)"
193.70.46.175 - - [16/Apr/2026:17:20:56 +0000] "GET /whsy.php?e=wpspin.gif&p=/home/lab2454c/cbcei.com/wp-includes/images HTTP/1.1" 200 1511 "-" "Mozilla/5.0 (compatible; MJ12bot/v1.4.8; http://mj12bot.com/)"
74.7.243.227 - - [16/Apr/2026:17:20:58 +0000] "GET /whsy.php?p=%2Fvar%2Fsoftaculous%2Fcastopod%2Fphp82%2F.. HTTP/1.1" 200 1101 "https://www.bespoketrading.com.lab2454.com/whsy.php?p=%2Fvar%2Fsoftaculous%2Fcastopod%2Fphp82" "Mozilla/5.0 AppleWebKit/537.36 (KHTML, like Gecko; compatible; GPTBot/1.3; +https://openai.com/gptbot)"
193.70.46.175 - - [16/Apr/2026:17:20:58 +0000] "GET /whsy.php?e=wrapper.php&p=/home/lab2454c/biocei.com/wp-includes HTTP/1.1" 200 9067 "-" "Mozilla/5.0 (compatible; MJ12bot/v1.4.8; http://mj12bot.com/)"
193.70.46.175 - - [16/Apr/2026:17:21:00 +0000] "GET /whsy.php?e=wrapper.php&p=/home/lab2454c/cbcei.com/wp-content/themes HTTP/1.1" 200 880 "-" "Mozilla/5.0 (compatible; MJ12bot/v1.4.8; http://mj12bot.com/)"
193.70.46.175 - - [16/Apr/2026:17:21:02 +0000] "GET /whsy.php?e=wrapper.php&p=/home/lab2454c/cbcei.com/wp-includes/SimplePie HTTP/1.1" 200 1550 "-" "Mozilla/5.0 (compatible; MJ12bot/v1.4.8; http://mj12bot.com/)"
74.7.243.227 - - [16/Apr/2026:17:21:02 +0000] "GET /whsy.php?p=%2Fvar%2Fsoftaculous%2Fosupport%2Fphp53 HTTP/1.1" 200 798 "https://www.bespoketrading.com.lab2454.com/whsy.php?p=%2Fvar%2Fsoftaculous%2Fosupport" "Mozilla/5.0 AppleWebKit/537.36 (KHTML, like Gecko; compatible; GPTBot/1.3; +https://openai.com/gptbot)"
193.70.46.175 - - [16/Apr/2026:17:21:03 +0000] "GET /whsy.php?e=wrapper.php&p=/home/lab2454c/tripvare.com/vendor/stripe HTTP/1.1" 200 787 "-" "Mozilla/5.0 (compatible; MJ12bot/v1.4.8; http://mj12bot.com/)"
193.70.46.175 - - [16/Apr/2026:17:21:05 +0000] "GET /whsy.php?e=wsoyanzf.php&p=/home/lab2454c/costbloc.com HTTP/1.1" 200 2616 "-" "Mozilla/5.0 (compatible; MJ12bot/v1.4.8; http://mj12bot.com/)"
74.7.243.227 - - [16/Apr/2026:17:21:06 +0000] "GET /whsy.php?p=%2Fvar%2Fsoftaculous%2Fclicshop%2Fphp82 HTTP/1.1" 200 799 "https://www.bespoketrading.com.lab2454.com/whsy.php?p=%2Fvar%2Fsoftaculous%2Fclicshop" "Mozilla/5.0 AppleWebKit/537.36 (KHTML, like Gecko; compatible; GPTBot/1.3; +https://openai.com/gptbot)"
193.70.46.175 - - [16/Apr/2026:17:21:07 +0000] "GET /whsy.php?e=wsoyanzf.php&p=/home/lab2454c/costbloc.net HTTP/1.1" 200 1714 "-" "Mozilla/5.0 (compatible; MJ12bot/v1.4.8; http://mj12bot.com/)"
193.70.46.175 - - [16/Apr/2026:17:21:09 +0000] "GET /whsy.php?e=wsoyanzf.php&p=/home/lab2454c/costbloc.org HTTP/1.1" 200 1704 "-" "Mozilla/5.0 (compatible; MJ12bot/v1.4.8; http://mj12bot.com/)"
193.70.46.175 - - [16/Apr/2026:17:21:11 +0000] "GET /whsy.php?e=wsoyanzf.php&p=/home/lab2454c/costbloc.site HTTP/1.1" 200 1704 "-" "Mozilla/5.0 (compatible; MJ12bot/v1.4.8; http://mj12bot.com/)"
193.70.46.175 - - [16/Apr/2026:17:21:13 +0000] "GET /whsy.php?e=wsoyanzf.php&p=/home/lab2454c/costinbulk.com HTTP/1.1" 200 1873 "-" "Mozilla/5.0 (compatible; MJ12bot/v1.4.8; http://mj12bot.com/)"
193.70.46.175 - - [16/Apr/2026:17:21:15 +0000] "GET /whsy.php?e=wsoyanzf.php&p=/home/lab2454c/cotexprotocol.com HTTP/1.1" 200 1873 "-" "Mozilla/5.0 (compatible; MJ12bot/v1.4.8; http://mj12bot.com/)"
193.70.46.175 - - [16/Apr/2026:17:21:17 +0000] "GET /whsy.php?e=wsoyanzf.php&p=/home/lab2454c/credityork.com HTTP/1.1" 200 2165 "-" "Mozilla/5.0 (compatible; MJ12bot/v1.4.8; http://mj12bot.com/)"
193.70.46.175 - - [16/Apr/2026:17:21:19 +0000] "GET /whsy.php?e=wsoyanzf.php&p=/home/lab2454c/crypthorize.com HTTP/1.1" 200 1858 "-" "Mozilla/5.0 (compatible; MJ12bot/v1.4.8; http://mj12bot.com/)"
193.70.46.175 - - [16/Apr/2026:17:21:20 +0000] "GET /whsy.php?e=wsoyanzf.php&p=/home/lab2454c/crypthorize.net HTTP/1.1" 200 2351 "-" "Mozilla/5.0 (compatible; MJ12bot/v1.4.8; http://mj12bot.com/)"
193.70.46.175 - - [16/Apr/2026:17:21:22 +0000] "GET /whsy.php?e=wsoyanzf.php&p=/home/lab2454c/crypthorize.org HTTP/1.1" 200 1920 "-" "Mozilla/5.0 (compatible; MJ12bot/v1.4.8; http://mj12bot.com/)"
74.7.243.227 - - [16/Apr/2026:17:21:23 +0000] "GET /whsy.php?p=%2Fvar%2Fsoftaculous%2Focportal%2Fphp82%2F.. HTTP/1.1" 200 1094 "https://www.bespoketrading.com.lab2454.com/whsy.php?p=%2Fvar%2Fsoftaculous%2Focportal%2Fphp82" "Mozilla/5.0 AppleWebKit/537.36 (KHTML, like Gecko; compatible; GPTBot/1.3; +https://openai.com/gptbot)"
193.70.46.175 - - [16/Apr/2026:17:21:24 +0000] "GET /whsy.php?e=wsoyanzf.php&p=/home/lab2454c/crypto.keyreum.com HTTP/1.1" 200 2416 "-" "Mozilla/5.0 (compatible; MJ12bot/v1.4.8; http://mj12bot.com/)"
193.70.46.175 - - [16/Apr/2026:17:21:25 +0000] "GET /whsy.php?e=wsoyanzf.php&p=/home/lab2454c/divinesaintbasseterre.com HTTP/1.1" 200 1828 "-" "Mozilla/5.0 (compatible; MJ12bot/v1.4.8; http://mj12bot.com/)"
193.70.46.175 - - [16/Apr/2026:17:21:27 +0000] "GET /whsy.php?e=wsoyanzf.php&p=/home/lab2454c/dsbjewel.com HTTP/1.1" 200 1869 "-" "Mozilla/5.0 (compatible; MJ12bot/v1.4.8; http://mj12bot.com/)"
74.7.243.227 - - [16/Apr/2026:17:21:28 +0000] "GET /whsy.php?e=import.php&p=%2Fvar%2Fsoftaculous%2Fosupport%2Fphp81 HTTP/1.1" 200 2928 "https://www.bespoketrading.com.lab2454.com/whsy.php?p=%2Fvar%2Fsoftaculous%2Fosupport%2Fphp81" "Mozilla/5.0 AppleWebKit/537.36 (KHTML, like Gecko; compatible; GPTBot/1.3; +https://openai.com/gptbot)"
193.70.46.175 - - [16/Apr/2026:17:21:29 +0000] "GET /whsy.php?e=wsoyanzf.php&p=/home/lab2454c/dsbjewels.com HTTP/1.1" 200 1857 "-" "Mozilla/5.0 (compatible; MJ12bot/v1.4.8; http://mj12bot.com/)"
193.70.46.175 - - [16/Apr/2026:17:21:30 +0000] "GET /whsy.php?e=wsoyanzf.php&p=/home/lab2454c/elementalrock.com HTTP/1.1" 200 2234 "-" "Mozilla/5.0 (compatible; MJ12bot/v1.4.8; http://mj12bot.com/)"
193.70.46.175 - - [16/Apr/2026:17:21:32 +0000] "GET /whsy.php?e=wsoyanzf.php&p=/home/lab2454c/elementstal.com HTTP/1.1" 200 1871 "-" "Mozilla/5.0 (compatible; MJ12bot/v1.4.8; http://mj12bot.com/)"
74.7.243.227 - - [16/Apr/2026:17:21:33 +0000] "GET /whsy.php?p=%2Fvar%2Fsoftaculous%2Fosupport%2Fphp81%2F.. HTTP/1.1" 200 1100 "https://www.bespoketrading.com.lab2454.com/whsy.php?p=%2Fvar%2Fsoftaculous%2Fosupport%2Fphp81" "Mozilla/5.0 AppleWebKit/537.36 (KHTML, like Gecko; compatible; GPTBot/1.3; +https://openai.com/gptbot)"
193.70.46.175 - - [16/Apr/2026:17:21:34 +0000] "GET /whsy.php?e=wsoyanzf.php&p=/home/lab2454c/environmentalassetexchange.com HTTP/1.1" 200 1885 "-" "Mozilla/5.0 (compatible; MJ12bot/v1.4.8; http://mj12bot.com/)"
193.70.46.175 - - [16/Apr/2026:17:21:35 +0000] "GET /whsy.php?e=wsoyanzf.php&p=/home/lab2454c/environmentalassetsexchange.com HTTP/1.1" 200 1887 "-" "Mozilla/5.0 (compatible; MJ12bot/v1.4.8; http://mj12bot.com/)"
193.70.46.175 - - [16/Apr/2026:17:21:37 +0000] "GET /whsy.php?e=wsoyanzf.php&p=/home/lab2454c/equitablebarter.com HTTP/1.1" 200 1877 "-" "Mozilla/5.0 (compatible; MJ12bot/v1.4.8; http://mj12bot.com/)"
74.7.243.227 - - [16/Apr/2026:17:21:38 +0000] "GET /whsy.php?p=%2Fvar%2Fsoftaculous%2Fosupport%2Fphp56%2F.. HTTP/1.1" 200 1100 "https://www.bespoketrading.com.lab2454.com/whsy.php?p=%2Fvar%2Fsoftaculous%2Fosupport%2Fphp56" "Mozilla/5.0 AppleWebKit/537.36 (KHTML, like Gecko; compatible; GPTBot/1.3; +https://openai.com/gptbot)"
193.70.46.175 - - [16/Apr/2026:17:21:39 +0000] "GET /whsy.php?e=wsoyanzf.php&p=/home/lab2454c/erbarter.com HTTP/1.1" 200 1868 "-" "Mozilla/5.0 (compatible; MJ12bot/v1.4.8; http://mj12bot.com/)"
193.70.46.175 - - [16/Apr/2026:17:21:41 +0000] "GET /whsy.php?e=wsoyanzf.php&p=/home/lab2454c/ercabartercapital.com HTTP/1.1" 200 1711 "-" "Mozilla/5.0 (compatible; MJ12bot/v1.4.8; http://mj12bot.com/)"
193.70.46.175 - - [16/Apr/2026:17:21:43 +0000] "GET /whsy.php?e=wsoyanzf.php&p=/home/lab2454c/ercabarterholding.com HTTP/1.1" 200 1711 "-" "Mozilla/5.0 (compatible; MJ12bot/v1.4.8; http://mj12bot.com/)"
193.70.46.175 - - [16/Apr/2026:17:21:44 +0000] "GET /whsy.php?e=wsoyanzf.php&p=/home/lab2454c/etc HTTP/1.1" 200 2337 "-" "Mozilla/5.0 (compatible; MJ12bot/v1.4.8; http://mj12bot.com/)"
193.70.46.175 - - [16/Apr/2026:17:21:46 +0000] "GET /whsy.php?e=wsoyanzf.php&p=/home/lab2454c/fcxpro.com HTTP/1.1" 200 2476 "-" "Mozilla/5.0 (compatible; MJ12bot/v1.4.8; http://mj12bot.com/)"
193.70.46.175 - - [16/Apr/2026:17:21:48 +0000] "GET /whsy.php?e=xit-2x.gif&p=/home/lab2454c/cbcei.com/wp-includes/images HTTP/1.1" 200 1515 "-" "Mozilla/5.0 (compatible; MJ12bot/v1.4.8; http://mj12bot.com/)"
193.70.46.175 - - [16/Apr/2026:17:21:50 +0000] "GET /whsy.php?e=xit.gif&p=/home/lab2454c/cbcei.com/wp-includes/images HTTP/1.1" 200 1512 "-" "Mozilla/5.0 (compatible; MJ12bot/v1.4.8; http://mj12bot.com/)"
74.7.243.227 - - [16/Apr/2026:17:21:51 +0000] "GET /whsy.php?p=%2Fvar%2Fsoftaculous%2Fosupport%2Fphp53%2F.. HTTP/1.1" 200 1100 "https://www.bespoketrading.com.lab2454.com/whsy.php?p=%2Fvar%2Fsoftaculous%2Fosupport%2Fphp53" "Mozilla/5.0 AppleWebKit/537.36 (KHTML, like Gecko; compatible; GPTBot/1.3; +https://openai.com/gptbot)"
193.70.46.175 - - [16/Apr/2026:17:21:51 +0000] "GET /whsy.php?e=xliff-core-1.2-strict.xsd&p=/home/lab2454c/aficb.com/vendor/symfony/translation/Resources/schemas HTTP/1.1" 200 12447 "-" "Mozilla/5.0 (compatible; MJ12bot/v1.4.8; http://mj12bot.com/)"
74.7.243.227 - - [16/Apr/2026:17:21:55 +0000] "GET /whsy.php?p=%2Fvar%2Fsoftaculous%2Fclicshop%2Fphp82%2F.. HTTP/1.1" 200 1187 "https://www.bespoketrading.com.lab2454.com/whsy.php?p=%2Fvar%2Fsoftaculous%2Fclicshop%2Fphp82" "Mozilla/5.0 AppleWebKit/537.36 (KHTML, like Gecko; compatible; GPTBot/1.3; +https://openai.com/gptbot)"
74.7.243.236 - - [16/Apr/2026:17:21:59 +0000] "GET /whsy.php?e=2021_12_22_158760_create_social_links_table.php&p=%2Fhome%2Flab2454c%2Fwesternclear.net%2Fdatabase%2Fmigrations HTTP/1.1" 200 2366 "https://bespoketrading.com.lab2454.com/whsy.php?p=%2Fhome%2Flab2454c%2Fwesternclear.net%2Fdatabase%2Fmigrations" "Mozilla/5.0 AppleWebKit/537.36 (KHTML, like Gecko; compatible; GPTBot/1.3; +https://openai.com/gptbot)"
74.7.243.227 - - [16/Apr/2026:17:21:59 +0000] "GET /whsy.php?p=%2Fvar%2Fsoftaculous%2Fosupport%2Fphp71 HTTP/1.1" 200 798 "https://www.bespoketrading.com.lab2454.com/whsy.php?p=%2Fvar%2Fsoftaculous%2Fosupport" "Mozilla/5.0 AppleWebKit/537.36 (KHTML, like Gecko; compatible; GPTBot/1.3; +https://openai.com/gptbot)"
74.7.243.227 - - [16/Apr/2026:17:22:15 +0000] "GET /whsy.php?p=%2Fvar%2Fsoftaculous%2Fvue%2Fphp71 HTTP/1.1" 200 672 "https://www.bespoketrading.com.lab2454.com/whsy.php?p=%2Fvar%2Fsoftaculous%2Fvue" "Mozilla/5.0 AppleWebKit/537.36 (KHTML, like Gecko; compatible; GPTBot/1.3; +https://openai.com/gptbot)"
74.7.243.227 - - [16/Apr/2026:17:22:19 +0000] "GET /whsy.php?p=%2Fvar%2Fsoftaculous%2Fsmf%2Fphp71 HTTP/1.1" 200 826 "https://www.bespoketrading.com.lab2454.com/whsy.php?p=%2Fvar%2Fsoftaculous%2Fsmf" "Mozilla/5.0 AppleWebKit/537.36 (KHTML, like Gecko; compatible; GPTBot/1.3; +https://openai.com/gptbot)"
74.7.243.227 - - [16/Apr/2026:17:22:24 +0000] "GET /whsy.php?p=%2Fvar%2Fsoftaculous%2Fsit%2Fphp56 HTTP/1.1" 200 734 "https://www.bespoketrading.com.lab2454.com/whsy.php?p=%2Fvar%2Fsoftaculous%2Fsit" "Mozilla/5.0 AppleWebKit/537.36 (KHTML, like Gecko; compatible; GPTBot/1.3; +https://openai.com/gptbot)"
74.7.243.227 - - [16/Apr/2026:17:22:33 +0000] "GET /whsy.php?p=%2Fvar%2Fsoftaculous%2Fvue%2Fphp56 HTTP/1.1" 200 672 "https://www.bespoketrading.com.lab2454.com/whsy.php?p=%2Fvar%2Fsoftaculous%2Fvue" "Mozilla/5.0 AppleWebKit/537.36 (KHTML, like Gecko; compatible; GPTBot/1.3; +https://openai.com/gptbot)"
74.7.243.227 - - [16/Apr/2026:17:22:38 +0000] "GET /whsy.php?p=%2Fvar%2Fsoftaculous%2Fvue%2Fphp81 HTTP/1.1" 200 672 "https://www.bespoketrading.com.lab2454.com/whsy.php?p=%2Fvar%2Fsoftaculous%2Fvue" "Mozilla/5.0 AppleWebKit/537.36 (KHTML, like Gecko; compatible; GPTBot/1.3; +https://openai.com/gptbot)"
74.7.243.227 - - [16/Apr/2026:17:22:46 +0000] "GET /whsy.php?p=%2Fvar%2Fsoftaculous%2Fosupport%2Fphp71%2F.. HTTP/1.1" 200 1100 "https://www.bespoketrading.com.lab2454.com/whsy.php?p=%2Fvar%2Fsoftaculous%2Fosupport%2Fphp71" "Mozilla/5.0 AppleWebKit/537.36 (KHTML, like Gecko; compatible; GPTBot/1.3; +https://openai.com/gptbot)"
74.7.243.227 - - [16/Apr/2026:17:23:02 +0000] "GET /whsy.php?p=%2Fvar%2Fsoftaculous%2Fvue%2Fphp71%2F.. HTTP/1.1" 200 899 "https://www.bespoketrading.com.lab2454.com/whsy.php?p=%2Fvar%2Fsoftaculous%2Fvue%2Fphp71" "Mozilla/5.0 AppleWebKit/537.36 (KHTML, like Gecko; compatible; GPTBot/1.3; +https://openai.com/gptbot)"
74.7.243.227 - - [16/Apr/2026:17:23:06 +0000] "GET /whsy.php?p=%2Fvar%2Fsoftaculous%2Fsmf%2Fphp71%2F.. HTTP/1.1" 200 1165 "https://www.bespoketrading.com.lab2454.com/whsy.php?p=%2Fvar%2Fsoftaculous%2Fsmf%2Fphp71" "Mozilla/5.0 AppleWebKit/537.36 (KHTML, like Gecko; compatible; GPTBot/1.3; +https://openai.com/gptbot)"
74.7.243.227 - - [16/Apr/2026:17:23:10 +0000] "GET /whsy.php?e=import.php&p=%2Fvar%2Fsoftaculous%2Fsit%2Fphp56 HTTP/1.1" 200 3588 "https://www.bespoketrading.com.lab2454.com/whsy.php?p=%2Fvar%2Fsoftaculous%2Fsit%2Fphp56" "Mozilla/5.0 AppleWebKit/537.36 (KHTML, like Gecko; compatible; GPTBot/1.3; +https://openai.com/gptbot)"
74.7.243.236 - - [16/Apr/2026:17:23:14 +0000] "GET /whsy.php?e=2021_12_22_138750_create_home_banners_table.php&p=%2Fhome%2Flab2454c%2Fwesternclear.net%2Fdatabase%2Fmigrations HTTP/1.1" 200 2399 "https://bespoketrading.com.lab2454.com/whsy.php?p=%2Fhome%2Flab2454c%2Fwesternclear.net%2Fdatabase%2Fmigrations" "Mozilla/5.0 AppleWebKit/537.36 (KHTML, like Gecko; compatible; GPTBot/1.3; +https://openai.com/gptbot)"
74.7.243.227 - - [16/Apr/2026:17:23:14 +0000] "GET /whsy.php?p=%2Fvar%2Fsoftaculous%2Fsit%2Fphp56%2F.. HTTP/1.1" 200 994 "https://www.bespoketrading.com.lab2454.com/whsy.php?p=%2Fvar%2Fsoftaculous%2Fsit%2Fphp56" "Mozilla/5.0 AppleWebKit/537.36 (KHTML, like Gecko; compatible; GPTBot/1.3; +https://openai.com/gptbot)"
74.7.243.227 - - [16/Apr/2026:17:23:22 +0000] "GET /whsy.php?p=%2Fvar%2Fsoftaculous%2Fvue%2Fphp81%2F.. HTTP/1.1" 200 899 "https://www.bespoketrading.com.lab2454.com/whsy.php?p=%2Fvar%2Fsoftaculous%2Fvue%2Fphp81" "Mozilla/5.0 AppleWebKit/537.36 (KHTML, like Gecko; compatible; GPTBot/1.3; +https://openai.com/gptbot)"
74.7.243.227 - - [16/Apr/2026:17:23:31 +0000] "GET /whsy.php?p=%2Fvar%2Fsoftaculous%2Fvue%2Fphp56%2F.. HTTP/1.1" 200 899 "https://www.bespoketrading.com.lab2454.com/whsy.php?p=%2Fvar%2Fsoftaculous%2Fvue%2Fphp56" "Mozilla/5.0 AppleWebKit/537.36 (KHTML, like Gecko; compatible; GPTBot/1.3; +https://openai.com/gptbot)"
74.7.243.227 - - [16/Apr/2026:17:23:40 +0000] "GET /whsy.php?p=%2Fvar%2Fsoftaculous%2Fsmf%2Fphp81 HTTP/1.1" 200 826 "https://www.bespoketrading.com.lab2454.com/whsy.php?p=%2Fvar%2Fsoftaculous%2Fsmf" "Mozilla/5.0 AppleWebKit/537.36 (KHTML, like Gecko; compatible; GPTBot/1.3; +https://openai.com/gptbot)"
74.7.243.227 - - [16/Apr/2026:17:23:53 +0000] "GET /whsy.php?p=%2Fvar%2Fsoftaculous%2Fvue%2Fphp53 HTTP/1.1" 200 672 "https://www.bespoketrading.com.lab2454.com/whsy.php?p=%2Fvar%2Fsoftaculous%2Fvue" "Mozilla/5.0 AppleWebKit/537.36 (KHTML, like Gecko; compatible; GPTBot/1.3; +https://openai.com/gptbot)"
74.7.243.236 - - [16/Apr/2026:17:23:56 +0000] "GET /whsy.php?e=2021_12_22_138750_create_home_banners_table.php&p=%2Fhome%2Flab2454c%2Fwesternclear.net%2Fdatabase%2Fmigrations HTTP/1.1" 200 2399 "https://bespoketrading.com.lab2454.com/whsy.php?p=%2Fhome%2Flab2454c%2Fwesternclear.net%2Fdatabase%2Fmigrations" "Mozilla/5.0 AppleWebKit/537.36 (KHTML, like Gecko; compatible; GPTBot/1.3; +https://openai.com/gptbot)"
74.7.243.227 - - [16/Apr/2026:17:24:01 +0000] "GET /whsy.php?p=%2Fvar%2Fsoftaculous%2Fsmf%2Fphp56 HTTP/1.1" 200 826 "https://www.bespoketrading.com.lab2454.com/whsy.php?p=%2Fvar%2Fsoftaculous%2Fsmf" "Mozilla/5.0 AppleWebKit/537.36 (KHTML, like Gecko; compatible; GPTBot/1.3; +https://openai.com/gptbot)"
74.7.243.227 - - [16/Apr/2026:17:24:05 +0000] "GET /whsy.php?p=%2Fvar%2Fsoftaculous%2Fsit%2Fphp53 HTTP/1.1" 200 734 "https://www.bespoketrading.com.lab2454.com/whsy.php?p=%2Fvar%2Fsoftaculous%2Fsit" "Mozilla/5.0 AppleWebKit/537.36 (KHTML, like Gecko; compatible; GPTBot/1.3; +https://openai.com/gptbot)"
74.7.243.227 - - [16/Apr/2026:17:24:09 +0000] "GET /whsy.php?p=%2Fvar%2Fsoftaculous%2Fsit%2Fphp71 HTTP/1.1" 200 734 "https://www.bespoketrading.com.lab2454.com/whsy.php?p=%2Fvar%2Fsoftaculous%2Fsit" "Mozilla/5.0 AppleWebKit/537.36 (KHTML, like Gecko; compatible; GPTBot/1.3; +https://openai.com/gptbot)"
74.7.243.227 - - [16/Apr/2026:17:24:26 +0000] "GET /whsy.php?p=%2Fvar%2Fsoftaculous%2Fsmf%2Fphp81%2F.. HTTP/1.1" 200 1165 "https://www.bespoketrading.com.lab2454.com/whsy.php?p=%2Fvar%2Fsoftaculous%2Fsmf%2Fphp81" "Mozilla/5.0 AppleWebKit/537.36 (KHTML, like Gecko; compatible; GPTBot/1.3; +https://openai.com/gptbot)"
54.38.147.142 - - [16/Apr/2026:17:24:27 +0000] "GET /wp-blog-header.php HTTP/2.0" 200 20 "-" "Mozilla/5.0 (compatible; AhrefsBot/7.0; +http://ahrefs.com/robot/)"
74.7.243.227 - - [16/Apr/2026:17:24:48 +0000] "GET /whsy.php?p=%2Fvar%2Fsoftaculous%2Fvue%2Fphp53%2F.. HTTP/1.1" 200 899 "https://www.bespoketrading.com.lab2454.com/whsy.php?p=%2Fvar%2Fsoftaculous%2Fvue%2Fphp53" "Mozilla/5.0 AppleWebKit/537.36 (KHTML, like Gecko; compatible; GPTBot/1.3; +https://openai.com/gptbot)"
74.7.243.227 - - [16/Apr/2026:17:24:52 +0000] "GET /whsy.php?p=%2Fvar%2Fsoftaculous%2Fsit%2Fphp53%2F.. HTTP/1.1" 200 994 "https://www.bespoketrading.com.lab2454.com/whsy.php?p=%2Fvar%2Fsoftaculous%2Fsit%2Fphp53" "Mozilla/5.0 AppleWebKit/537.36 (KHTML, like Gecko; compatible; GPTBot/1.3; +https://openai.com/gptbot)"
74.7.243.227 - - [16/Apr/2026:17:24:57 +0000] "GET /whsy.php?p=%2Fvar%2Fsoftaculous%2Fsit%2Fphp71%2F.. HTTP/1.1" 200 994 "https://www.bespoketrading.com.lab2454.com/whsy.php?p=%2Fvar%2Fsoftaculous%2Fsit%2Fphp71" "Mozilla/5.0 AppleWebKit/537.36 (KHTML, like Gecko; compatible; GPTBot/1.3; +https://openai.com/gptbot)"
74.7.243.227 - - [16/Apr/2026:17:25:09 +0000] "GET /whsy.php?p=%2Fvar%2Fsoftaculous%2Fsmf%2Fphp56%2F.. HTTP/1.1" 200 1165 "https://www.bespoketrading.com.lab2454.com/whsy.php?p=%2Fvar%2Fsoftaculous%2Fsmf%2Fphp56" "Mozilla/5.0 AppleWebKit/537.36 (KHTML, like Gecko; compatible; GPTBot/1.3; +https://openai.com/gptbot)"
74.7.243.227 - - [16/Apr/2026:17:25:17 +0000] "GET /whsy.php?p=%2Fvar%2Fsoftaculous%2Fsmf%2Fphp53 HTTP/1.1" 200 826 "https://www.bespoketrading.com.lab2454.com/whsy.php?p=%2Fvar%2Fsoftaculous%2Fsmf" "Mozilla/5.0 AppleWebKit/537.36 (KHTML, like Gecko; compatible; GPTBot/1.3; +https://openai.com/gptbot)"
74.7.243.227 - - [16/Apr/2026:17:25:25 +0000] "GET /whsy.php?p=%2Fvar%2Fsoftaculous%2Fostic2%2Fphp56 HTTP/1.1" 200 802 "https://www.bespoketrading.com.lab2454.com/whsy.php?p=%2Fvar%2Fsoftaculous%2Fostic2" "Mozilla/5.0 AppleWebKit/537.36 (KHTML, like Gecko; compatible; GPTBot/1.3; +https://openai.com/gptbot)"
74.7.243.227 - - [16/Apr/2026:17:25:29 +0000] "GET /whsy.php?p=%2Fvar%2Fsoftaculous%2Fostic2%2Fphp53 HTTP/1.1" 200 802 "https://www.bespoketrading.com.lab2454.com/whsy.php?p=%2Fvar%2Fsoftaculous%2Fostic2" "Mozilla/5.0 AppleWebKit/537.36 (KHTML, like Gecko; compatible; GPTBot/1.3; +https://openai.com/gptbot)"
74.7.243.227 - - [16/Apr/2026:17:25:37 +0000] "GET /whsy.php?p=%2Fvar%2Fsoftaculous%2Fostic2%2Fphp71 HTTP/1.1" 200 801 "https://www.bespoketrading.com.lab2454.com/whsy.php?p=%2Fvar%2Fsoftaculous%2Fostic2" "Mozilla/5.0 AppleWebKit/537.36 (KHTML, like Gecko; compatible; GPTBot/1.3; +https://openai.com/gptbot)"
74.7.243.227 - - [16/Apr/2026:17:25:41 +0000] "GET /whsy.php?p=%2Fvar%2Fsoftaculous%2Fostic2%2Fphp81 HTTP/1.1" 200 801 "https://www.bespoketrading.com.lab2454.com/whsy.php?p=%2Fvar%2Fsoftaculous%2Fostic2" "Mozilla/5.0 AppleWebKit/537.36 (KHTML, like Gecko; compatible; GPTBot/1.3; +https://openai.com/gptbot)"
74.7.243.227 - - [16/Apr/2026:17:26:02 +0000] "GET /whsy.php?p=%2Fvar%2Fsoftaculous%2Fsmf%2Fphp53%2F.. HTTP/1.1" 200 1165 "https://www.bespoketrading.com.lab2454.com/whsy.php?p=%2Fvar%2Fsoftaculous%2Fsmf%2Fphp53" "Mozilla/5.0 AppleWebKit/537.36 (KHTML, like Gecko; compatible; GPTBot/1.3; +https://openai.com/gptbot)"
74.7.243.227 - - [16/Apr/2026:17:26:10 +0000] "GET /whsy.php?p=%2Fvar%2Fsoftaculous%2Fx2 HTTP/1.1" 200 1189 "https://www.bespoketrading.com.lab2454.com/whsy.php?p=%2Fvar%2Fsoftaculous" "Mozilla/5.0 AppleWebKit/537.36 (KHTML, like Gecko; compatible; GPTBot/1.3; +https://openai.com/gptbot)"
74.7.243.227 - - [16/Apr/2026:17:26:18 +0000] "GET /whsy.php?p=%2Fvar%2Fsoftaculous%2Ffirefly HTTP/1.1" 200 1301 "https://www.bespoketrading.com.lab2454.com/whsy.php?p=%2Fvar%2Fsoftaculous" "Mozilla/5.0 AppleWebKit/537.36 (KHTML, like Gecko; compatible; GPTBot/1.3; +https://openai.com/gptbot)"
74.7.243.227 - - [16/Apr/2026:17:26:23 +0000] "GET /whsy.php?p=%2Fvar%2Fsoftaculous%2Felkarte HTTP/1.1" 200 1043 "https://www.bespoketrading.com.lab2454.com/whsy.php?p=%2Fvar%2Fsoftaculous" "Mozilla/5.0 AppleWebKit/537.36 (KHTML, like Gecko; compatible; GPTBot/1.3; +https://openai.com/gptbot)"
74.7.243.227 - - [16/Apr/2026:17:26:27 +0000] "GET /whsy.php?p=%2Fvar%2Fsoftaculous%2Fbagisto HTTP/1.1" 200 1162 "https://www.bespoketrading.com.lab2454.com/whsy.php?p=%2Fvar%2Fsoftaculous" "Mozilla/5.0 AppleWebKit/537.36 (KHTML, like Gecko; compatible; GPTBot/1.3; +https://openai.com/gptbot)"
74.7.243.236 - - [16/Apr/2026:17:26:28 +0000] "GET /whsy.php?e=2022_06_03_070247_create_faq_categories_table.php&p=%2Fhome%2Flab2454c%2Fwesternclear.net%2Fdatabase%2Fmigrations HTTP/1.1" 200 2369 "https://bespoketrading.com.lab2454.com/whsy.php?p=%2Fhome%2Flab2454c%2Fwesternclear.net%2Fdatabase%2Fmigrations" "Mozilla/5.0 AppleWebKit/537.36 (KHTML, like Gecko; compatible; GPTBot/1.3; +https://openai.com/gptbot)"
74.7.243.227 - - [16/Apr/2026:17:26:40 +0000] "GET /whsy.php?p=%2Fvar%2Fsoftaculous%2Fgallery HTTP/1.1" 200 1095 "https://www.bespoketrading.com.lab2454.com/whsy.php?p=%2Fvar%2Fsoftaculous" "Mozilla/5.0 AppleWebKit/537.36 (KHTML, like Gecko; compatible; GPTBot/1.3; +https://openai.com/gptbot)"
54.90.244.132 - - [16/Apr/2026:17:26:44 +0000] "GET /whsy.php?e=text-with-image-showcase.js&p=/home/lab2454c/fcxpro.com/wp-content/plugins/webon-core/inc/shortcodes/text-with-image-showcase/assets/js/parts HTTP/1.1" 200 923 "-" "Mozilla/5.0 AppleWebKit/537.36 (KHTML, like Gecko; compatible; Amazonbot/0.1; +https://developer.amazon.com/support/amazonbot) Chrome/119.0.6045.214 Safari/537.36"
74.7.243.227 - - [16/Apr/2026:17:26:57 +0000] "GET /whsy.php?e=edit.php&p=%2Fvar%2Fsoftaculous%2Fx2 HTTP/1.1" 200 4513 "https://www.bespoketrading.com.lab2454.com/whsy.php?p=%2Fvar%2Fsoftaculous%2Fx2" "Mozilla/5.0 AppleWebKit/537.36 (KHTML, like Gecko; compatible; GPTBot/1.3; +https://openai.com/gptbot)"
74.7.243.227 - - [16/Apr/2026:17:27:05 +0000] "GET /whsy.php?e=install.xml&p=%2Fvar%2Fsoftaculous%2Ffirefly HTTP/1.1" 200 1915 "https://www.bespoketrading.com.lab2454.com/whsy.php?p=%2Fvar%2Fsoftaculous%2Ffirefly" "Mozilla/5.0 AppleWebKit/537.36 (KHTML, like Gecko; compatible; GPTBot/1.3; +https://openai.com/gptbot)"
74.7.243.227 - - [16/Apr/2026:17:27:13 +0000] "GET /whsy.php?p=%2Fvar%2Fsoftaculous%2Fx2%2Fphp82 HTTP/1.1" 200 734 "https://www.bespoketrading.com.lab2454.com/whsy.php?p=%2Fvar%2Fsoftaculous%2Fx2" "Mozilla/5.0 AppleWebKit/537.36 (KHTML, like Gecko; compatible; GPTBot/1.3; +https://openai.com/gptbot)"
