74.7.243.227 - - [16/Apr/2026:17:27:33 +0000] "GET /whsy.php?p=%2Fvar%2Fsoftaculous%2Fx2%2Fphp71 HTTP/1.1" 200 734 "https://www.bespoketrading.com.lab2454.com/whsy.php?p=%2Fvar%2Fsoftaculous%2Fx2" "Mozilla/5.0 AppleWebKit/537.36 (KHTML, like Gecko; compatible; GPTBot/1.3; +https://openai.com/gptbot)"
74.7.243.227 - - [16/Apr/2026:17:27:37 +0000] "GET /whsy.php?p=%2Fvar%2Fsoftaculous%2Fx2%2Fphp53 HTTP/1.1" 200 735 "https://www.bespoketrading.com.lab2454.com/whsy.php?p=%2Fvar%2Fsoftaculous%2Fx2" "Mozilla/5.0 AppleWebKit/537.36 (KHTML, like Gecko; compatible; GPTBot/1.3; +https://openai.com/gptbot)"
74.7.243.227 - - [16/Apr/2026:17:27:46 +0000] "GET /whsy.php?p=%2Fvar%2Fsoftaculous%2Fx2%2Fphp81 HTTP/1.1" 200 734 "https://www.bespoketrading.com.lab2454.com/whsy.php?p=%2Fvar%2Fsoftaculous%2Fx2" "Mozilla/5.0 AppleWebKit/537.36 (KHTML, like Gecko; compatible; GPTBot/1.3; +https://openai.com/gptbot)"
74.7.243.227 - - [16/Apr/2026:17:27:50 +0000] "GET /whsy.php?p=%2Fvar%2Fsoftaculous%2Fx2%2Fphp56 HTTP/1.1" 200 735 "https://www.bespoketrading.com.lab2454.com/whsy.php?p=%2Fvar%2Fsoftaculous%2Fx2" "Mozilla/5.0 AppleWebKit/537.36 (KHTML, like Gecko; compatible; GPTBot/1.3; +https://openai.com/gptbot)"
74.7.243.227 - - [16/Apr/2026:17:27:54 +0000] "GET /whsy.php?e=clone.php&p=%2Fvar%2Fsoftaculous%2Ffirefly HTTP/1.1" 200 7597 "https://www.bespoketrading.com.lab2454.com/whsy.php?p=%2Fvar%2Fsoftaculous%2Ffirefly" "Mozilla/5.0 AppleWebKit/537.36 (KHTML, like Gecko; compatible; GPTBot/1.3; +https://openai.com/gptbot)"
74.7.243.227 - - [16/Apr/2026:17:27:58 +0000] "GET /whsy.php?p=%2Fvar%2Fsoftaculous%2Fpimcore HTTP/1.1" 200 1193 "https://www.bespoketrading.com.lab2454.com/whsy.php?p=%2Fvar%2Fsoftaculous" "Mozilla/5.0 AppleWebKit/537.36 (KHTML, like Gecko; compatible; GPTBot/1.3; +https://openai.com/gptbot)"
74.7.243.227 - - [16/Apr/2026:17:28:02 +0000] "GET /whsy.php?p=%2Fvar%2Fsoftaculous%2Flayerbb HTTP/1.1" 200 1101 "https://www.bespoketrading.com.lab2454.com/whsy.php?p=%2Fvar%2Fsoftaculous" "Mozilla/5.0 AppleWebKit/537.36 (KHTML, like Gecko; compatible; GPTBot/1.3; +https://openai.com/gptbot)"
74.7.243.227 - - [16/Apr/2026:17:28:10 +0000] "GET /whsy.php?e=md5&p=%2Fvar%2Fsoftaculous%2Fwhmcs813 HTTP/1.1" 200 2057 "https://www.bespoketrading.com.lab2454.com/whsy.php?p=%2Fvar%2Fsoftaculous%2Fwhmcs813" "Mozilla/5.0 AppleWebKit/537.36 (KHTML, like Gecko; compatible; GPTBot/1.3; +https://openai.com/gptbot)"
74.7.243.227 - - [16/Apr/2026:17:28:22 +0000] "GET /whsy.php?p=%2Fvar%2Fsoftaculous%2F4images HTTP/1.1" 200 1087 "https://www.bespoketrading.com.lab2454.com/whsy.php?p=%2Fvar%2Fsoftaculous" "Mozilla/5.0 AppleWebKit/537.36 (KHTML, like Gecko; compatible; GPTBot/1.3; +https://openai.com/gptbot)"
74.7.243.227 - - [16/Apr/2026:17:28:30 +0000] "GET /whsy.php?p=%2Fvar%2Fsoftaculous%2Fwp_plugins HTTP/1.1" 200 1228 "https://www.bespoketrading.com.lab2454.com/whsy.php?p=%2Fvar%2Fsoftaculous" "Mozilla/5.0 AppleWebKit/537.36 (KHTML, like Gecko; compatible; GPTBot/1.3; +https://openai.com/gptbot)"
74.7.243.227 - - [16/Apr/2026:17:28:34 +0000] "GET /whsy.php?p=%2Fvar%2Fsoftaculous%2Fimpress HTTP/1.1" 200 1179 "https://www.bespoketrading.com.lab2454.com/whsy.php?p=%2Fvar%2Fsoftaculous" "Mozilla/5.0 AppleWebKit/537.36 (KHTML, like Gecko; compatible; GPTBot/1.3; +https://openai.com/gptbot)"
74.7.243.227 - - [16/Apr/2026:17:28:38 +0000] "GET /whsy.php?p=%2Fvar%2Fsoftaculous%2Foctober HTTP/1.1" 200 1150 "https://www.bespoketrading.com.lab2454.com/whsy.php?p=%2Fvar%2Fsoftaculous" "Mozilla/5.0 AppleWebKit/537.36 (KHTML, like Gecko; compatible; GPTBot/1.3; +https://openai.com/gptbot)"
74.7.243.227 - - [16/Apr/2026:17:28:43 +0000] "GET /whsy.php?e=config.yaml&p=%2Fvar%2Fsoftaculous%2Fpimcore HTTP/1.1" 200 2788 "https://www.bespoketrading.com.lab2454.com/whsy.php?p=%2Fvar%2Fsoftaculous%2Fpimcore" "Mozilla/5.0 AppleWebKit/537.36 (KHTML, like Gecko; compatible; GPTBot/1.3; +https://openai.com/gptbot)"
74.7.243.227 - - [16/Apr/2026:17:28:55 +0000] "GET /whsy.php?p=%2Fvar%2Fsoftaculous%2Fdolph%2Fphp81 HTTP/1.1" 200 800 "https://www.bespoketrading.com.lab2454.com/whsy.php?p=%2Fvar%2Fsoftaculous%2Fdolph" "Mozilla/5.0 AppleWebKit/537.36 (KHTML, like Gecko; compatible; GPTBot/1.3; +https://openai.com/gptbot)"
74.7.243.236 - - [16/Apr/2026:17:28:56 +0000] "GET /whsy.php?e=2021_12_22_125029_create_site_settings_table.php&p=%2Fhome%2Flab2454c%2Fwesternclear.net%2Fdatabase%2Fmigrations HTTP/1.1" 200 2428 "https://bespoketrading.com.lab2454.com/whsy.php?p=%2Fhome%2Flab2454c%2Fwesternclear.net%2Fdatabase%2Fmigrations" "Mozilla/5.0 AppleWebKit/537.36 (KHTML, like Gecko; compatible; GPTBot/1.3; +https://openai.com/gptbot)"
74.7.243.227 - - [16/Apr/2026:17:28:59 +0000] "GET /whsy.php?p=%2Fvar%2Fsoftaculous%2Fdolph%2Fphp71 HTTP/1.1" 200 800 "https://www.bespoketrading.com.lab2454.com/whsy.php?p=%2Fvar%2Fsoftaculous%2Fdolph" "Mozilla/5.0 AppleWebKit/537.36 (KHTML, like Gecko; compatible; GPTBot/1.3; +https://openai.com/gptbot)"
74.7.243.236 - - [16/Apr/2026:17:29:00 +0000] "GET /whsy.php?e=2022_06_06_105940_create_about_contents_table.php&p=%2Fhome%2Flab2454c%2Fwesternclear.net%2Fdatabase%2Fmigrations HTTP/1.1" 200 2351 "https://bespoketrading.com.lab2454.com/whsy.php?p=%2Fhome%2Flab2454c%2Fwesternclear.net%2Fdatabase%2Fmigrations" "Mozilla/5.0 AppleWebKit/537.36 (KHTML, like Gecko; compatible; GPTBot/1.3; +https://openai.com/gptbot)"
74.7.243.227 - - [16/Apr/2026:17:29:07 +0000] "GET /whsy.php?p=%2Fvar%2Fsoftaculous%2F4images%2Fphp53 HTTP/1.1" 200 803 "https://www.bespoketrading.com.lab2454.com/whsy.php?p=%2Fvar%2Fsoftaculous%2F4images" "Mozilla/5.0 AppleWebKit/537.36 (KHTML, like Gecko; compatible; GPTBot/1.3; +https://openai.com/gptbot)"
74.7.243.227 - - [16/Apr/2026:17:29:15 +0000] "GET /whsy.php?p=%2Fvar%2Fsoftaculous%2F4images%2Fphp56 HTTP/1.1" 200 803 "https://www.bespoketrading.com.lab2454.com/whsy.php?p=%2Fvar%2Fsoftaculous%2F4images" "Mozilla/5.0 AppleWebKit/537.36 (KHTML, like Gecko; compatible; GPTBot/1.3; +https://openai.com/gptbot)"
74.7.243.236 - - [16/Apr/2026:17:29:19 +0000] "GET /whsy.php?e=2022_02_23_084250_create_galleries_table.php&p=%2Fhome%2Flab2454c%2Fwesternclear.net%2Fdatabase%2Fmigrations HTTP/1.1" 200 2302 "https://bespoketrading.com.lab2454.com/whsy.php?p=%2Fhome%2Flab2454c%2Fwesternclear.net%2Fdatabase%2Fmigrations" "Mozilla/5.0 AppleWebKit/537.36 (KHTML, like Gecko; compatible; GPTBot/1.3; +https://openai.com/gptbot)"
74.7.243.227 - - [16/Apr/2026:17:29:24 +0000] "GET /whsy.php?e=edit.php&p=%2Fvar%2Fsoftaculous%2Foctober HTTP/1.1" 200 4751 "https://www.bespoketrading.com.lab2454.com/whsy.php?p=%2Fvar%2Fsoftaculous%2Foctober" "Mozilla/5.0 AppleWebKit/537.36 (KHTML, like Gecko; compatible; GPTBot/1.3; +https://openai.com/gptbot)"
74.7.243.227 - - [16/Apr/2026:17:29:28 +0000] "GET /whsy.php?p=%2Fvar%2Fsoftaculous%2F4images%2Fphp81 HTTP/1.1" 200 803 "https://www.bespoketrading.com.lab2454.com/whsy.php?p=%2Fvar%2Fsoftaculous%2F4images" "Mozilla/5.0 AppleWebKit/537.36 (KHTML, like Gecko; compatible; GPTBot/1.3; +https://openai.com/gptbot)"
74.7.243.227 - - [16/Apr/2026:17:29:45 +0000] "GET /whsy.php?p=%2Fvar%2Fsoftaculous%2Fdolph%2Fphp81%2F.. HTTP/1.1" 200 1104 "https://www.bespoketrading.com.lab2454.com/whsy.php?p=%2Fvar%2Fsoftaculous%2Fdolph%2Fphp81" "Mozilla/5.0 AppleWebKit/537.36 (KHTML, like Gecko; compatible; GPTBot/1.3; +https://openai.com/gptbot)"
74.7.243.227 - - [16/Apr/2026:17:29:54 +0000] "GET /whsy.php?p=%2Fvar%2Fsoftaculous%2Fdolph%2Fphp71%2F.. HTTP/1.1" 200 1104 "https://www.bespoketrading.com.lab2454.com/whsy.php?p=%2Fvar%2Fsoftaculous%2Fdolph%2Fphp71" "Mozilla/5.0 AppleWebKit/537.36 (KHTML, like Gecko; compatible; GPTBot/1.3; +https://openai.com/gptbot)"
74.7.243.227 - - [16/Apr/2026:17:29:58 +0000] "GET /whsy.php?p=%2Fvar%2Fsoftaculous%2F4images%2Fphp71 HTTP/1.1" 200 803 "https://www.bespoketrading.com.lab2454.com/whsy.php?p=%2Fvar%2Fsoftaculous%2F4images" "Mozilla/5.0 AppleWebKit/537.36 (KHTML, like Gecko; compatible; GPTBot/1.3; +https://openai.com/gptbot)"
74.7.243.227 - - [16/Apr/2026:17:30:02 +0000] "GET /whsy.php?p=%2Fvar%2Fsoftaculous%2F4images%2Fphp56%2F.. HTTP/1.1" 200 1087 "https://www.bespoketrading.com.lab2454.com/whsy.php?p=%2Fvar%2Fsoftaculous%2F4images%2Fphp56" "Mozilla/5.0 AppleWebKit/537.36 (KHTML, like Gecko; compatible; GPTBot/1.3; +https://openai.com/gptbot)"
74.7.243.227 - - [16/Apr/2026:17:30:22 +0000] "GET /whsy.php?p=%2Fvar%2Fsoftaculous%2F4images%2Fphp81%2F.. HTTP/1.1" 200 1087 "https://www.bespoketrading.com.lab2454.com/whsy.php?p=%2Fvar%2Fsoftaculous%2F4images%2Fphp81" "Mozilla/5.0 AppleWebKit/537.36 (KHTML, like Gecko; compatible; GPTBot/1.3; +https://openai.com/gptbot)"
74.7.243.227 - - [16/Apr/2026:17:30:27 +0000] "GET /whsy.php?p=%2Fvar%2Fsoftaculous%2F4images%2Fphp53%2F.. HTTP/1.1" 200 1087 "https://www.bespoketrading.com.lab2454.com/whsy.php?p=%2Fvar%2Fsoftaculous%2F4images%2Fphp53" "Mozilla/5.0 AppleWebKit/537.36 (KHTML, like Gecko; compatible; GPTBot/1.3; +https://openai.com/gptbot)"
74.7.243.227 - - [16/Apr/2026:17:30:31 +0000] "GET /whsy.php?p=%2Fvar%2Fsoftaculous%2F4images%2Fphp82 HTTP/1.1" 200 803 "https://www.bespoketrading.com.lab2454.com/whsy.php?p=%2Fvar%2Fsoftaculous%2F4images" "Mozilla/5.0 AppleWebKit/537.36 (KHTML, like Gecko; compatible; GPTBot/1.3; +https://openai.com/gptbot)"
74.7.243.236 - - [16/Apr/2026:17:30:34 +0000] "GET /whsy.php?e=2022_06_06_142335_create_form_categories_table.php&p=%2Fhome%2Flab2454c%2Fwesternclear.net%2Fdatabase%2Fmigrations HTTP/1.1" 200 2365 "https://bespoketrading.com.lab2454.com/whsy.php?p=%2Fhome%2Flab2454c%2Fwesternclear.net%2Fdatabase%2Fmigrations" "Mozilla/5.0 AppleWebKit/537.36 (KHTML, like Gecko; compatible; GPTBot/1.3; +https://openai.com/gptbot)"
74.7.243.227 - - [16/Apr/2026:17:30:39 +0000] "GET /whsy.php?p=%2Fvar%2Fsoftaculous%2Focart%2Fphp71 HTTP/1.1" 200 799 "https://www.bespoketrading.com.lab2454.com/whsy.php?p=%2Fvar%2Fsoftaculous%2Focart" "Mozilla/5.0 AppleWebKit/537.36 (KHTML, like Gecko; compatible; GPTBot/1.3; +https://openai.com/gptbot)"
74.7.243.227 - - [16/Apr/2026:17:30:43 +0000] "GET /whsy.php?p=%2Fvar%2Fsoftaculous%2F4images%2Fphp71%2F.. HTTP/1.1" 200 1087 "https://www.bespoketrading.com.lab2454.com/whsy.php?p=%2Fvar%2Fsoftaculous%2F4images%2Fphp71" "Mozilla/5.0 AppleWebKit/537.36 (KHTML, like Gecko; compatible; GPTBot/1.3; +https://openai.com/gptbot)"
74.7.243.227 - - [16/Apr/2026:17:30:58 +0000] "GET /whsy.php?p=%2Fvar%2Fsoftaculous%2Foscom%2Fphp56 HTTP/1.1" 200 769 "https://www.bespoketrading.com.lab2454.com/whsy.php?p=%2Fvar%2Fsoftaculous%2Foscom" "Mozilla/5.0 AppleWebKit/537.36 (KHTML, like Gecko; compatible; GPTBot/1.3; +https://openai.com/gptbot)"
74.7.243.227 - - [16/Apr/2026:17:31:15 +0000] "GET /whsy.php?p=%2Fvar%2Fsoftaculous%2F4images%2Fphp82%2F.. HTTP/1.1" 200 1087 "https://www.bespoketrading.com.lab2454.com/whsy.php?p=%2Fvar%2Fsoftaculous%2F4images%2Fphp82" "Mozilla/5.0 AppleWebKit/537.36 (KHTML, like Gecko; compatible; GPTBot/1.3; +https://openai.com/gptbot)"
74.7.243.227 - - [16/Apr/2026:17:31:23 +0000] "GET /whsy.php?p=%2Fvar%2Fsoftaculous%2Focart%2Fphp71%2F.. HTTP/1.1" 200 1149 "https://www.bespoketrading.com.lab2454.com/whsy.php?p=%2Fvar%2Fsoftaculous%2Focart%2Fphp71" "Mozilla/5.0 AppleWebKit/537.36 (KHTML, like Gecko; compatible; GPTBot/1.3; +https://openai.com/gptbot)"
74.7.243.227 - - [16/Apr/2026:17:31:43 +0000] "GET /whsy.php?p=%2Fvar%2Fsoftaculous%2Foscom%2Fphp56%2F.. HTTP/1.1" 200 1141 "https://www.bespoketrading.com.lab2454.com/whsy.php?p=%2Fvar%2Fsoftaculous%2Foscom%2Fphp56" "Mozilla/5.0 AppleWebKit/537.36 (KHTML, like Gecko; compatible; GPTBot/1.3; +https://openai.com/gptbot)"
74.7.243.227 - - [16/Apr/2026:17:32:15 +0000] "GET /whsy.php?p=%2Fvar%2Fsoftaculous%2Fdolph%2Fphp53 HTTP/1.1" 200 800 "https://www.bespoketrading.com.lab2454.com/whsy.php?p=%2Fvar%2Fsoftaculous%2Fdolph" "Mozilla/5.0 AppleWebKit/537.36 (KHTML, like Gecko; compatible; GPTBot/1.3; +https://openai.com/gptbot)"
74.7.244.12 - - [16/Apr/2026:17:32:20 +0000] "GET /robots.txt HTTP/1.1" 200 20 "-" "Mozilla/5.0 (Macintosh; Intel Mac OS X 10_15_7) AppleWebKit/537.36 (KHTML, like Gecko) Chrome/131.0.0.0 Safari/537.36; compatible; OAI-SearchBot/1.3; robots.txt; +https://openai.com/searchbot"
74.7.243.227 - - [16/Apr/2026:17:32:20 +0000] "GET /whsy.php?p=%2Fvar%2Fsoftaculous%2Focart%2Fphp81 HTTP/1.1" 200 799 "https://www.bespoketrading.com.lab2454.com/whsy.php?p=%2Fvar%2Fsoftaculous%2Focart" "Mozilla/5.0 AppleWebKit/537.36 (KHTML, like Gecko; compatible; GPTBot/1.3; +https://openai.com/gptbot)"
74.7.243.227 - - [16/Apr/2026:17:32:24 +0000] "GET /whsy.php?p=%2Fvar%2Fsoftaculous%2Fclaro%2Fphp56 HTTP/1.1" 200 800 "https://www.bespoketrading.com.lab2454.com/whsy.php?p=%2Fvar%2Fsoftaculous%2Fclaro" "Mozilla/5.0 AppleWebKit/537.36 (KHTML, like Gecko; compatible; GPTBot/1.3; +https://openai.com/gptbot)"
74.7.243.227 - - [16/Apr/2026:17:32:28 +0000] "GET /whsy.php?p=%2Fvar%2Fsoftaculous%2Feasyp%2Fphp53 HTTP/1.1" 200 767 "https://www.bespoketrading.com.lab2454.com/whsy.php?p=%2Fvar%2Fsoftaculous%2Feasyp" "Mozilla/5.0 AppleWebKit/537.36 (KHTML, like Gecko; compatible; GPTBot/1.3; +https://openai.com/gptbot)"
74.7.243.227 - - [16/Apr/2026:17:32:40 +0000] "GET /whsy.php?p=%2Fvar%2Fsoftaculous%2Fclaro%2Fphp71 HTTP/1.1" 200 799 "https://www.bespoketrading.com.lab2454.com/whsy.php?p=%2Fvar%2Fsoftaculous%2Fclaro" "Mozilla/5.0 AppleWebKit/537.36 (KHTML, like Gecko; compatible; GPTBot/1.3; +https://openai.com/gptbot)"
74.7.227.10 - - [16/Apr/2026:17:32:59 +0000] "GET /whsy.php?e=dev_mcast&p=%2Fproc%2F15596%2Fnet HTTP/1.1" 200 1067 "https://bespoketrading.com/whsy.php?p=%2Fproc%2F15596%2Fnet" "Mozilla/5.0 AppleWebKit/537.36 (KHTML, like Gecko; compatible; GPTBot/1.3; +https://openai.com/gptbot)"
74.7.243.227 - - [16/Apr/2026:17:33:00 +0000] "GET /whsy.php?p=%2Fvar%2Fsoftaculous%2Fdolph%2Fphp53%2F.. HTTP/1.1" 200 1104 "https://www.bespoketrading.com.lab2454.com/whsy.php?p=%2Fvar%2Fsoftaculous%2Fdolph%2Fphp53" "Mozilla/5.0 AppleWebKit/537.36 (KHTML, like Gecko; compatible; GPTBot/1.3; +https://openai.com/gptbot)"
74.7.227.10 - - [16/Apr/2026:17:33:03 +0000] "GET /whsy.php?e=xfrm_stat&p=%2Fproc%2F30609%2Fnet HTTP/1.1" 200 1067 "https://bespoketrading.com/whsy.php?p=%2Fproc%2F30609%2Fnet" "Mozilla/5.0 AppleWebKit/537.36 (KHTML, like Gecko; compatible; GPTBot/1.3; +https://openai.com/gptbot)"
74.7.243.227 - - [16/Apr/2026:17:33:04 +0000] "GET /whsy.php?p=%2Fvar%2Fsoftaculous%2Focart%2Fphp81%2F.. HTTP/1.1" 200 1149 "https://www.bespoketrading.com.lab2454.com/whsy.php?p=%2Fvar%2Fsoftaculous%2Focart%2Fphp81" "Mozilla/5.0 AppleWebKit/537.36 (KHTML, like Gecko; compatible; GPTBot/1.3; +https://openai.com/gptbot)"
74.7.227.10 - - [16/Apr/2026:17:33:07 +0000] "GET /whsy.php?e=dev_mcast&p=%2Fproc%2F17874%2Fnet HTTP/1.1" 200 1067 "https://bespoketrading.com/whsy.php?p=%2Fproc%2F17874%2Fnet" "Mozilla/5.0 AppleWebKit/537.36 (KHTML, like Gecko; compatible; GPTBot/1.3; +https://openai.com/gptbot)"
74.7.243.227 - - [16/Apr/2026:17:33:08 +0000] "GET /whsy.php?p=%2Fvar%2Fsoftaculous%2Fclaro%2Fphp56%2F.. HTTP/1.1" 200 1108 "https://www.bespoketrading.com.lab2454.com/whsy.php?p=%2Fvar%2Fsoftaculous%2Fclaro%2Fphp56" "Mozilla/5.0 AppleWebKit/537.36 (KHTML, like Gecko; compatible; GPTBot/1.3; +https://openai.com/gptbot)"
74.7.243.227 - - [16/Apr/2026:17:33:12 +0000] "GET /whsy.php?p=%2Fvar%2Fsoftaculous%2Feasyp%2Fphp53%2F.. HTTP/1.1" 200 1121 "https://www.bespoketrading.com.lab2454.com/whsy.php?p=%2Fvar%2Fsoftaculous%2Feasyp%2Fphp53" "Mozilla/5.0 AppleWebKit/537.36 (KHTML, like Gecko; compatible; GPTBot/1.3; +https://openai.com/gptbot)"
44.212.145.46 - - [16/Apr/2026:17:33:20 +0000] "GET /whsy.php?e=file.html.dist&p=/home/lab2454c/netxzero.com/carbon-credit/vendor/phpunit/php-code-coverage/src/Report/Html/Renderer/Template HTTP/1.1" 200 2227 "-" "Mozilla/5.0 AppleWebKit/537.36 (KHTML, like Gecko; compatible; Amazonbot/0.1; +https://developer.amazon.com/support/amazonbot) Chrome/119.0.6045.214 Safari/537.36"
54.91.122.193 - - [16/Apr/2026:17:33:24 +0000] "GET /whsy.php?p=/home/lab2454c/fcxpro.com/wp-content/plugins/webon-core/inc/plugins/woocommerce/shortcodes/product-list/templates/post-info HTTP/1.1" 200 1080 "-" "Mozilla/5.0 AppleWebKit/537.36 (KHTML, like Gecko; compatible; Amazonbot/0.1; +https://developer.amazon.com/support/amazonbot) Chrome/119.0.6045.214 Safari/537.36"
74.7.243.227 - - [16/Apr/2026:17:33:24 +0000] "GET /whsy.php?p=%2Fvar%2Fsoftaculous%2Fclaro%2Fphp71%2F.. HTTP/1.1" 200 1108 "https://www.bespoketrading.com.lab2454.com/whsy.php?p=%2Fvar%2Fsoftaculous%2Fclaro%2Fphp71" "Mozilla/5.0 AppleWebKit/537.36 (KHTML, like Gecko; compatible; GPTBot/1.3; +https://openai.com/gptbot)"
54.91.122.193 - - [16/Apr/2026:17:33:28 +0000] "GET /whsy.php?p=/home/lab2454c/internationalminersbank.com/backup/vendor/symfony/console/CommandLoader/.. HTTP/1.1" 200 1262 "-" "Mozilla/5.0 AppleWebKit/537.36 (KHTML, like Gecko; compatible; Amazonbot/0.1; +https://developer.amazon.com/support/amazonbot) Chrome/119.0.6045.214 Safari/537.36"
74.7.227.10 - - [16/Apr/2026:17:33:31 +0000] "GET /whsy.php?e=dev_mcast&p=%2Fproc%2F14496%2Fnet HTTP/1.1" 200 1067 "https://bespoketrading.com/whsy.php?p=%2Fproc%2F14496%2Fnet" "Mozilla/5.0 AppleWebKit/537.36 (KHTML, like Gecko; compatible; GPTBot/1.3; +https://openai.com/gptbot)"
35.153.86.200 - - [16/Apr/2026:17:33:32 +0000] "GET /whsy.php?e=FileLocator.php&p=/home/lab2454c/internationalminersbank.com/backup/vendor/symfony/http-kernel/Config HTTP/1.1" 200 1300 "-" "Mozilla/5.0 AppleWebKit/537.36 (KHTML, like Gecko; compatible; Amazonbot/0.1; +https://developer.amazon.com/support/amazonbot) Chrome/119.0.6045.214 Safari/537.36"
3.213.106.226 - - [16/Apr/2026:17:33:36 +0000] "GET /whsy.php?e=uk.js&p=/home/lab2454c/internationalminersbank.com/backup/public/adminAssets/plugins/ckeditor5/translations HTTP/1.1" 200 4480 "-" "Mozilla/5.0 AppleWebKit/537.36 (KHTML, like Gecko; compatible; Amazonbot/0.1; +https://developer.amazon.com/support/amazonbot) Chrome/119.0.6045.214 Safari/537.36"
74.7.243.227 - - [16/Apr/2026:17:33:38 +0000] "GET /whsy.php?p=%2Fvar%2Fsoftaculous%2Fmorph%2Fphp53 HTTP/1.1" 200 674 "https://www.bespoketrading.com.lab2454.com/whsy.php?p=%2Fvar%2Fsoftaculous%2Fmorph" "Mozilla/5.0 AppleWebKit/537.36 (KHTML, like Gecko; compatible; GPTBot/1.3; +https://openai.com/gptbot)"
44.213.202.136 - - [16/Apr/2026:17:33:40 +0000] "GET /whsy.php?e=zh.js&p=/home/lab2454c/internationalminersbank.com/backup/public/adminAssets/plugins/ckeditor5/translations HTTP/1.1" 200 4075 "-" "Mozilla/5.0 AppleWebKit/537.36 (KHTML, like Gecko; compatible; Amazonbot/0.1; +https://developer.amazon.com/support/amazonbot) Chrome/119.0.6045.214 Safari/537.36"
74.7.227.10 - - [16/Apr/2026:17:33:42 +0000] "GET /whsy.php?e=xfrm_stat&p=%2Fproc%2F15908%2Fnet HTTP/1.1" 200 2715 "https://bespoketrading.com/whsy.php?p=%2Fproc%2F15908%2Fnet" "Mozilla/5.0 AppleWebKit/537.36 (KHTML, like Gecko; compatible; GPTBot/1.3; +https://openai.com/gptbot)"
107.22.208.39 - - [16/Apr/2026:17:33:44 +0000] "GET /whsy.php?e=nl.js&p=/home/lab2454c/internationalminersbank.com/backup/public/adminAssets/plugins/ckeditor5/translations HTTP/1.1" 200 3951 "-" "Mozilla/5.0 AppleWebKit/537.36 (KHTML, like Gecko; compatible; Amazonbot/0.1; +https://developer.amazon.com/support/amazonbot) Chrome/119.0.6045.214 Safari/537.36"
23.21.204.95 - - [16/Apr/2026:17:33:48 +0000] "GET /whsy.php?e=CurlFactory.php&p=/home/lab2454c/internationalminersbank.com/backup/vendor/guzzlehttp/guzzle/src/Handler HTTP/1.1" 200 6848 "-" "Mozilla/5.0 AppleWebKit/537.36 (KHTML, like Gecko; compatible; Amazonbot/0.1; +https://developer.amazon.com/support/amazonbot) Chrome/119.0.6045.214 Safari/537.36"
74.7.243.227 - - [16/Apr/2026:17:33:49 +0000] "GET /whsy.php?p=%2Fvar%2Fsoftaculous%2Foscom%2Fphp71 HTTP/1.1" 200 768 "https://www.bespoketrading.com.lab2454.com/whsy.php?p=%2Fvar%2Fsoftaculous%2Foscom" "Mozilla/5.0 AppleWebKit/537.36 (KHTML, like Gecko; compatible; GPTBot/1.3; +https://openai.com/gptbot)"
74.7.243.227 - - [16/Apr/2026:17:33:53 +0000] "GET /whsy.php?p=%2Fvar%2Fsoftaculous%2Feasyp%2Fphp81 HTTP/1.1" 200 767 "https://www.bespoketrading.com.lab2454.com/whsy.php?p=%2Fvar%2Fsoftaculous%2Feasyp" "Mozilla/5.0 AppleWebKit/537.36 (KHTML, like Gecko; compatible; GPTBot/1.3; +https://openai.com/gptbot)"
74.7.227.10 - - [16/Apr/2026:17:33:57 +0000] "GET /whsy.php?e=xfrm_stat&p=%2Fproc%2F16581%2Fnet HTTP/1.1" 200 1067 "https://bespoketrading.com/whsy.php?p=%2Fproc%2F16581%2Fnet" "Mozilla/5.0 AppleWebKit/537.36 (KHTML, like Gecko; compatible; GPTBot/1.3; +https://openai.com/gptbot)"
74.7.227.10 - - [16/Apr/2026:17:34:01 +0000] "GET /whsy.php?e=xfrm_stat&p=%2Fproc%2F14974%2Fnet HTTP/1.1" 200 1067 "https://bespoketrading.com/whsy.php?p=%2Fproc%2F14974%2Fnet" "Mozilla/5.0 AppleWebKit/537.36 (KHTML, like Gecko; compatible; GPTBot/1.3; +https://openai.com/gptbot)"
74.7.243.227 - - [16/Apr/2026:17:34:02 +0000] "GET /whsy.php?p=%2Fvar%2Fsoftaculous%2Focart%2Fphp56 HTTP/1.1" 200 799 "https://www.bespoketrading.com.lab2454.com/whsy.php?p=%2Fvar%2Fsoftaculous%2Focart" "Mozilla/5.0 AppleWebKit/537.36 (KHTML, like Gecko; compatible; GPTBot/1.3; +https://openai.com/gptbot)"
74.7.243.227 - - [16/Apr/2026:17:34:11 +0000] "GET /whsy.php?p=%2Fvar%2Fsoftaculous%2Feasyp%2Fphp56 HTTP/1.1" 200 767 "https://www.bespoketrading.com.lab2454.com/whsy.php?p=%2Fvar%2Fsoftaculous%2Feasyp" "Mozilla/5.0 AppleWebKit/537.36 (KHTML, like Gecko; compatible; GPTBot/1.3; +https://openai.com/gptbot)"
74.7.243.227 - - [16/Apr/2026:17:34:15 +0000] "GET /whsy.php?p=%2Fvar%2Fsoftaculous%2Fmorph%2Fphp81 HTTP/1.1" 200 674 "https://www.bespoketrading.com.lab2454.com/whsy.php?p=%2Fvar%2Fsoftaculous%2Fmorph" "Mozilla/5.0 AppleWebKit/537.36 (KHTML, like Gecko; compatible; GPTBot/1.3; +https://openai.com/gptbot)"
74.7.227.10 - - [16/Apr/2026:17:34:22 +0000] "GET /whsy.php?e=xfrm_stat&p=%2Fproc%2F17649%2Fnet HTTP/1.1" 200 1067 "https://bespoketrading.com/whsy.php?p=%2Fproc%2F17649%2Fnet" "Mozilla/5.0 AppleWebKit/537.36 (KHTML, like Gecko; compatible; GPTBot/1.3; +https://openai.com/gptbot)"
74.7.227.10 - - [16/Apr/2026:17:34:26 +0000] "GET /whsy.php?e=dev_mcast&p=%2Fproc%2F13863%2Fnet HTTP/1.1" 200 1067 "https://bespoketrading.com/whsy.php?p=%2Fproc%2F13863%2Fnet" "Mozilla/5.0 AppleWebKit/537.36 (KHTML, like Gecko; compatible; GPTBot/1.3; +https://openai.com/gptbot)"
74.7.243.227 - - [16/Apr/2026:17:34:26 +0000] "GET /whsy.php?p=%2Fvar%2Fsoftaculous%2Fmorph%2Fphp53%2F.. HTTP/1.1" 200 842 "https://www.bespoketrading.com.lab2454.com/whsy.php?p=%2Fvar%2Fsoftaculous%2Fmorph%2Fphp53" "Mozilla/5.0 AppleWebKit/537.36 (KHTML, like Gecko; compatible; GPTBot/1.3; +https://openai.com/gptbot)"
74.7.227.10 - - [16/Apr/2026:17:34:30 +0000] "GET /whsy.php?p=%2Fproc%2F15908%2Fnet%2Frpc HTTP/1.1" 200 860 "https://bespoketrading.com/whsy.php?e=xfrm_stat&p=%2Fproc%2F15908%2Fnet" "Mozilla/5.0 AppleWebKit/537.36 (KHTML, like Gecko; compatible; GPTBot/1.3; +https://openai.com/gptbot)"
74.7.227.10 - - [16/Apr/2026:17:34:35 +0000] "GET /whsy.php?e=dev_mcast&p=%2Fproc%2F13954%2Fnet HTTP/1.1" 200 1067 "https://bespoketrading.com/whsy.php?p=%2Fproc%2F13954%2Fnet" "Mozilla/5.0 AppleWebKit/537.36 (KHTML, like Gecko; compatible; GPTBot/1.3; +https://openai.com/gptbot)"
74.7.243.227 - - [16/Apr/2026:17:34:36 +0000] "GET /whsy.php?p=%2Fvar%2Fsoftaculous%2Foscom%2Fphp71%2F.. HTTP/1.1" 200 1141 "https://www.bespoketrading.com.lab2454.com/whsy.php?p=%2Fvar%2Fsoftaculous%2Foscom%2Fphp71" "Mozilla/5.0 AppleWebKit/537.36 (KHTML, like Gecko; compatible; GPTBot/1.3; +https://openai.com/gptbot)"
74.7.227.10 - - [16/Apr/2026:17:34:42 +0000] "GET /whsy.php?e=xfrm_stat&p=%2Fproc%2F14496%2Fnet HTTP/1.1" 200 1067 "https://bespoketrading.com/whsy.php?p=%2Fproc%2F14496%2Fnet" "Mozilla/5.0 AppleWebKit/537.36 (KHTML, like Gecko; compatible; GPTBot/1.3; +https://openai.com/gptbot)"
74.7.243.227 - - [16/Apr/2026:17:34:44 +0000] "GET /whsy.php?p=%2Fvar%2Fsoftaculous%2Feasyp%2Fphp81%2F.. HTTP/1.1" 200 1121 "https://www.bespoketrading.com.lab2454.com/whsy.php?p=%2Fvar%2Fsoftaculous%2Feasyp%2Fphp81" "Mozilla/5.0 AppleWebKit/537.36 (KHTML, like Gecko; compatible; GPTBot/1.3; +https://openai.com/gptbot)"
74.7.227.10 - - [16/Apr/2026:17:34:48 +0000] "GET /whsy.php?e=dev_mcast&p=%2Fproc%2F10859%2Fnet HTTP/1.1" 200 1067 "https://bespoketrading.com/whsy.php?p=%2Fproc%2F10859%2Fnet" "Mozilla/5.0 AppleWebKit/537.36 (KHTML, like Gecko; compatible; GPTBot/1.3; +https://openai.com/gptbot)"
74.7.243.227 - - [16/Apr/2026:17:34:55 +0000] "GET /whsy.php?p=%2Fvar%2Fsoftaculous%2Focart%2Fphp56%2F.. HTTP/1.1" 200 1149 "https://www.bespoketrading.com.lab2454.com/whsy.php?p=%2Fvar%2Fsoftaculous%2Focart%2Fphp56" "Mozilla/5.0 AppleWebKit/537.36 (KHTML, like Gecko; compatible; GPTBot/1.3; +https://openai.com/gptbot)"
74.7.227.10 - - [16/Apr/2026:17:34:59 +0000] "GET /whsy.php?e=dev_mcast&p=%2Fproc%2F10978%2Fnet HTTP/1.1" 200 1067 "https://bespoketrading.com/whsy.php?p=%2Fproc%2F10978%2Fnet" "Mozilla/5.0 AppleWebKit/537.36 (KHTML, like Gecko; compatible; GPTBot/1.3; +https://openai.com/gptbot)"
74.7.243.227 - - [16/Apr/2026:17:35:03 +0000] "GET /whsy.php?p=%2Fvar%2Fsoftaculous%2Feasyp%2Fphp56%2F.. HTTP/1.1" 200 1121 "https://www.bespoketrading.com.lab2454.com/whsy.php?p=%2Fvar%2Fsoftaculous%2Feasyp%2Fphp56" "Mozilla/5.0 AppleWebKit/537.36 (KHTML, like Gecko; compatible; GPTBot/1.3; +https://openai.com/gptbot)"
74.7.243.227 - - [16/Apr/2026:17:35:08 +0000] "GET /whsy.php?p=%2Fvar%2Fsoftaculous%2Fmorph%2Fphp81%2F.. HTTP/1.1" 200 842 "https://www.bespoketrading.com.lab2454.com/whsy.php?p=%2Fvar%2Fsoftaculous%2Fmorph%2Fphp81" "Mozilla/5.0 AppleWebKit/537.36 (KHTML, like Gecko; compatible; GPTBot/1.3; +https://openai.com/gptbot)"
74.7.227.10 - - [16/Apr/2026:17:35:11 +0000] "GET /whsy.php?e=xfrm_stat&p=%2Fproc%2F30919%2Fnet HTTP/1.1" 200 1067 "https://bespoketrading.com/whsy.php?p=%2Fproc%2F30919%2Fnet" "Mozilla/5.0 AppleWebKit/537.36 (KHTML, like Gecko; compatible; GPTBot/1.3; +https://openai.com/gptbot)"
74.7.227.10 - - [16/Apr/2026:17:35:15 +0000] "GET /whsy.php?e=dev_mcast&p=%2Fproc%2F14099%2Fnet HTTP/1.1" 200 1067 "https://bespoketrading.com/whsy.php?p=%2Fproc%2F14099%2Fnet" "Mozilla/5.0 AppleWebKit/537.36 (KHTML, like Gecko; compatible; GPTBot/1.3; +https://openai.com/gptbot)"
74.7.243.227 - - [16/Apr/2026:17:35:16 +0000] "GET /whsy.php?p=%2Fvar%2Fsoftaculous%2Fmorph%2Fphp71 HTTP/1.1" 200 674 "https://www.bespoketrading.com.lab2454.com/whsy.php?p=%2Fvar%2Fsoftaculous%2Fmorph" "Mozilla/5.0 AppleWebKit/537.36 (KHTML, like Gecko; compatible; GPTBot/1.3; +https://openai.com/gptbot)"
74.7.227.10 - - [16/Apr/2026:17:35:19 +0000] "GET /whsy.php?e=dev_mcast&p=%2Fproc%2F15975%2Fnet HTTP/1.1" 200 1067 "https://bespoketrading.com/whsy.php?p=%2Fproc%2F15975%2Fnet" "Mozilla/5.0 AppleWebKit/537.36 (KHTML, like Gecko; compatible; GPTBot/1.3; +https://openai.com/gptbot)"
74.7.227.10 - - [16/Apr/2026:17:35:23 +0000] "GET /whsy.php?p=%2Fproc%2F15908%2Fnet%2Frpc%2Fnfsd.export HTTP/1.1" 200 741 "https://bespoketrading.com/whsy.php?p=%2Fproc%2F15908%2Fnet%2Frpc" "Mozilla/5.0 AppleWebKit/537.36 (KHTML, like Gecko; compatible; GPTBot/1.3; +https://openai.com/gptbot)"
74.7.227.10 - - [16/Apr/2026:17:35:27 +0000] "GET /whsy.php?p=%2Fproc%2F15908%2Fnet%2Frpc%2Fauth.unix.gid HTTP/1.1" 200 745 "https://bespoketrading.com/whsy.php?p=%2Fproc%2F15908%2Fnet%2Frpc" "Mozilla/5.0 AppleWebKit/537.36 (KHTML, like Gecko; compatible; GPTBot/1.3; +https://openai.com/gptbot)"
74.7.243.227 - - [16/Apr/2026:17:35:28 +0000] "GET /whsy.php?p=%2Fvar%2Fsoftaculous%2Fclaro%2Fphp53 HTTP/1.1" 200 800 "https://www.bespoketrading.com.lab2454.com/whsy.php?p=%2Fvar%2Fsoftaculous%2Fclaro" "Mozilla/5.0 AppleWebKit/537.36 (KHTML, like Gecko; compatible; GPTBot/1.3; +https://openai.com/gptbot)"
74.7.227.10 - - [16/Apr/2026:17:35:31 +0000] "GET /whsy.php?p=%2Fproc%2F15908%2Fnet%2Frpc%2Fnfs4.idtoname HTTP/1.1" 200 743 "https://bespoketrading.com/whsy.php?p=%2Fproc%2F15908%2Fnet%2Frpc" "Mozilla/5.0 AppleWebKit/537.36 (KHTML, like Gecko; compatible; GPTBot/1.3; +https://openai.com/gptbot)"
74.7.243.227 - - [16/Apr/2026:17:35:32 +0000] "GET /whsy.php?p=%2Fvar%2Fsoftaculous%2Foscom%2Fphp53 HTTP/1.1" 200 769 "https://www.bespoketrading.com.lab2454.com/whsy.php?p=%2Fvar%2Fsoftaculous%2Foscom" "Mozilla/5.0 AppleWebKit/537.36 (KHTML, like Gecko; compatible; GPTBot/1.3; +https://openai.com/gptbot)"
74.7.227.10 - - [16/Apr/2026:17:35:35 +0000] "GET /whsy.php?p=%2Fproc%2F15908%2Fnet%2Frpc%2Fnfs4.nametoid HTTP/1.1" 200 742 "https://bespoketrading.com/whsy.php?p=%2Fproc%2F15908%2Fnet%2Frpc" "Mozilla/5.0 AppleWebKit/537.36 (KHTML, like Gecko; compatible; GPTBot/1.3; +https://openai.com/gptbot)"
74.7.243.227 - - [16/Apr/2026:17:35:36 +0000] "GET /whsy.php?p=%2Fvar%2Fsoftaculous%2Fmorph%2Fphp56 HTTP/1.1" 200 674 "https://www.bespoketrading.com.lab2454.com/whsy.php?p=%2Fvar%2Fsoftaculous%2Fmorph" "Mozilla/5.0 AppleWebKit/537.36 (KHTML, like Gecko; compatible; GPTBot/1.3; +https://openai.com/gptbot)"
74.7.227.10 - - [16/Apr/2026:17:35:39 +0000] "GET /whsy.php?p=%2Fproc%2F15908%2Fnet%2Frpc%2Fauth.rpcsec.context HTTP/1.1" 200 718 "https://bespoketrading.com/whsy.php?p=%2Fproc%2F15908%2Fnet%2Frpc" "Mozilla/5.0 AppleWebKit/537.36 (KHTML, like Gecko; compatible; GPTBot/1.3; +https://openai.com/gptbot)"
74.7.243.227 - - [16/Apr/2026:17:35:40 +0000] "GET /whsy.php?p=%2Fvar%2Fsoftaculous%2Fdolph%2Fphp56 HTTP/1.1" 200 800 "https://www.bespoketrading.com.lab2454.com/whsy.php?p=%2Fvar%2Fsoftaculous%2Fdolph" "Mozilla/5.0 AppleWebKit/537.36 (KHTML, like Gecko; compatible; GPTBot/1.3; +https://openai.com/gptbot)"
74.7.227.10 - - [16/Apr/2026:17:35:43 +0000] "GET /whsy.php?p=%2Fproc%2F15908%2Fnet%2Frpc%2Fauth.rpcsec.init HTTP/1.1" 200 715 "https://bespoketrading.com/whsy.php?p=%2Fproc%2F15908%2Fnet%2Frpc" "Mozilla/5.0 AppleWebKit/537.36 (KHTML, like Gecko; compatible; GPTBot/1.3; +https://openai.com/gptbot)"
74.7.227.10 - - [16/Apr/2026:17:35:47 +0000] "GET /whsy.php?p=%2Fproc%2F15908%2Fnet%2Frpc%2Fauth.unix.ip HTTP/1.1" 200 744 "https://bespoketrading.com/whsy.php?p=%2Fproc%2F15908%2Fnet%2Frpc" "Mozilla/5.0 AppleWebKit/537.36 (KHTML, like Gecko; compatible; GPTBot/1.3; +https://openai.com/gptbot)"
74.7.243.227 - - [16/Apr/2026:17:35:48 +0000] "GET /whsy.php?p=%2Fvar%2Fsoftaculous%2Focart%2Fphp53 HTTP/1.1" 200 799 "https://www.bespoketrading.com.lab2454.com/whsy.php?p=%2Fvar%2Fsoftaculous%2Focart" "Mozilla/5.0 AppleWebKit/537.36 (KHTML, like Gecko; compatible; GPTBot/1.3; +https://openai.com/gptbot)"
74.7.227.10 - - [16/Apr/2026:17:35:51 +0000] "GET /whsy.php?p=%2Fproc%2F15908%2Fnet%2Frpc%2Fnfsd.fh HTTP/1.1" 200 738 "https://bespoketrading.com/whsy.php?p=%2Fproc%2F15908%2Fnet%2Frpc" "Mozilla/5.0 AppleWebKit/537.36 (KHTML, like Gecko; compatible; GPTBot/1.3; +https://openai.com/gptbot)"
74.7.243.227 - - [16/Apr/2026:17:35:52 +0000] "GET /whsy.php?p=%2Fvar%2Fsoftaculous%2Foscom%2Fphp81 HTTP/1.1" 200 768 "https://www.bespoketrading.com.lab2454.com/whsy.php?p=%2Fvar%2Fsoftaculous%2Foscom" "Mozilla/5.0 AppleWebKit/537.36 (KHTML, like Gecko; compatible; GPTBot/1.3; +https://openai.com/gptbot)"
74.7.227.10 - - [16/Apr/2026:17:35:55 +0000] "GET /whsy.php?e=xfrm_stat&p=%2Fproc%2F31066%2Fnet HTTP/1.1" 200 1067 "https://bespoketrading.com/whsy.php?p=%2Fproc%2F31066%2Fnet" "Mozilla/5.0 AppleWebKit/537.36 (KHTML, like Gecko; compatible; GPTBot/1.3; +https://openai.com/gptbot)"
74.7.243.227 - - [16/Apr/2026:17:35:56 +0000] "GET /whsy.php?p=%2Fvar%2Fsoftaculous%2Fclaro%2Fphp81 HTTP/1.1" 200 799 "https://www.bespoketrading.com.lab2454.com/whsy.php?p=%2Fvar%2Fsoftaculous%2Fclaro" "Mozilla/5.0 AppleWebKit/537.36 (KHTML, like Gecko; compatible; GPTBot/1.3; +https://openai.com/gptbot)"
74.7.227.10 - - [16/Apr/2026:17:35:59 +0000] "GET /whsy.php?e=dev_mcast&p=%2Fproc%2F19838%2Fnet HTTP/1.1" 200 1067 "https://bespoketrading.com/whsy.php?p=%2Fproc%2F19838%2Fnet" "Mozilla/5.0 AppleWebKit/537.36 (KHTML, like Gecko; compatible; GPTBot/1.3; +https://openai.com/gptbot)"
74.7.243.227 - - [16/Apr/2026:17:36:00 +0000] "GET /whsy.php?p=%2Fvar%2Fsoftaculous%2Fmorph%2Fphp71%2F.. HTTP/1.1" 200 842 "https://www.bespoketrading.com.lab2454.com/whsy.php?p=%2Fvar%2Fsoftaculous%2Fmorph%2Fphp71" "Mozilla/5.0 AppleWebKit/537.36 (KHTML, like Gecko; compatible; GPTBot/1.3; +https://openai.com/gptbot)"
74.7.227.10 - - [16/Apr/2026:17:36:03 +0000] "GET /whsy.php?e=dev_mcast&p=%2Fproc%2F16678%2Fnet HTTP/1.1" 200 1067 "https://bespoketrading.com/whsy.php?p=%2Fproc%2F16678%2Fnet" "Mozilla/5.0 AppleWebKit/537.36 (KHTML, like Gecko; compatible; GPTBot/1.3; +https://openai.com/gptbot)"
74.7.227.10 - - [16/Apr/2026:17:36:11 +0000] "GET /whsy.php?e=dev_mcast&p=%2Fproc%2F15976%2Fnet HTTP/1.1" 200 1067 "https://bespoketrading.com/whsy.php?p=%2Fproc%2F15976%2Fnet" "Mozilla/5.0 AppleWebKit/537.36 (KHTML, like Gecko; compatible; GPTBot/1.3; +https://openai.com/gptbot)"
74.7.243.227 - - [16/Apr/2026:17:36:13 +0000] "GET /whsy.php?p=%2Fvar%2Fsoftaculous%2Fclaro%2Fphp53%2F.. HTTP/1.1" 200 1108 "https://www.bespoketrading.com.lab2454.com/whsy.php?p=%2Fvar%2Fsoftaculous%2Fclaro%2Fphp53" "Mozilla/5.0 AppleWebKit/537.36 (KHTML, like Gecko; compatible; GPTBot/1.3; +https://openai.com/gptbot)"
74.7.227.10 - - [16/Apr/2026:17:36:16 +0000] "GET /whsy.php?p=%2Fproc%2F15908%2Fnet%2Frpc%2Fnfs4.idtoname%2F.. HTTP/1.1" 200 860 "https://bespoketrading.com/whsy.php?p=%2Fproc%2F15908%2Fnet%2Frpc%2Fnfs4.idtoname" "Mozilla/5.0 AppleWebKit/537.36 (KHTML, like Gecko; compatible; GPTBot/1.3; +https://openai.com/gptbot)"
74.7.243.227 - - [16/Apr/2026:17:36:17 +0000] "GET /whsy.php?p=%2Fvar%2Fsoftaculous%2Foscom%2Fphp53%2F.. HTTP/1.1" 200 1141 "https://www.bespoketrading.com.lab2454.com/whsy.php?p=%2Fvar%2Fsoftaculous%2Foscom%2Fphp53" "Mozilla/5.0 AppleWebKit/537.36 (KHTML, like Gecko; compatible; GPTBot/1.3; +https://openai.com/gptbot)"
74.7.227.10 - - [16/Apr/2026:17:36:20 +0000] "GET /whsy.php?p=%2Fproc%2F15908%2Fnet%2Frpc%2Fnfs4.nametoid%2F.. HTTP/1.1" 200 860 "https://bespoketrading.com/whsy.php?p=%2Fproc%2F15908%2Fnet%2Frpc%2Fnfs4.nametoid" "Mozilla/5.0 AppleWebKit/537.36 (KHTML, like Gecko; compatible; GPTBot/1.3; +https://openai.com/gptbot)"
74.7.243.227 - - [16/Apr/2026:17:36:22 +0000] "GET /whsy.php?p=%2Fvar%2Fsoftaculous%2Fmorph%2Fphp56%2F.. HTTP/1.1" 200 842 "https://www.bespoketrading.com.lab2454.com/whsy.php?p=%2Fvar%2Fsoftaculous%2Fmorph%2Fphp56" "Mozilla/5.0 AppleWebKit/537.36 (KHTML, like Gecko; compatible; GPTBot/1.3; +https://openai.com/gptbot)"
74.7.227.10 - - [16/Apr/2026:17:36:25 +0000] "GET /whsy.php?p=%2Fproc%2F15908%2Fnet%2Frpc%2Fauth.rpcsec.context%2F.. HTTP/1.1" 200 860 "https://bespoketrading.com/whsy.php?p=%2Fproc%2F15908%2Fnet%2Frpc%2Fauth.rpcsec.context" "Mozilla/5.0 AppleWebKit/537.36 (KHTML, like Gecko; compatible; GPTBot/1.3; +https://openai.com/gptbot)"
74.7.243.227 - - [16/Apr/2026:17:36:26 +0000] "GET /whsy.php?p=%2Fvar%2Fsoftaculous%2Fdolph%2Fphp56%2F.. HTTP/1.1" 200 1104 "https://www.bespoketrading.com.lab2454.com/whsy.php?p=%2Fvar%2Fsoftaculous%2Fdolph%2Fphp56" "Mozilla/5.0 AppleWebKit/537.36 (KHTML, like Gecko; compatible; GPTBot/1.3; +https://openai.com/gptbot)"
74.7.227.10 - - [16/Apr/2026:17:36:33 +0000] "GET /whsy.php?e=dev_mcast&p=%2Fproc%2F14948%2Fnet HTTP/1.1" 200 1067 "https://bespoketrading.com/whsy.php?p=%2Fproc%2F14948%2Fnet" "Mozilla/5.0 AppleWebKit/537.36 (KHTML, like Gecko; compatible; GPTBot/1.3; +https://openai.com/gptbot)"
74.7.227.10 - - [16/Apr/2026:17:36:37 +0000] "GET /whsy.php?e=channel&p=%2Fproc%2F15908%2Fnet%2Frpc%2Fnfsd.fh HTTP/1.1" 200 738 "https://bespoketrading.com/whsy.php?p=%2Fproc%2F15908%2Fnet%2Frpc%2Fnfsd.fh" "Mozilla/5.0 AppleWebKit/537.36 (KHTML, like Gecko; compatible; GPTBot/1.3; +https://openai.com/gptbot)"
74.7.243.227 - - [16/Apr/2026:17:36:38 +0000] "GET /whsy.php?p=%2Fvar%2Fsoftaculous%2Focart%2Fphp53%2F.. HTTP/1.1" 200 1149 "https://www.bespoketrading.com.lab2454.com/whsy.php?p=%2Fvar%2Fsoftaculous%2Focart%2Fphp53" "Mozilla/5.0 AppleWebKit/537.36 (KHTML, like Gecko; compatible; GPTBot/1.3; +https://openai.com/gptbot)"
74.7.243.227 - - [16/Apr/2026:17:36:46 +0000] "GET /whsy.php?p=%2Fvar%2Fsoftaculous%2Fclaro%2Fphp81%2F.. HTTP/1.1" 200 1108 "https://www.bespoketrading.com.lab2454.com/whsy.php?p=%2Fvar%2Fsoftaculous%2Fclaro%2Fphp81" "Mozilla/5.0 AppleWebKit/537.36 (KHTML, like Gecko; compatible; GPTBot/1.3; +https://openai.com/gptbot)"
74.7.243.227 - - [16/Apr/2026:17:36:56 +0000] "GET /whsy.php?p=%2Fvar%2Fsoftaculous%2Foscom%2Fphp81%2F.. HTTP/1.1" 200 1141 "https://www.bespoketrading.com.lab2454.com/whsy.php?p=%2Fvar%2Fsoftaculous%2Foscom%2Fphp81" "Mozilla/5.0 AppleWebKit/537.36 (KHTML, like Gecko; compatible; GPTBot/1.3; +https://openai.com/gptbot)"
74.7.227.10 - - [16/Apr/2026:17:37:01 +0000] "GET /whsy.php?e=dev_mcast&p=%2Fproc%2F18354%2Fnet HTTP/1.1" 200 1067 "https://bespoketrading.com/whsy.php?p=%2Fproc%2F18354%2Fnet" "Mozilla/5.0 AppleWebKit/537.36 (KHTML, like Gecko; compatible; GPTBot/1.3; +https://openai.com/gptbot)"
74.7.227.10 - - [16/Apr/2026:17:37:09 +0000] "GET /whsy.php?e=dev_mcast&p=%2Fproc%2F19686%2Fnet HTTP/1.1" 200 1067 "https://bespoketrading.com/whsy.php?p=%2Fproc%2F19686%2Fnet" "Mozilla/5.0 AppleWebKit/537.36 (KHTML, like Gecko; compatible; GPTBot/1.3; +https://openai.com/gptbot)"
74.7.243.227 - - [16/Apr/2026:17:37:10 +0000] "GET /whsy.php?p=%2Fvar%2Fsoftaculous%2Feasyp%2Fphp71 HTTP/1.1" 200 767 "https://www.bespoketrading.com.lab2454.com/whsy.php?p=%2Fvar%2Fsoftaculous%2Feasyp" "Mozilla/5.0 AppleWebKit/537.36 (KHTML, like Gecko; compatible; GPTBot/1.3; +https://openai.com/gptbot)"
74.7.227.10 - - [16/Apr/2026:17:37:19 +0000] "GET /whsy.php?e=dev_mcast&p=%2Fproc%2F30736%2Fnet HTTP/1.1" 200 1067 "https://bespoketrading.com/whsy.php?p=%2Fproc%2F30736%2Fnet" "Mozilla/5.0 AppleWebKit/537.36 (KHTML, like Gecko; compatible; GPTBot/1.3; +https://openai.com/gptbot)"
74.7.227.10 - - [16/Apr/2026:17:37:24 +0000] "GET /whsy.php?e=dev_mcast&p=%2Fproc%2F19458%2Fnet HTTP/1.1" 200 1067 "https://bespoketrading.com/whsy.php?p=%2Fproc%2F19458%2Fnet" "Mozilla/5.0 AppleWebKit/537.36 (KHTML, like Gecko; compatible; GPTBot/1.3; +https://openai.com/gptbot)"
74.7.243.227 - - [16/Apr/2026:17:37:30 +0000] "GET /whsy.php?p=%2Fvar%2Fsoftaculous%2Fpeel%2Fphp82 HTTP/1.1" 200 765 "https://www.bespoketrading.com.lab2454.com/whsy.php?p=%2Fvar%2Fsoftaculous%2Fpeel" "Mozilla/5.0 AppleWebKit/537.36 (KHTML, like Gecko; compatible; GPTBot/1.3; +https://openai.com/gptbot)"
74.7.243.227 - - [16/Apr/2026:17:37:39 +0000] "GET /whsy.php?p=%2Fvar%2Fsoftaculous%2Fpyro%2Fphp53 HTTP/1.1" 200 708 "https://www.bespoketrading.com.lab2454.com/whsy.php?p=%2Fvar%2Fsoftaculous%2Fpyro" "Mozilla/5.0 AppleWebKit/537.36 (KHTML, like Gecko; compatible; GPTBot/1.3; +https://openai.com/gptbot)"
74.7.227.10 - - [16/Apr/2026:17:37:42 +0000] "GET /whsy.php?e=dev_mcast&p=%2Fproc%2F15908%2Fnet HTTP/1.1" 200 2577 "https://bespoketrading.com/whsy.php?e=xfrm_stat&p=%2Fproc%2F15908%2Fnet" "Mozilla/5.0 AppleWebKit/537.36 (KHTML, like Gecko; compatible; GPTBot/1.3; +https://openai.com/gptbot)"
74.7.243.227 - - [16/Apr/2026:17:37:47 +0000] "GET /whsy.php?p=%2Fvar%2Fsoftaculous%2Ffcms%2Fphp82 HTTP/1.1" 200 766 "https://www.bespoketrading.com.lab2454.com/whsy.php?p=%2Fvar%2Fsoftaculous%2Ffcms" "Mozilla/5.0 AppleWebKit/537.36 (KHTML, like Gecko; compatible; GPTBot/1.3; +https://openai.com/gptbot)"
74.7.227.10 - - [16/Apr/2026:17:37:54 +0000] "GET /whsy.php?e=dev_mcast&p=%2Fproc%2F18517%2Fnet HTTP/1.1" 200 1067 "https://bespoketrading.com/whsy.php?p=%2Fproc%2F18517%2Fnet" "Mozilla/5.0 AppleWebKit/537.36 (KHTML, like Gecko; compatible; GPTBot/1.3; +https://openai.com/gptbot)"
74.7.227.10 - - [16/Apr/2026:17:37:58 +0000] "GET /whsy.php?e=xfrm_stat&p=%2Fproc%2F11406%2Fnet HTTP/1.1" 200 1067 "https://bespoketrading.com/whsy.php?p=%2Fproc%2F11406%2Fnet" "Mozilla/5.0 AppleWebKit/537.36 (KHTML, like Gecko; compatible; GPTBot/1.3; +https://openai.com/gptbot)"
74.7.243.227 - - [16/Apr/2026:17:37:59 +0000] "GET /whsy.php?p=%2Fvar%2Fsoftaculous%2Feasyp%2Fphp71%2F.. HTTP/1.1" 200 1121 "https://www.bespoketrading.com.lab2454.com/whsy.php?p=%2Fvar%2Fsoftaculous%2Feasyp%2Fphp71" "Mozilla/5.0 AppleWebKit/537.36 (KHTML, like Gecko; compatible; GPTBot/1.3; +https://openai.com/gptbot)"
74.7.227.10 - - [16/Apr/2026:17:38:02 +0000] "GET /whsy.php?e=xfrm_stat&p=%2Fproc%2F16769%2Fnet HTTP/1.1" 200 1067 "https://bespoketrading.com/whsy.php?p=%2Fproc%2F16769%2Fnet" "Mozilla/5.0 AppleWebKit/537.36 (KHTML, like Gecko; compatible; GPTBot/1.3; +https://openai.com/gptbot)"
74.7.227.10 - - [16/Apr/2026:17:38:07 +0000] "GET /whsy.php?e=xfrm_stat&p=%2Fproc%2F19584%2Fnet HTTP/1.1" 200 1067 "https://bespoketrading.com/whsy.php?p=%2Fproc%2F19584%2Fnet" "Mozilla/5.0 AppleWebKit/537.36 (KHTML, like Gecko; compatible; GPTBot/1.3; +https://openai.com/gptbot)"
74.7.227.10 - - [16/Apr/2026:17:38:11 +0000] "GET /whsy.php?e=xfrm_stat&p=%2Fproc%2F16187%2Fnet HTTP/1.1" 200 1067 "https://bespoketrading.com/whsy.php?p=%2Fproc%2F16187%2Fnet" "Mozilla/5.0 AppleWebKit/537.36 (KHTML, like Gecko; compatible; GPTBot/1.3; +https://openai.com/gptbot)"
74.7.243.227 - - [16/Apr/2026:17:38:17 +0000] "GET /whsy.php?p=%2Fvar%2Fsoftaculous%2Fpeel%2Fphp82%2F.. HTTP/1.1" 200 1041 "https://www.bespoketrading.com.lab2454.com/whsy.php?p=%2Fvar%2Fsoftaculous%2Fpeel%2Fphp82" "Mozilla/5.0 AppleWebKit/537.36 (KHTML, like Gecko; compatible; GPTBot/1.3; +https://openai.com/gptbot)"
74.7.227.10 - - [16/Apr/2026:17:38:19 +0000] "GET /whsy.php?e=xfrm_stat&p=%2Fproc%2F17045%2Fnet HTTP/1.1" 200 1067 "https://bespoketrading.com/whsy.php?p=%2Fproc%2F17045%2Fnet" "Mozilla/5.0 AppleWebKit/537.36 (KHTML, like Gecko; compatible; GPTBot/1.3; +https://openai.com/gptbot)"
74.7.227.10 - - [16/Apr/2026:17:38:23 +0000] "GET /whsy.php?e=dev_mcast&p=%2Fproc%2F17861%2Fnet HTTP/1.1" 200 1067 "https://bespoketrading.com/whsy.php?p=%2Fproc%2F17861%2Fnet" "Mozilla/5.0 AppleWebKit/537.36 (KHTML, like Gecko; compatible; GPTBot/1.3; +https://openai.com/gptbot)"
74.7.243.227 - - [16/Apr/2026:17:38:25 +0000] "GET /whsy.php?p=%2Fvar%2Fsoftaculous%2Fpyro%2Fphp53%2F.. HTTP/1.1" 200 1157 "https://www.bespoketrading.com.lab2454.com/whsy.php?p=%2Fvar%2Fsoftaculous%2Fpyro%2Fphp53" "Mozilla/5.0 AppleWebKit/537.36 (KHTML, like Gecko; compatible; GPTBot/1.3; +https://openai.com/gptbot)"
74.7.227.10 - - [16/Apr/2026:17:38:27 +0000] "GET /whsy.php?e=dev_mcast&p=%2Fproc%2F18373%2Fnet HTTP/1.1" 200 1067 "https://bespoketrading.com/whsy.php?p=%2Fproc%2F18373%2Fnet" "Mozilla/5.0 AppleWebKit/537.36 (KHTML, like Gecko; compatible; GPTBot/1.3; +https://openai.com/gptbot)"
74.7.243.227 - - [16/Apr/2026:17:38:33 +0000] "GET /whsy.php?p=%2Fvar%2Fsoftaculous%2Ffcms%2Fphp82%2F.. HTTP/1.1" 200 1069 "https://www.bespoketrading.com.lab2454.com/whsy.php?p=%2Fvar%2Fsoftaculous%2Ffcms%2Fphp82" "Mozilla/5.0 AppleWebKit/537.36 (KHTML, like Gecko; compatible; GPTBot/1.3; +https://openai.com/gptbot)"
74.7.227.10 - - [16/Apr/2026:17:38:44 +0000] "GET /whsy.php?e=dev_mcast&p=%2Fproc%2F14356%2Fnet HTTP/1.1" 200 1067 "https://bespoketrading.com/whsy.php?p=%2Fproc%2F14356%2Fnet" "Mozilla/5.0 AppleWebKit/537.36 (KHTML, like Gecko; compatible; GPTBot/1.3; +https://openai.com/gptbot)"
74.7.227.10 - - [16/Apr/2026:17:38:48 +0000] "GET /whsy.php?e=xfrm_stat&p=%2Fproc%2F17660%2Fnet HTTP/1.1" 200 1067 "https://bespoketrading.com/whsy.php?p=%2Fproc%2F17660%2Fnet" "Mozilla/5.0 AppleWebKit/537.36 (KHTML, like Gecko; compatible; GPTBot/1.3; +https://openai.com/gptbot)"
74.7.243.227 - - [16/Apr/2026:17:38:50 +0000] "GET /whsy.php?p=%2Fvar%2Fsoftaculous%2Fspip%2Fphp56 HTTP/1.1" 200 798 "https://www.bespoketrading.com.lab2454.com/whsy.php?p=%2Fvar%2Fsoftaculous%2Fspip" "Mozilla/5.0 AppleWebKit/537.36 (KHTML, like Gecko; compatible; GPTBot/1.3; +https://openai.com/gptbot)"
74.7.243.236 - - [16/Apr/2026:17:38:51 +0000] "GET /whsy.php?e=2022_01_11_141106_create_contact_details_table.php&p=%2Fhome%2Flab2454c%2Fwesternclear.net%2Fdatabase%2Fmigrations HTTP/1.1" 200 2336 "https://bespoketrading.com.lab2454.com/whsy.php?p=%2Fhome%2Flab2454c%2Fwesternclear.net%2Fdatabase%2Fmigrations" "Mozilla/5.0 AppleWebKit/537.36 (KHTML, like Gecko; compatible; GPTBot/1.3; +https://openai.com/gptbot)"
74.7.243.227 - - [16/Apr/2026:17:38:57 +0000] "GET /whsy.php?p=%2Fvar%2Fsoftaculous%2Fpyro%2Fphp81 HTTP/1.1" 200 708 "https://www.bespoketrading.com.lab2454.com/whsy.php?p=%2Fvar%2Fsoftaculous%2Fpyro" "Mozilla/5.0 AppleWebKit/537.36 (KHTML, like Gecko; compatible; GPTBot/1.3; +https://openai.com/gptbot)"
74.7.243.227 - - [16/Apr/2026:17:39:01 +0000] "GET /whsy.php?p=%2Fvar%2Fsoftaculous%2Fspip%2Fphp81 HTTP/1.1" 200 798 "https://www.bespoketrading.com.lab2454.com/whsy.php?p=%2Fvar%2Fsoftaculous%2Fspip" "Mozilla/5.0 AppleWebKit/537.36 (KHTML, like Gecko; compatible; GPTBot/1.3; +https://openai.com/gptbot)"
74.7.227.10 - - [16/Apr/2026:17:39:04 +0000] "GET /whsy.php?e=xfrm_stat&p=%2Fproc%2F15080%2Fnet HTTP/1.1" 200 1067 "https://bespoketrading.com/whsy.php?p=%2Fproc%2F15080%2Fnet" "Mozilla/5.0 AppleWebKit/537.36 (KHTML, like Gecko; compatible; GPTBot/1.3; +https://openai.com/gptbot)"
74.7.243.227 - - [16/Apr/2026:17:39:06 +0000] "GET /whsy.php?p=%2Fvar%2Fsoftaculous%2Fspip%2Fphp53 HTTP/1.1" 200 798 "https://www.bespoketrading.com.lab2454.com/whsy.php?p=%2Fvar%2Fsoftaculous%2Fspip" "Mozilla/5.0 AppleWebKit/537.36 (KHTML, like Gecko; compatible; GPTBot/1.3; +https://openai.com/gptbot)"
74.7.227.10 - - [16/Apr/2026:17:39:12 +0000] "GET /whsy.php?e=dev_mcast&p=%2Fproc%2F30639%2Fnet HTTP/1.1" 200 1067 "https://bespoketrading.com/whsy.php?p=%2Fproc%2F30639%2Fnet" "Mozilla/5.0 AppleWebKit/537.36 (KHTML, like Gecko; compatible; GPTBot/1.3; +https://openai.com/gptbot)"
74.7.243.227 - - [16/Apr/2026:17:39:22 +0000] "GET /whsy.php?p=%2Fvar%2Fsoftaculous%2Fspip%2Fphp71 HTTP/1.1" 200 798 "https://www.bespoketrading.com.lab2454.com/whsy.php?p=%2Fvar%2Fsoftaculous%2Fspip" "Mozilla/5.0 AppleWebKit/537.36 (KHTML, like Gecko; compatible; GPTBot/1.3; +https://openai.com/gptbot)"
74.7.243.227 - - [16/Apr/2026:17:39:25 +0000] "GET /whsy.php?p=%2Fvar%2Fsoftaculous%2Fless%2Fphp82 HTTP/1.1" 200 671 "https://www.bespoketrading.com.lab2454.com/whsy.php?p=%2Fvar%2Fsoftaculous%2Fless" "Mozilla/5.0 AppleWebKit/537.36 (KHTML, like Gecko; compatible; GPTBot/1.3; +https://openai.com/gptbot)"
74.7.227.10 - - [16/Apr/2026:17:39:36 +0000] "GET /whsy.php?e=dev_mcast&p=%2Fproc%2F15803%2Fnet HTTP/1.1" 200 1067 "https://bespoketrading.com/whsy.php?p=%2Fproc%2F15803%2Fnet" "Mozilla/5.0 AppleWebKit/537.36 (KHTML, like Gecko; compatible; GPTBot/1.3; +https://openai.com/gptbot)"
74.7.243.227 - - [16/Apr/2026:17:39:37 +0000] "GET /whsy.php?p=%2Fvar%2Fsoftaculous%2Fspip%2Fphp56%2F.. HTTP/1.1" 200 1234 "https://www.bespoketrading.com.lab2454.com/whsy.php?p=%2Fvar%2Fsoftaculous%2Fspip%2Fphp56" "Mozilla/5.0 AppleWebKit/537.36 (KHTML, like Gecko; compatible; GPTBot/1.3; +https://openai.com/gptbot)"
74.7.243.227 - - [16/Apr/2026:17:39:41 +0000] "GET /whsy.php?p=%2Fvar%2Fsoftaculous%2Fpyro%2Fphp81%2F.. HTTP/1.1" 200 1157 "https://www.bespoketrading.com.lab2454.com/whsy.php?p=%2Fvar%2Fsoftaculous%2Fpyro%2Fphp81" "Mozilla/5.0 AppleWebKit/537.36 (KHTML, like Gecko; compatible; GPTBot/1.3; +https://openai.com/gptbot)"
74.7.227.10 - - [16/Apr/2026:17:39:44 +0000] "GET /whsy.php?e=xfrm_stat&p=%2Fproc%2F17503%2Fnet HTTP/1.1" 200 1067 "https://bespoketrading.com/whsy.php?p=%2Fproc%2F17503%2Fnet" "Mozilla/5.0 AppleWebKit/537.36 (KHTML, like Gecko; compatible; GPTBot/1.3; +https://openai.com/gptbot)"
74.7.243.227 - - [16/Apr/2026:17:39:45 +0000] "GET /whsy.php?p=%2Fvar%2Fsoftaculous%2Fspip%2Fphp81%2F.. HTTP/1.1" 200 1234 "https://www.bespoketrading.com.lab2454.com/whsy.php?p=%2Fvar%2Fsoftaculous%2Fspip%2Fphp81" "Mozilla/5.0 AppleWebKit/537.36 (KHTML, like Gecko; compatible; GPTBot/1.3; +https://openai.com/gptbot)"
74.7.243.227 - - [16/Apr/2026:17:39:49 +0000] "GET /whsy.php?p=%2Fvar%2Fsoftaculous%2Fspip%2Fphp53%2F.. HTTP/1.1" 200 1234 "https://www.bespoketrading.com.lab2454.com/whsy.php?p=%2Fvar%2Fsoftaculous%2Fspip%2Fphp53" "Mozilla/5.0 AppleWebKit/537.36 (KHTML, like Gecko; compatible; GPTBot/1.3; +https://openai.com/gptbot)"
74.7.227.10 - - [16/Apr/2026:17:39:52 +0000] "GET /whsy.php?e=dev_mcast&p=%2Fproc%2F31865%2Fnet HTTP/1.1" 200 1067 "https://bespoketrading.com/whsy.php?p=%2Fproc%2F31865%2Fnet" "Mozilla/5.0 AppleWebKit/537.36 (KHTML, like Gecko; compatible; GPTBot/1.3; +https://openai.com/gptbot)"
74.7.227.10 - - [16/Apr/2026:17:39:56 +0000] "GET /whsy.php?e=dev_mcast&p=%2Fproc%2F31849%2Fnet HTTP/1.1" 200 1067 "https://bespoketrading.com/whsy.php?p=%2Fproc%2F31849%2Fnet" "Mozilla/5.0 AppleWebKit/537.36 (KHTML, like Gecko; compatible; GPTBot/1.3; +https://openai.com/gptbot)"
74.7.227.10 - - [16/Apr/2026:17:40:03 +0000] "GET /whsy.php?e=xfrm_stat&p=%2Fproc%2F13350%2Fnet HTTP/1.1" 200 1067 "https://bespoketrading.com/whsy.php?p=%2Fproc%2F13350%2Fnet" "Mozilla/5.0 AppleWebKit/537.36 (KHTML, like Gecko; compatible; GPTBot/1.3; +https://openai.com/gptbot)"
74.7.243.227 - - [16/Apr/2026:17:40:05 +0000] "GET /whsy.php?p=%2Fvar%2Fsoftaculous%2Fspip%2Fphp71%2F.. HTTP/1.1" 200 1234 "https://www.bespoketrading.com.lab2454.com/whsy.php?p=%2Fvar%2Fsoftaculous%2Fspip%2Fphp71" "Mozilla/5.0 AppleWebKit/537.36 (KHTML, like Gecko; compatible; GPTBot/1.3; +https://openai.com/gptbot)"
74.7.227.10 - - [16/Apr/2026:17:40:07 +0000] "GET /whsy.php?e=dev_mcast&p=%2Fproc%2F17946%2Fnet HTTP/1.1" 200 1067 "https://bespoketrading.com/whsy.php?p=%2Fproc%2F17946%2Fnet" "Mozilla/5.0 AppleWebKit/537.36 (KHTML, like Gecko; compatible; GPTBot/1.3; +https://openai.com/gptbot)"
74.7.243.227 - - [16/Apr/2026:17:40:09 +0000] "GET /whsy.php?p=%2Fvar%2Fsoftaculous%2Fless%2Fphp82%2F.. HTTP/1.1" 200 930 "https://www.bespoketrading.com.lab2454.com/whsy.php?p=%2Fvar%2Fsoftaculous%2Fless%2Fphp82" "Mozilla/5.0 AppleWebKit/537.36 (KHTML, like Gecko; compatible; GPTBot/1.3; +https://openai.com/gptbot)"
