217.182.194.2 - - [16/Apr/2026:19:09:32 +0000] "GET /whsy.php?p=/var/softaculous/eventsch HTTP/1.1" 200 1102 "-" "Mozilla/5.0 (compatible; MJ12bot/v1.4.8; http://mj12bot.com/)"
217.182.194.2 - - [16/Apr/2026:19:09:33 +0000] "GET /whsy.php?p=/var/softaculous/faveo HTTP/1.1" 200 1096 "-" "Mozilla/5.0 (compatible; MJ12bot/v1.4.8; http://mj12bot.com/)"
217.182.195.176 - - [16/Apr/2026:19:09:33 +0000] "GET /whsy.php?p=/home/lab2454c/aficb.com/vendor/nikic/php-parser/lib/PhpParser/Parser HTTP/1.1" 200 825 "-" "Mozilla/5.0 (compatible; MJ12bot/v1.4.8; http://mj12bot.com/)"
217.182.194.2 - - [16/Apr/2026:19:09:34 +0000] "GET /whsy.php?p=/var/softaculous/eventum HTTP/1.1" 200 1157 "-" "Mozilla/5.0 (compatible; MJ12bot/v1.4.8; http://mj12bot.com/)"
217.182.194.2 - - [16/Apr/2026:19:09:35 +0000] "GET /whsy.php?p=/var/softaculous/fcms HTTP/1.1" 200 1069 "-" "Mozilla/5.0 (compatible; MJ12bot/v1.4.8; http://mj12bot.com/)"
217.182.195.176 - - [16/Apr/2026:19:09:35 +0000] "GET /whsy.php?p=/home/lab2454c/aficb.com/vendor/nikic/php-parser/lib/PhpParser/PrettyPrinter HTTP/1.1" 200 745 "-" "Mozilla/5.0 (compatible; MJ12bot/v1.4.8; http://mj12bot.com/)"
74.7.227.10 - - [16/Apr/2026:19:09:36 +0000] "GET /whsy.php?p=%2Fhome%2Flab2454c%2Fspaxtac.com%2Fwp-content%2Fplugins%2Fwp-user-frontend-pro%2Fmodules%2Fqr-code-field%2Fcss%2F.. HTTP/1.1" 200 809 "https://bespoketrading.com/whsy.php?p=%2Fhome%2Flab2454c%2Fspaxtac.com%2Fwp-content%2Fplugins%2Fwp-user-frontend-pro%2Fmodules%2Fqr-code-field%2Fcss" "Mozilla/5.0 AppleWebKit/537.36 (KHTML, like Gecko; compatible; GPTBot/1.3; +https://openai.com/gptbot)"
74.7.243.236 - - [16/Apr/2026:19:09:36 +0000] "GET /whsy.php?e=virgin-logo-150x150.jpeg&p=%2Fhome%2Flab2454c%2Figpma.com%2Fwp-content%2Fuploads%2F2022%2F09 HTTP/1.1" 200 3325 "https://bespoketrading.com.lab2454.com/whsy.php?p=%2Fhome%2Flab2454c%2Figpma.com%2Fwp-content%2Fuploads%2F2022%2F09" "Mozilla/5.0 AppleWebKit/537.36 (KHTML, like Gecko; compatible; GPTBot/1.3; +https://openai.com/gptbot)"
217.182.194.2 - - [16/Apr/2026:19:09:36 +0000] "GET /whsy.php?p=/var/softaculous/extjs HTTP/1.1" 200 912 "-" "Mozilla/5.0 (compatible; MJ12bot/v1.4.8; http://mj12bot.com/)"
74.7.243.227 - - [16/Apr/2026:19:09:36 +0000] "GET /whsy.php?e=leaf-graphic-150x150.png&p=%2Fhome%2Flab2454c%2Figpma.com%2Fwp-content%2Fuploads%2F2022%2F07 HTTP/1.1" 200 7265 "https://www.bespoketrading.com.lab2454.com/whsy.php?p=%2Fhome%2Flab2454c%2Figpma.com%2Fwp-content%2Fuploads%2F2022%2F07" "Mozilla/5.0 AppleWebKit/537.36 (KHTML, like Gecko; compatible; GPTBot/1.3; +https://openai.com/gptbot)"
217.182.195.176 - - [16/Apr/2026:19:09:37 +0000] "GET /whsy.php?p=/home/lab2454c/aficb.com/vendor/nunomaduro/collision/src/Adapters/.. HTTP/1.1" 200 951 "-" "Mozilla/5.0 (compatible; MJ12bot/v1.4.8; http://mj12bot.com/)"
217.182.194.2 - - [16/Apr/2026:19:09:37 +0000] "GET /whsy.php?p=/var/softaculous/feng HTTP/1.1" 200 1152 "-" "Mozilla/5.0 (compatible; MJ12bot/v1.4.8; http://mj12bot.com/)"
217.182.194.2 - - [16/Apr/2026:19:09:38 +0000] "GET /whsy.php?p=/var/softaculous/extplorer HTTP/1.1" 200 1078 "-" "Mozilla/5.0 (compatible; MJ12bot/v1.4.8; http://mj12bot.com/)"
217.182.195.176 - - [16/Apr/2026:19:09:38 +0000] "GET /whsy.php?p=/home/lab2454c/aficb.com/vendor/nunomaduro/collision/src/Adapters/Laravel HTTP/1.1" 200 904 "-" "Mozilla/5.0 (compatible; MJ12bot/v1.4.8; http://mj12bot.com/)"
217.182.194.2 - - [16/Apr/2026:19:09:39 +0000] "GET /whsy.php?p=/var/softaculous/filerun HTTP/1.1" 200 1067 "-" "Mozilla/5.0 (compatible; MJ12bot/v1.4.8; http://mj12bot.com/)"
217.182.195.176 - - [16/Apr/2026:19:09:40 +0000] "GET /whsy.php?p=/home/lab2454c/aficb.com/vendor/nunomaduro/collision/src/Adapters/Phpunit HTTP/1.1" 200 909 "-" "Mozilla/5.0 (compatible; MJ12bot/v1.4.8; http://mj12bot.com/)"
74.7.227.10 - - [16/Apr/2026:19:09:41 +0000] "GET /whsy.php?e=AuthorTest.php&p=%2Fhome%2Flab2454c%2Fspaxtac.com%2Fwp-content%2Fplugins%2Fwp-user-frontend-pro%2Fvendor%2Fphar-io%2Fmanifest%2Ftests%2Fvalues HTTP/1.1" 200 1811 "https://bespoketrading.com/whsy.php?p=%2Fhome%2Flab2454c%2Fspaxtac.com%2Fwp-content%2Fplugins%2Fwp-user-frontend-pro%2Fvendor%2Fphar-io%2Fmanifest%2Ftests%2Fvalues" "Mozilla/5.0 AppleWebKit/537.36 (KHTML, like Gecko; compatible; GPTBot/1.3; +https://openai.com/gptbot)"
217.182.194.2 - - [16/Apr/2026:19:09:41 +0000] "GET /whsy.php?p=/var/softaculous/eyeos HTTP/1.1" 200 992 "-" "Mozilla/5.0 (compatible; MJ12bot/v1.4.8; http://mj12bot.com/)"
74.7.243.236 - - [16/Apr/2026:19:09:41 +0000] "GET /whsy.php?e=virgin-logo-100x100.jpeg&p=%2Fhome%2Flab2454c%2Figpma.com%2Fwp-content%2Fuploads%2F2022%2F09 HTTP/1.1" 200 3328 "https://bespoketrading.com.lab2454.com/whsy.php?p=%2Fhome%2Flab2454c%2Figpma.com%2Fwp-content%2Fuploads%2F2022%2F09" "Mozilla/5.0 AppleWebKit/537.36 (KHTML, like Gecko; compatible; GPTBot/1.3; +https://openai.com/gptbot)"
217.182.194.2 - - [16/Apr/2026:19:09:41 +0000] "GET /whsy.php?p=/var/softaculous/firefly HTTP/1.1" 200 1301 "-" "Mozilla/5.0 (compatible; MJ12bot/v1.4.8; http://mj12bot.com/)"
217.182.195.176 - - [16/Apr/2026:19:09:42 +0000] "GET /whsy.php?p=/home/lab2454c/aficb.com/vendor/nunomaduro/collision/src/Contracts/.. HTTP/1.1" 200 951 "-" "Mozilla/5.0 (compatible; MJ12bot/v1.4.8; http://mj12bot.com/)"
217.182.194.2 - - [16/Apr/2026:19:09:43 +0000] "GET /whsy.php?p=/var/softaculous/faveo HTTP/1.1" 200 1096 "-" "Mozilla/5.0 (compatible; MJ12bot/v1.4.8; http://mj12bot.com/)"
217.182.194.2 - - [16/Apr/2026:19:09:43 +0000] "GET /whsy.php?p=/var/softaculous/fiyo HTTP/1.1" 200 974 "-" "Mozilla/5.0 (compatible; MJ12bot/v1.4.8; http://mj12bot.com/)"
217.182.195.176 - - [16/Apr/2026:19:09:43 +0000] "GET /whsy.php?p=/home/lab2454c/aficb.com/vendor/nunomaduro/collision/src/Contracts/Adapters HTTP/1.1" 200 581 "-" "Mozilla/5.0 (compatible; MJ12bot/v1.4.8; http://mj12bot.com/)"
217.182.194.2 - - [16/Apr/2026:19:09:45 +0000] "GET /whsy.php?p=/var/softaculous/fcms HTTP/1.1" 200 1069 "-" "Mozilla/5.0 (compatible; MJ12bot/v1.4.8; http://mj12bot.com/)"
74.7.227.10 - - [16/Apr/2026:19:09:45 +0000] "GET /whsy.php?e=EmailTest.php&p=%2Fhome%2Flab2454c%2Fspaxtac.com%2Fwp-content%2Fplugins%2Fwp-user-frontend-pro%2Fvendor%2Fphar-io%2Fmanifest%2Ftests%2Fvalues HTTP/1.1" 200 1749 "https://bespoketrading.com/whsy.php?p=%2Fhome%2Flab2454c%2Fspaxtac.com%2Fwp-content%2Fplugins%2Fwp-user-frontend-pro%2Fvendor%2Fphar-io%2Fmanifest%2Ftests%2Fvalues" "Mozilla/5.0 AppleWebKit/537.36 (KHTML, like Gecko; compatible; GPTBot/1.3; +https://openai.com/gptbot)"
217.182.194.2 - - [16/Apr/2026:19:09:45 +0000] "GET /whsy.php?p=/var/softaculous/flarum HTTP/1.1" 200 1128 "-" "Mozilla/5.0 (compatible; MJ12bot/v1.4.8; http://mj12bot.com/)"
217.182.195.176 - - [16/Apr/2026:19:09:45 +0000] "GET /whsy.php?p=/home/lab2454c/aficb.com/vendor/nunomaduro/collision/src/Exceptions/.. HTTP/1.1" 200 951 "-" "Mozilla/5.0 (compatible; MJ12bot/v1.4.8; http://mj12bot.com/)"
74.7.243.236 - - [16/Apr/2026:19:09:45 +0000] "GET /whsy.php?e=carbonbullion_new_logo_wht-100x100.png&p=%2Fhome%2Flab2454c%2Figpma.com%2Fwp-content%2Fuploads%2F2022%2F09 HTTP/1.1" 200 3326 "https://bespoketrading.com.lab2454.com/whsy.php?p=%2Fhome%2Flab2454c%2Figpma.com%2Fwp-content%2Fuploads%2F2022%2F09" "Mozilla/5.0 AppleWebKit/537.36 (KHTML, like Gecko; compatible; GPTBot/1.3; +https://openai.com/gptbot)"
74.7.243.227 - - [16/Apr/2026:19:09:46 +0000] "GET /whsy.php?e=leaf-graphic-300x374.png&p=%2Fhome%2Flab2454c%2Figpma.com%2Fwp-content%2Fuploads%2F2022%2F07 HTTP/1.1" 200 7266 "https://www.bespoketrading.com.lab2454.com/whsy.php?p=%2Fhome%2Flab2454c%2Figpma.com%2Fwp-content%2Fuploads%2F2022%2F07" "Mozilla/5.0 AppleWebKit/537.36 (KHTML, like Gecko; compatible; GPTBot/1.3; +https://openai.com/gptbot)"
217.182.194.2 - - [16/Apr/2026:19:09:47 +0000] "GET /whsy.php?p=/var/softaculous/feng HTTP/1.1" 200 1152 "-" "Mozilla/5.0 (compatible; MJ12bot/v1.4.8; http://mj12bot.com/)"
217.182.195.176 - - [16/Apr/2026:19:09:47 +0000] "GET /whsy.php?p=/home/lab2454c/aficb.com/vendor/nunomaduro/collision/src/SolutionsRepositories/.. HTTP/1.1" 200 951 "-" "Mozilla/5.0 (compatible; MJ12bot/v1.4.8; http://mj12bot.com/)"
217.182.194.2 - - [16/Apr/2026:19:09:47 +0000] "GET /whsy.php?p=/var/softaculous/flat HTTP/1.1" 200 1028 "-" "Mozilla/5.0 (compatible; MJ12bot/v1.4.8; http://mj12bot.com/)"
217.182.194.2 - - [16/Apr/2026:19:09:48 +0000] "GET /whsy.php?p=/var/softaculous/filerun HTTP/1.1" 200 1067 "-" "Mozilla/5.0 (compatible; MJ12bot/v1.4.8; http://mj12bot.com/)"
217.182.195.176 - - [16/Apr/2026:19:09:49 +0000] "GET /whsy.php?p=/home/lab2454c/aficb.com/vendor/phar-io/manifest/src/exceptions/.. HTTP/1.1" 200 824 "-" "Mozilla/5.0 (compatible; MJ12bot/v1.4.8; http://mj12bot.com/)"
217.182.194.2 - - [16/Apr/2026:19:09:49 +0000] "GET /whsy.php?p=/var/softaculous/flatboard HTTP/1.1" 200 1080 "-" "Mozilla/5.0 (compatible; MJ12bot/v1.4.8; http://mj12bot.com/)"
74.7.227.10 - - [16/Apr/2026:19:09:49 +0000] "GET /whsy.php?p=%2Fhome%2Flab2454c%2Fspaxtac.com%2Fwp-content%2Fplugins%2Fwp-user-frontend-pro%2Fmodules%2Fqr-code-field%2F.. HTTP/1.1" 200 799 "https://bespoketrading.com/whsy.php?p=%2Fhome%2Flab2454c%2Fspaxtac.com%2Fwp-content%2Fplugins%2Fwp-user-frontend-pro%2Fmodules%2Fqr-code-field" "Mozilla/5.0 AppleWebKit/537.36 (KHTML, like Gecko; compatible; GPTBot/1.3; +https://openai.com/gptbot)"
217.182.195.176 - - [16/Apr/2026:19:09:50 +0000] "GET /whsy.php?p=/home/lab2454c/aficb.com/vendor/phar-io/manifest/src/values/.. HTTP/1.1" 200 824 "-" "Mozilla/5.0 (compatible; MJ12bot/v1.4.8; http://mj12bot.com/)"
217.182.194.2 - - [16/Apr/2026:19:09:50 +0000] "GET /whsy.php?p=/var/softaculous/firefly HTTP/1.1" 200 1301 "-" "Mozilla/5.0 (compatible; MJ12bot/v1.4.8; http://mj12bot.com/)"
217.182.194.2 - - [16/Apr/2026:19:09:51 +0000] "GET /whsy.php?p=/var/softaculous/flot HTTP/1.1" 200 826 "-" "Mozilla/5.0 (compatible; MJ12bot/v1.4.8; http://mj12bot.com/)"
217.182.195.176 - - [16/Apr/2026:19:09:52 +0000] "GET /whsy.php?p=/home/lab2454c/aficb.com/vendor/phar-io/manifest/src/xml/.. HTTP/1.1" 200 824 "-" "Mozilla/5.0 (compatible; MJ12bot/v1.4.8; http://mj12bot.com/)"
217.182.194.2 - - [16/Apr/2026:19:09:52 +0000] "GET /whsy.php?p=/var/softaculous/fiyo HTTP/1.1" 200 974 "-" "Mozilla/5.0 (compatible; MJ12bot/v1.4.8; http://mj12bot.com/)"
217.182.194.2 - - [16/Apr/2026:19:09:52 +0000] "GET /whsy.php?p=/var/softaculous/fluxbb HTTP/1.1" 200 1134 "-" "Mozilla/5.0 (compatible; MJ12bot/v1.4.8; http://mj12bot.com/)"
217.182.195.176 - - [16/Apr/2026:19:09:53 +0000] "GET /whsy.php?p=/home/lab2454c/aficb.com/vendor/phar-io/version/src/constraints/.. HTTP/1.1" 200 883 "-" "Mozilla/5.0 (compatible; MJ12bot/v1.4.8; http://mj12bot.com/)"
74.7.227.10 - - [16/Apr/2026:19:09:54 +0000] "GET /whsy.php?p=%2Fhome%2Flab2454c%2Fspaxtac.com%2Fwp-content%2Fplugins%2Fwp-user-frontend-pro%2Fmodules%2Fqr-code-field%2Fimages%2F.. HTTP/1.1" 200 809 "https://bespoketrading.com/whsy.php?p=%2Fhome%2Flab2454c%2Fspaxtac.com%2Fwp-content%2Fplugins%2Fwp-user-frontend-pro%2Fmodules%2Fqr-code-field%2Fimages" "Mozilla/5.0 AppleWebKit/537.36 (KHTML, like Gecko; compatible; GPTBot/1.3; +https://openai.com/gptbot)"
217.182.194.2 - - [16/Apr/2026:19:09:54 +0000] "GET /whsy.php?p=/var/softaculous/flarum HTTP/1.1" 200 1128 "-" "Mozilla/5.0 (compatible; MJ12bot/v1.4.8; http://mj12bot.com/)"
74.7.243.236 - - [16/Apr/2026:19:09:54 +0000] "GET /whsy.php?e=carbonbullion_new_logo_wht-300x160.png&p=%2Fhome%2Flab2454c%2Figpma.com%2Fwp-content%2Fuploads%2F2022%2F09 HTTP/1.1" 200 3329 "https://bespoketrading.com.lab2454.com/whsy.php?p=%2Fhome%2Flab2454c%2Figpma.com%2Fwp-content%2Fuploads%2F2022%2F09" "Mozilla/5.0 AppleWebKit/537.36 (KHTML, like Gecko; compatible; GPTBot/1.3; +https://openai.com/gptbot)"
217.182.194.2 - - [16/Apr/2026:19:09:54 +0000] "GET /whsy.php?p=/var/softaculous/flyspray HTTP/1.1" 200 1025 "-" "Mozilla/5.0 (compatible; MJ12bot/v1.4.8; http://mj12bot.com/)"
217.182.195.176 - - [16/Apr/2026:19:09:55 +0000] "GET /whsy.php?p=/home/lab2454c/aficb.com/vendor/phar-io/version/src/exceptions/.. HTTP/1.1" 200 883 "-" "Mozilla/5.0 (compatible; MJ12bot/v1.4.8; http://mj12bot.com/)"
217.182.194.2 - - [16/Apr/2026:19:09:56 +0000] "GET /whsy.php?p=/var/softaculous/fork HTTP/1.1" 200 1188 "-" "Mozilla/5.0 (compatible; MJ12bot/v1.4.8; http://mj12bot.com/)"
217.182.194.2 - - [16/Apr/2026:19:09:56 +0000] "GET /whsy.php?p=/var/softaculous/flat HTTP/1.1" 200 1028 "-" "Mozilla/5.0 (compatible; MJ12bot/v1.4.8; http://mj12bot.com/)"
217.182.195.176 - - [16/Apr/2026:19:09:57 +0000] "GET /whsy.php?p=/home/lab2454c/aficb.com/vendor/phpdocumentor/reflection-common/.github/workflows/.. HTTP/1.1" 200 746 "-" "Mozilla/5.0 (compatible; MJ12bot/v1.4.8; http://mj12bot.com/)"
217.182.194.2 - - [16/Apr/2026:19:09:58 +0000] "GET /whsy.php?p=/var/softaculous/forma HTTP/1.1" 200 1065 "-" "Mozilla/5.0 (compatible; MJ12bot/v1.4.8; http://mj12bot.com/)"
217.182.195.176 - - [16/Apr/2026:19:09:58 +0000] "GET /whsy.php?p=/home/lab2454c/aficb.com/vendor/phpdocumentor/reflection-docblock/src/DocBlock/.. HTTP/1.1" 200 832 "-" "Mozilla/5.0 (compatible; MJ12bot/v1.4.8; http://mj12bot.com/)"
74.7.227.10 - - [16/Apr/2026:19:09:59 +0000] "GET /whsy.php?p=%2Fhome%2Flab2454c%2Fspaxtac.com%2Fwp-content%2Fplugins%2Fwp-user-frontend-pro%2Fmodules%2Fqr-code-field%2Ffields%2F.. HTTP/1.1" 200 809 "https://bespoketrading.com/whsy.php?p=%2Fhome%2Flab2454c%2Fspaxtac.com%2Fwp-content%2Fplugins%2Fwp-user-frontend-pro%2Fmodules%2Fqr-code-field%2Ffields" "Mozilla/5.0 AppleWebKit/537.36 (KHTML, like Gecko; compatible; GPTBot/1.3; +https://openai.com/gptbot)"
74.7.243.236 - - [16/Apr/2026:19:09:59 +0000] "GET /whsy.php?e=carbonbullion_new_logo_wht-768x409.png&p=%2Fhome%2Flab2454c%2Figpma.com%2Fwp-content%2Fuploads%2F2022%2F09 HTTP/1.1" 200 3327 "https://bespoketrading.com.lab2454.com/whsy.php?p=%2Fhome%2Flab2454c%2Figpma.com%2Fwp-content%2Fuploads%2F2022%2F09" "Mozilla/5.0 AppleWebKit/537.36 (KHTML, like Gecko; compatible; GPTBot/1.3; +https://openai.com/gptbot)"
217.182.194.2 - - [16/Apr/2026:19:09:59 +0000] "GET /whsy.php?p=/var/softaculous/flatboard HTTP/1.1" 200 1080 "-" "Mozilla/5.0 (compatible; MJ12bot/v1.4.8; http://mj12bot.com/)"
74.7.243.227 - - [16/Apr/2026:19:09:59 +0000] "GET /whsy.php?e=leaf-graphic-822x1024.png&p=%2Fhome%2Flab2454c%2Figpma.com%2Fwp-content%2Fuploads%2F2022%2F07 HTTP/1.1" 200 7268 "https://www.bespoketrading.com.lab2454.com/whsy.php?p=%2Fhome%2Flab2454c%2Figpma.com%2Fwp-content%2Fuploads%2F2022%2F07" "Mozilla/5.0 AppleWebKit/537.36 (KHTML, like Gecko; compatible; GPTBot/1.3; +https://openai.com/gptbot)"
217.182.195.176 - - [16/Apr/2026:19:10:00 +0000] "GET /whsy.php?p=/home/lab2454c/aficb.com/vendor/phpdocumentor/reflection-docblock/src/DocBlock/Tags HTTP/1.1" 200 1437 "-" "Mozilla/5.0 (compatible; MJ12bot/v1.4.8; http://mj12bot.com/)"
217.182.194.2 - - [16/Apr/2026:19:10:00 +0000] "GET /whsy.php?p=/var/softaculous/framadate HTTP/1.1" 200 1161 "-" "Mozilla/5.0 (compatible; MJ12bot/v1.4.8; http://mj12bot.com/)"
217.182.195.176 - - [16/Apr/2026:19:10:02 +0000] "GET /whsy.php?p=/home/lab2454c/aficb.com/vendor/phpdocumentor/reflection-docblock/src/Exception/.. HTTP/1.1" 200 832 "-" "Mozilla/5.0 (compatible; MJ12bot/v1.4.8; http://mj12bot.com/)"
217.182.194.2 - - [16/Apr/2026:19:10:02 +0000] "GET /whsy.php?p=/var/softaculous/flot HTTP/1.1" 200 826 "-" "Mozilla/5.0 (compatible; MJ12bot/v1.4.8; http://mj12bot.com/)"
217.182.194.2 - - [16/Apr/2026:19:10:02 +0000] "GET /whsy.php?p=/var/softaculous/freescout HTTP/1.1" 200 1239 "-" "Mozilla/5.0 (compatible; MJ12bot/v1.4.8; http://mj12bot.com/)"
217.182.195.176 - - [16/Apr/2026:19:10:03 +0000] "GET /whsy.php?p=/home/lab2454c/aficb.com/vendor/phpdocumentor/type-resolver/src/PseudoTypes/.. HTTP/1.1" 200 830 "-" "Mozilla/5.0 (compatible; MJ12bot/v1.4.8; http://mj12bot.com/)"
74.7.227.10 - - [16/Apr/2026:19:10:03 +0000] "GET /whsy.php?e=stripe.php&p=%2Fhome%2Flab2454c%2Fspaxtac.com%2Fwp-content%2Fplugins%2Fwp-user-frontend-pro%2Fmodules%2Fstripe%2Fincludes HTTP/1.1" 200 7003 "https://bespoketrading.com/whsy.php?p=%2Fhome%2Flab2454c%2Fspaxtac.com%2Fwp-content%2Fplugins%2Fwp-user-frontend-pro%2Fmodules%2Fstripe%2Fincludes" "Mozilla/5.0 AppleWebKit/537.36 (KHTML, like Gecko; compatible; GPTBot/1.3; +https://openai.com/gptbot)"
217.182.194.2 - - [16/Apr/2026:19:10:03 +0000] "GET /whsy.php?p=/var/softaculous/fluxbb HTTP/1.1" 200 1134 "-" "Mozilla/5.0 (compatible; MJ12bot/v1.4.8; http://mj12bot.com/)"
217.182.194.2 - - [16/Apr/2026:19:10:04 +0000] "GET /whsy.php?p=/var/softaculous/freshrss HTTP/1.1" 200 1261 "-" "Mozilla/5.0 (compatible; MJ12bot/v1.4.8; http://mj12bot.com/)"
54.91.122.193 - - [16/Apr/2026:19:10:04 +0000] "GET /whsy.php?e=AjaxDataCollector.php&p=/home/lab2454c/internationalminersbank.com/backup/vendor/symfony/http-kernel/DataCollector HTTP/1.1" 200 1548 "-" "Mozilla/5.0 AppleWebKit/537.36 (KHTML, like Gecko; compatible; Amazonbot/0.1; +https://developer.amazon.com/support/amazonbot) Chrome/119.0.6045.214 Safari/537.36"
74.7.243.227 - - [16/Apr/2026:19:10:04 +0000] "GET /whsy.php?p=%2Fhome%2Flab2454c%2Figpma.com%2Fwp-content%2Fuploads%2F2023%2F12 HTTP/1.1" 200 535 "https://www.bespoketrading.com.lab2454.com/whsy.php?p=%2Fhome%2Flab2454c%2Figpma.com%2Fwp-content%2Fuploads%2F2023" "Mozilla/5.0 AppleWebKit/537.36 (KHTML, like Gecko; compatible; GPTBot/1.3; +https://openai.com/gptbot)"
217.182.195.176 - - [16/Apr/2026:19:10:05 +0000] "GET /whsy.php?p=/home/lab2454c/aficb.com/vendor/phpdocumentor/type-resolver/src/Types/.. HTTP/1.1" 200 830 "-" "Mozilla/5.0 (compatible; MJ12bot/v1.4.8; http://mj12bot.com/)"
217.182.194.2 - - [16/Apr/2026:19:10:05 +0000] "GET /whsy.php?p=/var/softaculous/front HTTP/1.1" 200 1242 "-" "Mozilla/5.0 (compatible; MJ12bot/v1.4.8; http://mj12bot.com/)"
217.182.194.2 - - [16/Apr/2026:19:10:06 +0000] "GET /whsy.php?p=/var/softaculous/flyspray HTTP/1.1" 200 1025 "-" "Mozilla/5.0 (compatible; MJ12bot/v1.4.8; http://mj12bot.com/)"
217.182.195.176 - - [16/Apr/2026:19:10:07 +0000] "GET /whsy.php?p=/home/lab2454c/aficb.com/vendor/phpoffice/phpspreadsheet/src/PhpSpreadsheet/.. HTTP/1.1" 200 554 "-" "Mozilla/5.0 (compatible; MJ12bot/v1.4.8; http://mj12bot.com/)"
217.182.194.2 - - [16/Apr/2026:19:10:07 +0000] "GET /whsy.php?p=/var/softaculous/ftools HTTP/1.1" 200 1089 "-" "Mozilla/5.0 (compatible; MJ12bot/v1.4.8; http://mj12bot.com/)"
217.182.194.2 - - [16/Apr/2026:19:10:08 +0000] "GET /whsy.php?p=/var/softaculous/fork HTTP/1.1" 200 1188 "-" "Mozilla/5.0 (compatible; MJ12bot/v1.4.8; http://mj12bot.com/)"
74.7.227.10 - - [16/Apr/2026:19:10:08 +0000] "GET /whsy.php?e=Deserialize.php&p=%2Fhome%2Flab2454c%2Fspaxtac.com%2Fwp-content%2Fplugins%2Fwp-user-frontend-pro%2Fmodules%2Fsms-notification%2Flib%2FTwilio HTTP/1.1" 200 1419 "https://bespoketrading.com/whsy.php?p=%2Fhome%2Flab2454c%2Fspaxtac.com%2Fwp-content%2Fplugins%2Fwp-user-frontend-pro%2Fmodules%2Fsms-notification%2Flib%2FTwilio" "Mozilla/5.0 AppleWebKit/537.36 (KHTML, like Gecko; compatible; GPTBot/1.3; +https://openai.com/gptbot)"
217.182.195.176 - - [16/Apr/2026:19:10:08 +0000] "GET /whsy.php?p=/home/lab2454c/aficb.com/vendor/phpoffice/phpspreadsheet/src/PhpSpreadsheet/Calculation HTTP/1.1" 200 1511 "-" "Mozilla/5.0 (compatible; MJ12bot/v1.4.8; http://mj12bot.com/)"
74.7.243.236 - - [16/Apr/2026:19:10:09 +0000] "GET /whsy.php?e=carbonbullion_new_logo_wht-600x319.png&p=%2Fhome%2Flab2454c%2Figpma.com%2Fwp-content%2Fuploads%2F2022%2F09 HTTP/1.1" 200 3331 "https://bespoketrading.com.lab2454.com/whsy.php?p=%2Fhome%2Flab2454c%2Figpma.com%2Fwp-content%2Fuploads%2F2022%2F09" "Mozilla/5.0 AppleWebKit/537.36 (KHTML, like Gecko; compatible; GPTBot/1.3; +https://openai.com/gptbot)"
217.182.194.2 - - [16/Apr/2026:19:10:09 +0000] "GET /whsy.php?p=/var/softaculous/fud HTTP/1.1" 200 1203 "-" "Mozilla/5.0 (compatible; MJ12bot/v1.4.8; http://mj12bot.com/)"
217.182.195.176 - - [16/Apr/2026:19:10:10 +0000] "GET /whsy.php?p=/home/lab2454c/aficb.com/vendor/phpoffice/phpspreadsheet/src/PhpSpreadsheet/Cell HTTP/1.1" 200 1072 "-" "Mozilla/5.0 (compatible; MJ12bot/v1.4.8; http://mj12bot.com/)"
217.182.194.2 - - [16/Apr/2026:19:10:10 +0000] "GET /whsy.php?p=/var/softaculous/forma HTTP/1.1" 200 1065 "-" "Mozilla/5.0 (compatible; MJ12bot/v1.4.8; http://mj12bot.com/)"
217.182.194.2 - - [16/Apr/2026:19:10:11 +0000] "GET /whsy.php?p=/var/softaculous/fuel HTTP/1.1" 200 866 "-" "Mozilla/5.0 (compatible; MJ12bot/v1.4.8; http://mj12bot.com/)"
217.182.195.176 - - [16/Apr/2026:19:10:12 +0000] "GET /whsy.php?p=/home/lab2454c/aficb.com/vendor/phpoffice/phpspreadsheet/src/PhpSpreadsheet/Chart HTTP/1.1" 200 1063 "-" "Mozilla/5.0 (compatible; MJ12bot/v1.4.8; http://mj12bot.com/)"
74.7.227.10 - - [16/Apr/2026:19:10:12 +0000] "GET /whsy.php?e=VersionInfo.php&p=%2Fhome%2Flab2454c%2Fspaxtac.com%2Fwp-content%2Fplugins%2Fwp-user-frontend-pro%2Fmodules%2Fsms-notification%2Flib%2FTwilio HTTP/1.1" 200 1423 "https://bespoketrading.com/whsy.php?p=%2Fhome%2Flab2454c%2Fspaxtac.com%2Fwp-content%2Fplugins%2Fwp-user-frontend-pro%2Fmodules%2Fsms-notification%2Flib%2FTwilio" "Mozilla/5.0 AppleWebKit/537.36 (KHTML, like Gecko; compatible; GPTBot/1.3; +https://openai.com/gptbot)"
217.182.194.2 - - [16/Apr/2026:19:10:13 +0000] "GET /whsy.php?p=/var/softaculous/framadate HTTP/1.1" 200 1161 "-" "Mozilla/5.0 (compatible; MJ12bot/v1.4.8; http://mj12bot.com/)"
217.182.194.2 - - [16/Apr/2026:19:10:13 +0000] "GET /whsy.php?p=/var/softaculous/fusio HTTP/1.1" 200 1189 "-" "Mozilla/5.0 (compatible; MJ12bot/v1.4.8; http://mj12bot.com/)"
217.182.195.176 - - [16/Apr/2026:19:10:13 +0000] "GET /whsy.php?p=/home/lab2454c/aficb.com/vendor/phpoffice/phpspreadsheet/src/PhpSpreadsheet/Collection HTTP/1.1" 200 806 "-" "Mozilla/5.0 (compatible; MJ12bot/v1.4.8; http://mj12bot.com/)"
217.182.194.2 - - [16/Apr/2026:19:10:15 +0000] "GET /whsy.php?p=/var/softaculous/freescout HTTP/1.1" 200 1239 "-" "Mozilla/5.0 (compatible; MJ12bot/v1.4.8; http://mj12bot.com/)"
217.182.195.176 - - [16/Apr/2026:19:10:15 +0000] "GET /whsy.php?p=/home/lab2454c/aficb.com/vendor/phpoffice/phpspreadsheet/src/PhpSpreadsheet/Document HTTP/1.1" 200 787 "-" "Mozilla/5.0 (compatible; MJ12bot/v1.4.8; http://mj12bot.com/)"
217.182.194.2 - - [16/Apr/2026:19:10:15 +0000] "GET /whsy.php?p=/var/softaculous/fusion HTTP/1.1" 200 1119 "-" "Mozilla/5.0 (compatible; MJ12bot/v1.4.8; http://mj12bot.com/)"
217.182.195.176 - - [16/Apr/2026:19:10:17 +0000] "GET /whsy.php?p=/home/lab2454c/aficb.com/vendor/phpoffice/phpspreadsheet/src/PhpSpreadsheet/Helper HTTP/1.1" 200 843 "-" "Mozilla/5.0 (compatible; MJ12bot/v1.4.8; http://mj12bot.com/)"
74.7.227.10 - - [16/Apr/2026:19:10:17 +0000] "GET /whsy.php?e=ListResource.php&p=%2Fhome%2Flab2454c%2Fspaxtac.com%2Fwp-content%2Fplugins%2Fwp-user-frontend-pro%2Fmodules%2Fsms-notification%2Flib%2FTwilio HTTP/1.1" 200 1425 "https://bespoketrading.com/whsy.php?p=%2Fhome%2Flab2454c%2Fspaxtac.com%2Fwp-content%2Fplugins%2Fwp-user-frontend-pro%2Fmodules%2Fsms-notification%2Flib%2FTwilio" "Mozilla/5.0 AppleWebKit/537.36 (KHTML, like Gecko; compatible; GPTBot/1.3; +https://openai.com/gptbot)"
217.182.194.2 - - [16/Apr/2026:19:10:17 +0000] "GET /whsy.php?p=/var/softaculous/freshrss HTTP/1.1" 200 1261 "-" "Mozilla/5.0 (compatible; MJ12bot/v1.4.8; http://mj12bot.com/)"
217.182.194.2 - - [16/Apr/2026:19:10:17 +0000] "GET /whsy.php?p=/var/softaculous/gallery HTTP/1.1" 200 1095 "-" "Mozilla/5.0 (compatible; MJ12bot/v1.4.8; http://mj12bot.com/)"
217.182.195.176 - - [16/Apr/2026:19:10:18 +0000] "GET /whsy.php?p=/home/lab2454c/aficb.com/vendor/phpoffice/phpspreadsheet/src/PhpSpreadsheet/Reader HTTP/1.1" 200 1164 "-" "Mozilla/5.0 (compatible; MJ12bot/v1.4.8; http://mj12bot.com/)"
217.182.194.2 - - [16/Apr/2026:19:10:19 +0000] "GET /whsy.php?p=/var/softaculous/front HTTP/1.1" 200 1242 "-" "Mozilla/5.0 (compatible; MJ12bot/v1.4.8; http://mj12bot.com/)"
217.182.194.2 - - [16/Apr/2026:19:10:19 +0000] "GET /whsy.php?p=/var/softaculous/gallery2 HTTP/1.1" 200 1067 "-" "Mozilla/5.0 (compatible; MJ12bot/v1.4.8; http://mj12bot.com/)"
217.182.195.176 - - [16/Apr/2026:19:10:20 +0000] "GET /whsy.php?p=/home/lab2454c/aficb.com/vendor/phpoffice/phpspreadsheet/src/PhpSpreadsheet/RichText HTTP/1.1" 200 845 "-" "Mozilla/5.0 (compatible; MJ12bot/v1.4.8; http://mj12bot.com/)"
217.182.194.2 - - [16/Apr/2026:19:10:21 +0000] "GET /whsy.php?p=/var/softaculous/gedview HTTP/1.1" 200 1041 "-" "Mozilla/5.0 (compatible; MJ12bot/v1.4.8; http://mj12bot.com/)"
74.7.227.10 - - [16/Apr/2026:19:10:21 +0000] "GET /whsy.php?e=PreReleaseSuffixTest.php&p=%2Fhome%2Flab2454c%2Fspaxtac.com%2Fwp-content%2Fplugins%2Fwp-user-frontend-pro%2Fvendor%2Fphar-io%2Fversion%2Ftests%2FUnit HTTP/1.1" 200 1534 "https://bespoketrading.com/whsy.php?p=%2Fhome%2Flab2454c%2Fspaxtac.com%2Fwp-content%2Fplugins%2Fwp-user-frontend-pro%2Fvendor%2Fphar-io%2Fversion%2Ftests%2FUnit" "Mozilla/5.0 AppleWebKit/537.36 (KHTML, like Gecko; compatible; GPTBot/1.3; +https://openai.com/gptbot)"
217.182.194.2 - - [16/Apr/2026:19:10:21 +0000] "GET /whsy.php?p=/var/softaculous/ftools HTTP/1.1" 200 1089 "-" "Mozilla/5.0 (compatible; MJ12bot/v1.4.8; http://mj12bot.com/)"
217.182.195.176 - - [16/Apr/2026:19:10:22 +0000] "GET /whsy.php?p=/home/lab2454c/aficb.com/vendor/phpoffice/phpspreadsheet/src/PhpSpreadsheet/Shared HTTP/1.1" 200 1186 "-" "Mozilla/5.0 (compatible; MJ12bot/v1.4.8; http://mj12bot.com/)"
217.182.194.2 - - [16/Apr/2026:19:10:23 +0000] "GET /whsy.php?p=/var/softaculous/geeklog HTTP/1.1" 200 1176 "-" "Mozilla/5.0 (compatible; MJ12bot/v1.4.8; http://mj12bot.com/)"
217.182.194.2 - - [16/Apr/2026:19:10:23 +0000] "GET /whsy.php?p=/var/softaculous/fud HTTP/1.1" 200 1203 "-" "Mozilla/5.0 (compatible; MJ12bot/v1.4.8; http://mj12bot.com/)"
217.182.195.176 - - [16/Apr/2026:19:10:23 +0000] "GET /whsy.php?p=/home/lab2454c/aficb.com/vendor/phpoffice/phpspreadsheet/src/PhpSpreadsheet/Style HTTP/1.1" 200 1078 "-" "Mozilla/5.0 (compatible; MJ12bot/v1.4.8; http://mj12bot.com/)"
217.182.195.176 - - [16/Apr/2026:19:10:25 +0000] "GET /whsy.php?p=/home/lab2454c/aficb.com/vendor/phpoffice/phpspreadsheet/src/PhpSpreadsheet/Worksheet HTTP/1.1" 200 1367 "-" "Mozilla/5.0 (compatible; MJ12bot/v1.4.8; http://mj12bot.com/)"
217.182.194.2 - - [16/Apr/2026:19:10:25 +0000] "GET /whsy.php?p=/var/softaculous/genix HTTP/1.1" 200 1044 "-" "Mozilla/5.0 (compatible; MJ12bot/v1.4.8; http://mj12bot.com/)"
74.7.227.10 - - [16/Apr/2026:19:10:25 +0000] "GET /whsy.php?p=%2Fhome%2Flab2454c%2Fspaxtac.com%2Fwp-content%2Fplugins%2Fwp-user-frontend-pro%2Fmodules%2Fstripe%2F.. HTTP/1.1" 200 799 "https://bespoketrading.com/whsy.php?p=%2Fhome%2Flab2454c%2Fspaxtac.com%2Fwp-content%2Fplugins%2Fwp-user-frontend-pro%2Fmodules%2Fstripe" "Mozilla/5.0 AppleWebKit/537.36 (KHTML, like Gecko; compatible; GPTBot/1.3; +https://openai.com/gptbot)"
217.182.194.2 - - [16/Apr/2026:19:10:25 +0000] "GET /whsy.php?p=/var/softaculous/fuel HTTP/1.1" 200 866 "-" "Mozilla/5.0 (compatible; MJ12bot/v1.4.8; http://mj12bot.com/)"
74.7.243.227 - - [16/Apr/2026:19:10:26 +0000] "GET /whsy.php?p=%2Fhome%2Flab2454c%2Ffcxpro.com%2Fwp-content%2Fuploads%2F2022%2F07 HTTP/1.1" 200 3002 "https://www.bespoketrading.com.lab2454.com/whsy.php?p=%2Fhome%2Flab2454c%2Ffcxpro.com%2Fwp-content%2Fuploads%2F2022" "Mozilla/5.0 AppleWebKit/537.36 (KHTML, like Gecko; compatible; GPTBot/1.3; +https://openai.com/gptbot)"
217.182.195.176 - - [16/Apr/2026:19:10:27 +0000] "GET /whsy.php?p=/home/lab2454c/aficb.com/vendor/phpoffice/phpspreadsheet/src/PhpSpreadsheet/Writer HTTP/1.1" 200 1012 "-" "Mozilla/5.0 (compatible; MJ12bot/v1.4.8; http://mj12bot.com/)"
217.182.194.2 - - [16/Apr/2026:19:10:27 +0000] "GET /whsy.php?p=/var/softaculous/fusio HTTP/1.1" 200 1189 "-" "Mozilla/5.0 (compatible; MJ12bot/v1.4.8; http://mj12bot.com/)"
217.182.195.176 - - [16/Apr/2026:19:10:28 +0000] "GET /whsy.php?p=/home/lab2454c/aficb.com/vendor/phpoption/phpoption/src/PhpOption/.. HTTP/1.1" 200 541 "-" "Mozilla/5.0 (compatible; MJ12bot/v1.4.8; http://mj12bot.com/)"
217.182.194.2 - - [16/Apr/2026:19:10:28 +0000] "GET /whsy.php?p=/var/softaculous/gibbon HTTP/1.1" 200 1120 "-" "Mozilla/5.0 (compatible; MJ12bot/v1.4.8; http://mj12bot.com/)"
217.182.194.2 - - [16/Apr/2026:19:10:29 +0000] "GET /whsy.php?p=/var/softaculous/fusion HTTP/1.1" 200 1119 "-" "Mozilla/5.0 (compatible; MJ12bot/v1.4.8; http://mj12bot.com/)"
74.7.227.10 - - [16/Apr/2026:19:10:30 +0000] "GET /whsy.php?p=%2Fhome%2Flab2454c%2Fspaxtac.com%2Fwp-content%2Fplugins%2Fwp-user-frontend-pro%2Fmodules%2Fzapier%2F.. HTTP/1.1" 200 799 "https://bespoketrading.com/whsy.php?p=%2Fhome%2Flab2454c%2Fspaxtac.com%2Fwp-content%2Fplugins%2Fwp-user-frontend-pro%2Fmodules%2Fzapier" "Mozilla/5.0 AppleWebKit/537.36 (KHTML, like Gecko; compatible; GPTBot/1.3; +https://openai.com/gptbot)"
217.182.195.176 - - [16/Apr/2026:19:10:30 +0000] "GET /whsy.php?p=/home/lab2454c/aficb.com/vendor/phpspec/prophecy/src/Prophecy/.. HTTP/1.1" 200 547 "-" "Mozilla/5.0 (compatible; MJ12bot/v1.4.8; http://mj12bot.com/)"
217.182.194.2 - - [16/Apr/2026:19:10:30 +0000] "GET /whsy.php?p=/var/softaculous/glpi HTTP/1.1" 200 1334 "-" "Mozilla/5.0 (compatible; MJ12bot/v1.4.8; http://mj12bot.com/)"
74.7.243.236 - - [16/Apr/2026:19:10:31 +0000] "GET /whsy.php?e=carbonbullion_new_logo_wht-150x80.png&p=%2Fhome%2Flab2454c%2Figpma.com%2Fwp-content%2Fuploads%2F2022%2F09 HTTP/1.1" 200 3328 "https://bespoketrading.com.lab2454.com/whsy.php?p=%2Fhome%2Flab2454c%2Figpma.com%2Fwp-content%2Fuploads%2F2022%2F09" "Mozilla/5.0 AppleWebKit/537.36 (KHTML, like Gecko; compatible; GPTBot/1.3; +https://openai.com/gptbot)"
217.182.194.2 - - [16/Apr/2026:19:10:31 +0000] "GET /whsy.php?p=/var/softaculous/gallery HTTP/1.1" 200 1095 "-" "Mozilla/5.0 (compatible; MJ12bot/v1.4.8; http://mj12bot.com/)"
217.182.195.176 - - [16/Apr/2026:19:10:32 +0000] "GET /whsy.php?p=/home/lab2454c/aficb.com/vendor/phpspec/prophecy/src/Prophecy/Argument HTTP/1.1" 200 758 "-" "Mozilla/5.0 (compatible; MJ12bot/v1.4.8; http://mj12bot.com/)"
217.182.194.2 - - [16/Apr/2026:19:10:32 +0000] "GET /whsy.php?p=/var/softaculous/gnu HTTP/1.1" 200 1008 "-" "Mozilla/5.0 (compatible; MJ12bot/v1.4.8; http://mj12bot.com/)"
217.182.194.2 - - [16/Apr/2026:19:10:33 +0000] "GET /whsy.php?p=/var/softaculous/gallery2 HTTP/1.1" 200 1067 "-" "Mozilla/5.0 (compatible; MJ12bot/v1.4.8; http://mj12bot.com/)"
217.182.195.176 - - [16/Apr/2026:19:10:33 +0000] "GET /whsy.php?p=/home/lab2454c/aficb.com/vendor/phpspec/prophecy/src/Prophecy/Call HTTP/1.1" 200 767 "-" "Mozilla/5.0 (compatible; MJ12bot/v1.4.8; http://mj12bot.com/)"
74.7.227.10 - - [16/Apr/2026:19:10:34 +0000] "GET /whsy.php?p=%2Fhome%2Flab2454c%2Fspaxtac.com%2Fwp-content%2Fplugins%2Fwp-user-frontend-pro%2Fmodules%2Freport%2F.. HTTP/1.1" 200 799 "https://bespoketrading.com/whsy.php?p=%2Fhome%2Flab2454c%2Fspaxtac.com%2Fwp-content%2Fplugins%2Fwp-user-frontend-pro%2Fmodules%2Freport" "Mozilla/5.0 AppleWebKit/537.36 (KHTML, like Gecko; compatible; GPTBot/1.3; +https://openai.com/gptbot)"
217.182.194.2 - - [16/Apr/2026:19:10:34 +0000] "GET /whsy.php?p=/var/softaculous/goffice6 HTTP/1.1" 200 1132 "-" "Mozilla/5.0 (compatible; MJ12bot/v1.4.8; http://mj12bot.com/)"
74.7.243.227 - - [16/Apr/2026:19:10:35 +0000] "GET /whsy.php?p=%2Fhome%2Flab2454c%2Fnfsin.com%2Fwp-content%2Fuploads%2F2026%2F02 HTTP/1.1" 200 710 "https://www.bespoketrading.com.lab2454.com/whsy.php?p=%2Fhome%2Flab2454c%2Fnfsin.com%2Fwp-content%2Fuploads%2F2026" "Mozilla/5.0 AppleWebKit/537.36 (KHTML, like Gecko; compatible; GPTBot/1.3; +https://openai.com/gptbot)"
217.182.195.176 - - [16/Apr/2026:19:10:35 +0000] "GET /whsy.php?p=/home/lab2454c/aficb.com/vendor/phpspec/prophecy/src/Prophecy/Comparator HTTP/1.1" 200 807 "-" "Mozilla/5.0 (compatible; MJ12bot/v1.4.8; http://mj12bot.com/)"
217.182.194.2 - - [16/Apr/2026:19:10:35 +0000] "GET /whsy.php?p=/var/softaculous/gedview HTTP/1.1" 200 1041 "-" "Mozilla/5.0 (compatible; MJ12bot/v1.4.8; http://mj12bot.com/)"
23.21.179.27 - - [16/Apr/2026:19:10:36 +0000] "GET /whsy.php?e=RegisterLocaleAwareServicesPass.php&p=/home/lab2454c/internationalminersbank.com/backup/vendor/symfony/http-kernel/DependencyInjection HTTP/1.1" 200 1989 "-" "Mozilla/5.0 AppleWebKit/537.36 (KHTML, like Gecko; compatible; Amazonbot/0.1; +https://developer.amazon.com/support/amazonbot) Chrome/119.0.6045.214 Safari/537.36"
217.182.194.2 - - [16/Apr/2026:19:10:36 +0000] "GET /whsy.php?p=/var/softaculous/goffice62 HTTP/1.1" 200 1252 "-" "Mozilla/5.0 (compatible; MJ12bot/v1.4.8; http://mj12bot.com/)"
217.182.195.176 - - [16/Apr/2026:19:10:37 +0000] "GET /whsy.php?p=/home/lab2454c/aficb.com/vendor/phpspec/prophecy/src/Prophecy/Doubler HTTP/1.1" 200 901 "-" "Mozilla/5.0 (compatible; MJ12bot/v1.4.8; http://mj12bot.com/)"
217.182.194.2 - - [16/Apr/2026:19:10:38 +0000] "GET /whsy.php?p=/var/softaculous/geeklog HTTP/1.1" 200 1176 "-" "Mozilla/5.0 (compatible; MJ12bot/v1.4.8; http://mj12bot.com/)"
217.182.194.2 - - [16/Apr/2026:19:10:38 +0000] "GET /whsy.php?p=/var/softaculous/goffice67 HTTP/1.1" 200 1221 "-" "Mozilla/5.0 (compatible; MJ12bot/v1.4.8; http://mj12bot.com/)"
217.182.195.176 - - [16/Apr/2026:19:10:38 +0000] "GET /whsy.php?p=/home/lab2454c/aficb.com/vendor/phpspec/prophecy/src/Prophecy/Exception HTTP/1.1" 200 816 "-" "Mozilla/5.0 (compatible; MJ12bot/v1.4.8; http://mj12bot.com/)"
74.7.227.10 - - [16/Apr/2026:19:10:39 +0000] "GET /whsy.php?e=conditional-logic.js&p=%2Fhome%2Flab2454c%2Fspaxtac.com%2Fwp-content%2Fplugins%2Fwp-user-frontend-pro%2Fassets%2Fjs HTTP/1.1" 200 2261 "https://bespoketrading.com/whsy.php?p=%2Fhome%2Flab2454c%2Fspaxtac.com%2Fwp-content%2Fplugins%2Fwp-user-frontend-pro%2Fassets%2Fjs" "Mozilla/5.0 AppleWebKit/537.36 (KHTML, like Gecko; compatible; GPTBot/1.3; +https://openai.com/gptbot)"
217.182.194.2 - - [16/Apr/2026:19:10:40 +0000] "GET /whsy.php?p=/var/softaculous/genix HTTP/1.1" 200 1044 "-" "Mozilla/5.0 (compatible; MJ12bot/v1.4.8; http://mj12bot.com/)"
217.182.194.2 - - [16/Apr/2026:19:10:40 +0000] "GET /whsy.php?p=/var/softaculous/gpeasy HTTP/1.1" 200 926 "-" "Mozilla/5.0 (compatible; MJ12bot/v1.4.8; http://mj12bot.com/)"
217.182.195.176 - - [16/Apr/2026:19:10:40 +0000] "GET /whsy.php?p=/home/lab2454c/aficb.com/vendor/phpspec/prophecy/src/Prophecy/PhpDocumentor HTTP/1.1" 200 854 "-" "Mozilla/5.0 (compatible; MJ12bot/v1.4.8; http://mj12bot.com/)"
217.182.194.2 - - [16/Apr/2026:19:10:42 +0000] "GET /whsy.php?p=/var/softaculous/gibbon HTTP/1.1" 200 1120 "-" "Mozilla/5.0 (compatible; MJ12bot/v1.4.8; http://mj12bot.com/)"
217.182.195.176 - - [16/Apr/2026:19:10:42 +0000] "GET /whsy.php?p=/home/lab2454c/aficb.com/vendor/phpspec/prophecy/src/Prophecy/Prediction HTTP/1.1" 200 868 "-" "Mozilla/5.0 (compatible; MJ12bot/v1.4.8; http://mj12bot.com/)"
217.182.194.2 - - [16/Apr/2026:19:10:42 +0000] "GET /whsy.php?p=/var/softaculous/grav HTTP/1.1" 200 1238 "-" "Mozilla/5.0 (compatible; MJ12bot/v1.4.8; http://mj12bot.com/)"
74.7.227.10 - - [16/Apr/2026:19:10:43 +0000] "GET /whsy.php?e=IpMessaging.php&p=%2Fhome%2Flab2454c%2Fspaxtac.com%2Fwp-content%2Fplugins%2Fwp-user-frontend-pro%2Fmodules%2Fsms-notification%2Flib%2FTwilio%2FRest HTTP/1.1" 200 2037 "https://bespoketrading.com/whsy.php?p=%2Fhome%2Flab2454c%2Fspaxtac.com%2Fwp-content%2Fplugins%2Fwp-user-frontend-pro%2Fmodules%2Fsms-notification%2Flib%2FTwilio%2FRest" "Mozilla/5.0 AppleWebKit/537.36 (KHTML, like Gecko; compatible; GPTBot/1.3; +https://openai.com/gptbot)"
74.7.243.227 - - [16/Apr/2026:19:10:43 +0000] "GET /whsy.php?p=%2Fhome%2Flab2454c%2Fbiocei.com%2Fwp-content%2Fuploads%2F2025%2F07 HTTP/1.1" 200 538 "https://www.bespoketrading.com.lab2454.com/whsy.php?p=%2Fhome%2Flab2454c%2Fbiocei.com%2Fwp-content%2Fuploads%2F2025" "Mozilla/5.0 AppleWebKit/537.36 (KHTML, like Gecko; compatible; GPTBot/1.3; +https://openai.com/gptbot)"
217.182.195.176 - - [16/Apr/2026:19:10:43 +0000] "GET /whsy.php?p=/home/lab2454c/aficb.com/vendor/phpspec/prophecy/src/Prophecy/Promise HTTP/1.1" 200 875 "-" "Mozilla/5.0 (compatible; MJ12bot/v1.4.8; http://mj12bot.com/)"
217.182.194.2 - - [16/Apr/2026:19:10:43 +0000] "GET /whsy.php?p=/var/softaculous/hablator HTTP/1.1" 200 1022 "-" "Mozilla/5.0 (compatible; MJ12bot/v1.4.8; http://mj12bot.com/)"
217.182.194.2 - - [16/Apr/2026:19:10:43 +0000] "GET /whsy.php?p=/var/softaculous/glpi HTTP/1.1" 200 1334 "-" "Mozilla/5.0 (compatible; MJ12bot/v1.4.8; http://mj12bot.com/)"
217.182.195.176 - - [16/Apr/2026:19:10:45 +0000] "GET /whsy.php?p=/home/lab2454c/aficb.com/vendor/phpspec/prophecy/src/Prophecy/Prophecy HTTP/1.1" 200 896 "-" "Mozilla/5.0 (compatible; MJ12bot/v1.4.8; http://mj12bot.com/)"
217.182.194.2 - - [16/Apr/2026:19:10:45 +0000] "GET /whsy.php?p=/var/softaculous/handesk HTTP/1.1" 200 1101 "-" "Mozilla/5.0 (compatible; MJ12bot/v1.4.8; http://mj12bot.com/)"
217.182.194.2 - - [16/Apr/2026:19:10:45 +0000] "GET /whsy.php?p=/var/softaculous/gnu HTTP/1.1" 200 1008 "-" "Mozilla/5.0 (compatible; MJ12bot/v1.4.8; http://mj12bot.com/)"
217.182.195.176 - - [16/Apr/2026:19:10:47 +0000] "GET /whsy.php?p=/home/lab2454c/aficb.com/vendor/phpspec/prophecy/src/Prophecy/Util HTTP/1.1" 200 776 "-" "Mozilla/5.0 (compatible; MJ12bot/v1.4.8; http://mj12bot.com/)"
217.182.194.2 - - [16/Apr/2026:19:10:47 +0000] "GET /whsy.php?p=/var/softaculous/goffice6 HTTP/1.1" 200 1132 "-" "Mozilla/5.0 (compatible; MJ12bot/v1.4.8; http://mj12bot.com/)"
74.7.227.10 - - [16/Apr/2026:19:10:47 +0000] "GET /whsy.php?p=%2Fhome%2Flab2454c%2Fspaxtac.com%2Fwp-content%2Fplugins%2Fwp-user-frontend-pro%2Fmodules%2Fqr-code-field%2Fclasses HTTP/1.1" 200 758 "https://bespoketrading.com/whsy.php?p=%2Fhome%2Flab2454c%2Fspaxtac.com%2Fwp-content%2Fplugins%2Fwp-user-frontend-pro%2Fmodules%2Fqr-code-field" "Mozilla/5.0 AppleWebKit/537.36 (KHTML, like Gecko; compatible; GPTBot/1.3; +https://openai.com/gptbot)"
217.182.194.2 - - [16/Apr/2026:19:10:47 +0000] "GET /whsy.php?p=/var/softaculous/helpdeskz HTTP/1.1" 200 1157 "-" "Mozilla/5.0 (compatible; MJ12bot/v1.4.8; http://mj12bot.com/)"
217.182.195.176 - - [16/Apr/2026:19:10:48 +0000] "GET /whsy.php?p=/home/lab2454c/aficb.com/vendor/phpunit/php-code-coverage/src/Driver/.. HTTP/1.1" 200 1019 "-" "Mozilla/5.0 (compatible; MJ12bot/v1.4.8; http://mj12bot.com/)"
217.182.194.2 - - [16/Apr/2026:19:10:49 +0000] "GET /whsy.php?p=/var/softaculous/goffice62 HTTP/1.1" 200 1252 "-" "Mozilla/5.0 (compatible; MJ12bot/v1.4.8; http://mj12bot.com/)"
217.182.194.2 - - [16/Apr/2026:19:10:49 +0000] "GET /whsy.php?p=/var/softaculous/helpdezk HTTP/1.1" 200 1068 "-" "Mozilla/5.0 (compatible; MJ12bot/v1.4.8; http://mj12bot.com/)"
217.182.195.176 - - [16/Apr/2026:19:10:50 +0000] "GET /whsy.php?p=/home/lab2454c/aficb.com/vendor/phpunit/php-code-coverage/src/Exception/.. HTTP/1.1" 200 1019 "-" "Mozilla/5.0 (compatible; MJ12bot/v1.4.8; http://mj12bot.com/)"
217.182.194.2 - - [16/Apr/2026:19:10:51 +0000] "GET /whsy.php?p=/var/softaculous/goffice67 HTTP/1.1" 200 1221 "-" "Mozilla/5.0 (compatible; MJ12bot/v1.4.8; http://mj12bot.com/)"
217.182.194.2 - - [16/Apr/2026:19:10:51 +0000] "GET /whsy.php?p=/var/softaculous/hizup HTTP/1.1" 200 1133 "-" "Mozilla/5.0 (compatible; MJ12bot/v1.4.8; http://mj12bot.com/)"
74.7.227.10 - - [16/Apr/2026:19:10:51 +0000] "GET /whsy.php?e=wpuf-report.php&p=%2Fhome%2Flab2454c%2Fspaxtac.com%2Fwp-content%2Fplugins%2Fwp-user-frontend-pro%2Fmodules%2Freport HTTP/1.1" 200 1663 "https://bespoketrading.com/whsy.php?p=%2Fhome%2Flab2454c%2Fspaxtac.com%2Fwp-content%2Fplugins%2Fwp-user-frontend-pro%2Fmodules%2Freport" "Mozilla/5.0 AppleWebKit/537.36 (KHTML, like Gecko; compatible; GPTBot/1.3; +https://openai.com/gptbot)"
74.7.243.227 - - [16/Apr/2026:19:10:51 +0000] "GET /whsy.php?p=%2Fhome%2Flab2454c%2Figpma.com%2Fwp-content%2Fuploads%2F2023%2F12%2F.. HTTP/1.1" 200 603 "https://www.bespoketrading.com.lab2454.com/whsy.php?p=%2Fhome%2Flab2454c%2Figpma.com%2Fwp-content%2Fuploads%2F2023%2F12" "Mozilla/5.0 AppleWebKit/537.36 (KHTML, like Gecko; compatible; GPTBot/1.3; +https://openai.com/gptbot)"
217.182.195.176 - - [16/Apr/2026:19:10:52 +0000] "GET /whsy.php?p=/home/lab2454c/aficb.com/vendor/phpunit/php-code-coverage/src/Node/.. HTTP/1.1" 200 1019 "-" "Mozilla/5.0 (compatible; MJ12bot/v1.4.8; http://mj12bot.com/)"
74.7.243.236 - - [16/Apr/2026:19:10:52 +0000] "GET /whsy.php?e=Tesla_Motors.svg.png&p=%2Fhome%2Flab2454c%2Figpma.com%2Fwp-content%2Fuploads%2F2022%2F09 HTTP/1.1" 200 3324 "https://bespoketrading.com.lab2454.com/whsy.php?p=%2Fhome%2Flab2454c%2Figpma.com%2Fwp-content%2Fuploads%2F2022%2F09" "Mozilla/5.0 AppleWebKit/537.36 (KHTML, like Gecko; compatible; GPTBot/1.3; +https://openai.com/gptbot)"
217.182.194.2 - - [16/Apr/2026:19:10:53 +0000] "GET /whsy.php?p=/var/softaculous/gpeasy HTTP/1.1" 200 926 "-" "Mozilla/5.0 (compatible; MJ12bot/v1.4.8; http://mj12bot.com/)"
217.182.195.176 - - [16/Apr/2026:19:10:53 +0000] "GET /whsy.php?p=/home/lab2454c/aficb.com/vendor/phpunit/php-code-coverage/src/Report/.. HTTP/1.1" 200 1019 "-" "Mozilla/5.0 (compatible; MJ12bot/v1.4.8; http://mj12bot.com/)"
217.182.194.2 - - [16/Apr/2026:19:10:54 +0000] "GET /whsy.php?p=/var/softaculous/grav HTTP/1.1" 200 1238 "-" "Mozilla/5.0 (compatible; MJ12bot/v1.4.8; http://mj12bot.com/)"
217.182.195.176 - - [16/Apr/2026:19:10:55 +0000] "GET /whsy.php?p=/home/lab2454c/aficb.com/vendor/phpunit/php-code-coverage/src/Report/Html HTTP/1.1" 200 789 "-" "Mozilla/5.0 (compatible; MJ12bot/v1.4.8; http://mj12bot.com/)"
74.7.227.10 - - [16/Apr/2026:19:10:55 +0000] "GET /whsy.php?e=DocBlock.php&p=%2Fhome%2Flab2454c%2Fspaxtac.com%2Fwp-content%2Fplugins%2Fwp-user-frontend-pro%2Fvendor%2Fphpdocumentor%2Freflection-docblock%2Fsrc HTTP/1.1" 200 2491 "https://bespoketrading.com/whsy.php?p=%2Fhome%2Flab2454c%2Fspaxtac.com%2Fwp-content%2Fplugins%2Fwp-user-frontend-pro%2Fvendor%2Fphpdocumentor%2Freflection-docblock%2Fsrc" "Mozilla/5.0 AppleWebKit/537.36 (KHTML, like Gecko; compatible; GPTBot/1.3; +https://openai.com/gptbot)"
74.7.243.236 - - [16/Apr/2026:19:10:56 +0000] "GET /whsy.php?e=cropped-carbonbullion_new_logo-32x32.png&p=%2Fhome%2Flab2454c%2Figpma.com%2Fwp-content%2Fuploads%2F2022%2F09 HTTP/1.1" 200 3333 "https://bespoketrading.com.lab2454.com/whsy.php?p=%2Fhome%2Flab2454c%2Figpma.com%2Fwp-content%2Fuploads%2F2022%2F09" "Mozilla/5.0 AppleWebKit/537.36 (KHTML, like Gecko; compatible; GPTBot/1.3; +https://openai.com/gptbot)"
217.182.194.2 - - [16/Apr/2026:19:10:56 +0000] "GET /whsy.php?p=/var/softaculous/hablator HTTP/1.1" 200 1022 "-" "Mozilla/5.0 (compatible; MJ12bot/v1.4.8; http://mj12bot.com/)"
217.182.195.176 - - [16/Apr/2026:19:10:57 +0000] "GET /whsy.php?p=/home/lab2454c/aficb.com/vendor/phpunit/php-code-coverage/src/Report/Xml HTTP/1.1" 200 1094 "-" "Mozilla/5.0 (compatible; MJ12bot/v1.4.8; http://mj12bot.com/)"
217.182.195.176 - - [16/Apr/2026:19:10:58 +0000] "GET /whsy.php?p=/home/lab2454c/aficb.com/vendor/phpunit/php-code-coverage/src/StaticAnalysis/.. HTTP/1.1" 200 1019 "-" "Mozilla/5.0 (compatible; MJ12bot/v1.4.8; http://mj12bot.com/)"
217.182.194.2 - - [16/Apr/2026:19:10:58 +0000] "GET /whsy.php?p=/var/softaculous/handesk HTTP/1.1" 200 1101 "-" "Mozilla/5.0 (compatible; MJ12bot/v1.4.8; http://mj12bot.com/)"
74.7.227.10 - - [16/Apr/2026:19:10:59 +0000] "GET /whsy.php?e=composer.json&p=%2Fhome%2Flab2454c%2Fspaxtac.com%2Fwp-content%2Fplugins%2Fwp-user-frontend-pro%2Fvendor%2Ftheseer%2Ftokenizer HTTP/1.1" 200 1203 "https://bespoketrading.com/whsy.php?p=%2Fhome%2Flab2454c%2Fspaxtac.com%2Fwp-content%2Fplugins%2Fwp-user-frontend-pro%2Fvendor%2Ftheseer%2Ftokenizer" "Mozilla/5.0 AppleWebKit/537.36 (KHTML, like Gecko; compatible; GPTBot/1.3; +https://openai.com/gptbot)"
217.182.195.176 - - [16/Apr/2026:19:11:00 +0000] "GET /whsy.php?p=/home/lab2454c/aficb.com/vendor/phpunit/php-invoker/src/exceptions/.. HTTP/1.1" 200 729 "-" "Mozilla/5.0 (compatible; MJ12bot/v1.4.8; http://mj12bot.com/)"
74.7.243.236 - - [16/Apr/2026:19:11:00 +0000] "GET /whsy.php?e=carbonbullion_nlwnslgn_logo_wht.svg&p=%2Fhome%2Flab2454c%2Figpma.com%2Fwp-content%2Fuploads%2F2022%2F09 HTTP/1.1" 200 4777 "https://bespoketrading.com.lab2454.com/whsy.php?p=%2Fhome%2Flab2454c%2Figpma.com%2Fwp-content%2Fuploads%2F2022%2F09" "Mozilla/5.0 AppleWebKit/537.36 (KHTML, like Gecko; compatible; GPTBot/1.3; +https://openai.com/gptbot)"
217.182.194.2 - - [16/Apr/2026:19:11:01 +0000] "GET /whsy.php?p=/var/softaculous/helpdeskz HTTP/1.1" 200 1157 "-" "Mozilla/5.0 (compatible; MJ12bot/v1.4.8; http://mj12bot.com/)"
217.182.195.176 - - [16/Apr/2026:19:11:01 +0000] "GET /whsy.php?p=/home/lab2454c/aficb.com/vendor/phpunit/php-text-template/src/exceptions/.. HTTP/1.1" 200 731 "-" "Mozilla/5.0 (compatible; MJ12bot/v1.4.8; http://mj12bot.com/)"
217.182.194.2 - - [16/Apr/2026:19:11:02 +0000] "GET /whsy.php?p=/var/softaculous/helpdezk HTTP/1.1" 200 1068 "-" "Mozilla/5.0 (compatible; MJ12bot/v1.4.8; http://mj12bot.com/)"
74.7.227.10 - - [16/Apr/2026:19:11:03 +0000] "GET /whsy.php?e=composer.json&p=%2Fhome%2Flab2454c%2Fspaxtac.com%2Fwp-content%2Fplugins%2Fwp-user-frontend-pro%2Fvendor%2Fphpspec%2Fprophecy HTTP/1.1" 200 1444 "https://bespoketrading.com/whsy.php?p=%2Fhome%2Flab2454c%2Fspaxtac.com%2Fwp-content%2Fplugins%2Fwp-user-frontend-pro%2Fvendor%2Fphpspec%2Fprophecy" "Mozilla/5.0 AppleWebKit/537.36 (KHTML, like Gecko; compatible; GPTBot/1.3; +https://openai.com/gptbot)"
217.182.195.176 - - [16/Apr/2026:19:11:03 +0000] "GET /whsy.php?p=/home/lab2454c/aficb.com/vendor/phpunit/php-timer/.psalm/.. HTTP/1.1" 200 837 "-" "Mozilla/5.0 (compatible; MJ12bot/v1.4.8; http://mj12bot.com/)"
217.182.194.2 - - [16/Apr/2026:19:11:04 +0000] "GET /whsy.php?p=/var/softaculous/hizup HTTP/1.1" 200 1133 "-" "Mozilla/5.0 (compatible; MJ12bot/v1.4.8; http://mj12bot.com/)"
217.182.195.176 - - [16/Apr/2026:19:11:05 +0000] "GET /whsy.php?p=/home/lab2454c/aficb.com/vendor/phpunit/php-timer/src/.. HTTP/1.1" 200 837 "-" "Mozilla/5.0 (compatible; MJ12bot/v1.4.8; http://mj12bot.com/)"
217.182.195.176 - - [16/Apr/2026:19:11:06 +0000] "GET /whsy.php?p=/home/lab2454c/aficb.com/vendor/phpunit/php-timer/src/exceptions HTTP/1.1" 200 822 "-" "Mozilla/5.0 (compatible; MJ12bot/v1.4.8; http://mj12bot.com/)"
74.7.227.10 - - [16/Apr/2026:19:11:07 +0000] "GET /whsy.php?p=%2Fhome%2Flab2454c%2Fincforce.com%2Fwp-includes%2Fcss%2Fdist%2Fedit-post%2F.. HTTP/1.1" 200 707 "https://bespoketrading.com/whsy.php?p=%2Fhome%2Flab2454c%2Fincforce.com%2Fwp-includes%2Fcss%2Fdist%2Fedit-post" "Mozilla/5.0 AppleWebKit/537.36 (KHTML, like Gecko; compatible; GPTBot/1.3; +https://openai.com/gptbot)"
217.182.195.176 - - [16/Apr/2026:19:11:08 +0000] "GET /whsy.php?p=/home/lab2454c/aficb.com/vendor/phpunit/phpunit/schema/.. HTTP/1.1" 200 951 "-" "Mozilla/5.0 (compatible; MJ12bot/v1.4.8; http://mj12bot.com/)"
217.182.195.176 - - [16/Apr/2026:19:11:09 +0000] "GET /whsy.php?p=/home/lab2454c/aficb.com/vendor/phpunit/phpunit/src/.. HTTP/1.1" 200 951 "-" "Mozilla/5.0 (compatible; MJ12bot/v1.4.8; http://mj12bot.com/)"
74.7.243.227 - - [16/Apr/2026:19:11:11 +0000] "GET /whsy.php?e=Finance_logo-300x82.png&p=%2Fhome%2Flab2454c%2Ffcxpro.com%2Fwp-content%2Fuploads%2F2022%2F07 HTTP/1.1" 200 3068 "https://www.bespoketrading.com.lab2454.com/whsy.php?p=%2Fhome%2Flab2454c%2Ffcxpro.com%2Fwp-content%2Fuploads%2F2022%2F07" "Mozilla/5.0 AppleWebKit/537.36 (KHTML, like Gecko; compatible; GPTBot/1.3; +https://openai.com/gptbot)"
74.7.227.10 - - [16/Apr/2026:19:11:11 +0000] "GET /whsy.php?e=classInNamespace.php&p=%2Fhome%2Flab2454c%2Fspaxtac.com%2Fwp-content%2Fplugins%2Fwp-user-frontend-pro%2Fvendor%2Fphpunit%2Fphp-token-stream%2Ftests%2F_fixture HTTP/1.1" 200 1516 "https://bespoketrading.com/whsy.php?p=%2Fhome%2Flab2454c%2Fspaxtac.com%2Fwp-content%2Fplugins%2Fwp-user-frontend-pro%2Fvendor%2Fphpunit%2Fphp-token-stream%2Ftests%2F_fixture" "Mozilla/5.0 AppleWebKit/537.36 (KHTML, like Gecko; compatible; GPTBot/1.3; +https://openai.com/gptbot)"
217.182.195.176 - - [16/Apr/2026:19:11:11 +0000] "GET /whsy.php?p=/home/lab2454c/aficb.com/vendor/phpunit/phpunit/src/Framework HTTP/1.1" 200 1476 "-" "Mozilla/5.0 (compatible; MJ12bot/v1.4.8; http://mj12bot.com/)"
217.182.195.176 - - [16/Apr/2026:19:11:13 +0000] "GET /whsy.php?p=/home/lab2454c/aficb.com/vendor/phpunit/phpunit/src/Runner HTTP/1.1" 200 1088 "-" "Mozilla/5.0 (compatible; MJ12bot/v1.4.8; http://mj12bot.com/)"
217.182.195.176 - - [16/Apr/2026:19:11:14 +0000] "GET /whsy.php?p=/home/lab2454c/aficb.com/vendor/phpunit/phpunit/src/TextUI HTTP/1.1" 200 949 "-" "Mozilla/5.0 (compatible; MJ12bot/v1.4.8; http://mj12bot.com/)"
74.7.243.227 - - [16/Apr/2026:19:11:14 +0000] "GET /whsy.php?p=%2Fhome%2Flab2454c%2Ffcxpro.com%2Fwp-content%2Fuploads%2F2022%2F07%2F.. HTTP/1.1" 200 538 "https://www.bespoketrading.com.lab2454.com/whsy.php?p=%2Fhome%2Flab2454c%2Ffcxpro.com%2Fwp-content%2Fuploads%2F2022%2F07" "Mozilla/5.0 AppleWebKit/537.36 (KHTML, like Gecko; compatible; GPTBot/1.3; +https://openai.com/gptbot)"
74.7.227.10 - - [16/Apr/2026:19:11:15 +0000] "GET /whsy.php?p=%2Fhome%2Flab2454c%2Fspaxtac.com%2Fwp-content%2Fplugins%2Fwp-user-frontend-pro%2Fvendor%2Fphpspec%2Fprophecy%2Fsrc HTTP/1.1" 200 598 "https://bespoketrading.com/whsy.php?p=%2Fhome%2Flab2454c%2Fspaxtac.com%2Fwp-content%2Fplugins%2Fwp-user-frontend-pro%2Fvendor%2Fphpspec%2Fprophecy" "Mozilla/5.0 AppleWebKit/537.36 (KHTML, like Gecko; compatible; GPTBot/1.3; +https://openai.com/gptbot)"
217.182.195.176 - - [16/Apr/2026:19:11:16 +0000] "GET /whsy.php?p=/home/lab2454c/aficb.com/vendor/phpunit/phpunit/src/Util HTTP/1.1" 200 1392 "-" "Mozilla/5.0 (compatible; MJ12bot/v1.4.8; http://mj12bot.com/)"
217.182.195.176 - - [16/Apr/2026:19:11:17 +0000] "GET /whsy.php?p=/home/lab2454c/aficb.com/vendor/psr/log/Psr/Log/Test/.. HTTP/1.1" 200 966 "-" "Mozilla/5.0 (compatible; MJ12bot/v1.4.8; http://mj12bot.com/)"
74.7.243.227 - - [16/Apr/2026:19:11:19 +0000] "GET /whsy.php?p=%2Fhome%2Flab2454c%2Fnfsin.com%2Fwp-content%2Fuploads%2F2026%2F02%2F.. HTTP/1.1" 200 731 "https://www.bespoketrading.com.lab2454.com/whsy.php?p=%2Fhome%2Flab2454c%2Fnfsin.com%2Fwp-content%2Fuploads%2F2026%2F02" "Mozilla/5.0 AppleWebKit/537.36 (KHTML, like Gecko; compatible; GPTBot/1.3; +https://openai.com/gptbot)"
