74.7.243.227 - - [16/Apr/2026:16:07:35 +0000] "GET /whsy.php?e=2021_12_22_158760_create_social_links_table.php&p=%2Fhome%2Flab2454c%2Fwesternclear.net%2Fdatabase%2Fmigrations HTTP/1.1" 200 2366 "https://www.bespoketrading.com.lab2454.com/whsy.php?p=%2Fhome%2Flab2454c%2Fwesternclear.net%2Fdatabase%2Fmigrations" "Mozilla/5.0 AppleWebKit/537.36 (KHTML, like Gecko; compatible; GPTBot/1.3; +https://openai.com/gptbot)"
74.7.243.227 - - [16/Apr/2026:16:07:44 +0000] "GET /whsy.php?p=%2Fvar%2Fsoftaculous%2Fospos HTTP/1.1" 200 1214 "https://www.bespoketrading.com.lab2454.com/whsy.php?p=%2Fvar%2Fsoftaculous" "Mozilla/5.0 AppleWebKit/537.36 (KHTML, like Gecko; compatible; GPTBot/1.3; +https://openai.com/gptbot)"
74.7.175.165 - - [16/Apr/2026:16:07:46 +0000] "GET /robots.txt HTTP/1.1" 200 20 "-" "Mozilla/5.0 (Macintosh; Intel Mac OS X 10_15_7) AppleWebKit/537.36 (KHTML, like Gecko) Chrome/131.0.0.0 Safari/537.36; compatible; OAI-SearchBot/1.3; robots.txt; +https://openai.com/searchbot"
74.7.243.227 - - [16/Apr/2026:16:07:48 +0000] "GET /whsy.php?p=%2Fvar%2Fsoftaculous%2Fcastopod HTTP/1.1" 200 1101 "https://www.bespoketrading.com.lab2454.com/whsy.php?p=%2Fvar%2Fsoftaculous" "Mozilla/5.0 AppleWebKit/537.36 (KHTML, like Gecko; compatible; GPTBot/1.3; +https://openai.com/gptbot)"
74.7.243.227 - - [16/Apr/2026:16:07:56 +0000] "GET /whsy.php?p=%2Fvar%2Fsoftaculous%2Fseo%2Fphp53%2F.. HTTP/1.1" 200 1090 "https://www.bespoketrading.com.lab2454.com/whsy.php?p=%2Fvar%2Fsoftaculous%2Fseo%2Fphp53" "Mozilla/5.0 AppleWebKit/537.36 (KHTML, like Gecko; compatible; GPTBot/1.3; +https://openai.com/gptbot)"
74.7.243.227 - - [16/Apr/2026:16:08:04 +0000] "GET /whsy.php?p=%2Fvar%2Fsoftaculous%2Fvty%2Fphp71%2F.. HTTP/1.1" 200 866 "https://www.bespoketrading.com.lab2454.com/whsy.php?p=%2Fvar%2Fsoftaculous%2Fvty%2Fphp71" "Mozilla/5.0 AppleWebKit/537.36 (KHTML, like Gecko; compatible; GPTBot/1.3; +https://openai.com/gptbot)"
74.7.243.227 - - [16/Apr/2026:16:08:12 +0000] "GET /whsy.php?p=%2Fvar%2Fsoftaculous%2Fmootools HTTP/1.1" 200 873 "https://www.bespoketrading.com.lab2454.com/whsy.php?p=%2Fvar%2Fsoftaculous" "Mozilla/5.0 AppleWebKit/537.36 (KHTML, like Gecko; compatible; GPTBot/1.3; +https://openai.com/gptbot)"
54.90.244.132 - - [16/Apr/2026:16:08:13 +0000] "GET /whsy.php?p=/usr/local/lib/node_modules/pm2/node_modules/@opencensus/propagation-b3/node_modules/@opencensus HTTP/1.1" 200 570 "-" "Mozilla/5.0 AppleWebKit/537.36 (KHTML, like Gecko; compatible; Amazonbot/0.1; +https://developer.amazon.com/support/amazonbot) Chrome/119.0.6045.214 Safari/537.36"
74.7.243.227 - - [16/Apr/2026:16:08:17 +0000] "GET /whsy.php?p=%2Fvar%2Fsoftaculous%2Focportal HTTP/1.1" 200 1094 "https://www.bespoketrading.com.lab2454.com/whsy.php?p=%2Fvar%2Fsoftaculous" "Mozilla/5.0 AppleWebKit/537.36 (KHTML, like Gecko; compatible; GPTBot/1.3; +https://openai.com/gptbot)"
20.205.1.146 - - [16/Apr/2026:16:08:19 +0000] "GET /admin.php HTTP/1.1" 200 20 "-" "Mozilla/5.0 (Windows NT 10.0; Win64; x64) AppleWebKit/537.36 (KHTML, like Gecko) Chrome/120.0.0.0 Safari/537.36"
20.205.1.146 - - [16/Apr/2026:16:08:20 +0000] "GET /inputs.php HTTP/1.1" 200 20 "-" "Mozilla/5.0 (Windows NT 10.0; Win64; x64) AppleWebKit/537.36 (KHTML, like Gecko) Chrome/120.0.0.0 Safari/537.36"
20.205.1.146 - - [16/Apr/2026:16:08:21 +0000] "GET /file.php HTTP/1.1" 200 20 "-" "Mozilla/5.0 (Windows NT 10.0; Win64; x64) AppleWebKit/537.36 (KHTML, like Gecko) Chrome/120.0.0.0 Safari/537.36"
20.205.1.146 - - [16/Apr/2026:16:08:21 +0000] "GET /goods.php HTTP/1.1" 200 20 "-" "Mozilla/5.0 (Windows NT 10.0; Win64; x64) AppleWebKit/537.36 (KHTML, like Gecko) Chrome/120.0.0.0 Safari/537.36"
20.205.1.146 - - [16/Apr/2026:16:08:22 +0000] "GET /ms-edit.php HTTP/1.1" 200 20 "-" "Mozilla/5.0 (Windows NT 10.0; Win64; x64) AppleWebKit/537.36 (KHTML, like Gecko) Chrome/120.0.0.0 Safari/537.36"
20.205.1.146 - - [16/Apr/2026:16:08:23 +0000] "GET /simple.php HTTP/1.1" 200 20 "-" "Mozilla/5.0 (Windows NT 10.0; Win64; x64) AppleWebKit/537.36 (KHTML, like Gecko) Chrome/120.0.0.0 Safari/537.36"
20.205.1.146 - - [16/Apr/2026:16:08:24 +0000] "GET /bgymj.php HTTP/1.1" 200 20 "-" "Mozilla/5.0 (Windows NT 10.0; Win64; x64) AppleWebKit/537.36 (KHTML, like Gecko) Chrome/120.0.0.0 Safari/537.36"
20.205.1.146 - - [16/Apr/2026:16:08:24 +0000] "GET /wp-content/plugins/twenty/login.php HTTP/1.1" 200 20 "-" "Mozilla/5.0 (Windows NT 10.0; Win64; x64) AppleWebKit/537.36 (KHTML, like Gecko) Chrome/120.0.0.0 Safari/537.36"
74.7.243.227 - - [16/Apr/2026:16:08:25 +0000] "GET /whsy.php?p=%2Fvar%2Fsoftaculous%2Ffreshrss HTTP/1.1" 200 1261 "https://www.bespoketrading.com.lab2454.com/whsy.php?p=%2Fvar%2Fsoftaculous" "Mozilla/5.0 AppleWebKit/537.36 (KHTML, like Gecko; compatible; GPTBot/1.3; +https://openai.com/gptbot)"
74.7.243.236 - - [16/Apr/2026:16:08:25 +0000] "GET /whsy.php?e=config.tmp.x7806O&p=%2Fhome%2Flab2454c%2Farchfort.com%2Fwp-content%2Fwflogs HTTP/1.1" 200 1296 "https://bespoketrading.com.lab2454.com/whsy.php?p=%2Fhome%2Flab2454c%2Farchfort.com%2Fwp-content%2Fwflogs" "Mozilla/5.0 AppleWebKit/537.36 (KHTML, like Gecko; compatible; GPTBot/1.3; +https://openai.com/gptbot)"
20.205.1.146 - - [16/Apr/2026:16:08:25 +0000] "GET /404.php HTTP/1.1" 200 20 "-" "Mozilla/5.0 (Windows NT 10.0; Win64; x64) AppleWebKit/537.36 (KHTML, like Gecko) Chrome/120.0.0.0 Safari/537.36"
20.205.1.146 - - [16/Apr/2026:16:08:26 +0000] "GET /file3.php HTTP/1.1" 200 20 "-" "Mozilla/5.0 (Windows NT 10.0; Win64; x64) AppleWebKit/537.36 (KHTML, like Gecko) Chrome/120.0.0.0 Safari/537.36"
20.205.1.146 - - [16/Apr/2026:16:08:27 +0000] "GET /wp-mail.php HTTP/1.1" 200 20 "-" "Mozilla/5.0 (Windows NT 10.0; Win64; x64) AppleWebKit/537.36 (KHTML, like Gecko) Chrome/120.0.0.0 Safari/537.36"
20.205.1.146 - - [16/Apr/2026:16:08:27 +0000] "GET /about.php HTTP/1.1" 200 20 "-" "Mozilla/5.0 (Windows NT 10.0; Win64; x64) AppleWebKit/537.36 (KHTML, like Gecko) Chrome/120.0.0.0 Safari/537.36"
20.205.1.146 - - [16/Apr/2026:16:08:28 +0000] "GET /wp.php HTTP/1.1" 200 20 "-" "Mozilla/5.0 (Windows NT 10.0; Win64; x64) AppleWebKit/537.36 (KHTML, like Gecko) Chrome/120.0.0.0 Safari/537.36"
74.7.243.227 - - [16/Apr/2026:16:08:29 +0000] "GET /whsy.php?p=%2Fvar%2Fsoftaculous%2Fclicshop HTTP/1.1" 200 1187 "https://www.bespoketrading.com.lab2454.com/whsy.php?p=%2Fvar%2Fsoftaculous" "Mozilla/5.0 AppleWebKit/537.36 (KHTML, like Gecko; compatible; GPTBot/1.3; +https://openai.com/gptbot)"
20.205.1.146 - - [16/Apr/2026:16:08:29 +0000] "GET /.dj/index.php HTTP/1.1" 200 20 "-" "Mozilla/5.0 (Windows NT 10.0; Win64; x64) AppleWebKit/537.36 (KHTML, like Gecko) Chrome/120.0.0.0 Safari/537.36"
20.205.1.146 - - [16/Apr/2026:16:08:30 +0000] "GET /adminfuns.php HTTP/1.1" 200 20 "-" "Mozilla/5.0 (Windows NT 10.0; Win64; x64) AppleWebKit/537.36 (KHTML, like Gecko) Chrome/120.0.0.0 Safari/537.36"
20.205.1.146 - - [16/Apr/2026:16:08:30 +0000] "GET /php8.php HTTP/1.1" 200 20 "-" "Mozilla/5.0 (Windows NT 10.0; Win64; x64) AppleWebKit/537.36 (KHTML, like Gecko) Chrome/120.0.0.0 Safari/537.36"
20.205.1.146 - - [16/Apr/2026:16:08:31 +0000] "GET /classwithtostring.php HTTP/1.1" 200 20 "-" "Mozilla/5.0 (Windows NT 10.0; Win64; x64) AppleWebKit/537.36 (KHTML, like Gecko) Chrome/120.0.0.0 Safari/537.36"
20.205.1.146 - - [16/Apr/2026:16:08:32 +0000] "GET /info.php HTTP/1.1" 200 20 "-" "Mozilla/5.0 (Windows NT 10.0; Win64; x64) AppleWebKit/537.36 (KHTML, like Gecko) Chrome/120.0.0.0 Safari/537.36"
20.205.1.146 - - [16/Apr/2026:16:08:32 +0000] "GET /ioxi-o.php HTTP/1.1" 200 20 "-" "Mozilla/5.0 (Windows NT 10.0; Win64; x64) AppleWebKit/537.36 (KHTML, like Gecko) Chrome/120.0.0.0 Safari/537.36"
74.7.243.227 - - [16/Apr/2026:16:08:33 +0000] "GET /whsy.php?p=%2Fvar%2Fsoftaculous%2Fflyspray HTTP/1.1" 200 1025 "https://www.bespoketrading.com.lab2454.com/whsy.php?p=%2Fvar%2Fsoftaculous" "Mozilla/5.0 AppleWebKit/537.36 (KHTML, like Gecko; compatible; GPTBot/1.3; +https://openai.com/gptbot)"
20.205.1.146 - - [16/Apr/2026:16:08:33 +0000] "GET /011i.php HTTP/1.1" 200 20 "-" "Mozilla/5.0 (Windows NT 10.0; Win64; x64) AppleWebKit/537.36 (KHTML, like Gecko) Chrome/120.0.0.0 Safari/537.36"
20.205.1.146 - - [16/Apr/2026:16:08:34 +0000] "GET /edit.php HTTP/1.1" 200 20 "-" "Mozilla/5.0 (Windows NT 10.0; Win64; x64) AppleWebKit/537.36 (KHTML, like Gecko) Chrome/120.0.0.0 Safari/537.36"
20.205.1.146 - - [16/Apr/2026:16:08:35 +0000] "GET /sid3.php HTTP/1.1" 200 20 "-" "Mozilla/5.0 (Windows NT 10.0; Win64; x64) AppleWebKit/537.36 (KHTML, like Gecko) Chrome/120.0.0.0 Safari/537.36"
20.205.1.146 - - [16/Apr/2026:16:08:35 +0000] "GET /load.php HTTP/1.1" 200 20 "-" "Mozilla/5.0 (Windows NT 10.0; Win64; x64) AppleWebKit/537.36 (KHTML, like Gecko) Chrome/120.0.0.0 Safari/537.36"
20.205.1.146 - - [16/Apr/2026:16:08:36 +0000] "GET /166.php HTTP/1.1" 200 20 "-" "Mozilla/5.0 (Windows NT 10.0; Win64; x64) AppleWebKit/537.36 (KHTML, like Gecko) Chrome/120.0.0.0 Safari/537.36"
20.205.1.146 - - [16/Apr/2026:16:08:37 +0000] "GET /wp-mail.php HTTP/1.1" 200 20 "-" "Mozilla/5.0 (Windows NT 10.0; Win64; x64) AppleWebKit/537.36 (KHTML, like Gecko) Chrome/120.0.0.0 Safari/537.36"
20.205.1.146 - - [16/Apr/2026:16:08:37 +0000] "GET /leaf.php HTTP/1.1" 200 20 "-" "Mozilla/5.0 (Windows NT 10.0; Win64; x64) AppleWebKit/537.36 (KHTML, like Gecko) Chrome/120.0.0.0 Safari/537.36"
20.205.1.146 - - [16/Apr/2026:16:08:38 +0000] "GET /grsiuk.php HTTP/1.1" 200 20 "-" "Mozilla/5.0 (Windows NT 10.0; Win64; x64) AppleWebKit/537.36 (KHTML, like Gecko) Chrome/120.0.0.0 Safari/537.36"
20.205.1.146 - - [16/Apr/2026:16:08:39 +0000] "GET /8.php HTTP/1.1" 200 20 "-" "Mozilla/5.0 (Windows NT 10.0; Win64; x64) AppleWebKit/537.36 (KHTML, like Gecko) Chrome/120.0.0.0 Safari/537.36"
20.205.1.146 - - [16/Apr/2026:16:08:40 +0000] "GET /fs.php HTTP/1.1" 200 20 "-" "Mozilla/5.0 (Windows NT 10.0; Win64; x64) AppleWebKit/537.36 (KHTML, like Gecko) Chrome/120.0.0.0 Safari/537.36"
20.205.1.146 - - [16/Apr/2026:16:08:40 +0000] "GET /ws38.php HTTP/1.1" 200 20 "-" "Mozilla/5.0 (Windows NT 10.0; Win64; x64) AppleWebKit/537.36 (KHTML, like Gecko) Chrome/120.0.0.0 Safari/537.36"
20.205.1.146 - - [16/Apr/2026:16:08:41 +0000] "GET /a7.php HTTP/1.1" 200 20 "-" "Mozilla/5.0 (Windows NT 10.0; Win64; x64) AppleWebKit/537.36 (KHTML, like Gecko) Chrome/120.0.0.0 Safari/537.36"
20.205.1.146 - - [16/Apr/2026:16:08:42 +0000] "GET /classsmtps.php HTTP/1.1" 200 20 "-" "Mozilla/5.0 (Windows NT 10.0; Win64; x64) AppleWebKit/537.36 (KHTML, like Gecko) Chrome/120.0.0.0 Safari/537.36"
20.205.1.146 - - [16/Apr/2026:16:08:43 +0000] "GET /amax.php HTTP/1.1" 200 20 "-" "Mozilla/5.0 (Windows NT 10.0; Win64; x64) AppleWebKit/537.36 (KHTML, like Gecko) Chrome/120.0.0.0 Safari/537.36"
20.205.1.146 - - [16/Apr/2026:16:08:43 +0000] "GET /CDX1.php HTTP/1.1" 200 20 "-" "Mozilla/5.0 (Windows NT 10.0; Win64; x64) AppleWebKit/537.36 (KHTML, like Gecko) Chrome/120.0.0.0 Safari/537.36"
20.205.1.146 - - [16/Apr/2026:16:08:44 +0000] "GET /rip.php HTTP/1.1" 200 20 "-" "Mozilla/5.0 (Windows NT 10.0; Win64; x64) AppleWebKit/537.36 (KHTML, like Gecko) Chrome/120.0.0.0 Safari/537.36"
20.205.1.146 - - [16/Apr/2026:16:08:45 +0000] "GET /1.php HTTP/1.1" 200 20 "-" "Mozilla/5.0 (Windows NT 10.0; Win64; x64) AppleWebKit/537.36 (KHTML, like Gecko) Chrome/120.0.0.0 Safari/537.36"
20.205.1.146 - - [16/Apr/2026:16:08:45 +0000] "GET /chosen.php HTTP/1.1" 200 20 "-" "Mozilla/5.0 (Windows NT 10.0; Win64; x64) AppleWebKit/537.36 (KHTML, like Gecko) Chrome/120.0.0.0 Safari/537.36"
20.205.1.146 - - [16/Apr/2026:16:08:46 +0000] "GET /css.php HTTP/1.1" 200 20 "-" "Mozilla/5.0 (Windows NT 10.0; Win64; x64) AppleWebKit/537.36 (KHTML, like Gecko) Chrome/120.0.0.0 Safari/537.36"
20.205.1.146 - - [16/Apr/2026:16:08:47 +0000] "GET /php.php HTTP/1.1" 200 20 "-" "Mozilla/5.0 (Windows NT 10.0; Win64; x64) AppleWebKit/537.36 (KHTML, like Gecko) Chrome/120.0.0.0 Safari/537.36"
20.205.1.146 - - [16/Apr/2026:16:08:48 +0000] "GET /wp-Blogs.php HTTP/1.1" 200 20 "-" "Mozilla/5.0 (Windows NT 10.0; Win64; x64) AppleWebKit/537.36 (KHTML, like Gecko) Chrome/120.0.0.0 Safari/537.36"
20.205.1.146 - - [16/Apr/2026:16:08:49 +0000] "GET /wp-content/index.php HTTP/1.1" 200 20 "-" "Mozilla/5.0 (Windows NT 10.0; Win64; x64) AppleWebKit/537.36 (KHTML, like Gecko) Chrome/120.0.0.0 Safari/537.36"
74.7.243.227 - - [16/Apr/2026:16:08:49 +0000] "GET /whsy.php?p=%2Fvar%2Fsoftaculous%2Fvue HTTP/1.1" 200 899 "https://www.bespoketrading.com.lab2454.com/whsy.php?p=%2Fvar%2Fsoftaculous" "Mozilla/5.0 AppleWebKit/537.36 (KHTML, like Gecko; compatible; GPTBot/1.3; +https://openai.com/gptbot)"
20.205.1.146 - - [16/Apr/2026:16:08:49 +0000] "GET /wp-content/plugins/beteng88/ws83.php HTTP/1.1" 200 20 "-" "Mozilla/5.0 (Windows NT 10.0; Win64; x64) AppleWebKit/537.36 (KHTML, like Gecko) Chrome/120.0.0.0 Safari/537.36"
20.205.1.146 - - [16/Apr/2026:16:08:50 +0000] "GET /ws83.php HTTP/1.1" 200 20 "-" "Mozilla/5.0 (Windows NT 10.0; Win64; x64) AppleWebKit/537.36 (KHTML, like Gecko) Chrome/120.0.0.0 Safari/537.36"
20.205.1.146 - - [16/Apr/2026:16:08:51 +0000] "GET /file61.php HTTP/1.1" 200 20 "-" "Mozilla/5.0 (Windows NT 10.0; Win64; x64) AppleWebKit/537.36 (KHTML, like Gecko) Chrome/120.0.0.0 Safari/537.36"
20.205.1.146 - - [16/Apr/2026:16:08:52 +0000] "GET /sadcut1.php HTTP/1.1" 200 20 "-" "Mozilla/5.0 (Windows NT 10.0; Win64; x64) AppleWebKit/537.36 (KHTML, like Gecko) Chrome/120.0.0.0 Safari/537.36"
20.205.1.146 - - [16/Apr/2026:16:08:53 +0000] "GET /y.php HTTP/1.1" 200 20 "-" "Mozilla/5.0 (Windows NT 10.0; Win64; x64) AppleWebKit/537.36 (KHTML, like Gecko) Chrome/120.0.0.0 Safari/537.36"
74.7.243.227 - - [16/Apr/2026:16:08:53 +0000] "GET /whsy.php?e=_index.php&p=%2Fvar%2Fsoftaculous%2Fsp HTTP/1.1" 200 1333 "https://www.bespoketrading.com.lab2454.com/whsy.php?p=%2Fvar%2Fsoftaculous%2Fsp" "Mozilla/5.0 AppleWebKit/537.36 (KHTML, like Gecko; compatible; GPTBot/1.3; +https://openai.com/gptbot)"
20.205.1.146 - - [16/Apr/2026:16:08:53 +0000] "GET /akcc.php HTTP/1.1" 200 20 "-" "Mozilla/5.0 (Windows NT 10.0; Win64; x64) AppleWebKit/537.36 (KHTML, like Gecko) Chrome/120.0.0.0 Safari/537.36"
20.205.1.146 - - [16/Apr/2026:16:08:54 +0000] "GET /wp-admin/user/12.php HTTP/1.1" 200 20 "-" "Mozilla/5.0 (Windows NT 10.0; Win64; x64) AppleWebKit/537.36 (KHTML, like Gecko) Chrome/120.0.0.0 Safari/537.36"
20.205.1.146 - - [16/Apr/2026:16:08:55 +0000] "GET /index/function.php HTTP/1.1" 200 20 "-" "Mozilla/5.0 (Windows NT 10.0; Win64; x64) AppleWebKit/537.36 (KHTML, like Gecko) Chrome/120.0.0.0 Safari/537.36"
20.205.1.146 - - [16/Apr/2026:16:08:56 +0000] "GET /term.php HTTP/1.1" 200 20 "-" "Mozilla/5.0 (Windows NT 10.0; Win64; x64) AppleWebKit/537.36 (KHTML, like Gecko) Chrome/120.0.0.0 Safari/537.36"
20.205.1.146 - - [16/Apr/2026:16:08:56 +0000] "GET /666.php HTTP/1.1" 200 20 "-" "Mozilla/5.0 (Windows NT 10.0; Win64; x64) AppleWebKit/537.36 (KHTML, like Gecko) Chrome/120.0.0.0 Safari/537.36"
20.205.1.146 - - [16/Apr/2026:16:08:57 +0000] "GET /7.php HTTP/1.1" 200 20 "-" "Mozilla/5.0 (Windows NT 10.0; Win64; x64) AppleWebKit/537.36 (KHTML, like Gecko) Chrome/120.0.0.0 Safari/537.36"
20.205.1.146 - - [16/Apr/2026:16:08:58 +0000] "GET /wp-config-sample.php HTTP/1.1" 200 20 "-" "Mozilla/5.0 (Windows NT 10.0; Win64; x64) AppleWebKit/537.36 (KHTML, like Gecko) Chrome/120.0.0.0 Safari/537.36"
20.205.1.146 - - [16/Apr/2026:16:08:59 +0000] "GET /log.php HTTP/1.1" 200 20 "-" "Mozilla/5.0 (Windows NT 10.0; Win64; x64) AppleWebKit/537.36 (KHTML, like Gecko) Chrome/120.0.0.0 Safari/537.36"
20.205.1.146 - - [16/Apr/2026:16:08:59 +0000] "GET /a5.php HTTP/1.1" 200 20 "-" "Mozilla/5.0 (Windows NT 10.0; Win64; x64) AppleWebKit/537.36 (KHTML, like Gecko) Chrome/120.0.0.0 Safari/537.36"
20.205.1.146 - - [16/Apr/2026:16:09:00 +0000] "GET /aa.php HTTP/1.1" 200 20 "-" "Mozilla/5.0 (Windows NT 10.0; Win64; x64) AppleWebKit/537.36 (KHTML, like Gecko) Chrome/120.0.0.0 Safari/537.36"
20.205.1.146 - - [16/Apr/2026:16:09:01 +0000] "GET /bolt.php HTTP/1.1" 200 20 "-" "Mozilla/5.0 (Windows NT 10.0; Win64; x64) AppleWebKit/537.36 (KHTML, like Gecko) Chrome/120.0.0.0 Safari/537.36"
34.195.60.66 - - [16/Apr/2026:16:09:01 +0000] "GET /whsy.php?e=class-control-editor.php&p=/home/lab2454c/baas.elementalrock.com/wp-content/plugins/ocean-extra/includes/metabox/butterbean/inc/controls HTTP/1.1" 200 1836 "-" "Mozilla/5.0 AppleWebKit/537.36 (KHTML, like Gecko; compatible; Amazonbot/0.1; +https://developer.amazon.com/support/amazonbot) Chrome/119.0.6045.214 Safari/537.36"
74.7.243.227 - - [16/Apr/2026:16:09:01 +0000] "GET /whsy.php?p=%2Fvar%2Fsoftaculous%2Fclassicpress HTTP/1.1" 200 1257 "https://www.bespoketrading.com.lab2454.com/whsy.php?p=%2Fvar%2Fsoftaculous" "Mozilla/5.0 AppleWebKit/537.36 (KHTML, like Gecko; compatible; GPTBot/1.3; +https://openai.com/gptbot)"
20.205.1.146 - - [16/Apr/2026:16:09:02 +0000] "GET /x.php HTTP/1.1" 200 20 "-" "Mozilla/5.0 (Windows NT 10.0; Win64; x64) AppleWebKit/537.36 (KHTML, like Gecko) Chrome/120.0.0.0 Safari/537.36"
20.205.1.146 - - [16/Apr/2026:16:09:02 +0000] "GET /jga.php HTTP/1.1" 200 20 "-" "Mozilla/5.0 (Windows NT 10.0; Win64; x64) AppleWebKit/537.36 (KHTML, like Gecko) Chrome/120.0.0.0 Safari/537.36"
20.205.1.146 - - [16/Apr/2026:16:09:03 +0000] "GET /k.php HTTP/1.1" 200 20 "-" "Mozilla/5.0 (Windows NT 10.0; Win64; x64) AppleWebKit/537.36 (KHTML, like Gecko) Chrome/120.0.0.0 Safari/537.36"
20.205.1.146 - - [16/Apr/2026:16:09:04 +0000] "GET /vx.php HTTP/1.1" 200 20 "-" "Mozilla/5.0 (Windows NT 10.0; Win64; x64) AppleWebKit/537.36 (KHTML, like Gecko) Chrome/120.0.0.0 Safari/537.36"
20.205.1.146 - - [16/Apr/2026:16:09:05 +0000] "GET /ws77.php HTTP/1.1" 200 20 "-" "Mozilla/5.0 (Windows NT 10.0; Win64; x64) AppleWebKit/537.36 (KHTML, like Gecko) Chrome/120.0.0.0 Safari/537.36"
20.205.1.146 - - [16/Apr/2026:16:09:05 +0000] "GET /2.php HTTP/1.1" 200 20 "-" "Mozilla/5.0 (Windows NT 10.0; Win64; x64) AppleWebKit/537.36 (KHTML, like Gecko) Chrome/120.0.0.0 Safari/537.36"
20.205.1.146 - - [16/Apr/2026:16:09:06 +0000] "GET /abcd.php HTTP/1.1" 200 20 "-" "Mozilla/5.0 (Windows NT 10.0; Win64; x64) AppleWebKit/537.36 (KHTML, like Gecko) Chrome/120.0.0.0 Safari/537.36"
20.205.1.146 - - [16/Apr/2026:16:09:07 +0000] "GET /wp-content/plugins/admin.php HTTP/1.1" 200 20 "-" "Mozilla/5.0 (Windows NT 10.0; Win64; x64) AppleWebKit/537.36 (KHTML, like Gecko) Chrome/120.0.0.0 Safari/537.36"
20.205.1.146 - - [16/Apr/2026:16:09:07 +0000] "GET /asd.php HTTP/1.1" 200 20 "-" "Mozilla/5.0 (Windows NT 10.0; Win64; x64) AppleWebKit/537.36 (KHTML, like Gecko) Chrome/120.0.0.0 Safari/537.36"
20.205.1.146 - - [16/Apr/2026:16:09:08 +0000] "GET /default.php HTTP/1.1" 200 20 "-" "Mozilla/5.0 (Windows NT 10.0; Win64; x64) AppleWebKit/537.36 (KHTML, like Gecko) Chrome/120.0.0.0 Safari/537.36"
20.205.1.146 - - [16/Apr/2026:16:09:09 +0000] "GET /gettest.php HTTP/1.1" 200 20 "-" "Mozilla/5.0 (Windows NT 10.0; Win64; x64) AppleWebKit/537.36 (KHTML, like Gecko) Chrome/120.0.0.0 Safari/537.36"
20.205.1.146 - - [16/Apr/2026:16:09:10 +0000] "GET /install.php HTTP/1.1" 200 20 "-" "Mozilla/5.0 (Windows NT 10.0; Win64; x64) AppleWebKit/537.36 (KHTML, like Gecko) Chrome/120.0.0.0 Safari/537.36"
20.205.1.146 - - [16/Apr/2026:16:09:10 +0000] "GET /tfm.php HTTP/1.1" 200 20 "-" "Mozilla/5.0 (Windows NT 10.0; Win64; x64) AppleWebKit/537.36 (KHTML, like Gecko) Chrome/120.0.0.0 Safari/537.36"
20.205.1.146 - - [16/Apr/2026:16:09:11 +0000] "GET /ws81.php HTTP/1.1" 200 20 "-" "Mozilla/5.0 (Windows NT 10.0; Win64; x64) AppleWebKit/537.36 (KHTML, like Gecko) Chrome/120.0.0.0 Safari/537.36"
20.205.1.146 - - [16/Apr/2026:16:09:12 +0000] "GET /222.php HTTP/1.1" 200 20 "-" "Mozilla/5.0 (Windows NT 10.0; Win64; x64) AppleWebKit/537.36 (KHTML, like Gecko) Chrome/120.0.0.0 Safari/537.36"
20.205.1.146 - - [16/Apr/2026:16:09:12 +0000] "GET /t.php HTTP/1.1" 200 20 "-" "Mozilla/5.0 (Windows NT 10.0; Win64; x64) AppleWebKit/537.36 (KHTML, like Gecko) Chrome/120.0.0.0 Safari/537.36"
20.205.1.146 - - [16/Apr/2026:16:09:13 +0000] "GET /wp-admin/maint/index.php HTTP/1.1" 200 20 "-" "Mozilla/5.0 (Windows NT 10.0; Win64; x64) AppleWebKit/537.36 (KHTML, like Gecko) Chrome/120.0.0.0 Safari/537.36"
74.7.243.227 - - [16/Apr/2026:16:09:13 +0000] "GET /whsy.php?p=%2Fvar%2Fsoftaculous%2Fhablator HTTP/1.1" 200 1022 "https://www.bespoketrading.com.lab2454.com/whsy.php?p=%2Fvar%2Fsoftaculous" "Mozilla/5.0 AppleWebKit/537.36 (KHTML, like Gecko; compatible; GPTBot/1.3; +https://openai.com/gptbot)"
20.205.1.146 - - [16/Apr/2026:16:09:14 +0000] "GET /6xBAm3vODE05BSzkJZRAws.php HTTP/1.1" 200 20 "-" "Mozilla/5.0 (Windows NT 10.0; Win64; x64) AppleWebKit/537.36 (KHTML, like Gecko) Chrome/120.0.0.0 Safari/537.36"
20.205.1.146 - - [16/Apr/2026:16:09:15 +0000] "GET /a.php HTTP/1.1" 200 20 "-" "Mozilla/5.0 (Windows NT 10.0; Win64; x64) AppleWebKit/537.36 (KHTML, like Gecko) Chrome/120.0.0.0 Safari/537.36"
20.205.1.146 - - [16/Apr/2026:16:09:15 +0000] "GET /a1.php HTTP/1.1" 200 20 "-" "Mozilla/5.0 (Windows NT 10.0; Win64; x64) AppleWebKit/537.36 (KHTML, like Gecko) Chrome/120.0.0.0 Safari/537.36"
20.205.1.146 - - [16/Apr/2026:16:09:16 +0000] "GET /onclickfuns.php HTTP/1.1" 200 20 "-" "Mozilla/5.0 (Windows NT 10.0; Win64; x64) AppleWebKit/537.36 (KHTML, like Gecko) Chrome/120.0.0.0 Safari/537.36"
20.205.1.146 - - [16/Apr/2026:16:09:17 +0000] "GET /w.php HTTP/1.1" 200 20 "-" "Mozilla/5.0 (Windows NT 10.0; Win64; x64) AppleWebKit/537.36 (KHTML, like Gecko) Chrome/120.0.0.0 Safari/537.36"
20.205.1.146 - - [16/Apr/2026:16:09:18 +0000] "GET /wp-admin/maint/about.php HTTP/1.1" 200 20 "-" "Mozilla/5.0 (Windows NT 10.0; Win64; x64) AppleWebKit/537.36 (KHTML, like Gecko) Chrome/120.0.0.0 Safari/537.36"
20.205.1.146 - - [16/Apr/2026:16:09:18 +0000] "GET /wp-content/plugins/index.php HTTP/1.1" 200 20 "-" "Mozilla/5.0 (Windows NT 10.0; Win64; x64) AppleWebKit/537.36 (KHTML, like Gecko) Chrome/120.0.0.0 Safari/537.36"
20.205.1.146 - - [16/Apr/2026:16:09:19 +0000] "GET /wp-good.php HTTP/1.1" 200 20 "-" "Mozilla/5.0 (Windows NT 10.0; Win64; x64) AppleWebKit/537.36 (KHTML, like Gecko) Chrome/120.0.0.0 Safari/537.36"
20.205.1.146 - - [16/Apr/2026:16:09:20 +0000] "GET /.info.php HTTP/1.1" 200 20 "-" "Mozilla/5.0 (Windows NT 10.0; Win64; x64) AppleWebKit/537.36 (KHTML, like Gecko) Chrome/120.0.0.0 Safari/537.36"
20.205.1.146 - - [16/Apr/2026:16:09:21 +0000] "GET /config.php HTTP/1.1" 200 20 "-" "Mozilla/5.0 (Windows NT 10.0; Win64; x64) AppleWebKit/537.36 (KHTML, like Gecko) Chrome/120.0.0.0 Safari/537.36"
20.205.1.146 - - [16/Apr/2026:16:09:21 +0000] "GET /item.php HTTP/1.1" 200 20 "-" "Mozilla/5.0 (Windows NT 10.0; Win64; x64) AppleWebKit/537.36 (KHTML, like Gecko) Chrome/120.0.0.0 Safari/537.36"
74.7.243.227 - - [16/Apr/2026:16:09:22 +0000] "GET /whsy.php?e=_clone.php&p=%2Fvar%2Fsoftaculous%2Fospos HTTP/1.1" 200 2086 "https://www.bespoketrading.com.lab2454.com/whsy.php?p=%2Fvar%2Fsoftaculous%2Fospos" "Mozilla/5.0 AppleWebKit/537.36 (KHTML, like Gecko; compatible; GPTBot/1.3; +https://openai.com/gptbot)"
20.205.1.146 - - [16/Apr/2026:16:09:22 +0000] "GET /m.php HTTP/1.1" 200 20 "-" "Mozilla/5.0 (Windows NT 10.0; Win64; x64) AppleWebKit/537.36 (KHTML, like Gecko) Chrome/120.0.0.0 Safari/537.36"
20.205.1.146 - - [16/Apr/2026:16:09:23 +0000] "GET /rh.php HTTP/1.1" 200 20 "-" "Mozilla/5.0 (Windows NT 10.0; Win64; x64) AppleWebKit/537.36 (KHTML, like Gecko) Chrome/120.0.0.0 Safari/537.36"
74.7.243.227 - - [16/Apr/2026:16:09:34 +0000] "GET /whsy.php?p=%2Fvar%2Fsoftaculous%2Fvue%2Fphp82 HTTP/1.1" 200 672 "https://www.bespoketrading.com.lab2454.com/whsy.php?p=%2Fvar%2Fsoftaculous%2Fvue" "Mozilla/5.0 AppleWebKit/537.36 (KHTML, like Gecko; compatible; GPTBot/1.3; +https://openai.com/gptbot)"
74.7.243.227 - - [16/Apr/2026:16:09:38 +0000] "GET /whsy.php?e=2021_12_22_138750_create_home_banners_table.php&p=%2Fhome%2Flab2454c%2Fwesternclear.net%2Fdatabase%2Fmigrations HTTP/1.1" 200 2399 "https://www.bespoketrading.com.lab2454.com/whsy.php?p=%2Fhome%2Flab2454c%2Fwesternclear.net%2Fdatabase%2Fmigrations" "Mozilla/5.0 AppleWebKit/537.36 (KHTML, like Gecko; compatible; GPTBot/1.3; +https://openai.com/gptbot)"
74.7.243.227 - - [16/Apr/2026:16:09:46 +0000] "GET /whsy.php?p=%2Fvar%2Fsoftaculous%2Fclassicpress%2F.. HTTP/1.1" 200 5090 "https://www.bespoketrading.com.lab2454.com/whsy.php?p=%2Fvar%2Fsoftaculous%2Fclassicpress" "Mozilla/5.0 AppleWebKit/537.36 (KHTML, like Gecko; compatible; GPTBot/1.3; +https://openai.com/gptbot)"
74.7.243.227 - - [16/Apr/2026:16:10:02 +0000] "GET /whsy.php?e=index.php&p=%2Fvar%2Fsoftaculous%2Ftxtpat HTTP/1.1" 200 4045 "https://www.bespoketrading.com.lab2454.com/whsy.php?p=%2Fvar%2Fsoftaculous%2Ftxtpat" "Mozilla/5.0 AppleWebKit/537.36 (KHTML, like Gecko; compatible; GPTBot/1.3; +https://openai.com/gptbot)"
74.7.243.227 - - [16/Apr/2026:16:10:06 +0000] "GET /whsy.php?e=index.php&p=%2Fvar%2Fsoftaculous%2Fyourls HTTP/1.1" 200 1327 "https://www.bespoketrading.com.lab2454.com/whsy.php?p=%2Fvar%2Fsoftaculous%2Fyourls" "Mozilla/5.0 AppleWebKit/537.36 (KHTML, like Gecko; compatible; GPTBot/1.3; +https://openai.com/gptbot)"
74.7.243.227 - - [16/Apr/2026:16:10:10 +0000] "GET /whsy.php?p=%2Fvar%2Fsoftaculous%2Flss HTTP/1.1" 200 1091 "https://www.bespoketrading.com.lab2454.com/whsy.php?p=%2Fvar%2Fsoftaculous" "Mozilla/5.0 AppleWebKit/537.36 (KHTML, like Gecko; compatible; GPTBot/1.3; +https://openai.com/gptbot)"
18.207.89.138 - - [16/Apr/2026:16:10:17 +0000] "GET /whsy.php?p=/home/lab2454c/internationalminersbank.com/backup/vendor/symfony/var-dumper/Test/.. HTTP/1.1" 200 971 "-" "Mozilla/5.0 AppleWebKit/537.36 (KHTML, like Gecko; compatible; Amazonbot/0.1; +https://developer.amazon.com/support/amazonbot) Chrome/119.0.6045.214 Safari/537.36"
74.7.243.227 - - [16/Apr/2026:16:10:18 +0000] "GET /whsy.php?p=%2Fvar%2Fsoftaculous%2Fvue%2Fphp82%2F.. HTTP/1.1" 200 899 "https://www.bespoketrading.com.lab2454.com/whsy.php?p=%2Fvar%2Fsoftaculous%2Fvue%2Fphp82" "Mozilla/5.0 AppleWebKit/537.36 (KHTML, like Gecko; compatible; GPTBot/1.3; +https://openai.com/gptbot)"
74.7.243.227 - - [16/Apr/2026:16:10:30 +0000] "GET /whsy.php?p=%2Fvar%2Fsoftaculous%2Fops HTTP/1.1" 200 1185 "https://www.bespoketrading.com.lab2454.com/whsy.php?p=%2Fvar%2Fsoftaculous" "Mozilla/5.0 AppleWebKit/537.36 (KHTML, like Gecko; compatible; GPTBot/1.3; +https://openai.com/gptbot)"
74.7.243.227 - - [16/Apr/2026:16:10:34 +0000] "GET /whsy.php?p=%2Fvar%2Fsoftaculous%2Fsp%2Fphp81 HTTP/1.1" 200 824 "https://www.bespoketrading.com.lab2454.com/whsy.php?p=%2Fvar%2Fsoftaculous%2Fsp" "Mozilla/5.0 AppleWebKit/537.36 (KHTML, like Gecko; compatible; GPTBot/1.3; +https://openai.com/gptbot)"
3.229.164.203 - - [16/Apr/2026:16:10:37 +0000] "GET /whsy.php?e=ParentClass.php&p=/home/lab2454c/invest.equitablebarter.com/wp-content/plugins/wp-user-frontend-pro/vendor/sebastian/object-reflector/tests/_fixture HTTP/1.1" 200 1235 "-" "Mozilla/5.0 AppleWebKit/537.36 (KHTML, like Gecko; compatible; Amazonbot/0.1; +https://developer.amazon.com/support/amazonbot) Chrome/119.0.6045.214 Safari/537.36"
74.7.243.227 - - [16/Apr/2026:16:10:42 +0000] "GET /whsy.php?p=%2Fvar%2Fsoftaculous%2Fsp%2Fphp56 HTTP/1.1" 200 824 "https://www.bespoketrading.com.lab2454.com/whsy.php?p=%2Fvar%2Fsoftaculous%2Fsp" "Mozilla/5.0 AppleWebKit/537.36 (KHTML, like Gecko; compatible; GPTBot/1.3; +https://openai.com/gptbot)"
74.7.243.227 - - [16/Apr/2026:16:10:46 +0000] "GET /whsy.php?p=%2Fvar%2Fsoftaculous%2Fsp%2Fphp53 HTTP/1.1" 200 824 "https://www.bespoketrading.com.lab2454.com/whsy.php?p=%2Fvar%2Fsoftaculous%2Fsp" "Mozilla/5.0 AppleWebKit/537.36 (KHTML, like Gecko; compatible; GPTBot/1.3; +https://openai.com/gptbot)"
74.7.243.227 - - [16/Apr/2026:16:10:55 +0000] "GET /whsy.php?p=%2Fvar%2Fsoftaculous%2Flss%2Fphp82 HTTP/1.1" 200 801 "https://www.bespoketrading.com.lab2454.com/whsy.php?p=%2Fvar%2Fsoftaculous%2Flss" "Mozilla/5.0 AppleWebKit/537.36 (KHTML, like Gecko; compatible; GPTBot/1.3; +https://openai.com/gptbot)"
74.7.243.227 - - [16/Apr/2026:16:10:59 +0000] "GET /whsy.php?p=%2Fvar%2Fsoftaculous%2Flss%2Fphp81 HTTP/1.1" 200 799 "https://www.bespoketrading.com.lab2454.com/whsy.php?p=%2Fvar%2Fsoftaculous%2Flss" "Mozilla/5.0 AppleWebKit/537.36 (KHTML, like Gecko; compatible; GPTBot/1.3; +https://openai.com/gptbot)"
74.7.243.227 - - [16/Apr/2026:16:11:03 +0000] "GET /whsy.php?p=%2Fvar%2Fsoftaculous%2Flss%2Fphp56 HTTP/1.1" 200 800 "https://www.bespoketrading.com.lab2454.com/whsy.php?p=%2Fvar%2Fsoftaculous%2Flss" "Mozilla/5.0 AppleWebKit/537.36 (KHTML, like Gecko; compatible; GPTBot/1.3; +https://openai.com/gptbot)"
74.7.243.227 - - [16/Apr/2026:16:11:15 +0000] "GET /whsy.php?p=%2Fvar%2Fsoftaculous%2Fops%2Fphp82 HTTP/1.1" 200 827 "https://www.bespoketrading.com.lab2454.com/whsy.php?p=%2Fvar%2Fsoftaculous%2Fops" "Mozilla/5.0 AppleWebKit/537.36 (KHTML, like Gecko; compatible; GPTBot/1.3; +https://openai.com/gptbot)"
74.7.243.227 - - [16/Apr/2026:16:11:19 +0000] "GET /whsy.php?p=%2Fvar%2Fsoftaculous%2Fsp%2Fphp81%2F.. HTTP/1.1" 200 1256 "https://www.bespoketrading.com.lab2454.com/whsy.php?p=%2Fvar%2Fsoftaculous%2Fsp%2Fphp81" "Mozilla/5.0 AppleWebKit/537.36 (KHTML, like Gecko; compatible; GPTBot/1.3; +https://openai.com/gptbot)"
74.7.243.227 - - [16/Apr/2026:16:11:27 +0000] "GET /whsy.php?p=%2Fvar%2Fsoftaculous%2Fsp%2Fphp56%2F.. HTTP/1.1" 200 1256 "https://www.bespoketrading.com.lab2454.com/whsy.php?p=%2Fvar%2Fsoftaculous%2Fsp%2Fphp56" "Mozilla/5.0 AppleWebKit/537.36 (KHTML, like Gecko; compatible; GPTBot/1.3; +https://openai.com/gptbot)"
74.7.243.227 - - [16/Apr/2026:16:11:32 +0000] "GET /whsy.php?p=%2Fvar%2Fsoftaculous%2Fsp%2Fphp53%2F.. HTTP/1.1" 200 1256 "https://www.bespoketrading.com.lab2454.com/whsy.php?p=%2Fvar%2Fsoftaculous%2Fsp%2Fphp53" "Mozilla/5.0 AppleWebKit/537.36 (KHTML, like Gecko; compatible; GPTBot/1.3; +https://openai.com/gptbot)"
74.7.243.227 - - [16/Apr/2026:16:11:40 +0000] "GET /whsy.php?p=%2Fvar%2Fsoftaculous%2Flss%2Fphp82%2F.. HTTP/1.1" 200 1091 "https://www.bespoketrading.com.lab2454.com/whsy.php?p=%2Fvar%2Fsoftaculous%2Flss%2Fphp82" "Mozilla/5.0 AppleWebKit/537.36 (KHTML, like Gecko; compatible; GPTBot/1.3; +https://openai.com/gptbot)"
74.7.243.227 - - [16/Apr/2026:16:11:44 +0000] "GET /whsy.php?p=%2Fvar%2Fsoftaculous%2Flss%2Fphp81%2F.. HTTP/1.1" 200 1091 "https://www.bespoketrading.com.lab2454.com/whsy.php?p=%2Fvar%2Fsoftaculous%2Flss%2Fphp81" "Mozilla/5.0 AppleWebKit/537.36 (KHTML, like Gecko; compatible; GPTBot/1.3; +https://openai.com/gptbot)"
74.7.243.227 - - [16/Apr/2026:16:11:49 +0000] "GET /whsy.php?p=%2Fvar%2Fsoftaculous%2Flss%2Fphp56%2F.. HTTP/1.1" 200 1091 "https://www.bespoketrading.com.lab2454.com/whsy.php?p=%2Fvar%2Fsoftaculous%2Flss%2Fphp56" "Mozilla/5.0 AppleWebKit/537.36 (KHTML, like Gecko; compatible; GPTBot/1.3; +https://openai.com/gptbot)"
74.7.243.236 - - [16/Apr/2026:16:11:50 +0000] "GET /whsy.php?p=%2Fhome%2Flab2454c%2Ffcxpro.com%2Fwp-content%2Fplugins%2Fcoming-soon-page%2Fincludes%2Fstyle%2F.. HTTP/1.1" 200 830 "https://bespoketrading.com.lab2454.com/whsy.php?p=%2Fhome%2Flab2454c%2Ffcxpro.com%2Fwp-content%2Fplugins%2Fcoming-soon-page%2Fincludes%2Fstyle" "Mozilla/5.0 AppleWebKit/537.36 (KHTML, like Gecko; compatible; GPTBot/1.3; +https://openai.com/gptbot)"
74.7.243.227 - - [16/Apr/2026:16:12:02 +0000] "GET /whsy.php?p=%2Fvar%2Fsoftaculous%2Fops%2Fphp82%2F.. HTTP/1.1" 200 1185 "https://www.bespoketrading.com.lab2454.com/whsy.php?p=%2Fvar%2Fsoftaculous%2Fops%2Fphp82" "Mozilla/5.0 AppleWebKit/537.36 (KHTML, like Gecko; compatible; GPTBot/1.3; +https://openai.com/gptbot)"
74.7.243.236 - - [16/Apr/2026:16:12:03 +0000] "GET /whsy.php?e=.htaccess&p=%2Fhome%2Flab2454c%2Fmact34.com%2Fwp-content HTTP/1.1" 200 1166 "https://bespoketrading.com.lab2454.com/whsy.php?p=%2Fhome%2Flab2454c%2Fmact34.com%2Fwp-content" "Mozilla/5.0 AppleWebKit/537.36 (KHTML, like Gecko; compatible; GPTBot/1.3; +https://openai.com/gptbot)"
74.7.243.227 - - [16/Apr/2026:16:12:06 +0000] "GET /whsy.php?p=%2Fvar%2Fsoftaculous%2Fops%2Fphp56 HTTP/1.1" 200 827 "https://www.bespoketrading.com.lab2454.com/whsy.php?p=%2Fvar%2Fsoftaculous%2Fops" "Mozilla/5.0 AppleWebKit/537.36 (KHTML, like Gecko; compatible; GPTBot/1.3; +https://openai.com/gptbot)"
74.7.243.236 - - [16/Apr/2026:16:12:11 +0000] "GET /whsy.php?p=%2Fhome%2Flab2454c%2Fmail%2Fnetxzero.com%2Finfo%2F.spam%2Fcur HTTP/1.1" 200 532 "https://bespoketrading.com.lab2454.com/whsy.php?p=%2Fhome%2Flab2454c%2Fmail%2Fnetxzero.com%2Finfo%2F.spam" "Mozilla/5.0 AppleWebKit/537.36 (KHTML, like Gecko; compatible; GPTBot/1.3; +https://openai.com/gptbot)"
74.7.243.227 - - [16/Apr/2026:16:12:14 +0000] "GET /whsy.php?p=%2Fvar%2Fsoftaculous%2Fops%2Fphp53 HTTP/1.1" 200 827 "https://www.bespoketrading.com.lab2454.com/whsy.php?p=%2Fvar%2Fsoftaculous%2Fops" "Mozilla/5.0 AppleWebKit/537.36 (KHTML, like Gecko; compatible; GPTBot/1.3; +https://openai.com/gptbot)"
74.7.243.227 - - [16/Apr/2026:16:12:18 +0000] "GET /whsy.php?p=%2Fvar%2Fsoftaculous%2Fops%2Fphp81 HTTP/1.1" 200 827 "https://www.bespoketrading.com.lab2454.com/whsy.php?p=%2Fvar%2Fsoftaculous%2Fops" "Mozilla/5.0 AppleWebKit/537.36 (KHTML, like Gecko; compatible; GPTBot/1.3; +https://openai.com/gptbot)"
74.7.243.236 - - [16/Apr/2026:16:12:27 +0000] "GET /whsy.php?p=%2Fhome%2Flab2454c%2Figpma.com%2Fwp-includes%2Fjs%2Fdist HTTP/1.1" 200 4281 "https://bespoketrading.com.lab2454.com/whsy.php?p=%2Fhome%2Flab2454c%2Figpma.com%2Fwp-includes%2Fjs" "Mozilla/5.0 AppleWebKit/537.36 (KHTML, like Gecko; compatible; GPTBot/1.3; +https://openai.com/gptbot)"
74.7.243.227 - - [16/Apr/2026:16:12:30 +0000] "GET /whsy.php?p=%2Fvar%2Fsoftaculous%2Fops%2Fphp71 HTTP/1.1" 200 827 "https://www.bespoketrading.com.lab2454.com/whsy.php?p=%2Fvar%2Fsoftaculous%2Fops" "Mozilla/5.0 AppleWebKit/537.36 (KHTML, like Gecko; compatible; GPTBot/1.3; +https://openai.com/gptbot)"
74.7.243.236 - - [16/Apr/2026:16:12:31 +0000] "GET /whsy.php?p=%2Fhome%2Flab2454c%2Figpma.com%2Fwp-includes%2Fjs%2Fcrop HTTP/1.1" 200 809 "https://bespoketrading.com.lab2454.com/whsy.php?p=%2Fhome%2Flab2454c%2Figpma.com%2Fwp-includes%2Fjs" "Mozilla/5.0 AppleWebKit/537.36 (KHTML, like Gecko; compatible; GPTBot/1.3; +https://openai.com/gptbot)"
74.7.243.227 - - [16/Apr/2026:16:12:34 +0000] "GET /whsy.php?p=%2Fvar%2Fsoftaculous%2Flss%2Fphp71 HTTP/1.1" 200 799 "https://www.bespoketrading.com.lab2454.com/whsy.php?p=%2Fvar%2Fsoftaculous%2Flss" "Mozilla/5.0 AppleWebKit/537.36 (KHTML, like Gecko; compatible; GPTBot/1.3; +https://openai.com/gptbot)"
74.7.243.236 - - [16/Apr/2026:16:12:35 +0000] "GET /whsy.php?p=%2Fhome%2Flab2454c%2Fnfsin.com%2Fwp-includes%2Fjs%2Fdist HTTP/1.1" 200 4342 "https://bespoketrading.com.lab2454.com/whsy.php?p=%2Fhome%2Flab2454c%2Fnfsin.com%2Fwp-includes%2Fjs" "Mozilla/5.0 AppleWebKit/537.36 (KHTML, like Gecko; compatible; GPTBot/1.3; +https://openai.com/gptbot)"
74.7.243.236 - - [16/Apr/2026:16:12:43 +0000] "GET /whsy.php?p=%2Fhome%2Flab2454c%2Fnfsin.com%2Fwp-includes%2Fjs%2Fcrop HTTP/1.1" 200 817 "https://bespoketrading.com.lab2454.com/whsy.php?p=%2Fhome%2Flab2454c%2Fnfsin.com%2Fwp-includes%2Fjs" "Mozilla/5.0 AppleWebKit/537.36 (KHTML, like Gecko; compatible; GPTBot/1.3; +https://openai.com/gptbot)"
74.7.243.227 - - [16/Apr/2026:16:12:50 +0000] "GET /whsy.php?p=%2Fvar%2Fsoftaculous%2Fops%2Fphp56%2F.. HTTP/1.1" 200 1185 "https://www.bespoketrading.com.lab2454.com/whsy.php?p=%2Fvar%2Fsoftaculous%2Fops%2Fphp56" "Mozilla/5.0 AppleWebKit/537.36 (KHTML, like Gecko; compatible; GPTBot/1.3; +https://openai.com/gptbot)"
74.7.243.236 - - [16/Apr/2026:16:12:56 +0000] "GET /whsy.php?p=%2Fhome%2Flab2454c%2Fmail%2Fnetxzero.com%2Finfo%2F.spam%2Fcur%2F.. HTTP/1.1" 200 804 "https://bespoketrading.com.lab2454.com/whsy.php?p=%2Fhome%2Flab2454c%2Fmail%2Fnetxzero.com%2Finfo%2F.spam%2Fcur" "Mozilla/5.0 AppleWebKit/537.36 (KHTML, like Gecko; compatible; GPTBot/1.3; +https://openai.com/gptbot)"
74.7.243.227 - - [16/Apr/2026:16:12:59 +0000] "GET /whsy.php?p=%2Fvar%2Fsoftaculous%2Fops%2Fphp53%2F.. HTTP/1.1" 200 1185 "https://www.bespoketrading.com.lab2454.com/whsy.php?p=%2Fvar%2Fsoftaculous%2Fops%2Fphp53" "Mozilla/5.0 AppleWebKit/537.36 (KHTML, like Gecko; compatible; GPTBot/1.3; +https://openai.com/gptbot)"
74.7.243.227 - - [16/Apr/2026:16:13:03 +0000] "GET /whsy.php?e=edit.php&p=%2Fvar%2Fsoftaculous%2Fops%2Fphp81 HTTP/1.1" 200 4443 "https://www.bespoketrading.com.lab2454.com/whsy.php?p=%2Fvar%2Fsoftaculous%2Fops%2Fphp81" "Mozilla/5.0 AppleWebKit/537.36 (KHTML, like Gecko; compatible; GPTBot/1.3; +https://openai.com/gptbot)"
74.7.243.227 - - [16/Apr/2026:16:13:12 +0000] "GET /whsy.php?p=%2Fvar%2Fsoftaculous%2Fops%2Fphp81%2F.. HTTP/1.1" 200 1185 "https://www.bespoketrading.com.lab2454.com/whsy.php?p=%2Fvar%2Fsoftaculous%2Fops%2Fphp81" "Mozilla/5.0 AppleWebKit/537.36 (KHTML, like Gecko; compatible; GPTBot/1.3; +https://openai.com/gptbot)"
74.7.243.236 - - [16/Apr/2026:16:13:13 +0000] "GET /whsy.php?p=%2Fhome%2Flab2454c%2Figpma.com%2Fwp-includes%2Fjs%2Fdist%2F.. HTTP/1.1" 200 3613 "https://bespoketrading.com.lab2454.com/whsy.php?p=%2Fhome%2Flab2454c%2Figpma.com%2Fwp-includes%2Fjs%2Fdist" "Mozilla/5.0 AppleWebKit/537.36 (KHTML, like Gecko; compatible; GPTBot/1.3; +https://openai.com/gptbot)"
98.83.226.125 - - [16/Apr/2026:16:13:13 +0000] "GET /whsy.php?p=/home/lab2454c/sothebankuab.com/wp-content/plugins/wpforms-lite/vendor/woocommerce/action-scheduler/lib/cron-expression/.. HTTP/1.1" 200 802 "-" "Mozilla/5.0 AppleWebKit/537.36 (KHTML, like Gecko; compatible; Amazonbot/0.1; +https://developer.amazon.com/support/amazonbot) Chrome/119.0.6045.214 Safari/537.36"
74.7.243.227 - - [16/Apr/2026:16:13:16 +0000] "GET /whsy.php?p=%2Fvar%2Fsoftaculous%2Fops%2Fphp71%2F.. HTTP/1.1" 200 1185 "https://www.bespoketrading.com.lab2454.com/whsy.php?p=%2Fvar%2Fsoftaculous%2Fops%2Fphp71" "Mozilla/5.0 AppleWebKit/537.36 (KHTML, like Gecko; compatible; GPTBot/1.3; +https://openai.com/gptbot)"
74.7.243.236 - - [16/Apr/2026:16:13:22 +0000] "GET /whsy.php?e=patterns.js&p=%2Fhome%2Flab2454c%2Fnfsin.com%2Fwp-includes%2Fjs%2Fdist HTTP/1.1" 200 16382 "https://bespoketrading.com.lab2454.com/whsy.php?p=%2Fhome%2Flab2454c%2Fnfsin.com%2Fwp-includes%2Fjs%2Fdist" "Mozilla/5.0 AppleWebKit/537.36 (KHTML, like Gecko; compatible; GPTBot/1.3; +https://openai.com/gptbot)"
74.7.243.236 - - [16/Apr/2026:16:13:26 +0000] "GET /whsy.php?e=data.min.js&p=%2Fhome%2Flab2454c%2Fnfsin.com%2Fwp-includes%2Fjs%2Fdist HTTP/1.1" 200 13432 "https://bespoketrading.com.lab2454.com/whsy.php?p=%2Fhome%2Flab2454c%2Fnfsin.com%2Fwp-includes%2Fjs%2Fdist" "Mozilla/5.0 AppleWebKit/537.36 (KHTML, like Gecko; compatible; GPTBot/1.3; +https://openai.com/gptbot)"
74.7.243.236 - - [16/Apr/2026:16:13:30 +0000] "GET /whsy.php?e=deprecated.min.js&p=%2Fhome%2Flab2454c%2Fnfsin.com%2Fwp-includes%2Fjs%2Fdist HTTP/1.1" 200 4859 "https://bespoketrading.com.lab2454.com/whsy.php?p=%2Fhome%2Flab2454c%2Fnfsin.com%2Fwp-includes%2Fjs%2Fdist" "Mozilla/5.0 AppleWebKit/537.36 (KHTML, like Gecko; compatible; GPTBot/1.3; +https://openai.com/gptbot)"
74.7.243.227 - - [16/Apr/2026:16:13:37 +0000] "GET /whsy.php?p=%2Fvar%2Fsoftaculous%2Flss%2Fphp71%2F.. HTTP/1.1" 200 1091 "https://www.bespoketrading.com.lab2454.com/whsy.php?p=%2Fvar%2Fsoftaculous%2Flss%2Fphp71" "Mozilla/5.0 AppleWebKit/537.36 (KHTML, like Gecko; compatible; GPTBot/1.3; +https://openai.com/gptbot)"
74.7.243.236 - - [16/Apr/2026:16:13:43 +0000] "GET /whsy.php?e=redux-routine.js&p=%2Fhome%2Flab2454c%2Fnfsin.com%2Fwp-includes%2Fjs%2Fdist HTTP/1.1" 200 9222 "https://bespoketrading.com.lab2454.com/whsy.php?p=%2Fhome%2Flab2454c%2Fnfsin.com%2Fwp-includes%2Fjs%2Fdist" "Mozilla/5.0 AppleWebKit/537.36 (KHTML, like Gecko; compatible; GPTBot/1.3; +https://openai.com/gptbot)"
74.7.243.227 - - [16/Apr/2026:16:13:45 +0000] "GET /whsy.php?p=%2Fvar%2Fsoftaculous%2Flss%2Fphp53 HTTP/1.1" 200 800 "https://www.bespoketrading.com.lab2454.com/whsy.php?p=%2Fvar%2Fsoftaculous%2Flss" "Mozilla/5.0 AppleWebKit/537.36 (KHTML, like Gecko; compatible; GPTBot/1.3; +https://openai.com/gptbot)"
74.7.243.236 - - [16/Apr/2026:16:13:51 +0000] "GET /whsy.php?p=%2Fhome%2Flab2454c%2Fnfsin.com%2Fwp-includes%2Fjs%2Fcrop%2F.. HTTP/1.1" 200 3642 "https://bespoketrading.com.lab2454.com/whsy.php?p=%2Fhome%2Flab2454c%2Fnfsin.com%2Fwp-includes%2Fjs%2Fcrop" "Mozilla/5.0 AppleWebKit/537.36 (KHTML, like Gecko; compatible; GPTBot/1.3; +https://openai.com/gptbot)"
74.7.243.236 - - [16/Apr/2026:16:13:55 +0000] "GET /whsy.php?p=%2Fhome%2Flab2454c%2Fnfsin.com%2Fwp-includes%2Fjs%2Fdist%2F.. HTTP/1.1" 200 3642 "https://bespoketrading.com.lab2454.com/whsy.php?p=%2Fhome%2Flab2454c%2Fnfsin.com%2Fwp-includes%2Fjs%2Fdist" "Mozilla/5.0 AppleWebKit/537.36 (KHTML, like Gecko; compatible; GPTBot/1.3; +https://openai.com/gptbot)"
74.7.243.227 - - [16/Apr/2026:16:13:57 +0000] "GET /whsy.php?p=%2Fvar%2Fsoftaculous%2Fsp%2Fphp71 HTTP/1.1" 200 824 "https://www.bespoketrading.com.lab2454.com/whsy.php?p=%2Fvar%2Fsoftaculous%2Fsp" "Mozilla/5.0 AppleWebKit/537.36 (KHTML, like Gecko; compatible; GPTBot/1.3; +https://openai.com/gptbot)"
74.7.243.236 - - [16/Apr/2026:16:13:59 +0000] "GET /whsy.php?p=%2Fhome%2Flab2454c%2Figpma.com%2Fwp-includes%2Fjs%2Fcrop%2F.. HTTP/1.1" 200 3613 "https://bespoketrading.com.lab2454.com/whsy.php?p=%2Fhome%2Flab2454c%2Figpma.com%2Fwp-includes%2Fjs%2Fcrop" "Mozilla/5.0 AppleWebKit/537.36 (KHTML, like Gecko; compatible; GPTBot/1.3; +https://openai.com/gptbot)"
74.7.243.227 - - [16/Apr/2026:16:14:01 +0000] "GET /whsy.php?p=%2Fvar%2Fsoftaculous%2Fshopware%2F.. HTTP/1.1" 200 5090 "https://www.bespoketrading.com.lab2454.com/whsy.php?p=%2Fvar%2Fsoftaculous%2Fshopware" "Mozilla/5.0 AppleWebKit/537.36 (KHTML, like Gecko; compatible; GPTBot/1.3; +https://openai.com/gptbot)"
74.7.243.227 - - [16/Apr/2026:16:14:06 +0000] "GET /whsy.php?p=%2Fvar%2Fsoftaculous%2Ffreshrss%2F.. HTTP/1.1" 200 5090 "https://www.bespoketrading.com.lab2454.com/whsy.php?p=%2Fvar%2Fsoftaculous%2Ffreshrss" "Mozilla/5.0 AppleWebKit/537.36 (KHTML, like Gecko; compatible; GPTBot/1.3; +https://openai.com/gptbot)"
74.7.243.227 - - [16/Apr/2026:16:14:10 +0000] "GET /whsy.php?p=%2Fvar%2Fsoftaculous%2Fmootools%2F.. HTTP/1.1" 200 5090 "https://www.bespoketrading.com.lab2454.com/whsy.php?p=%2Fvar%2Fsoftaculous%2Fmootools" "Mozilla/5.0 AppleWebKit/537.36 (KHTML, like Gecko; compatible; GPTBot/1.3; +https://openai.com/gptbot)"
74.7.243.236 - - [16/Apr/2026:16:14:17 +0000] "GET /whsy.php?p=%2Fhome%2Flab2454c%2Fveritserv.net%2Fwp-content%2Fplugins%2Fuser-registration-advanced-fields%2Fassets%2F.. HTTP/1.1" 200 836 "https://bespoketrading.com.lab2454.com/whsy.php?p=%2Fhome%2Flab2454c%2Fveritserv.net%2Fwp-content%2Fplugins%2Fuser-registration-advanced-fields%2Fassets" "Mozilla/5.0 AppleWebKit/537.36 (KHTML, like Gecko; compatible; GPTBot/1.3; +https://openai.com/gptbot)"
74.7.243.236 - - [16/Apr/2026:16:14:21 +0000] "GET /whsy.php?p=%2Fhome%2Flab2454c%2Fveritserv.net%2Fwp-content%2Fplugins%2Fuser-registration-style-customizer%2Fassets%2F.. HTTP/1.1" 200 1093 "https://bespoketrading.com.lab2454.com/whsy.php?p=%2Fhome%2Flab2454c%2Fveritserv.net%2Fwp-content%2Fplugins%2Fuser-registration-style-customizer%2Fassets" "Mozilla/5.0 AppleWebKit/537.36 (KHTML, like Gecko; compatible; GPTBot/1.3; +https://openai.com/gptbot)"
74.7.243.227 - - [16/Apr/2026:16:14:31 +0000] "GET /whsy.php?p=%2Fvar%2Fsoftaculous%2Flss%2Fphp53%2F.. HTTP/1.1" 200 1091 "https://www.bespoketrading.com.lab2454.com/whsy.php?p=%2Fvar%2Fsoftaculous%2Flss%2Fphp53" "Mozilla/5.0 AppleWebKit/537.36 (KHTML, like Gecko; compatible; GPTBot/1.3; +https://openai.com/gptbot)"
74.7.243.236 - - [16/Apr/2026:16:14:33 +0000] "GET /whsy.php?p=%2Fhome%2Flab2454c%2Fcarbonbullion.net%2Fwp-content%2Fplugins%2Fadvanced-custom-fields-pro%2Fincludes%2F.. HTTP/1.1" 200 806 "https://bespoketrading.com.lab2454.com/whsy.php?p=%2Fhome%2Flab2454c%2Fcarbonbullion.net%2Fwp-content%2Fplugins%2Fadvanced-custom-fields-pro%2Fincludes" "Mozilla/5.0 AppleWebKit/537.36 (KHTML, like Gecko; compatible; GPTBot/1.3; +https://openai.com/gptbot)"
74.7.243.236 - - [16/Apr/2026:16:14:37 +0000] "GET /whsy.php?p=%2Fhome%2Flab2454c%2Fcarbonbullion.net%2Fwp-content%2Fplugins%2Fwoocommerce-ajax-filters%2Ffixes%2F.. HTTP/1.1" 200 1049 "https://bespoketrading.com.lab2454.com/whsy.php?p=%2Fhome%2Flab2454c%2Fcarbonbullion.net%2Fwp-content%2Fplugins%2Fwoocommerce-ajax-filters%2Ffixes" "Mozilla/5.0 AppleWebKit/537.36 (KHTML, like Gecko; compatible; GPTBot/1.3; +https://openai.com/gptbot)"
74.7.243.236 - - [16/Apr/2026:16:14:42 +0000] "GET /whsy.php?p=%2Fhome%2Flab2454c%2Fveritserv.net%2Fwp-content%2Fplugins%2Fuser-registration-advanced-fields%2Fincludes%2F.. HTTP/1.1" 200 836 "https://bespoketrading.com.lab2454.com/whsy.php?p=%2Fhome%2Flab2454c%2Fveritserv.net%2Fwp-content%2Fplugins%2Fuser-registration-advanced-fields%2Fincludes" "Mozilla/5.0 AppleWebKit/537.36 (KHTML, like Gecko; compatible; GPTBot/1.3; +https://openai.com/gptbot)"
74.7.243.227 - - [16/Apr/2026:16:14:44 +0000] "GET /whsy.php?p=%2Fvar%2Fsoftaculous%2Fsp%2Fphp71%2F.. HTTP/1.1" 200 1256 "https://www.bespoketrading.com.lab2454.com/whsy.php?p=%2Fvar%2Fsoftaculous%2Fsp%2Fphp71" "Mozilla/5.0 AppleWebKit/537.36 (KHTML, like Gecko; compatible; GPTBot/1.3; +https://openai.com/gptbot)"
74.7.243.227 - - [16/Apr/2026:16:14:48 +0000] "GET /whsy.php?p=%2Fvar%2Fsoftaculous%2Fshopsite%2F.. HTTP/1.1" 200 5090 "https://www.bespoketrading.com.lab2454.com/whsy.php?p=%2Fvar%2Fsoftaculous%2Fshopsite" "Mozilla/5.0 AppleWebKit/537.36 (KHTML, like Gecko; compatible; GPTBot/1.3; +https://openai.com/gptbot)"
74.7.243.236 - - [16/Apr/2026:16:14:50 +0000] "GET /whsy.php?p=%2Fhome%2Flab2454c%2Fmact34.com%2Fwp-content%2Fplugins%2Fupdraftplus%2Fcentral%2Fclasses%2F.. HTTP/1.1" 200 937 "https://bespoketrading.com.lab2454.com/whsy.php?p=%2Fhome%2Flab2454c%2Fmact34.com%2Fwp-content%2Fplugins%2Fupdraftplus%2Fcentral%2Fclasses" "Mozilla/5.0 AppleWebKit/537.36 (KHTML, like Gecko; compatible; GPTBot/1.3; +https://openai.com/gptbot)"
74.7.243.227 - - [16/Apr/2026:16:14:56 +0000] "GET /whsy.php?p=%2Fvar%2Fsoftaculous%2Fhablator%2F.. HTTP/1.1" 200 5090 "https://www.bespoketrading.com.lab2454.com/whsy.php?p=%2Fvar%2Fsoftaculous%2Fhablator" "Mozilla/5.0 AppleWebKit/537.36 (KHTML, like Gecko; compatible; GPTBot/1.3; +https://openai.com/gptbot)"
74.7.243.236 - - [16/Apr/2026:16:14:58 +0000] "GET /whsy.php?p=%2Fhome%2Flab2454c%2Fmact34.com%2Fwp-content%2Fplugins%2Felementor%2Fincludes%2Fsettings%2F.. HTTP/1.1" 200 1427 "https://bespoketrading.com.lab2454.com/whsy.php?p=%2Fhome%2Flab2454c%2Fmact34.com%2Fwp-content%2Fplugins%2Felementor%2Fincludes%2Fsettings" "Mozilla/5.0 AppleWebKit/537.36 (KHTML, like Gecko; compatible; GPTBot/1.3; +https://openai.com/gptbot)"
74.7.243.236 - - [16/Apr/2026:16:15:02 +0000] "GET /whsy.php?p=%2Fhome%2Flab2454c%2Fmact34.com%2Fwp-content%2Fplugins%2Felementor%2Fincludes%2Fcontrols%2F.. HTTP/1.1" 200 1427 "https://bespoketrading.com.lab2454.com/whsy.php?p=%2Fhome%2Flab2454c%2Fmact34.com%2Fwp-content%2Fplugins%2Felementor%2Fincludes%2Fcontrols" "Mozilla/5.0 AppleWebKit/537.36 (KHTML, like Gecko; compatible; GPTBot/1.3; +https://openai.com/gptbot)"
74.7.243.227 - - [16/Apr/2026:16:15:09 +0000] "GET /whsy.php?e=2022_06_03_070247_create_faq_categories_table.php&p=%2Fhome%2Flab2454c%2Fwesternclear.net%2Fdatabase%2Fmigrations HTTP/1.1" 200 2369 "https://www.bespoketrading.com.lab2454.com/whsy.php?p=%2Fhome%2Flab2454c%2Fwesternclear.net%2Fdatabase%2Fmigrations" "Mozilla/5.0 AppleWebKit/537.36 (KHTML, like Gecko; compatible; GPTBot/1.3; +https://openai.com/gptbot)"
74.7.243.227 - - [16/Apr/2026:16:15:13 +0000] "GET /whsy.php?p=%2Fvar%2Fsoftaculous%2Fphpwcms%2F.. HTTP/1.1" 200 5090 "https://www.bespoketrading.com.lab2454.com/whsy.php?p=%2Fvar%2Fsoftaculous%2Fphpwcms" "Mozilla/5.0 AppleWebKit/537.36 (KHTML, like Gecko; compatible; GPTBot/1.3; +https://openai.com/gptbot)"
74.7.243.227 - - [16/Apr/2026:16:15:18 +0000] "GET /whsy.php?p=%2Fvar%2Fsoftaculous%2Fphpaddr%2F.. HTTP/1.1" 200 5090 "https://www.bespoketrading.com.lab2454.com/whsy.php?p=%2Fvar%2Fsoftaculous%2Fphpaddr" "Mozilla/5.0 AppleWebKit/537.36 (KHTML, like Gecko; compatible; GPTBot/1.3; +https://openai.com/gptbot)"
74.7.243.236 - - [16/Apr/2026:16:15:21 +0000] "GET /whsy.php?p=%2Fhome%2Flab2454c%2Fmact34.com%2Fwp-content%2Fplugins%2Felementor%2Fmodules%2Fgutenberg%2F.. HTTP/1.1" 200 1039 "https://bespoketrading.com.lab2454.com/whsy.php?p=%2Fhome%2Flab2454c%2Fmact34.com%2Fwp-content%2Fplugins%2Felementor%2Fmodules%2Fgutenberg" "Mozilla/5.0 AppleWebKit/537.36 (KHTML, like Gecko; compatible; GPTBot/1.3; +https://openai.com/gptbot)"
74.7.243.236 - - [16/Apr/2026:16:15:25 +0000] "GET /whsy.php?p=%2Fhome%2Flab2454c%2Flogs%2Froundcube HTTP/1.1" 200 810 "https://bespoketrading.com.lab2454.com/whsy.php?p=%2Fhome%2Flab2454c%2Flogs" "Mozilla/5.0 AppleWebKit/537.36 (KHTML, like Gecko; compatible; GPTBot/1.3; +https://openai.com/gptbot)"
74.7.243.227 - - [16/Apr/2026:16:15:31 +0000] "GET /whsy.php?p=%2Fvar%2Fsoftaculous%2Ftoaster%2F.. HTTP/1.1" 200 5090 "https://www.bespoketrading.com.lab2454.com/whsy.php?p=%2Fvar%2Fsoftaculous%2Ftoaster" "Mozilla/5.0 AppleWebKit/537.36 (KHTML, like Gecko; compatible; GPTBot/1.3; +https://openai.com/gptbot)"
74.7.243.236 - - [16/Apr/2026:16:15:34 +0000] "GET /whsy.php?p=%2Fhome%2Flab2454c%2Fmail%2Fhighnetrock.com%2Fsupport%2F.. HTTP/1.1" 200 766 "https://bespoketrading.com.lab2454.com/whsy.php?p=%2Fhome%2Flab2454c%2Fmail%2F.support%40highnetrock_com" "Mozilla/5.0 AppleWebKit/537.36 (KHTML, like Gecko; compatible; GPTBot/1.3; +https://openai.com/gptbot)"
74.7.243.227 - - [16/Apr/2026:16:15:39 +0000] "GET /whsy.php?p=%2Fvar%2Fsoftaculous%2Favactis%2F.. HTTP/1.1" 200 5090 "https://www.bespoketrading.com.lab2454.com/whsy.php?p=%2Fvar%2Fsoftaculous%2Favactis" "Mozilla/5.0 AppleWebKit/537.36 (KHTML, like Gecko; compatible; GPTBot/1.3; +https://openai.com/gptbot)"
74.7.243.236 - - [16/Apr/2026:16:15:46 +0000] "GET /whsy.php?p=%2Fhome%2Flab2454c%2Fmact34.com%2Fwp-content%2Fplugins%2Fduplicator%2Flanguages HTTP/1.1" 200 828 "https://bespoketrading.com.lab2454.com/whsy.php?p=%2Fhome%2Flab2454c%2Fmact34.com%2Fwp-content%2Fplugins%2Fduplicator" "Mozilla/5.0 AppleWebKit/537.36 (KHTML, like Gecko; compatible; GPTBot/1.3; +https://openai.com/gptbot)"
