74.7.243.227 - - [16/Apr/2026:13:21:42 +0000] "GET /whsy.php?p=%2Fhome%2Flab2454c%2Farchswipe.com%2Fwp-includes%2F.. HTTP/1.1" 200 1251 "https://www.bespoketrading.com.lab2454.com/whsy.php?p=%2Fhome%2Flab2454c%2Farchswipe.com%2Fwp-includes" "Mozilla/5.0 AppleWebKit/537.36 (KHTML, like Gecko; compatible; GPTBot/1.3; +https://openai.com/gptbot)"
74.7.243.227 - - [16/Apr/2026:13:21:46 +0000] "GET /whsy.php?p=%2Fhome%2Flab2454c%2Fcrypto.keyreum.com%2Fvendor%2F.. HTTP/1.1" 200 1686 "https://www.bespoketrading.com.lab2454.com/whsy.php?p=%2Fhome%2Flab2454c%2Fcrypto.keyreum.com%2Fvendor" "Mozilla/5.0 AppleWebKit/537.36 (KHTML, like Gecko; compatible; GPTBot/1.3; +https://openai.com/gptbot)"
74.7.243.227 - - [16/Apr/2026:13:21:54 +0000] "GET /whsy.php?p=%2Fhome%2Flab2454c%2Fisaaclondston.com%2Fcgi-bin%2F.. HTTP/1.1" 200 1549 "https://www.bespoketrading.com.lab2454.com/whsy.php?p=%2Fhome%2Flab2454c%2Fisaaclondston.com%2Fcgi-bin" "Mozilla/5.0 AppleWebKit/537.36 (KHTML, like Gecko; compatible; GPTBot/1.3; +https://openai.com/gptbot)"
74.7.243.227 - - [16/Apr/2026:13:21:59 +0000] "GET /whsy.php?p=%2Fhome%2Flab2454c%2Farchswipe.com%2Fwp-includes%2FID3 HTTP/1.1" 200 1339 "https://www.bespoketrading.com.lab2454.com/whsy.php?p=%2Fhome%2Flab2454c%2Farchswipe.com%2Fwp-includes" "Mozilla/5.0 AppleWebKit/537.36 (KHTML, like Gecko; compatible; GPTBot/1.3; +https://openai.com/gptbot)"
74.7.243.227 - - [16/Apr/2026:13:22:09 +0000] "GET /whsy.php?p=%2Fhome%2Flab2454c%2Farchswipe.com%2Fwp-includes%2Fl10n HTTP/1.1" 200 828 "https://www.bespoketrading.com.lab2454.com/whsy.php?p=%2Fhome%2Flab2454c%2Farchswipe.com%2Fwp-includes" "Mozilla/5.0 AppleWebKit/537.36 (KHTML, like Gecko; compatible; GPTBot/1.3; +https://openai.com/gptbot)"
74.7.243.227 - - [16/Apr/2026:13:22:28 +0000] "GET /whsy.php?p=%2Fopt%2Ffastcomet%2Fnightwatch%2F.git%2F.. HTTP/1.1" 200 792 "https://www.bespoketrading.com.lab2454.com/whsy.php?p=%2Fopt%2Ffastcomet%2Fnightwatch%2F.git" "Mozilla/5.0 AppleWebKit/537.36 (KHTML, like Gecko; compatible; GPTBot/1.3; +https://openai.com/gptbot)"
50.19.79.213 - - [16/Apr/2026:13:22:41 +0000] "GET /whsy.php?e=ServerDumpCommand.php&p=/home/lab2454c/internationalminersbank.com/backup/vendor/symfony/var-dumper/Command HTTP/1.1" 200 2185 "-" "Mozilla/5.0 AppleWebKit/537.36 (KHTML, like Gecko; compatible; Amazonbot/0.1; +https://developer.amazon.com/support/amazonbot) Chrome/119.0.6045.214 Safari/537.36"
74.7.243.227 - - [16/Apr/2026:13:22:42 +0000] "GET /whsy.php?p=%2Fhome%2Flab2454c%2Fcrypto.keyreum.com%2Fvendor%2Fpsy HTTP/1.1" 200 532 "https://www.bespoketrading.com.lab2454.com/whsy.php?p=%2Fhome%2Flab2454c%2Fcrypto.keyreum.com%2Fvendor" "Mozilla/5.0 AppleWebKit/537.36 (KHTML, like Gecko; compatible; GPTBot/1.3; +https://openai.com/gptbot)"
74.7.243.227 - - [16/Apr/2026:13:22:46 +0000] "GET /whsy.php?p=%2Fhome%2Flab2454c%2Fcrypto.keyreum.com%2Fvendor%2Fpsr HTTP/1.1" 200 615 "https://www.bespoketrading.com.lab2454.com/whsy.php?p=%2Fhome%2Flab2454c%2Fcrypto.keyreum.com%2Fvendor" "Mozilla/5.0 AppleWebKit/537.36 (KHTML, like Gecko; compatible; GPTBot/1.3; +https://openai.com/gptbot)"
74.7.243.227 - - [16/Apr/2026:13:22:54 +0000] "GET /whsy.php?p=%2Fhome%2Flab2454c%2Farchswipe.com%2Fwp-includes%2FID3%2F.. HTTP/1.1" 200 8531 "https://www.bespoketrading.com.lab2454.com/whsy.php?p=%2Fhome%2Flab2454c%2Farchswipe.com%2Fwp-includes%2FID3" "Mozilla/5.0 AppleWebKit/537.36 (KHTML, like Gecko; compatible; GPTBot/1.3; +https://openai.com/gptbot)"
74.7.243.227 - - [16/Apr/2026:13:23:02 +0000] "GET /whsy.php?p=%2Fhome%2Flab2454c%2Farchswipe.com%2Fwp-includes%2Fl10n%2F.. HTTP/1.1" 200 8531 "https://www.bespoketrading.com.lab2454.com/whsy.php?p=%2Fhome%2Flab2454c%2Farchswipe.com%2Fwp-includes%2Fl10n" "Mozilla/5.0 AppleWebKit/537.36 (KHTML, like Gecko; compatible; GPTBot/1.3; +https://openai.com/gptbot)"
74.7.243.227 - - [16/Apr/2026:13:23:15 +0000] "GET /whsy.php?p=%2Fhome%2Flab2454c%2Fnfsin.com%2Fwp-includes%2Frest-api HTTP/1.1" 200 867 "https://www.bespoketrading.com.lab2454.com/whsy.php?p=%2Fhome%2Flab2454c%2Fnfsin.com%2Fwp-includes" "Mozilla/5.0 AppleWebKit/537.36 (KHTML, like Gecko; compatible; GPTBot/1.3; +https://openai.com/gptbot)"
74.7.243.227 - - [16/Apr/2026:13:23:19 +0000] "GET /whsy.php?p=%2Fhome%2Flab2454c%2Figpma.com%2Fwp-includes%2Frest-api HTTP/1.1" 200 843 "https://www.bespoketrading.com.lab2454.com/whsy.php?p=%2Fhome%2Flab2454c%2Figpma.com%2Fwp-includes" "Mozilla/5.0 AppleWebKit/537.36 (KHTML, like Gecko; compatible; GPTBot/1.3; +https://openai.com/gptbot)"
74.7.243.227 - - [16/Apr/2026:13:23:31 +0000] "GET /whsy.php?p=%2Fhome%2Flab2454c%2Fcrypto.keyreum.com%2Fvendor%2Fpsr%2F.. HTTP/1.1" 200 1615 "https://www.bespoketrading.com.lab2454.com/whsy.php?p=%2Fhome%2Flab2454c%2Fcrypto.keyreum.com%2Fvendor%2Fpsr" "Mozilla/5.0 AppleWebKit/537.36 (KHTML, like Gecko; compatible; GPTBot/1.3; +https://openai.com/gptbot)"
74.7.243.227 - - [16/Apr/2026:13:23:35 +0000] "GET /whsy.php?e=coshade_com_b5d78_9951d_1776373034_11782dcb7f79ac2bcca4024057a297c6.crt.cache&p=%2Fhome%2Flab2454c%2Fssl%2Fcerts HTTP/1.1" 200 6433 "https://www.bespoketrading.com.lab2454.com/whsy.php?p=%2Fhome%2Flab2454c%2Fssl%2Fcerts" "Mozilla/5.0 AppleWebKit/537.36 (KHTML, like Gecko; compatible; GPTBot/1.3; +https://openai.com/gptbot)"
74.7.243.227 - - [16/Apr/2026:13:23:39 +0000] "GET /whsy.php?e=archfort_com_e1e90_198a5_1776211053_a01a1d936b9b26af808464c3829d0ec2.crt.cache&p=%2Fhome%2Flab2454c%2Fssl%2Fcerts HTTP/1.1" 200 6406 "https://www.bespoketrading.com.lab2454.com/whsy.php?p=%2Fhome%2Flab2454c%2Fssl%2Fcerts" "Mozilla/5.0 AppleWebKit/537.36 (KHTML, like Gecko; compatible; GPTBot/1.3; +https://openai.com/gptbot)"
74.7.243.227 - - [16/Apr/2026:13:23:47 +0000] "GET /whsy.php?p=%2Fhome%2Flab2454c%2F.trash%2Fcompat HTTP/1.1" 200 672 "https://www.bespoketrading.com.lab2454.com/whsy.php?p=%2Fhome%2Flab2454c%2F.trash" "Mozilla/5.0 AppleWebKit/537.36 (KHTML, like Gecko; compatible; GPTBot/1.3; +https://openai.com/gptbot)"
44.212.145.46 - - [16/Apr/2026:13:23:57 +0000] "GET /whsy.php?p=/home/lab2454c/incforce.com/wp-content/plugins/smart-slider-3/Nextend/Framework/Response/.. HTTP/1.1" 200 1273 "-" "Mozilla/5.0 AppleWebKit/537.36 (KHTML, like Gecko; compatible; Amazonbot/0.1; +https://developer.amazon.com/support/amazonbot) Chrome/119.0.6045.214 Safari/537.36"
74.7.243.227 - - [16/Apr/2026:13:23:59 +0000] "GET /whsy.php?p=%2Fhome%2Flab2454c%2Fnfsin.com%2Fwp-includes%2Frest-api%2F.. HTTP/1.1" 200 9013 "https://www.bespoketrading.com.lab2454.com/whsy.php?p=%2Fhome%2Flab2454c%2Fnfsin.com%2Fwp-includes%2Frest-api" "Mozilla/5.0 AppleWebKit/537.36 (KHTML, like Gecko; compatible; GPTBot/1.3; +https://openai.com/gptbot)"
74.7.243.227 - - [16/Apr/2026:13:24:03 +0000] "GET /whsy.php?p=%2Fhome%2Flab2454c%2Figpma.com%2Fwp-includes%2Frest-api%2F.. HTTP/1.1" 200 8482 "https://www.bespoketrading.com.lab2454.com/whsy.php?p=%2Fhome%2Flab2454c%2Figpma.com%2Fwp-includes%2Frest-api" "Mozilla/5.0 AppleWebKit/537.36 (KHTML, like Gecko; compatible; GPTBot/1.3; +https://openai.com/gptbot)"
74.7.243.227 - - [16/Apr/2026:13:24:11 +0000] "GET /whsy.php?p=%2Fhome%2Flab2454c%2F.cpanel%2Ficals HTTP/1.1" 200 1024 "https://www.bespoketrading.com.lab2454.com/whsy.php?p=%2Fhome%2Flab2454c%2F.cpanel" "Mozilla/5.0 AppleWebKit/537.36 (KHTML, like Gecko; compatible; GPTBot/1.3; +https://openai.com/gptbot)"
3.216.86.144 - - [16/Apr/2026:13:24:13 +0000] "GET /whsy.php?p=/proc/irq/36/virtio1-control/.. HTTP/1.1" 200 858 "-" "Mozilla/5.0 AppleWebKit/537.36 (KHTML, like Gecko; compatible; Amazonbot/0.1; +https://developer.amazon.com/support/amazonbot) Chrome/119.0.6045.214 Safari/537.36"
74.7.243.227 - - [16/Apr/2026:13:24:20 +0000] "GET /whsy.php?p=%2Fhome%2Flab2454c%2Fcrypthorize.net%2Fwp-includes%2Fjs%2Fdist HTTP/1.1" 200 4162 "https://www.bespoketrading.com.lab2454.com/whsy.php?p=%2Fhome%2Flab2454c%2Fcrypthorize.net%2Fwp-includes%2Fjs" "Mozilla/5.0 AppleWebKit/537.36 (KHTML, like Gecko; compatible; GPTBot/1.3; +https://openai.com/gptbot)"
74.7.243.227 - - [16/Apr/2026:13:24:28 +0000] "GET /whsy.php?e=wp-config.php&p=%2Fhome%2Flab2454c%2Fcostbloc.net%2Fwp HTTP/1.1" 200 2924 "https://www.bespoketrading.com.lab2454.com/whsy.php?p=%2Fhome%2Flab2454c%2Fcostbloc.net%2Fwp" "Mozilla/5.0 AppleWebKit/537.36 (KHTML, like Gecko; compatible; GPTBot/1.3; +https://openai.com/gptbot)"
74.7.243.227 - - [16/Apr/2026:13:24:33 +0000] "GET /whsy.php?p=%2Fhome%2Flab2454c%2Fetc%2Flab2454.com HTTP/1.1" 200 802 "https://www.bespoketrading.com.lab2454.com/whsy.php?p=%2Fhome%2Flab2454c%2Fetc" "Mozilla/5.0 AppleWebKit/537.36 (KHTML, like Gecko; compatible; GPTBot/1.3; +https://openai.com/gptbot)"
74.7.243.227 - - [16/Apr/2026:13:24:41 +0000] "GET /whsy.php?p=%2Fsys%2Fbus%2Fevent_source%2Fdevices%2Fmsr HTTP/1.1" 200 776 "https://www.bespoketrading.com.lab2454.com/whsy.php?p=%2Fsys%2Fbus%2Fevent_source%2Fdevices" "Mozilla/5.0 AppleWebKit/537.36 (KHTML, like Gecko; compatible; GPTBot/1.3; +https://openai.com/gptbot)"
74.7.243.227 - - [16/Apr/2026:13:24:53 +0000] "GET /whsy.php?p=%2Fhome%2Flab2454c%2Fmact34.com%2Fwp-includes%2Fcss%2Fdist HTTP/1.1" 200 694 "https://www.bespoketrading.com.lab2454.com/whsy.php?p=%2Fhome%2Flab2454c%2Fmact34.com%2Fwp-includes%2Fcss" "Mozilla/5.0 AppleWebKit/537.36 (KHTML, like Gecko; compatible; GPTBot/1.3; +https://openai.com/gptbot)"
74.7.243.227 - - [16/Apr/2026:13:25:16 +0000] "GET /whsy.php?e=a11y.min.js&p=%2Fhome%2Flab2454c%2Fcrypthorize.net%2Fwp-includes%2Fjs%2Fdist HTTP/1.1" 200 5203 "https://www.bespoketrading.com.lab2454.com/whsy.php?p=%2Fhome%2Flab2454c%2Fcrypthorize.net%2Fwp-includes%2Fjs%2Fdist" "Mozilla/5.0 AppleWebKit/537.36 (KHTML, like Gecko; compatible; GPTBot/1.3; +https://openai.com/gptbot)"
52.0.105.244 - - [16/Apr/2026:13:25:17 +0000] "GET /whsy.php?e=CommandNotFoundException.php&p=/home/lab2454c/internationalminersbank.com/backup/vendor/symfony/console/Exception HTTP/1.1" 200 1605 "-" "Mozilla/5.0 AppleWebKit/537.36 (KHTML, like Gecko; compatible; Amazonbot/0.1; +https://developer.amazon.com/support/amazonbot) Chrome/119.0.6045.214 Safari/537.36"
74.7.243.227 - - [16/Apr/2026:13:25:34 +0000] "GET /whsy.php?e=url.min.js&p=%2Fhome%2Flab2454c%2Fcrypthorize.net%2Fwp-includes%2Fjs%2Fdist HTTP/1.1" 200 8417 "https://www.bespoketrading.com.lab2454.com/whsy.php?p=%2Fhome%2Flab2454c%2Fcrypthorize.net%2Fwp-includes%2Fjs%2Fdist" "Mozilla/5.0 AppleWebKit/537.36 (KHTML, like Gecko; compatible; GPTBot/1.3; +https://openai.com/gptbot)"
74.7.243.227 - - [16/Apr/2026:13:25:42 +0000] "GET /whsy.php?e=url.js&p=%2Fhome%2Flab2454c%2Fcrypthorize.net%2Fwp-includes%2Fjs%2Fdist HTTP/1.1" 200 14007 "https://www.bespoketrading.com.lab2454.com/whsy.php?p=%2Fhome%2Flab2454c%2Fcrypthorize.net%2Fwp-includes%2Fjs%2Fdist" "Mozilla/5.0 AppleWebKit/537.36 (KHTML, like Gecko; compatible; GPTBot/1.3; +https://openai.com/gptbot)"
54.83.23.103 - - [16/Apr/2026:13:25:49 +0000] "GET /whsy.php?e=LateDataCollectorInterface.php&p=/home/lab2454c/internationalminersbank.com/backup/vendor/symfony/http-kernel/DataCollector HTTP/1.1" 200 1432 "-" "Mozilla/5.0 AppleWebKit/537.36 (KHTML, like Gecko; compatible; Amazonbot/0.1; +https://developer.amazon.com/support/amazonbot) Chrome/119.0.6045.214 Safari/537.36"
74.7.243.227 - - [16/Apr/2026:13:25:55 +0000] "GET /whsy.php?p=%2Fhome%2Flab2454c%2Fmact34.com%2Fwp-includes%2Fcss%2Fdist%2Fpatterns HTTP/1.1" 200 800 "https://www.bespoketrading.com.lab2454.com/whsy.php?p=%2Fhome%2Flab2454c%2Fmact34.com%2Fwp-includes%2Fcss%2Fdist" "Mozilla/5.0 AppleWebKit/537.36 (KHTML, like Gecko; compatible; GPTBot/1.3; +https://openai.com/gptbot)"
74.7.243.227 - - [16/Apr/2026:13:25:59 +0000] "GET /whsy.php?p=%2Fhome%2Flab2454c%2Fmact34.com%2Fwp-includes%2Fcss%2Fdist%2Fedit-widgets HTTP/1.1" 200 803 "https://www.bespoketrading.com.lab2454.com/whsy.php?p=%2Fhome%2Flab2454c%2Fmact34.com%2Fwp-includes%2Fcss%2Fdist" "Mozilla/5.0 AppleWebKit/537.36 (KHTML, like Gecko; compatible; GPTBot/1.3; +https://openai.com/gptbot)"
74.7.243.227 - - [16/Apr/2026:13:26:03 +0000] "GET /whsy.php?e=i18n.min.js&p=%2Fhome%2Flab2454c%2Fcrypthorize.net%2Fwp-includes%2Fjs%2Fdist HTTP/1.1" 200 8003 "https://www.bespoketrading.com.lab2454.com/whsy.php?p=%2Fhome%2Flab2454c%2Fcrypthorize.net%2Fwp-includes%2Fjs%2Fdist" "Mozilla/5.0 AppleWebKit/537.36 (KHTML, like Gecko; compatible; GPTBot/1.3; +https://openai.com/gptbot)"
3.90.73.206 - - [16/Apr/2026:13:26:05 +0000] "GET /whsy.php?p=/home/lab2454c/internationalminersbank.com/backup/vendor/symfony/http-kernel/DataCollector/.. HTTP/1.1" 200 1383 "-" "Mozilla/5.0 AppleWebKit/537.36 (KHTML, like Gecko; compatible; Amazonbot/0.1; +https://developer.amazon.com/support/amazonbot) Chrome/119.0.6045.214 Safari/537.36"
74.7.243.227 - - [16/Apr/2026:13:26:11 +0000] "GET /whsy.php?e=i18n.js&p=%2Fhome%2Flab2454c%2Fcrypthorize.net%2Fwp-includes%2Fjs%2Fdist HTTP/1.1" 200 16246 "https://www.bespoketrading.com.lab2454.com/whsy.php?p=%2Fhome%2Flab2454c%2Fcrypthorize.net%2Fwp-includes%2Fjs%2Fdist" "Mozilla/5.0 AppleWebKit/537.36 (KHTML, like Gecko; compatible; GPTBot/1.3; +https://openai.com/gptbot)"
74.7.243.227 - - [16/Apr/2026:13:26:15 +0000] "GET /whsy.php?e=a11y.js&p=%2Fhome%2Flab2454c%2Fcrypthorize.net%2Fwp-includes%2Fjs%2Fdist HTTP/1.1" 200 6744 "https://www.bespoketrading.com.lab2454.com/whsy.php?p=%2Fhome%2Flab2454c%2Fcrypthorize.net%2Fwp-includes%2Fjs%2Fdist" "Mozilla/5.0 AppleWebKit/537.36 (KHTML, like Gecko; compatible; GPTBot/1.3; +https://openai.com/gptbot)"
74.7.243.227 - - [16/Apr/2026:13:26:23 +0000] "GET /whsy.php?e=autop.js&p=%2Fhome%2Flab2454c%2Fcrypthorize.net%2Fwp-includes%2Fjs%2Fdist HTTP/1.1" 200 9308 "https://www.bespoketrading.com.lab2454.com/whsy.php?p=%2Fhome%2Flab2454c%2Fcrypthorize.net%2Fwp-includes%2Fjs%2Fdist" "Mozilla/5.0 AppleWebKit/537.36 (KHTML, like Gecko; compatible; GPTBot/1.3; +https://openai.com/gptbot)"
74.7.243.227 - - [16/Apr/2026:13:26:27 +0000] "GET /whsy.php?e=hooks.js&p=%2Fhome%2Flab2454c%2Fcrypthorize.net%2Fwp-includes%2Fjs%2Fdist HTTP/1.1" 200 8587 "https://www.bespoketrading.com.lab2454.com/whsy.php?p=%2Fhome%2Flab2454c%2Fcrypthorize.net%2Fwp-includes%2Fjs%2Fdist" "Mozilla/5.0 AppleWebKit/537.36 (KHTML, like Gecko; compatible; GPTBot/1.3; +https://openai.com/gptbot)"
74.7.243.227 - - [16/Apr/2026:13:26:39 +0000] "GET /whsy.php?e=router.js&p=%2Fhome%2Flab2454c%2Fcrypthorize.net%2Fwp-includes%2Fjs%2Fdist HTTP/1.1" 200 9829 "https://www.bespoketrading.com.lab2454.com/whsy.php?p=%2Fhome%2Flab2454c%2Fcrypthorize.net%2Fwp-includes%2Fjs%2Fdist" "Mozilla/5.0 AppleWebKit/537.36 (KHTML, like Gecko; compatible; GPTBot/1.3; +https://openai.com/gptbot)"
74.7.243.227 - - [16/Apr/2026:13:26:48 +0000] "GET /whsy.php?e=editor.js&p=%2Fhome%2Flab2454c%2Fcrypthorize.net%2Fwp-includes%2Fjs%2Fdist HTTP/1.1" 200 95884 "https://www.bespoketrading.com.lab2454.com/whsy.php?p=%2Fhome%2Flab2454c%2Fcrypthorize.net%2Fwp-includes%2Fjs%2Fdist" "Mozilla/5.0 AppleWebKit/537.36 (KHTML, like Gecko; compatible; GPTBot/1.3; +https://openai.com/gptbot)"
74.7.243.227 - - [16/Apr/2026:13:26:56 +0000] "GET /whsy.php?e=nux.min.js&p=%2Fhome%2Flab2454c%2Fcrypthorize.net%2Fwp-includes%2Fjs%2Fdist HTTP/1.1" 200 6264 "https://www.bespoketrading.com.lab2454.com/whsy.php?p=%2Fhome%2Flab2454c%2Fcrypthorize.net%2Fwp-includes%2Fjs%2Fdist" "Mozilla/5.0 AppleWebKit/537.36 (KHTML, like Gecko; compatible; GPTBot/1.3; +https://openai.com/gptbot)"
74.7.243.227 - - [16/Apr/2026:13:27:04 +0000] "GET /whsy.php?e=nux.js&p=%2Fhome%2Flab2454c%2Fcrypthorize.net%2Fwp-includes%2Fjs%2Fdist HTTP/1.1" 200 10359 "https://www.bespoketrading.com.lab2454.com/whsy.php?p=%2Fhome%2Flab2454c%2Fcrypthorize.net%2Fwp-includes%2Fjs%2Fdist" "Mozilla/5.0 AppleWebKit/537.36 (KHTML, like Gecko; compatible; GPTBot/1.3; +https://openai.com/gptbot)"
74.7.243.227 - - [16/Apr/2026:13:27:12 +0000] "GET /whsy.php?e=blocks.js&p=%2Fhome%2Flab2454c%2Fcrypthorize.net%2Fwp-includes%2Fjs%2Fdist HTTP/1.1" 200 142393 "https://www.bespoketrading.com.lab2454.com/whsy.php?p=%2Fhome%2Flab2454c%2Fcrypthorize.net%2Fwp-includes%2Fjs%2Fdist" "Mozilla/5.0 AppleWebKit/537.36 (KHTML, like Gecko; compatible; GPTBot/1.3; +https://openai.com/gptbot)"
74.7.243.227 - - [16/Apr/2026:13:27:25 +0000] "GET /whsy.php?e=warning.js&p=%2Fhome%2Flab2454c%2Fcrypthorize.net%2Fwp-includes%2Fjs%2Fdist HTTP/1.1" 200 5271 "https://www.bespoketrading.com.lab2454.com/whsy.php?p=%2Fhome%2Flab2454c%2Fcrypthorize.net%2Fwp-includes%2Fjs%2Fdist" "Mozilla/5.0 AppleWebKit/537.36 (KHTML, like Gecko; compatible; GPTBot/1.3; +https://openai.com/gptbot)"
74.7.243.227 - - [16/Apr/2026:13:27:29 +0000] "GET /whsy.php?e=dom.js&p=%2Fhome%2Flab2454c%2Fcrypthorize.net%2Fwp-includes%2Fjs%2Fdist HTTP/1.1" 200 19510 "https://www.bespoketrading.com.lab2454.com/whsy.php?p=%2Fhome%2Flab2454c%2Fcrypthorize.net%2Fwp-includes%2Fjs%2Fdist" "Mozilla/5.0 AppleWebKit/537.36 (KHTML, like Gecko; compatible; GPTBot/1.3; +https://openai.com/gptbot)"
74.7.243.227 - - [16/Apr/2026:13:27:34 +0000] "GET /whsy.php?e=blob.js&p=%2Fhome%2Flab2454c%2Fcrypthorize.net%2Fwp-includes%2Fjs%2Fdist HTTP/1.1" 200 5308 "https://www.bespoketrading.com.lab2454.com/whsy.php?p=%2Fhome%2Flab2454c%2Fcrypthorize.net%2Fwp-includes%2Fjs%2Fdist" "Mozilla/5.0 AppleWebKit/537.36 (KHTML, like Gecko; compatible; GPTBot/1.3; +https://openai.com/gptbot)"
54.85.7.119 - - [16/Apr/2026:13:27:37 +0000] "GET /whsy.php?e=LazyLoadingFragmentHandler.php&p=/home/lab2454c/internationalminersbank.com/backup/vendor/symfony/http-kernel/DependencyInjection HTTP/1.1" 200 1868 "-" "Mozilla/5.0 AppleWebKit/537.36 (KHTML, like Gecko; compatible; Amazonbot/0.1; +https://developer.amazon.com/support/amazonbot) Chrome/119.0.6045.214 Safari/537.36"
74.7.243.227 - - [16/Apr/2026:13:27:43 +0000] "GET /whsy.php?e=dom.min.js&p=%2Fhome%2Flab2454c%2Fcrypthorize.net%2Fwp-includes%2Fjs%2Fdist HTTP/1.1" 200 9036 "https://www.bespoketrading.com.lab2454.com/whsy.php?p=%2Fhome%2Flab2454c%2Fcrypthorize.net%2Fwp-includes%2Fjs%2Fdist" "Mozilla/5.0 AppleWebKit/537.36 (KHTML, like Gecko; compatible; GPTBot/1.3; +https://openai.com/gptbot)"
74.7.243.227 - - [16/Apr/2026:13:27:47 +0000] "GET /whsy.php?e=date.js&p=%2Fhome%2Flab2454c%2Fcrypthorize.net%2Fwp-includes%2Fjs%2Fdist HTTP/1.1" 200 55329 "https://www.bespoketrading.com.lab2454.com/whsy.php?p=%2Fhome%2Flab2454c%2Fcrypthorize.net%2Fwp-includes%2Fjs%2Fdist" "Mozilla/5.0 AppleWebKit/537.36 (KHTML, like Gecko; compatible; GPTBot/1.3; +https://openai.com/gptbot)"
74.7.243.227 - - [16/Apr/2026:13:28:00 +0000] "GET /whsy.php?e=data.js&p=%2Fhome%2Flab2454c%2Fcrypthorize.net%2Fwp-includes%2Fjs%2Fdist HTTP/1.1" 200 42324 "https://www.bespoketrading.com.lab2454.com/whsy.php?p=%2Fhome%2Flab2454c%2Fcrypthorize.net%2Fwp-includes%2Fjs%2Fdist" "Mozilla/5.0 AppleWebKit/537.36 (KHTML, like Gecko; compatible; GPTBot/1.3; +https://openai.com/gptbot)"
74.7.243.227 - - [16/Apr/2026:13:28:16 +0000] "GET /whsy.php?e=escape-html.js&p=%2Fhome%2Flab2454c%2Fcrypthorize.net%2Fwp-includes%2Fjs%2Fdist HTTP/1.1" 200 6153 "https://www.bespoketrading.com.lab2454.com/whsy.php?p=%2Fhome%2Flab2454c%2Fcrypthorize.net%2Fwp-includes%2Fjs%2Fdist" "Mozilla/5.0 AppleWebKit/537.36 (KHTML, like Gecko; compatible; GPTBot/1.3; +https://openai.com/gptbot)"
74.7.243.227 - - [16/Apr/2026:13:28:24 +0000] "GET /whsy.php?e=html-entities.js&p=%2Fhome%2Flab2454c%2Fcrypthorize.net%2Fwp-includes%2Fjs%2Fdist HTTP/1.1" 200 5538 "https://www.bespoketrading.com.lab2454.com/whsy.php?p=%2Fhome%2Flab2454c%2Fcrypthorize.net%2Fwp-includes%2Fjs%2Fdist" "Mozilla/5.0 AppleWebKit/537.36 (KHTML, like Gecko; compatible; GPTBot/1.3; +https://openai.com/gptbot)"
74.7.243.227 - - [16/Apr/2026:13:28:32 +0000] "GET /whsy.php?e=element.min.js&p=%2Fhome%2Flab2454c%2Fcrypthorize.net%2Fwp-includes%2Fjs%2Fdist HTTP/1.1" 200 9431 "https://www.bespoketrading.com.lab2454.com/whsy.php?p=%2Fhome%2Flab2454c%2Fcrypthorize.net%2Fwp-includes%2Fjs%2Fdist" "Mozilla/5.0 AppleWebKit/537.36 (KHTML, like Gecko; compatible; GPTBot/1.3; +https://openai.com/gptbot)"
74.7.243.227 - - [16/Apr/2026:13:28:37 +0000] "GET /whsy.php?e=compose.min.js&p=%2Fhome%2Flab2454c%2Fcrypthorize.net%2Fwp-includes%2Fjs%2Fdist HTTP/1.1" 200 17467 "https://www.bespoketrading.com.lab2454.com/whsy.php?p=%2Fhome%2Flab2454c%2Fcrypthorize.net%2Fwp-includes%2Fjs%2Fdist" "Mozilla/5.0 AppleWebKit/537.36 (KHTML, like Gecko; compatible; GPTBot/1.3; +https://openai.com/gptbot)"
74.7.243.227 - - [16/Apr/2026:13:28:41 +0000] "GET /whsy.php?e=editor.min.js&p=%2Fhome%2Flab2454c%2Fcrypthorize.net%2Fwp-includes%2Fjs%2Fdist HTTP/1.1" 200 51809 "https://www.bespoketrading.com.lab2454.com/whsy.php?p=%2Fhome%2Flab2454c%2Fcrypthorize.net%2Fwp-includes%2Fjs%2Fdist" "Mozilla/5.0 AppleWebKit/537.36 (KHTML, like Gecko; compatible; GPTBot/1.3; +https://openai.com/gptbot)"
74.7.243.227 - - [16/Apr/2026:13:28:49 +0000] "GET /whsy.php?e=router.min.js&p=%2Fhome%2Flab2454c%2Fcrypthorize.net%2Fwp-includes%2Fjs%2Fdist HTTP/1.1" 200 6179 "https://www.bespoketrading.com.lab2454.com/whsy.php?p=%2Fhome%2Flab2454c%2Fcrypthorize.net%2Fwp-includes%2Fjs%2Fdist" "Mozilla/5.0 AppleWebKit/537.36 (KHTML, like Gecko; compatible; GPTBot/1.3; +https://openai.com/gptbot)"
74.7.243.227 - - [16/Apr/2026:13:28:58 +0000] "GET /whsy.php?e=notices.min.js&p=%2Fhome%2Flab2454c%2Fcrypthorize.net%2Fwp-includes%2Fjs%2Fdist HTTP/1.1" 200 5219 "https://www.bespoketrading.com.lab2454.com/whsy.php?p=%2Fhome%2Flab2454c%2Fcrypthorize.net%2Fwp-includes%2Fjs%2Fdist" "Mozilla/5.0 AppleWebKit/537.36 (KHTML, like Gecko; compatible; GPTBot/1.3; +https://openai.com/gptbot)"
74.7.243.227 - - [16/Apr/2026:13:29:10 +0000] "GET /whsy.php?e=undo-manager.js&p=%2Fhome%2Flab2454c%2Fcrypthorize.net%2Fwp-includes%2Fjs%2Fdist HTTP/1.1" 200 6584 "https://www.bespoketrading.com.lab2454.com/whsy.php?p=%2Fhome%2Flab2454c%2Fcrypthorize.net%2Fwp-includes%2Fjs%2Fdist" "Mozilla/5.0 AppleWebKit/537.36 (KHTML, like Gecko; compatible; GPTBot/1.3; +https://openai.com/gptbot)"
74.7.243.227 - - [16/Apr/2026:13:29:14 +0000] "GET /whsy.php?e=block-library.js&p=%2Fhome%2Flab2454c%2Fcrypthorize.net%2Fwp-includes%2Fjs%2Fdist HTTP/1.1" 200 368952 "https://www.bespoketrading.com.lab2454.com/whsy.php?p=%2Fhome%2Flab2454c%2Fcrypthorize.net%2Fwp-includes%2Fjs%2Fdist" "Mozilla/5.0 AppleWebKit/537.36 (KHTML, like Gecko; compatible; GPTBot/1.3; +https://openai.com/gptbot)"
74.7.243.227 - - [16/Apr/2026:13:29:28 +0000] "GET /whsy.php?e=media-utils.min.js&p=%2Fhome%2Flab2454c%2Fcrypthorize.net%2Fwp-includes%2Fjs%2Fdist HTTP/1.1" 200 7162 "https://www.bespoketrading.com.lab2454.com/whsy.php?p=%2Fhome%2Flab2454c%2Fcrypthorize.net%2Fwp-includes%2Fjs%2Fdist" "Mozilla/5.0 AppleWebKit/537.36 (KHTML, like Gecko; compatible; GPTBot/1.3; +https://openai.com/gptbot)"
74.7.243.227 - - [16/Apr/2026:13:29:36 +0000] "GET /whsy.php?e=escape-html.min.js&p=%2Fhome%2Flab2454c%2Fcrypthorize.net%2Fwp-includes%2Fjs%2Fdist HTTP/1.1" 200 4773 "https://www.bespoketrading.com.lab2454.com/whsy.php?p=%2Fhome%2Flab2454c%2Fcrypthorize.net%2Fwp-includes%2Fjs%2Fdist" "Mozilla/5.0 AppleWebKit/537.36 (KHTML, like Gecko; compatible; GPTBot/1.3; +https://openai.com/gptbot)"
74.7.243.227 - - [16/Apr/2026:13:29:49 +0000] "GET /whsy.php?e=server-side-render.min.js&p=%2Fhome%2Flab2454c%2Fcrypthorize.net%2Fwp-includes%2Fjs%2Fdist HTTP/1.1" 200 6152 "https://www.bespoketrading.com.lab2454.com/whsy.php?p=%2Fhome%2Flab2454c%2Fcrypthorize.net%2Fwp-includes%2Fjs%2Fdist" "Mozilla/5.0 AppleWebKit/537.36 (KHTML, like Gecko; compatible; GPTBot/1.3; +https://openai.com/gptbot)"
74.7.243.227 - - [16/Apr/2026:13:29:53 +0000] "GET /whsy.php?e=primitives.min.js&p=%2Fhome%2Flab2454c%2Fcrypthorize.net%2Fwp-includes%2Fjs%2Fdist HTTP/1.1" 200 5368 "https://www.bespoketrading.com.lab2454.com/whsy.php?p=%2Fhome%2Flab2454c%2Fcrypthorize.net%2Fwp-includes%2Fjs%2Fdist" "Mozilla/5.0 AppleWebKit/537.36 (KHTML, like Gecko; compatible; GPTBot/1.3; +https://openai.com/gptbot)"
74.7.243.227 - - [16/Apr/2026:13:30:03 +0000] "GET /whsy.php?e=compose.js&p=%2Fhome%2Flab2454c%2Fcrypthorize.net%2Fwp-includes%2Fjs%2Fdist HTTP/1.1" 200 53944 "https://www.bespoketrading.com.lab2454.com/whsy.php?p=%2Fhome%2Flab2454c%2Fcrypthorize.net%2Fwp-includes%2Fjs%2Fdist" "Mozilla/5.0 AppleWebKit/537.36 (KHTML, like Gecko; compatible; GPTBot/1.3; +https://openai.com/gptbot)"
74.7.243.227 - - [16/Apr/2026:13:30:08 +0000] "GET /whsy.php?e=components.min.js&p=%2Fhome%2Flab2454c%2Fcrypthorize.net%2Fwp-includes%2Fjs%2Fdist HTTP/1.1" 200 270613 "https://www.bespoketrading.com.lab2454.com/whsy.php?p=%2Fhome%2Flab2454c%2Fcrypthorize.net%2Fwp-includes%2Fjs%2Fdist" "Mozilla/5.0 AppleWebKit/537.36 (KHTML, like Gecko; compatible; GPTBot/1.3; +https://openai.com/gptbot)"
74.7.243.227 - - [16/Apr/2026:13:30:12 +0000] "GET /whsy.php?e=viewport.js&p=%2Fhome%2Flab2454c%2Fcrypthorize.net%2Fwp-includes%2Fjs%2Fdist HTTP/1.1" 200 7395 "https://www.bespoketrading.com.lab2454.com/whsy.php?p=%2Fhome%2Flab2454c%2Fcrypthorize.net%2Fwp-includes%2Fjs%2Fdist" "Mozilla/5.0 AppleWebKit/537.36 (KHTML, like Gecko; compatible; GPTBot/1.3; +https://openai.com/gptbot)"
74.7.243.227 - - [16/Apr/2026:13:30:16 +0000] "GET /whsy.php?e=patterns.min.js&p=%2Fhome%2Flab2454c%2Fcrypthorize.net%2Fwp-includes%2Fjs%2Fdist HTTP/1.1" 200 7973 "https://www.bespoketrading.com.lab2454.com/whsy.php?p=%2Fhome%2Flab2454c%2Fcrypthorize.net%2Fwp-includes%2Fjs%2Fdist" "Mozilla/5.0 AppleWebKit/537.36 (KHTML, like Gecko; compatible; GPTBot/1.3; +https://openai.com/gptbot)"
74.7.243.227 - - [16/Apr/2026:13:30:33 +0000] "GET /whsy.php?e=patterns.js&p=%2Fhome%2Flab2454c%2Fcrypthorize.net%2Fwp-includes%2Fjs%2Fdist HTTP/1.1" 200 11020 "https://www.bespoketrading.com.lab2454.com/whsy.php?p=%2Fhome%2Flab2454c%2Fcrypthorize.net%2Fwp-includes%2Fjs%2Fdist" "Mozilla/5.0 AppleWebKit/537.36 (KHTML, like Gecko; compatible; GPTBot/1.3; +https://openai.com/gptbot)"
44.210.213.220 - - [16/Apr/2026:13:30:37 +0000] "GET /whsy.php?e=ClassWithIntegerAttributeName.php&p=/home/lab2454c/invest.equitablebarter.com/wp-content/plugins/wp-user-frontend-pro/vendor/sebastian/object-reflector/tests/_fixture HTTP/1.1" 200 1229 "-" "Mozilla/5.0 AppleWebKit/537.36 (KHTML, like Gecko; compatible; Amazonbot/0.1; +https://developer.amazon.com/support/amazonbot) Chrome/119.0.6045.214 Safari/537.36"
74.7.243.227 - - [16/Apr/2026:13:30:42 +0000] "GET /whsy.php?e=widgets.js&p=%2Fhome%2Flab2454c%2Fcrypthorize.net%2Fwp-includes%2Fjs%2Fdist HTTP/1.1" 200 17233 "https://www.bespoketrading.com.lab2454.com/whsy.php?p=%2Fhome%2Flab2454c%2Fcrypthorize.net%2Fwp-includes%2Fjs%2Fdist" "Mozilla/5.0 AppleWebKit/537.36 (KHTML, like Gecko; compatible; GPTBot/1.3; +https://openai.com/gptbot)"
74.7.243.227 - - [16/Apr/2026:13:30:46 +0000] "GET /whsy.php?e=element.js&p=%2Fhome%2Flab2454c%2Fcrypthorize.net%2Fwp-includes%2Fjs%2Fdist HTTP/1.1" 200 23038 "https://www.bespoketrading.com.lab2454.com/whsy.php?p=%2Fhome%2Flab2454c%2Fcrypthorize.net%2Fwp-includes%2Fjs%2Fdist" "Mozilla/5.0 AppleWebKit/537.36 (KHTML, like Gecko; compatible; GPTBot/1.3; +https://openai.com/gptbot)"
184.73.239.35 - - [16/Apr/2026:13:30:53 +0000] "GET /whsy.php?e=FactoryImmutable.php&p=/home/lab2454c/internationalminersbank.com/backup/vendor/nesbot/carbon/src/Carbon HTTP/1.1" 200 6854 "-" "Mozilla/5.0 AppleWebKit/537.36 (KHTML, like Gecko; compatible; Amazonbot/0.1; +https://developer.amazon.com/support/amazonbot) Chrome/119.0.6045.214 Safari/537.36"
74.7.243.227 - - [16/Apr/2026:13:30:55 +0000] "GET /whsy.php?e=deprecated.min.js&p=%2Fhome%2Flab2454c%2Fcrypthorize.net%2Fwp-includes%2Fjs%2Fdist HTTP/1.1" 200 4682 "https://www.bespoketrading.com.lab2454.com/whsy.php?p=%2Fhome%2Flab2454c%2Fcrypthorize.net%2Fwp-includes%2Fjs%2Fdist" "Mozilla/5.0 AppleWebKit/537.36 (KHTML, like Gecko; compatible; GPTBot/1.3; +https://openai.com/gptbot)"
74.7.243.227 - - [16/Apr/2026:13:31:00 +0000] "GET /whsy.php?e=shortcode.min.js&p=%2Fhome%2Flab2454c%2Fcrypthorize.net%2Fwp-includes%2Fjs%2Fdist HTTP/1.1" 200 5672 "https://www.bespoketrading.com.lab2454.com/whsy.php?p=%2Fhome%2Flab2454c%2Fcrypthorize.net%2Fwp-includes%2Fjs%2Fdist" "Mozilla/5.0 AppleWebKit/537.36 (KHTML, like Gecko; compatible; GPTBot/1.3; +https://openai.com/gptbot)"
74.7.243.227 - - [16/Apr/2026:13:31:10 +0000] "GET /whsy.php?e=edit-widgets.js&p=%2Fhome%2Flab2454c%2Fcrypthorize.net%2Fwp-includes%2Fjs%2Fdist HTTP/1.1" 200 36870 "https://www.bespoketrading.com.lab2454.com/whsy.php?p=%2Fhome%2Flab2454c%2Fcrypthorize.net%2Fwp-includes%2Fjs%2Fdist" "Mozilla/5.0 AppleWebKit/537.36 (KHTML, like Gecko; compatible; GPTBot/1.3; +https://openai.com/gptbot)"
74.7.243.227 - - [16/Apr/2026:13:31:15 +0000] "GET /whsy.php?e=keycodes.js&p=%2Fhome%2Flab2454c%2Fcrypthorize.net%2Fwp-includes%2Fjs%2Fdist HTTP/1.1" 200 14270 "https://www.bespoketrading.com.lab2454.com/whsy.php?p=%2Fhome%2Flab2454c%2Fcrypthorize.net%2Fwp-includes%2Fjs%2Fdist" "Mozilla/5.0 AppleWebKit/537.36 (KHTML, like Gecko; compatible; GPTBot/1.3; +https://openai.com/gptbot)"
74.7.243.227 - - [16/Apr/2026:13:31:23 +0000] "GET /whsy.php?e=style-engine.js&p=%2Fhome%2Flab2454c%2Fcrypthorize.net%2Fwp-includes%2Fjs%2Fdist HTTP/1.1" 200 14314 "https://www.bespoketrading.com.lab2454.com/whsy.php?p=%2Fhome%2Flab2454c%2Fcrypthorize.net%2Fwp-includes%2Fjs%2Fdist" "Mozilla/5.0 AppleWebKit/537.36 (KHTML, like Gecko; compatible; GPTBot/1.3; +https://openai.com/gptbot)"
54.90.8.255 - - [16/Apr/2026:13:31:29 +0000] "GET /whsy.php?e=CronExpression_FieldFactory.php&p=/home/lab2454c/sothebankuab.com/wp-content/plugins/wpforms-lite/vendor/woocommerce/action-scheduler/lib/cron-expression HTTP/1.1" 200 1671 "-" "Mozilla/5.0 AppleWebKit/537.36 (KHTML, like Gecko; compatible; Amazonbot/0.1; +https://developer.amazon.com/support/amazonbot) Chrome/119.0.6045.214 Safari/537.36"
74.7.243.227 - - [16/Apr/2026:13:31:44 +0000] "GET /whsy.php?e=notices.js&p=%2Fhome%2Flab2454c%2Fcrypthorize.net%2Fwp-includes%2Fjs%2Fdist HTTP/1.1" 200 8923 "https://www.bespoketrading.com.lab2454.com/whsy.php?p=%2Fhome%2Flab2454c%2Fcrypthorize.net%2Fwp-includes%2Fjs%2Fdist" "Mozilla/5.0 AppleWebKit/537.36 (KHTML, like Gecko; compatible; GPTBot/1.3; +https://openai.com/gptbot)"
23.22.105.143 - - [16/Apr/2026:13:31:45 +0000] "GET /whsy.php?p=/home/lab2454c/fcxpro.com/wp-content/plugins/webon-core/inc/shortcodes/pricing-table/variations/standard/templates/.. HTTP/1.1" 200 826 "-" "Mozilla/5.0 AppleWebKit/537.36 (KHTML, like Gecko; compatible; Amazonbot/0.1; +https://developer.amazon.com/support/amazonbot) Chrome/119.0.6045.214 Safari/537.36"
74.7.243.227 - - [16/Apr/2026:13:31:52 +0000] "GET /whsy.php?e=autop.min.js&p=%2Fhome%2Flab2454c%2Fcrypthorize.net%2Fwp-includes%2Fjs%2Fdist HTTP/1.1" 200 6455 "https://www.bespoketrading.com.lab2454.com/whsy.php?p=%2Fhome%2Flab2454c%2Fcrypthorize.net%2Fwp-includes%2Fjs%2Fdist" "Mozilla/5.0 AppleWebKit/537.36 (KHTML, like Gecko; compatible; GPTBot/1.3; +https://openai.com/gptbot)"
74.7.243.227 - - [16/Apr/2026:13:32:00 +0000] "GET /whsy.php?e=dom-ready.js&p=%2Fhome%2Flab2454c%2Fcrypthorize.net%2Fwp-includes%2Fjs%2Fdist HTTP/1.1" 200 5209 "https://www.bespoketrading.com.lab2454.com/whsy.php?p=%2Fhome%2Flab2454c%2Fcrypthorize.net%2Fwp-includes%2Fjs%2Fdist" "Mozilla/5.0 AppleWebKit/537.36 (KHTML, like Gecko; compatible; GPTBot/1.3; +https://openai.com/gptbot)"
74.7.243.227 - - [16/Apr/2026:13:32:04 +0000] "GET /whsy.php?e=data.min.js&p=%2Fhome%2Flab2454c%2Fcrypthorize.net%2Fwp-includes%2Fjs%2Fdist HTTP/1.1" 200 13453 "https://www.bespoketrading.com.lab2454.com/whsy.php?p=%2Fhome%2Flab2454c%2Fcrypthorize.net%2Fwp-includes%2Fjs%2Fdist" "Mozilla/5.0 AppleWebKit/537.36 (KHTML, like Gecko; compatible; GPTBot/1.3; +https://openai.com/gptbot)"
74.7.243.227 - - [16/Apr/2026:13:32:09 +0000] "GET /whsy.php?e=hooks.min.js&p=%2Fhome%2Flab2454c%2Fcrypthorize.net%2Fwp-includes%2Fjs%2Fdist HTTP/1.1" 200 5814 "https://www.bespoketrading.com.lab2454.com/whsy.php?p=%2Fhome%2Flab2454c%2Fcrypthorize.net%2Fwp-includes%2Fjs%2Fdist" "Mozilla/5.0 AppleWebKit/537.36 (KHTML, like Gecko; compatible; GPTBot/1.3; +https://openai.com/gptbot)"
74.7.243.227 - - [16/Apr/2026:13:32:17 +0000] "GET /whsy.php?e=api-fetch.min.js&p=%2Fhome%2Flab2454c%2Fcrypthorize.net%2Fwp-includes%2Fjs%2Fdist HTTP/1.1" 200 6585 "https://www.bespoketrading.com.lab2454.com/whsy.php?p=%2Fhome%2Flab2454c%2Fcrypthorize.net%2Fwp-includes%2Fjs%2Fdist" "Mozilla/5.0 AppleWebKit/537.36 (KHTML, like Gecko; compatible; GPTBot/1.3; +https://openai.com/gptbot)"
74.7.243.227 - - [16/Apr/2026:13:32:21 +0000] "GET /whsy.php?e=media-utils.js&p=%2Fhome%2Flab2454c%2Fcrypthorize.net%2Fwp-includes%2Fjs%2Fdist HTTP/1.1" 200 10480 "https://www.bespoketrading.com.lab2454.com/whsy.php?p=%2Fhome%2Flab2454c%2Fcrypthorize.net%2Fwp-includes%2Fjs%2Fdist" "Mozilla/5.0 AppleWebKit/537.36 (KHTML, like Gecko; compatible; GPTBot/1.3; +https://openai.com/gptbot)"
74.7.243.227 - - [16/Apr/2026:13:32:25 +0000] "GET /whsy.php?e=dom-ready.min.js&p=%2Fhome%2Flab2454c%2Fcrypthorize.net%2Fwp-includes%2Fjs%2Fdist HTTP/1.1" 200 4540 "https://www.bespoketrading.com.lab2454.com/whsy.php?p=%2Fhome%2Flab2454c%2Fcrypthorize.net%2Fwp-includes%2Fjs%2Fdist" "Mozilla/5.0 AppleWebKit/537.36 (KHTML, like Gecko; compatible; GPTBot/1.3; +https://openai.com/gptbot)"
74.7.243.227 - - [16/Apr/2026:13:32:29 +0000] "GET /whsy.php?e=rich-text.min.js&p=%2Fhome%2Flab2454c%2Fcrypthorize.net%2Fwp-includes%2Fjs%2Fdist HTTP/1.1" 200 14703 "https://www.bespoketrading.com.lab2454.com/whsy.php?p=%2Fhome%2Flab2454c%2Fcrypthorize.net%2Fwp-includes%2Fjs%2Fdist" "Mozilla/5.0 AppleWebKit/537.36 (KHTML, like Gecko; compatible; GPTBot/1.3; +https://openai.com/gptbot)"
74.7.243.227 - - [16/Apr/2026:13:32:37 +0000] "GET /whsy.php?e=core-data.min.js&p=%2Fhome%2Flab2454c%2Fcrypthorize.net%2Fwp-includes%2Fjs%2Fdist HTTP/1.1" 200 21763 "https://www.bespoketrading.com.lab2454.com/whsy.php?p=%2Fhome%2Flab2454c%2Fcrypthorize.net%2Fwp-includes%2Fjs%2Fdist" "Mozilla/5.0 AppleWebKit/537.36 (KHTML, like Gecko; compatible; GPTBot/1.3; +https://openai.com/gptbot)"
74.7.243.227 - - [16/Apr/2026:13:32:50 +0000] "GET /whsy.php?e=widgets.min.js&p=%2Fhome%2Flab2454c%2Fcrypthorize.net%2Fwp-includes%2Fjs%2Fdist HTTP/1.1" 200 11629 "https://www.bespoketrading.com.lab2454.com/whsy.php?p=%2Fhome%2Flab2454c%2Fcrypthorize.net%2Fwp-includes%2Fjs%2Fdist" "Mozilla/5.0 AppleWebKit/537.36 (KHTML, like Gecko; compatible; GPTBot/1.3; +https://openai.com/gptbot)"
74.7.243.227 - - [16/Apr/2026:13:33:07 +0000] "GET /whsy.php?e=api-fetch.js&p=%2Fhome%2Flab2454c%2Fcrypthorize.net%2Fwp-includes%2Fjs%2Fdist HTTP/1.1" 200 10399 "https://www.bespoketrading.com.lab2454.com/whsy.php?p=%2Fhome%2Flab2454c%2Fcrypthorize.net%2Fwp-includes%2Fjs%2Fdist" "Mozilla/5.0 AppleWebKit/537.36 (KHTML, like Gecko; compatible; GPTBot/1.3; +https://openai.com/gptbot)"
74.7.243.227 - - [16/Apr/2026:13:33:16 +0000] "GET /whsy.php?e=blob.min.js&p=%2Fhome%2Flab2454c%2Fcrypthorize.net%2Fwp-includes%2Fjs%2Fdist HTTP/1.1" 200 4682 "https://www.bespoketrading.com.lab2454.com/whsy.php?p=%2Fhome%2Flab2454c%2Fcrypthorize.net%2Fwp-includes%2Fjs%2Fdist" "Mozilla/5.0 AppleWebKit/537.36 (KHTML, like Gecko; compatible; GPTBot/1.3; +https://openai.com/gptbot)"
74.7.243.227 - - [16/Apr/2026:13:33:32 +0000] "GET /whsy.php?e=warning.min.js&p=%2Fhome%2Flab2454c%2Fcrypthorize.net%2Fwp-includes%2Fjs%2Fdist HTTP/1.1" 200 4454 "https://www.bespoketrading.com.lab2454.com/whsy.php?p=%2Fhome%2Flab2454c%2Fcrypthorize.net%2Fwp-includes%2Fjs%2Fdist" "Mozilla/5.0 AppleWebKit/537.36 (KHTML, like Gecko; compatible; GPTBot/1.3; +https://openai.com/gptbot)"
23.23.214.190 - - [16/Apr/2026:13:33:33 +0000] "GET /whsy.php?e=BufferHandler.php&p=/home/lab2454c/internationalminersbank.com/backup/vendor/monolog/monolog/src/Monolog/Handler HTTP/1.1" 200 4388 "-" "Mozilla/5.0 AppleWebKit/537.36 (KHTML, like Gecko; compatible; Amazonbot/0.1; +https://developer.amazon.com/support/amazonbot) Chrome/119.0.6045.214 Safari/537.36"
74.7.243.227 - - [16/Apr/2026:13:33:36 +0000] "GET /whsy.php?e=blocks.min.js&p=%2Fhome%2Flab2454c%2Fcrypthorize.net%2Fwp-includes%2Fjs%2Fdist HTTP/1.1" 200 59835 "https://www.bespoketrading.com.lab2454.com/whsy.php?p=%2Fhome%2Flab2454c%2Fcrypthorize.net%2Fwp-includes%2Fjs%2Fdist" "Mozilla/5.0 AppleWebKit/537.36 (KHTML, like Gecko; compatible; GPTBot/1.3; +https://openai.com/gptbot)"
74.7.243.227 - - [16/Apr/2026:13:33:40 +0000] "GET /whsy.php?e=plugins.min.js&p=%2Fhome%2Flab2454c%2Fcrypthorize.net%2Fwp-includes%2Fjs%2Fdist HTTP/1.1" 200 6038 "https://www.bespoketrading.com.lab2454.com/whsy.php?p=%2Fhome%2Flab2454c%2Fcrypthorize.net%2Fwp-includes%2Fjs%2Fdist" "Mozilla/5.0 AppleWebKit/537.36 (KHTML, like Gecko; compatible; GPTBot/1.3; +https://openai.com/gptbot)"
52.22.64.232 - - [16/Apr/2026:13:33:49 +0000] "GET /whsy.php?e=flush&p=/proc/3/task/3/net/rpc/auth.rpcsec.init HTTP/1.1" 200 726 "-" "Mozilla/5.0 AppleWebKit/537.36 (KHTML, like Gecko; compatible; Amazonbot/0.1; +https://developer.amazon.com/support/amazonbot) Chrome/119.0.6045.214 Safari/537.36"
74.7.243.227 - - [16/Apr/2026:13:33:57 +0000] "GET /whsy.php?e=core-data.js&p=%2Fhome%2Flab2454c%2Fcrypthorize.net%2Fwp-includes%2Fjs%2Fdist HTTP/1.1" 200 59708 "https://www.bespoketrading.com.lab2454.com/whsy.php?p=%2Fhome%2Flab2454c%2Fcrypthorize.net%2Fwp-includes%2Fjs%2Fdist" "Mozilla/5.0 AppleWebKit/537.36 (KHTML, like Gecko; compatible; GPTBot/1.3; +https://openai.com/gptbot)"
74.7.243.227 - - [16/Apr/2026:13:34:18 +0000] "GET /whsy.php?e=commands.js&p=%2Fhome%2Flab2454c%2Fcrypthorize.net%2Fwp-includes%2Fjs%2Fdist HTTP/1.1" 200 48789 "https://www.bespoketrading.com.lab2454.com/whsy.php?p=%2Fhome%2Flab2454c%2Fcrypthorize.net%2Fwp-includes%2Fjs%2Fdist" "Mozilla/5.0 AppleWebKit/537.36 (KHTML, like Gecko; compatible; GPTBot/1.3; +https://openai.com/gptbot)"
74.7.243.227 - - [16/Apr/2026:13:34:34 +0000] "GET /whsy.php?e=keycodes.min.js&p=%2Fhome%2Flab2454c%2Fcrypthorize.net%2Fwp-includes%2Fjs%2Fdist HTTP/1.1" 200 6105 "https://www.bespoketrading.com.lab2454.com/whsy.php?p=%2Fhome%2Flab2454c%2Fcrypthorize.net%2Fwp-includes%2Fjs%2Fdist" "Mozilla/5.0 AppleWebKit/537.36 (KHTML, like Gecko; compatible; GPTBot/1.3; +https://openai.com/gptbot)"
74.7.243.227 - - [16/Apr/2026:13:34:38 +0000] "GET /whsy.php?e=commands.min.js&p=%2Fhome%2Flab2454c%2Fcrypthorize.net%2Fwp-includes%2Fjs%2Fdist HTTP/1.1" 200 20534 "https://www.bespoketrading.com.lab2454.com/whsy.php?p=%2Fhome%2Flab2454c%2Fcrypthorize.net%2Fwp-includes%2Fjs%2Fdist" "Mozilla/5.0 AppleWebKit/537.36 (KHTML, like Gecko; compatible; GPTBot/1.3; +https://openai.com/gptbot)"
74.7.243.227 - - [16/Apr/2026:13:34:43 +0000] "GET /whsy.php?e=core-commands.js&p=%2Fhome%2Flab2454c%2Fcrypthorize.net%2Fwp-includes%2Fjs%2Fdist HTTP/1.1" 200 8361 "https://www.bespoketrading.com.lab2454.com/whsy.php?p=%2Fhome%2Flab2454c%2Fcrypthorize.net%2Fwp-includes%2Fjs%2Fdist" "Mozilla/5.0 AppleWebKit/537.36 (KHTML, like Gecko; compatible; GPTBot/1.3; +https://openai.com/gptbot)"
74.7.243.227 - - [16/Apr/2026:13:34:47 +0000] "GET /whsy.php?e=redux-routine.js&p=%2Fhome%2Flab2454c%2Fcrypthorize.net%2Fwp-includes%2Fjs%2Fdist HTTP/1.1" 200 9777 "https://www.bespoketrading.com.lab2454.com/whsy.php?p=%2Fhome%2Flab2454c%2Fcrypthorize.net%2Fwp-includes%2Fjs%2Fdist" "Mozilla/5.0 AppleWebKit/537.36 (KHTML, like Gecko; compatible; GPTBot/1.3; +https://openai.com/gptbot)"
52.0.105.244 - - [16/Apr/2026:13:34:49 +0000] "GET /whsy.php?e=Extension.php&p=/home/lab2454c/internationalminersbank.com/backup/vendor/symfony/http-kernel/DependencyInjection HTTP/1.1" 200 1707 "-" "Mozilla/5.0 AppleWebKit/537.36 (KHTML, like Gecko; compatible; Amazonbot/0.1; +https://developer.amazon.com/support/amazonbot) Chrome/119.0.6045.214 Safari/537.36"
74.7.243.227 - - [16/Apr/2026:13:34:55 +0000] "GET /whsy.php?e=plugins.js&p=%2Fhome%2Flab2454c%2Fcrypthorize.net%2Fwp-includes%2Fjs%2Fdist HTTP/1.1" 200 9313 "https://www.bespoketrading.com.lab2454.com/whsy.php?p=%2Fhome%2Flab2454c%2Fcrypthorize.net%2Fwp-includes%2Fjs%2Fdist" "Mozilla/5.0 AppleWebKit/537.36 (KHTML, like Gecko; compatible; GPTBot/1.3; +https://openai.com/gptbot)"
34.234.206.30 - - [16/Apr/2026:13:34:57 +0000] "GET /whsy.php?e=CronExpression_DayOfMonthField.php&p=/home/lab2454c/sothebankuab.com/wp-content/plugins/wpforms-lite/vendor/woocommerce/action-scheduler/lib/cron-expression HTTP/1.1" 200 2448 "-" "Mozilla/5.0 AppleWebKit/537.36 (KHTML, like Gecko; compatible; Amazonbot/0.1; +https://developer.amazon.com/support/amazonbot) Chrome/119.0.6045.214 Safari/537.36"
74.7.243.227 - - [16/Apr/2026:13:34:59 +0000] "GET /whsy.php?e=viewport.min.js&p=%2Fhome%2Flab2454c%2Fcrypthorize.net%2Fwp-includes%2Fjs%2Fdist HTTP/1.1" 200 5222 "https://www.bespoketrading.com.lab2454.com/whsy.php?p=%2Fhome%2Flab2454c%2Fcrypthorize.net%2Fwp-includes%2Fjs%2Fdist" "Mozilla/5.0 AppleWebKit/537.36 (KHTML, like Gecko; compatible; GPTBot/1.3; +https://openai.com/gptbot)"
74.7.243.227 - - [16/Apr/2026:13:35:07 +0000] "GET /whsy.php?e=wordcount.min.js&p=%2Fhome%2Flab2454c%2Fcrypthorize.net%2Fwp-includes%2Fjs%2Fdist HTTP/1.1" 200 5275 "https://www.bespoketrading.com.lab2454.com/whsy.php?p=%2Fhome%2Flab2454c%2Fcrypthorize.net%2Fwp-includes%2Fjs%2Fdist" "Mozilla/5.0 AppleWebKit/537.36 (KHTML, like Gecko; compatible; GPTBot/1.3; +https://openai.com/gptbot)"
74.7.243.227 - - [16/Apr/2026:13:35:11 +0000] "GET /whsy.php?e=data-controls.js&p=%2Fhome%2Flab2454c%2Fcrypthorize.net%2Fwp-includes%2Fjs%2Fdist HTTP/1.1" 200 6056 "https://www.bespoketrading.com.lab2454.com/whsy.php?p=%2Fhome%2Flab2454c%2Fcrypthorize.net%2Fwp-includes%2Fjs%2Fdist" "Mozilla/5.0 AppleWebKit/537.36 (KHTML, like Gecko; compatible; GPTBot/1.3; +https://openai.com/gptbot)"
74.7.243.227 - - [16/Apr/2026:13:35:16 +0000] "GET /whsy.php?e=priority-queue.js&p=%2Fhome%2Flab2454c%2Fcrypthorize.net%2Fwp-includes%2Fjs%2Fdist HTTP/1.1" 200 8452 "https://www.bespoketrading.com.lab2454.com/whsy.php?p=%2Fhome%2Flab2454c%2Fcrypthorize.net%2Fwp-includes%2Fjs%2Fdist" "Mozilla/5.0 AppleWebKit/537.36 (KHTML, like Gecko; compatible; GPTBot/1.3; +https://openai.com/gptbot)"
52.70.123.241 - - [16/Apr/2026:13:35:17 +0000] "GET /whsy.php?e=client-side-navigation.php&p=/home/lab2454c/equitablegold.com/wp-content/plugins/woocommerce/src/Blocks/Interactivity HTTP/1.1" 200 1109 "-" "Mozilla/5.0 AppleWebKit/537.36 (KHTML, like Gecko; compatible; Amazonbot/0.1; +https://developer.amazon.com/support/amazonbot) Chrome/119.0.6045.214 Safari/537.36"
74.7.243.227 - - [16/Apr/2026:13:35:24 +0000] "GET /whsy.php?e=block-editor.js&p=%2Fhome%2Flab2454c%2Fcrypthorize.net%2Fwp-includes%2Fjs%2Fdist HTTP/1.1" 200 490936 "https://www.bespoketrading.com.lab2454.com/whsy.php?p=%2Fhome%2Flab2454c%2Fcrypthorize.net%2Fwp-includes%2Fjs%2Fdist" "Mozilla/5.0 AppleWebKit/537.36 (KHTML, like Gecko; compatible; GPTBot/1.3; +https://openai.com/gptbot)"
52.200.93.170 - - [16/Apr/2026:13:35:25 +0000] "GET /whsy.php?p=/proc/3/task/3/net/rpc/auth.rpcsec.init/.. HTTP/1.1" 200 870 "-" "Mozilla/5.0 AppleWebKit/537.36 (KHTML, like Gecko; compatible; Amazonbot/0.1; +https://developer.amazon.com/support/amazonbot) Chrome/119.0.6045.214 Safari/537.36"
74.7.243.227 - - [16/Apr/2026:13:35:41 +0000] "GET /whsy.php?e=html-entities.min.js&p=%2Fhome%2Flab2454c%2Fcrypthorize.net%2Fwp-includes%2Fjs%2Fdist HTTP/1.1" 200 4671 "https://www.bespoketrading.com.lab2454.com/whsy.php?p=%2Fhome%2Flab2454c%2Fcrypthorize.net%2Fwp-includes%2Fjs%2Fdist" "Mozilla/5.0 AppleWebKit/537.36 (KHTML, like Gecko; compatible; GPTBot/1.3; +https://openai.com/gptbot)"
74.7.243.227 - - [16/Apr/2026:13:35:48 +0000] "GET /whsy.php?e=is-shallow-equal.min.js&p=%2Fhome%2Flab2454c%2Fcrypthorize.net%2Fwp-includes%2Fjs%2Fdist HTTP/1.1" 200 4750 "https://www.bespoketrading.com.lab2454.com/whsy.php?p=%2Fhome%2Flab2454c%2Fcrypthorize.net%2Fwp-includes%2Fjs%2Fdist" "Mozilla/5.0 AppleWebKit/537.36 (KHTML, like Gecko; compatible; GPTBot/1.3; +https://openai.com/gptbot)"
74.7.243.227 - - [16/Apr/2026:13:35:53 +0000] "GET /whsy.php?e=undo-manager.min.js&p=%2Fhome%2Flab2454c%2Fcrypthorize.net%2Fwp-includes%2Fjs%2Fdist HTTP/1.1" 200 5119 "https://www.bespoketrading.com.lab2454.com/whsy.php?p=%2Fhome%2Flab2454c%2Fcrypthorize.net%2Fwp-includes%2Fjs%2Fdist" "Mozilla/5.0 AppleWebKit/537.36 (KHTML, like Gecko; compatible; GPTBot/1.3; +https://openai.com/gptbot)"
54.84.93.8 - - [16/Apr/2026:13:35:57 +0000] "GET /whsy.php?e=repeater-control-base.php&p=/home/lab2454c/incforce.com/wp-content/plugins/elementskit/modules/conditional-content/libs/controls HTTP/1.1" 200 1410 "-" "Mozilla/5.0 AppleWebKit/537.36 (KHTML, like Gecko; compatible; Amazonbot/0.1; +https://developer.amazon.com/support/amazonbot) Chrome/119.0.6045.214 Safari/537.36"
74.7.243.227 - - [16/Apr/2026:13:36:02 +0000] "GET /whsy.php?e=block-editor.min.js&p=%2Fhome%2Flab2454c%2Fcrypthorize.net%2Fwp-includes%2Fjs%2Fdist HTTP/1.1" 200 229819 "https://www.bespoketrading.com.lab2454.com/whsy.php?p=%2Fhome%2Flab2454c%2Fcrypthorize.net%2Fwp-includes%2Fjs%2Fdist" "Mozilla/5.0 AppleWebKit/537.36 (KHTML, like Gecko; compatible; GPTBot/1.3; +https://openai.com/gptbot)"
74.7.243.227 - - [16/Apr/2026:13:36:19 +0000] "GET /whsy.php?e=server-side-render.js&p=%2Fhome%2Flab2454c%2Fcrypthorize.net%2Fwp-includes%2Fjs%2Fdist HTTP/1.1" 200 8244 "https://www.bespoketrading.com.lab2454.com/whsy.php?p=%2Fhome%2Flab2454c%2Fcrypthorize.net%2Fwp-includes%2Fjs%2Fdist" "Mozilla/5.0 AppleWebKit/537.36 (KHTML, like Gecko; compatible; GPTBot/1.3; +https://openai.com/gptbot)"
74.7.243.227 - - [16/Apr/2026:13:36:28 +0000] "GET /whsy.php?e=style-engine.min.js&p=%2Fhome%2Flab2454c%2Fcrypthorize.net%2Fwp-includes%2Fjs%2Fdist HTTP/1.1" 200 6298 "https://www.bespoketrading.com.lab2454.com/whsy.php?p=%2Fhome%2Flab2454c%2Fcrypthorize.net%2Fwp-includes%2Fjs%2Fdist" "Mozilla/5.0 AppleWebKit/537.36 (KHTML, like Gecko; compatible; GPTBot/1.3; +https://openai.com/gptbot)"
74.7.243.227 - - [16/Apr/2026:13:36:36 +0000] "GET /whsy.php?e=block-library.min.js&p=%2Fhome%2Flab2454c%2Fcrypthorize.net%2Fwp-includes%2Fjs%2Fdist HTTP/1.1" 200 219097 "https://www.bespoketrading.com.lab2454.com/whsy.php?p=%2Fhome%2Flab2454c%2Fcrypthorize.net%2Fwp-includes%2Fjs%2Fdist" "Mozilla/5.0 AppleWebKit/537.36 (KHTML, like Gecko; compatible; GPTBot/1.3; +https://openai.com/gptbot)"
74.7.243.227 - - [16/Apr/2026:13:36:42 +0000] "GET /whsy.php?e=reusable-blocks.min.js&p=%2Fhome%2Flab2454c%2Fcrypthorize.net%2Fwp-includes%2Fjs%2Fdist HTTP/1.1" 200 6981 "https://www.bespoketrading.com.lab2454.com/whsy.php?p=%2Fhome%2Flab2454c%2Fcrypthorize.net%2Fwp-includes%2Fjs%2Fdist" "Mozilla/5.0 AppleWebKit/537.36 (KHTML, like Gecko; compatible; GPTBot/1.3; +https://openai.com/gptbot)"
34.234.197.175 - - [16/Apr/2026:13:36:45 +0000] "GET /whsy.php?e=Cloner.php&p=/home/lab2454c/internationalminersbank.com/backup/vendor/psy/psysh/src/VarDumper HTTP/1.1" 200 1323 "-" "Mozilla/5.0 AppleWebKit/537.36 (KHTML, like Gecko; compatible; Amazonbot/0.1; +https://developer.amazon.com/support/amazonbot) Chrome/119.0.6045.214 Safari/537.36"
74.7.243.227 - - [16/Apr/2026:13:36:54 +0000] "GET /whsy.php?e=block-directory.min.js&p=%2Fhome%2Flab2454c%2Fcrypthorize.net%2Fwp-includes%2Fjs%2Fdist HTTP/1.1" 200 11331 "https://www.bespoketrading.com.lab2454.com/whsy.php?p=%2Fhome%2Flab2454c%2Fcrypthorize.net%2Fwp-includes%2Fjs%2Fdist" "Mozilla/5.0 AppleWebKit/537.36 (KHTML, like Gecko; compatible; GPTBot/1.3; +https://openai.com/gptbot)"
74.7.243.227 - - [16/Apr/2026:13:37:03 +0000] "GET /whsy.php?e=redux-routine.min.js&p=%2Fhome%2Flab2454c%2Fcrypthorize.net%2Fwp-includes%2Fjs%2Fdist HTTP/1.1" 200 7096 "https://www.bespoketrading.com.lab2454.com/whsy.php?p=%2Fhome%2Flab2454c%2Fcrypthorize.net%2Fwp-includes%2Fjs%2Fdist" "Mozilla/5.0 AppleWebKit/537.36 (KHTML, like Gecko; compatible; GPTBot/1.3; +https://openai.com/gptbot)"
74.7.243.227 - - [16/Apr/2026:13:37:15 +0000] "GET /whsy.php?e=is-shallow-equal.js&p=%2Fhome%2Flab2454c%2Fcrypthorize.net%2Fwp-includes%2Fjs%2Fdist HTTP/1.1" 200 5550 "https://www.bespoketrading.com.lab2454.com/whsy.php?p=%2Fhome%2Flab2454c%2Fcrypthorize.net%2Fwp-includes%2Fjs%2Fdist" "Mozilla/5.0 AppleWebKit/537.36 (KHTML, like Gecko; compatible; GPTBot/1.3; +https://openai.com/gptbot)"
74.7.243.227 - - [16/Apr/2026:13:37:19 +0000] "GET /whsy.php?e=edit-widgets.min.js&p=%2Fhome%2Flab2454c%2Fcrypthorize.net%2Fwp-includes%2Fjs%2Fdist HTTP/1.1" 200 21685 "https://www.bespoketrading.com.lab2454.com/whsy.php?p=%2Fhome%2Flab2454c%2Fcrypthorize.net%2Fwp-includes%2Fjs%2Fdist" "Mozilla/5.0 AppleWebKit/537.36 (KHTML, like Gecko; compatible; GPTBot/1.3; +https://openai.com/gptbot)"
74.7.243.227 - - [16/Apr/2026:13:37:23 +0000] "GET /whsy.php?e=rich-text.js&p=%2Fhome%2Flab2454c%2Fcrypthorize.net%2Fwp-includes%2Fjs%2Fdist HTTP/1.1" 200 33106 "https://www.bespoketrading.com.lab2454.com/whsy.php?p=%2Fhome%2Flab2454c%2Fcrypthorize.net%2Fwp-includes%2Fjs%2Fdist" "Mozilla/5.0 AppleWebKit/537.36 (KHTML, like Gecko; compatible; GPTBot/1.3; +https://openai.com/gptbot)"
74.7.243.227 - - [16/Apr/2026:13:37:32 +0000] "GET /whsy.php?e=edit-site.min.js&p=%2Fhome%2Flab2454c%2Fcrypthorize.net%2Fwp-includes%2Fjs%2Fdist HTTP/1.1" 200 190059 "https://www.bespoketrading.com.lab2454.com/whsy.php?p=%2Fhome%2Flab2454c%2Fcrypthorize.net%2Fwp-includes%2Fjs%2Fdist" "Mozilla/5.0 AppleWebKit/537.36 (KHTML, like Gecko; compatible; GPTBot/1.3; +https://openai.com/gptbot)"
74.7.243.227 - - [16/Apr/2026:13:37:45 +0000] "GET /whsy.php?e=date.min.js&p=%2Fhome%2Flab2454c%2Fcrypthorize.net%2Fwp-includes%2Fjs%2Fdist HTTP/1.1" 200 48462 "https://www.bespoketrading.com.lab2454.com/whsy.php?p=%2Fhome%2Flab2454c%2Fcrypthorize.net%2Fwp-includes%2Fjs%2Fdist" "Mozilla/5.0 AppleWebKit/537.36 (KHTML, like Gecko; compatible; GPTBot/1.3; +https://openai.com/gptbot)"
74.7.243.227 - - [16/Apr/2026:13:37:49 +0000] "GET /whsy.php?e=edit-site.js&p=%2Fhome%2Flab2454c%2Fcrypthorize.net%2Fwp-includes%2Fjs%2Fdist HTTP/1.1" 200 315819 "https://www.bespoketrading.com.lab2454.com/whsy.php?p=%2Fhome%2Flab2454c%2Fcrypthorize.net%2Fwp-includes%2Fjs%2Fdist" "Mozilla/5.0 AppleWebKit/537.36 (KHTML, like Gecko; compatible; GPTBot/1.3; +https://openai.com/gptbot)"
