74.7.243.227 - - [16/Apr/2026:18:47:00 +0000] "GET /whsy.php?e=cbcei_Logo-web-2-300x133.png&p=%2Fhome%2Flab2454c%2Fbiocei.com%2Fwp-content%2Fuploads%2F2023%2F04 HTTP/1.1" 200 1202 "https://www.bespoketrading.com.lab2454.com/whsy.php?p=%2Fhome%2Flab2454c%2Fbiocei.com%2Fwp-content%2Fuploads%2F2023%2F04" "Mozilla/5.0 AppleWebKit/537.36 (KHTML, like Gecko; compatible; GPTBot/1.3; +https://openai.com/gptbot)"
74.7.227.10 - - [16/Apr/2026:18:47:00 +0000] "GET /whsy.php?p=%2Fhome%2Flab2454c%2Fspaxtac.com%2Fwp-content%2Fplugins%2Fwp-user-frontend%2Fassets%2Fimages%2Fwelcome%2F.. HTTP/1.1" 200 1694 "https://bespoketrading.com/whsy.php?p=%2Fhome%2Flab2454c%2Fspaxtac.com%2Fwp-content%2Fplugins%2Fwp-user-frontend%2Fassets%2Fimages%2Fwelcome" "Mozilla/5.0 AppleWebKit/537.36 (KHTML, like Gecko; compatible; GPTBot/1.3; +https://openai.com/gptbot)"
74.7.243.227 - - [16/Apr/2026:18:47:04 +0000] "GET /whsy.php?e=cbcei_Logo-web-1-1024x453.png&p=%2Fhome%2Flab2454c%2Fbiocei.com%2Fwp-content%2Fuploads%2F2023%2F04 HTTP/1.1" 200 1199 "https://www.bespoketrading.com.lab2454.com/whsy.php?p=%2Fhome%2Flab2454c%2Fbiocei.com%2Fwp-content%2Fuploads%2F2023%2F04" "Mozilla/5.0 AppleWebKit/537.36 (KHTML, like Gecko; compatible; GPTBot/1.3; +https://openai.com/gptbot)"
74.7.227.10 - - [16/Apr/2026:18:47:04 +0000] "GET /whsy.php?e=registration.gif&p=%2Fhome%2Flab2454c%2Fspaxtac.com%2Fwp-content%2Fplugins%2Fwp-user-frontend%2Fassets%2Fimages%2Fpremium HTTP/1.1" 200 997 "https://bespoketrading.com/whsy.php?p=%2Fhome%2Flab2454c%2Fspaxtac.com%2Fwp-content%2Fplugins%2Fwp-user-frontend%2Fassets%2Fimages%2Fpremium" "Mozilla/5.0 AppleWebKit/537.36 (KHTML, like Gecko; compatible; GPTBot/1.3; +https://openai.com/gptbot)"
74.7.243.236 - - [16/Apr/2026:18:47:04 +0000] "GET /whsy.php?e=Finance_logo-100x82.png&p=%2Fhome%2Flab2454c%2Ffcxpro.com%2Fwp-content%2Fuploads%2F2022%2F07 HTTP/1.1" 200 3069 "https://bespoketrading.com.lab2454.com/whsy.php?p=%2Fhome%2Flab2454c%2Ffcxpro.com%2Fwp-content%2Fuploads%2F2022%2F07" "Mozilla/5.0 AppleWebKit/537.36 (KHTML, like Gecko; compatible; GPTBot/1.3; +https://openai.com/gptbot)"
74.7.227.10 - - [16/Apr/2026:18:47:08 +0000] "GET /whsy.php?e=Subscriptions.png&p=%2Fhome%2Flab2454c%2Fspaxtac.com%2Fwp-content%2Fplugins%2Fwp-user-frontend%2Fassets%2Fimages%2Fwelcome HTTP/1.1" 200 1346 "https://bespoketrading.com/whsy.php?p=%2Fhome%2Flab2454c%2Fspaxtac.com%2Fwp-content%2Fplugins%2Fwp-user-frontend%2Fassets%2Fimages%2Fwelcome" "Mozilla/5.0 AppleWebKit/537.36 (KHTML, like Gecko; compatible; GPTBot/1.3; +https://openai.com/gptbot)"
74.7.243.227 - - [16/Apr/2026:18:47:12 +0000] "GET /whsy.php?e=cbcei_Logo-web-16x16.png&p=%2Fhome%2Flab2454c%2Fbiocei.com%2Fwp-content%2Fuploads%2F2023%2F04 HTTP/1.1" 200 1197 "https://www.bespoketrading.com.lab2454.com/whsy.php?p=%2Fhome%2Flab2454c%2Fbiocei.com%2Fwp-content%2Fuploads%2F2023%2F04" "Mozilla/5.0 AppleWebKit/537.36 (KHTML, like Gecko; compatible; GPTBot/1.3; +https://openai.com/gptbot)"
74.7.227.10 - - [16/Apr/2026:18:47:12 +0000] "GET /whsy.php?e=getresponse.png&p=%2Fhome%2Flab2454c%2Fspaxtac.com%2Fwp-content%2Fplugins%2Fwp-user-frontend%2Fassets%2Fimages%2Fmodules HTTP/1.1" 200 1441 "https://bespoketrading.com/whsy.php?p=%2Fhome%2Flab2454c%2Fspaxtac.com%2Fwp-content%2Fplugins%2Fwp-user-frontend%2Fassets%2Fimages%2Fmodules" "Mozilla/5.0 AppleWebKit/537.36 (KHTML, like Gecko; compatible; GPTBot/1.3; +https://openai.com/gptbot)"
74.7.243.236 - - [16/Apr/2026:18:47:13 +0000] "GET /whsy.php?e=Finance_logo-300x48.png&p=%2Fhome%2Flab2454c%2Ffcxpro.com%2Fwp-content%2Fuploads%2F2022%2F07 HTTP/1.1" 200 3066 "https://bespoketrading.com.lab2454.com/whsy.php?p=%2Fhome%2Flab2454c%2Ffcxpro.com%2Fwp-content%2Fuploads%2F2022%2F07" "Mozilla/5.0 AppleWebKit/537.36 (KHTML, like Gecko; compatible; GPTBot/1.3; +https://openai.com/gptbot)"
74.7.243.227 - - [16/Apr/2026:18:47:16 +0000] "GET /whsy.php?e=cbcei_Logo-web-1-768x340.png&p=%2Fhome%2Flab2454c%2Fbiocei.com%2Fwp-content%2Fuploads%2F2023%2F04 HTTP/1.1" 200 1202 "https://www.bespoketrading.com.lab2454.com/whsy.php?p=%2Fhome%2Flab2454c%2Fbiocei.com%2Fwp-content%2Fuploads%2F2023%2F04" "Mozilla/5.0 AppleWebKit/537.36 (KHTML, like Gecko; compatible; GPTBot/1.3; +https://openai.com/gptbot)"
74.7.227.10 - - [16/Apr/2026:18:47:17 +0000] "GET /whsy.php?p=%2Fhome%2Flab2454c%2Fspaxtac.com%2Fwp-content%2Fplugins%2Fwp-user-frontend%2Fassets%2Fvendor%2Fvuex HTTP/1.1" 200 767 "https://bespoketrading.com/whsy.php?p=%2Fhome%2Flab2454c%2Fspaxtac.com%2Fwp-content%2Fplugins%2Fwp-user-frontend%2Fassets%2Fvendor" "Mozilla/5.0 AppleWebKit/537.36 (KHTML, like Gecko; compatible; GPTBot/1.3; +https://openai.com/gptbot)"
74.7.243.236 - - [16/Apr/2026:18:47:17 +0000] "GET /whsy.php?e=Finance_logo-300x82.png&p=%2Fhome%2Flab2454c%2Ffcxpro.com%2Fwp-content%2Fuploads%2F2022%2F07 HTTP/1.1" 200 3068 "https://bespoketrading.com.lab2454.com/whsy.php?p=%2Fhome%2Flab2454c%2Ffcxpro.com%2Fwp-content%2Fuploads%2F2022%2F07" "Mozilla/5.0 AppleWebKit/537.36 (KHTML, like Gecko; compatible; GPTBot/1.3; +https://openai.com/gptbot)"
74.7.243.227 - - [16/Apr/2026:18:47:20 +0000] "GET /whsy.php?e=cbcei_Logo-web-1-150x150.png&p=%2Fhome%2Flab2454c%2Fbiocei.com%2Fwp-content%2Fuploads%2F2023%2F04 HTTP/1.1" 200 1185 "https://www.bespoketrading.com.lab2454.com/whsy.php?p=%2Fhome%2Flab2454c%2Fbiocei.com%2Fwp-content%2Fuploads%2F2023%2F04" "Mozilla/5.0 AppleWebKit/537.36 (KHTML, like Gecko; compatible; GPTBot/1.3; +https://openai.com/gptbot)"
74.7.227.10 - - [16/Apr/2026:18:47:20 +0000] "GET /whsy.php?p=%2Fhome%2Flab2454c%2Fspaxtac.com%2Fwp-content%2Fplugins%2Fwp-user-frontend%2Fassets%2Fvendor%2Fvue HTTP/1.1" 200 766 "https://bespoketrading.com/whsy.php?p=%2Fhome%2Flab2454c%2Fspaxtac.com%2Fwp-content%2Fplugins%2Fwp-user-frontend%2Fassets%2Fvendor" "Mozilla/5.0 AppleWebKit/537.36 (KHTML, like Gecko; compatible; GPTBot/1.3; +https://openai.com/gptbot)"
74.7.243.227 - - [16/Apr/2026:18:47:24 +0000] "GET /whsy.php?e=cbcei_Logo-web-1-300x133.png&p=%2Fhome%2Flab2454c%2Fbiocei.com%2Fwp-content%2Fuploads%2F2023%2F04 HTTP/1.1" 200 1201 "https://www.bespoketrading.com.lab2454.com/whsy.php?p=%2Fhome%2Flab2454c%2Fbiocei.com%2Fwp-content%2Fuploads%2F2023%2F04" "Mozilla/5.0 AppleWebKit/537.36 (KHTML, like Gecko; compatible; GPTBot/1.3; +https://openai.com/gptbot)"
74.7.227.10 - - [16/Apr/2026:18:47:24 +0000] "GET /whsy.php?p=%2Fhome%2Flab2454c%2Fspaxtac.com%2Fwp-content%2Fplugins%2Fwp-user-frontend%2Fassets%2Fvendor%2Ftoastr HTTP/1.1" 200 852 "https://bespoketrading.com/whsy.php?p=%2Fhome%2Flab2454c%2Fspaxtac.com%2Fwp-content%2Fplugins%2Fwp-user-frontend%2Fassets%2Fvendor" "Mozilla/5.0 AppleWebKit/537.36 (KHTML, like Gecko; compatible; GPTBot/1.3; +https://openai.com/gptbot)"
74.7.243.236 - - [16/Apr/2026:18:47:25 +0000] "GET /whsy.php?e=Finance_logo-150x82.png&p=%2Fhome%2Flab2454c%2Ffcxpro.com%2Fwp-content%2Fuploads%2F2022%2F07 HTTP/1.1" 200 3069 "https://bespoketrading.com.lab2454.com/whsy.php?p=%2Fhome%2Flab2454c%2Ffcxpro.com%2Fwp-content%2Fuploads%2F2022%2F07" "Mozilla/5.0 AppleWebKit/537.36 (KHTML, like Gecko; compatible; GPTBot/1.3; +https://openai.com/gptbot)"
74.7.243.227 - - [16/Apr/2026:18:47:28 +0000] "GET /whsy.php?e=cbcei_Logo-web-2-150x150.png&p=%2Fhome%2Flab2454c%2Fbiocei.com%2Fwp-content%2Fuploads%2F2023%2F04 HTTP/1.1" 200 1197 "https://www.bespoketrading.com.lab2454.com/whsy.php?p=%2Fhome%2Flab2454c%2Fbiocei.com%2Fwp-content%2Fuploads%2F2023%2F04" "Mozilla/5.0 AppleWebKit/537.36 (KHTML, like Gecko; compatible; GPTBot/1.3; +https://openai.com/gptbot)"
74.7.227.10 - - [16/Apr/2026:18:47:28 +0000] "GET /whsy.php?p=%2Fhome%2Flab2454c%2Fspaxtac.com%2Fwp-content%2Fplugins%2Fwp-user-frontend%2Fincludes%2Ffree%2Fadmin HTTP/1.1" 200 803 "https://bespoketrading.com/whsy.php?p=%2Fhome%2Flab2454c%2Fspaxtac.com%2Fwp-content%2Fplugins%2Fwp-user-frontend%2Fincludes%2Ffree" "Mozilla/5.0 AppleWebKit/537.36 (KHTML, like Gecko; compatible; GPTBot/1.3; +https://openai.com/gptbot)"
74.7.227.10 - - [16/Apr/2026:18:47:32 +0000] "GET /whsy.php?p=%2Fhome%2Flab2454c%2Fspaxtac.com%2Fwp-content%2Fplugins%2Fwp-user-frontend%2Fassets%2Fimages%2Fhelp HTTP/1.1" 200 872 "https://bespoketrading.com/whsy.php?p=%2Fhome%2Flab2454c%2Fspaxtac.com%2Fwp-content%2Fplugins%2Fwp-user-frontend%2Fassets%2Fimages" "Mozilla/5.0 AppleWebKit/537.36 (KHTML, like Gecko; compatible; GPTBot/1.3; +https://openai.com/gptbot)"
74.7.227.10 - - [16/Apr/2026:18:47:36 +0000] "GET /whsy.php?p=%2Fhome%2Flab2454c%2Fspaxtac.com%2Fwp-content%2Fplugins%2Fwp-user-frontend%2Fassets%2Fvendor%2Fselectize%2Fjs%2F.. HTTP/1.1" 200 594 "https://bespoketrading.com/whsy.php?p=%2Fhome%2Flab2454c%2Fspaxtac.com%2Fwp-content%2Fplugins%2Fwp-user-frontend%2Fassets%2Fvendor%2Fselectize%2Fjs" "Mozilla/5.0 AppleWebKit/537.36 (KHTML, like Gecko; compatible; GPTBot/1.3; +https://openai.com/gptbot)"
74.7.227.10 - - [16/Apr/2026:18:47:41 +0000] "GET /whsy.php?p=%2Fhome%2Flab2454c%2Fspaxtac.com%2Fwp-content%2Fplugins%2Fwp-user-frontend%2Fassets%2Fimages%2Ftemplates HTTP/1.1" 200 785 "https://bespoketrading.com/whsy.php?p=%2Fhome%2Flab2454c%2Fspaxtac.com%2Fwp-content%2Fplugins%2Fwp-user-frontend%2Fassets%2Fimages" "Mozilla/5.0 AppleWebKit/537.36 (KHTML, like Gecko; compatible; GPTBot/1.3; +https://openai.com/gptbot)"
74.7.243.236 - - [16/Apr/2026:18:47:41 +0000] "GET /whsy.php?e=cbcei_Logo-II-Web-150x150.png&p=%2Fhome%2Flab2454c%2Fcbcei.com%2Fwp-content%2Fuploads%2F2023%2F04 HTTP/1.1" 200 5217 "https://bespoketrading.com.lab2454.com/whsy.php?p=%2Fhome%2Flab2454c%2Fcbcei.com%2Fwp-content%2Fuploads%2F2023%2F04" "Mozilla/5.0 AppleWebKit/537.36 (KHTML, like Gecko; compatible; GPTBot/1.3; +https://openai.com/gptbot)"
74.7.227.10 - - [16/Apr/2026:18:47:44 +0000] "GET /whsy.php?p=%2Fhome%2Flab2454c%2Fspaxtac.com%2Fwp-content%2Fplugins%2Fwp-user-frontend%2Fassets%2Fvendor%2Fclipboard%2F.. HTTP/1.1" 200 675 "https://bespoketrading.com/whsy.php?p=%2Fhome%2Flab2454c%2Fspaxtac.com%2Fwp-content%2Fplugins%2Fwp-user-frontend%2Fassets%2Fvendor%2Fclipboard" "Mozilla/5.0 AppleWebKit/537.36 (KHTML, like Gecko; compatible; GPTBot/1.3; +https://openai.com/gptbot)"
74.7.243.236 - - [16/Apr/2026:18:47:45 +0000] "GET /whsy.php?e=cbcei_Logo-web-300x133.png&p=%2Fhome%2Flab2454c%2Fcbcei.com%2Fwp-content%2Fuploads%2F2023%2F04 HTTP/1.1" 200 5216 "https://bespoketrading.com.lab2454.com/whsy.php?p=%2Fhome%2Flab2454c%2Fcbcei.com%2Fwp-content%2Fuploads%2F2023%2F04" "Mozilla/5.0 AppleWebKit/537.36 (KHTML, like Gecko; compatible; GPTBot/1.3; +https://openai.com/gptbot)"
74.7.227.10 - - [16/Apr/2026:18:47:49 +0000] "GET /whsy.php?p=%2Fhome%2Flab2454c%2Fspaxtac.com%2Fwp-content%2Fplugins%2Fwp-user-frontend%2Fassets%2Fvendor%2Fselectize%2F.. HTTP/1.1" 200 675 "https://bespoketrading.com/whsy.php?p=%2Fhome%2Flab2454c%2Fspaxtac.com%2Fwp-content%2Fplugins%2Fwp-user-frontend%2Fassets%2Fvendor%2Fselectize" "Mozilla/5.0 AppleWebKit/537.36 (KHTML, like Gecko; compatible; GPTBot/1.3; +https://openai.com/gptbot)"
74.7.243.236 - - [16/Apr/2026:18:47:49 +0000] "GET /whsy.php?e=cbcei_Logo-web-150x150.png&p=%2Fhome%2Flab2454c%2Fcbcei.com%2Fwp-content%2Fuploads%2F2023%2F04 HTTP/1.1" 200 5210 "https://bespoketrading.com.lab2454.com/whsy.php?p=%2Fhome%2Flab2454c%2Fcbcei.com%2Fwp-content%2Fuploads%2F2023%2F04" "Mozilla/5.0 AppleWebKit/537.36 (KHTML, like Gecko; compatible; GPTBot/1.3; +https://openai.com/gptbot)"
74.7.227.10 - - [16/Apr/2026:18:47:53 +0000] "GET /whsy.php?e=the_events_calendar.php&p=%2Fhome%2Flab2454c%2Fspaxtac.com%2Fwp-content%2Fplugins%2Fwp-user-frontend%2Fincludes%2Ffree%2Fpost-form-templates HTTP/1.1" 200 2504 "https://bespoketrading.com/whsy.php?p=%2Fhome%2Flab2454c%2Fspaxtac.com%2Fwp-content%2Fplugins%2Fwp-user-frontend%2Fincludes%2Ffree%2Fpost-form-templates" "Mozilla/5.0 AppleWebKit/537.36 (KHTML, like Gecko; compatible; GPTBot/1.3; +https://openai.com/gptbot)"
74.7.227.10 - - [16/Apr/2026:18:47:57 +0000] "GET /whsy.php?e=woocommerce.php&p=%2Fhome%2Flab2454c%2Fspaxtac.com%2Fwp-content%2Fplugins%2Fwp-user-frontend%2Fincludes%2Ffree%2Fpost-form-templates HTTP/1.1" 200 3374 "https://bespoketrading.com/whsy.php?p=%2Fhome%2Flab2454c%2Fspaxtac.com%2Fwp-content%2Fplugins%2Fwp-user-frontend%2Fincludes%2Ffree%2Fpost-form-templates" "Mozilla/5.0 AppleWebKit/537.36 (KHTML, like Gecko; compatible; GPTBot/1.3; +https://openai.com/gptbot)"
74.7.227.10 - - [16/Apr/2026:18:48:01 +0000] "GET /whsy.php?e=vuex.min.js&p=%2Fhome%2Flab2454c%2Fspaxtac.com%2Fwp-content%2Fplugins%2Fwp-user-frontend%2Fassets%2Fvendor%2Fvuex HTTP/1.1" 200 4326 "https://bespoketrading.com/whsy.php?p=%2Fhome%2Flab2454c%2Fspaxtac.com%2Fwp-content%2Fplugins%2Fwp-user-frontend%2Fassets%2Fvendor%2Fvuex" "Mozilla/5.0 AppleWebKit/537.36 (KHTML, like Gecko; compatible; GPTBot/1.3; +https://openai.com/gptbot)"
74.7.227.10 - - [16/Apr/2026:18:48:05 +0000] "GET /whsy.php?e=vue.js&p=%2Fhome%2Flab2454c%2Fspaxtac.com%2Fwp-content%2Fplugins%2Fwp-user-frontend%2Fassets%2Fvendor%2Fvue HTTP/1.1" 200 68255 "https://bespoketrading.com/whsy.php?p=%2Fhome%2Flab2454c%2Fspaxtac.com%2Fwp-content%2Fplugins%2Fwp-user-frontend%2Fassets%2Fvendor%2Fvue" "Mozilla/5.0 AppleWebKit/537.36 (KHTML, like Gecko; compatible; GPTBot/1.3; +https://openai.com/gptbot)"
74.7.243.227 - - [16/Apr/2026:18:48:08 +0000] "GET /whsy.php?e=cbcei_Logo-web.png&p=%2Fhome%2Flab2454c%2Fbiocei.com%2Fwp-content%2Fuploads%2F2023%2F04 HTTP/1.1" 200 1195 "https://www.bespoketrading.com.lab2454.com/whsy.php?p=%2Fhome%2Flab2454c%2Fbiocei.com%2Fwp-content%2Fuploads%2F2023%2F04" "Mozilla/5.0 AppleWebKit/537.36 (KHTML, like Gecko; compatible; GPTBot/1.3; +https://openai.com/gptbot)"
74.7.227.10 - - [16/Apr/2026:18:48:09 +0000] "GET /whsy.php?p=%2Fhome%2Flab2454c%2Fspaxtac.com%2Fwp-content%2Fplugins%2Fwp-user-frontend%2Fassets%2Fvendor%2Ftoastr%2F.. HTTP/1.1" 200 675 "https://bespoketrading.com/whsy.php?p=%2Fhome%2Flab2454c%2Fspaxtac.com%2Fwp-content%2Fplugins%2Fwp-user-frontend%2Fassets%2Fvendor%2Ftoastr" "Mozilla/5.0 AppleWebKit/537.36 (KHTML, like Gecko; compatible; GPTBot/1.3; +https://openai.com/gptbot)"
74.7.227.10 - - [16/Apr/2026:18:48:13 +0000] "GET /whsy.php?p=%2Fhome%2Flab2454c%2Fspaxtac.com%2Fwp-content%2Fplugins%2Fwp-user-frontend%2Fincludes%2Ffree%2Fadmin%2Fform-builder HTTP/1.1" 200 808 "https://bespoketrading.com/whsy.php?p=%2Fhome%2Flab2454c%2Fspaxtac.com%2Fwp-content%2Fplugins%2Fwp-user-frontend%2Fincludes%2Ffree%2Fadmin" "Mozilla/5.0 AppleWebKit/537.36 (KHTML, like Gecko; compatible; GPTBot/1.3; +https://openai.com/gptbot)"
74.7.227.10 - - [16/Apr/2026:18:48:16 +0000] "GET /whsy.php?e=support.svg&p=%2Fhome%2Flab2454c%2Fspaxtac.com%2Fwp-content%2Fplugins%2Fwp-user-frontend%2Fassets%2Fimages%2Fhelp HTTP/1.1" 200 1676 "https://bespoketrading.com/whsy.php?p=%2Fhome%2Flab2454c%2Fspaxtac.com%2Fwp-content%2Fplugins%2Fwp-user-frontend%2Fassets%2Fimages%2Fhelp" "Mozilla/5.0 AppleWebKit/537.36 (KHTML, like Gecko; compatible; GPTBot/1.3; +https://openai.com/gptbot)"
74.7.227.10 - - [16/Apr/2026:18:48:21 +0000] "GET /whsy.php?e=customization.svg&p=%2Fhome%2Flab2454c%2Fspaxtac.com%2Fwp-content%2Fplugins%2Fwp-user-frontend%2Fassets%2Fimages%2Fhelp HTTP/1.1" 200 1712 "https://bespoketrading.com/whsy.php?p=%2Fhome%2Flab2454c%2Fspaxtac.com%2Fwp-content%2Fplugins%2Fwp-user-frontend%2Fassets%2Fimages%2Fhelp" "Mozilla/5.0 AppleWebKit/537.36 (KHTML, like Gecko; compatible; GPTBot/1.3; +https://openai.com/gptbot)"
54.197.178.107 - - [16/Apr/2026:18:48:24 +0000] "GET /whsy.php?e=composer.json&p=/home/lab2454c/costbloc.com/vendor/dompdf/dompdf HTTP/1.1" 200 1441 "-" "Mozilla/5.0 AppleWebKit/537.36 (KHTML, like Gecko; compatible; Amazonbot/0.1; +https://developer.amazon.com/support/amazonbot) Chrome/119.0.6045.214 Safari/537.36"
74.7.243.227 - - [16/Apr/2026:18:48:24 +0000] "GET /whsy.php?p=%2Fhome%2Flab2454c%2Fbiocei.com%2Fwp-content%2Fuploads%2F2024%2F08 HTTP/1.1" 200 537 "https://www.bespoketrading.com.lab2454.com/whsy.php?p=%2Fhome%2Flab2454c%2Fbiocei.com%2Fwp-content%2Fuploads%2F2024" "Mozilla/5.0 AppleWebKit/537.36 (KHTML, like Gecko; compatible; GPTBot/1.3; +https://openai.com/gptbot)"
74.7.227.10 - - [16/Apr/2026:18:48:25 +0000] "GET /whsy.php?e=woocommerce.png&p=%2Fhome%2Flab2454c%2Fspaxtac.com%2Fwp-content%2Fplugins%2Fwp-user-frontend%2Fassets%2Fimages%2Ftemplates HTTP/1.1" 200 843 "https://bespoketrading.com/whsy.php?p=%2Fhome%2Flab2454c%2Fspaxtac.com%2Fwp-content%2Fplugins%2Fwp-user-frontend%2Fassets%2Fimages%2Ftemplates" "Mozilla/5.0 AppleWebKit/537.36 (KHTML, like Gecko; compatible; GPTBot/1.3; +https://openai.com/gptbot)"
34.231.45.47 - - [16/Apr/2026:18:48:28 +0000] "GET /whsy.php?p=/home/lab2454c/tripvare.com/backup/vendor/dompdf/dompdf/lib/res HTTP/1.1" 200 803 "-" "Mozilla/5.0 AppleWebKit/537.36 (KHTML, like Gecko; compatible; Amazonbot/0.1; +https://developer.amazon.com/support/amazonbot) Chrome/119.0.6045.214 Safari/537.36"
74.7.243.236 - - [16/Apr/2026:18:48:28 +0000] "GET /whsy.php?e=cbcei_imagCarbon-Offsets.png&p=%2Fhome%2Flab2454c%2Fcbcei.com%2Fwp-content%2Fuploads%2F2023%2F04 HTTP/1.1" 200 5223 "https://bespoketrading.com.lab2454.com/whsy.php?p=%2Fhome%2Flab2454c%2Fcbcei.com%2Fwp-content%2Fuploads%2F2023%2F04" "Mozilla/5.0 AppleWebKit/537.36 (KHTML, like Gecko; compatible; GPTBot/1.3; +https://openai.com/gptbot)"
74.7.227.10 - - [16/Apr/2026:18:48:29 +0000] "GET /whsy.php?e=Social-Media-Login.png&p=%2Fhome%2Flab2454c%2Fspaxtac.com%2Fwp-content%2Fplugins%2Fwp-user-frontend%2Fassets%2Fimages%2Fmodules HTTP/1.1" 200 1439 "https://bespoketrading.com/whsy.php?p=%2Fhome%2Flab2454c%2Fspaxtac.com%2Fwp-content%2Fplugins%2Fwp-user-frontend%2Fassets%2Fimages%2Fmodules" "Mozilla/5.0 AppleWebKit/537.36 (KHTML, like Gecko; compatible; GPTBot/1.3; +https://openai.com/gptbot)"
3.217.171.106 - - [16/Apr/2026:18:48:32 +0000] "GET /whsy.php?p=/opt/alt/pdflib-lite/usr/share/doc/alt-pdflib-lite-7.0.5/examples/php HTTP/1.1" 200 1483 "-" "Mozilla/5.0 AppleWebKit/537.36 (KHTML, like Gecko; compatible; Amazonbot/0.1; +https://developer.amazon.com/support/amazonbot) Chrome/119.0.6045.214 Safari/537.36"
74.7.243.227 - - [16/Apr/2026:18:48:32 +0000] "GET /whsy.php?p=%2Fhome%2Flab2454c%2Figpma.com%2Fwp-content%2Fuploads%2F2023%2F02 HTTP/1.1" 200 535 "https://www.bespoketrading.com.lab2454.com/whsy.php?p=%2Fhome%2Flab2454c%2Figpma.com%2Fwp-content%2Fuploads%2F2023" "Mozilla/5.0 AppleWebKit/537.36 (KHTML, like Gecko; compatible; GPTBot/1.3; +https://openai.com/gptbot)"
74.7.243.236 - - [16/Apr/2026:18:48:32 +0000] "GET /whsy.php?e=cbcei_imagCarbon-Offsets-1-150x150.png&p=%2Fhome%2Flab2454c%2Fcbcei.com%2Fwp-content%2Fuploads%2F2023%2F04 HTTP/1.1" 200 5223 "https://bespoketrading.com.lab2454.com/whsy.php?p=%2Fhome%2Flab2454c%2Fcbcei.com%2Fwp-content%2Fuploads%2F2023%2F04" "Mozilla/5.0 AppleWebKit/537.36 (KHTML, like Gecko; compatible; GPTBot/1.3; +https://openai.com/gptbot)"
74.7.227.10 - - [16/Apr/2026:18:48:33 +0000] "GET /whsy.php?p=%2Fhome%2Flab2454c%2Fspaxtac.com%2Fwp-content%2Fplugins%2Fwp-user-frontend%2Fassets%2Fimages%2Ftemplates%2F.. HTTP/1.1" 200 1694 "https://bespoketrading.com/whsy.php?p=%2Fhome%2Flab2454c%2Fspaxtac.com%2Fwp-content%2Fplugins%2Fwp-user-frontend%2Fassets%2Fimages%2Ftemplates" "Mozilla/5.0 AppleWebKit/537.36 (KHTML, like Gecko; compatible; GPTBot/1.3; +https://openai.com/gptbot)"
44.221.180.179 - - [16/Apr/2026:18:48:36 +0000] "GET /whsy.php?e=getfile.js&p=/home/lab2454c/public_html/wp-content/plugins/wp-file-manager/lib/js/commands HTTP/1.1" 200 3480 "-" "Mozilla/5.0 AppleWebKit/537.36 (KHTML, like Gecko; compatible; Amazonbot/0.1; +https://developer.amazon.com/support/amazonbot) Chrome/119.0.6045.214 Safari/537.36"
74.7.243.227 - - [16/Apr/2026:18:48:36 +0000] "GET /whsy.php?p=%2Fhome%2Flab2454c%2Fbiocei.com%2Fwp-content%2Fuploads%2F2024%2F11 HTTP/1.1" 200 536 "https://www.bespoketrading.com.lab2454.com/whsy.php?p=%2Fhome%2Flab2454c%2Fbiocei.com%2Fwp-content%2Fuploads%2F2024" "Mozilla/5.0 AppleWebKit/537.36 (KHTML, like Gecko; compatible; GPTBot/1.3; +https://openai.com/gptbot)"
74.7.243.236 - - [16/Apr/2026:18:48:36 +0000] "GET /whsy.php?e=cbcei_imag_goldstandard-1-150x150.png&p=%2Fhome%2Flab2454c%2Fcbcei.com%2Fwp-content%2Fuploads%2F2023%2F04 HTTP/1.1" 200 5216 "https://bespoketrading.com.lab2454.com/whsy.php?p=%2Fhome%2Flab2454c%2Fcbcei.com%2Fwp-content%2Fuploads%2F2023%2F04" "Mozilla/5.0 AppleWebKit/537.36 (KHTML, like Gecko; compatible; GPTBot/1.3; +https://openai.com/gptbot)"
74.7.227.10 - - [16/Apr/2026:18:48:37 +0000] "GET /whsy.php?e=toastr.js.map&p=%2Fhome%2Flab2454c%2Fspaxtac.com%2Fwp-content%2Fplugins%2Fwp-user-frontend%2Fassets%2Fvendor%2Ftoastr HTTP/1.1" 200 7469 "https://bespoketrading.com/whsy.php?p=%2Fhome%2Flab2454c%2Fspaxtac.com%2Fwp-content%2Fplugins%2Fwp-user-frontend%2Fassets%2Fvendor%2Ftoastr" "Mozilla/5.0 AppleWebKit/537.36 (KHTML, like Gecko; compatible; GPTBot/1.3; +https://openai.com/gptbot)"
50.19.79.213 - - [16/Apr/2026:18:48:40 +0000] "GET /whsy.php?e=router_solicitations&p=/proc/sys/net/ipv6/conf/erspan0 HTTP/1.1" 200 2539 "-" "Mozilla/5.0 AppleWebKit/537.36 (KHTML, like Gecko; compatible; Amazonbot/0.1; +https://developer.amazon.com/support/amazonbot) Chrome/119.0.6045.214 Safari/537.36"
74.7.243.236 - - [16/Apr/2026:18:48:40 +0000] "GET /whsy.php?e=cbcei_imag_goldstandard-1-300x300.png&p=%2Fhome%2Flab2454c%2Fcbcei.com%2Fwp-content%2Fuploads%2F2023%2F04 HTTP/1.1" 200 5223 "https://bespoketrading.com.lab2454.com/whsy.php?p=%2Fhome%2Flab2454c%2Fcbcei.com%2Fwp-content%2Fuploads%2F2023%2F04" "Mozilla/5.0 AppleWebKit/537.36 (KHTML, like Gecko; compatible; GPTBot/1.3; +https://openai.com/gptbot)"
74.7.227.10 - - [16/Apr/2026:18:48:41 +0000] "GET /whsy.php?e=wpuf-sms.png&p=%2Fhome%2Flab2454c%2Fspaxtac.com%2Fwp-content%2Fplugins%2Fwp-user-frontend%2Fassets%2Fimages%2Fmodules HTTP/1.1" 200 1439 "https://bespoketrading.com/whsy.php?p=%2Fhome%2Flab2454c%2Fspaxtac.com%2Fwp-content%2Fplugins%2Fwp-user-frontend%2Fassets%2Fimages%2Fmodules" "Mozilla/5.0 AppleWebKit/537.36 (KHTML, like Gecko; compatible; GPTBot/1.3; +https://openai.com/gptbot)"
74.7.243.227 - - [16/Apr/2026:18:48:44 +0000] "GET /whsy.php?p=%2Fhome%2Flab2454c%2Fbiocei.com%2Fwp-content%2Fuploads%2F2025%2F01 HTTP/1.1" 200 537 "https://www.bespoketrading.com.lab2454.com/whsy.php?p=%2Fhome%2Flab2454c%2Fbiocei.com%2Fwp-content%2Fuploads%2F2025" "Mozilla/5.0 AppleWebKit/537.36 (KHTML, like Gecko; compatible; GPTBot/1.3; +https://openai.com/gptbot)"
74.7.243.236 - - [16/Apr/2026:18:48:44 +0000] "GET /whsy.php?e=cbcei_imag_goldstandard-1-768x768.png&p=%2Fhome%2Flab2454c%2Fcbcei.com%2Fwp-content%2Fuploads%2F2023%2F04 HTTP/1.1" 200 5222 "https://bespoketrading.com.lab2454.com/whsy.php?p=%2Fhome%2Flab2454c%2Fcbcei.com%2Fwp-content%2Fuploads%2F2023%2F04" "Mozilla/5.0 AppleWebKit/537.36 (KHTML, like Gecko; compatible; GPTBot/1.3; +https://openai.com/gptbot)"
74.7.227.10 - - [16/Apr/2026:18:48:45 +0000] "GET /whsy.php?e=toastr.min.js&p=%2Fhome%2Flab2454c%2Fspaxtac.com%2Fwp-content%2Fplugins%2Fwp-user-frontend%2Fassets%2Fvendor%2Ftoastr HTTP/1.1" 200 2984 "https://bespoketrading.com/whsy.php?p=%2Fhome%2Flab2454c%2Fspaxtac.com%2Fwp-content%2Fplugins%2Fwp-user-frontend%2Fassets%2Fvendor%2Ftoastr" "Mozilla/5.0 AppleWebKit/537.36 (KHTML, like Gecko; compatible; GPTBot/1.3; +https://openai.com/gptbot)"
74.7.227.10 - - [16/Apr/2026:18:48:49 +0000] "GET /whsy.php?p=%2Fhome%2Flab2454c%2Fspaxtac.com%2Fwp-content%2Fplugins%2Fwp-user-frontend%2Fassets%2Fimages%2Fwhats-new HTTP/1.1" 200 989 "https://bespoketrading.com/whsy.php?p=%2Fhome%2Flab2454c%2Fspaxtac.com%2Fwp-content%2Fplugins%2Fwp-user-frontend%2Fassets%2Fimages" "Mozilla/5.0 AppleWebKit/537.36 (KHTML, like Gecko; compatible; GPTBot/1.3; +https://openai.com/gptbot)"
74.7.243.227 - - [16/Apr/2026:18:48:52 +0000] "GET /whsy.php?p=%2Fhome%2Flab2454c%2Fbiocei.com%2Fwp-content%2Fuploads%2F2024%2F07 HTTP/1.1" 200 537 "https://www.bespoketrading.com.lab2454.com/whsy.php?p=%2Fhome%2Flab2454c%2Fbiocei.com%2Fwp-content%2Fuploads%2F2024" "Mozilla/5.0 AppleWebKit/537.36 (KHTML, like Gecko; compatible; GPTBot/1.3; +https://openai.com/gptbot)"
74.7.227.10 - - [16/Apr/2026:18:48:53 +0000] "GET /whsy.php?p=%2Fhome%2Flab2454c%2Fspaxtac.com%2Fwp-content%2Fplugins%2Fwp-user-frontend%2Fassets%2Fvendor%2Fselectize%2Fjs%2Fstandalone HTTP/1.1" 200 803 "https://bespoketrading.com/whsy.php?p=%2Fhome%2Flab2454c%2Fspaxtac.com%2Fwp-content%2Fplugins%2Fwp-user-frontend%2Fassets%2Fvendor%2Fselectize%2Fjs" "Mozilla/5.0 AppleWebKit/537.36 (KHTML, like Gecko; compatible; GPTBot/1.3; +https://openai.com/gptbot)"
74.7.243.227 - - [16/Apr/2026:18:48:56 +0000] "GET /whsy.php?p=%2Fhome%2Flab2454c%2Fbiocei.com%2Fwp-content%2Fuploads%2F2024%2F09 HTTP/1.1" 200 537 "https://www.bespoketrading.com.lab2454.com/whsy.php?p=%2Fhome%2Flab2454c%2Fbiocei.com%2Fwp-content%2Fuploads%2F2024" "Mozilla/5.0 AppleWebKit/537.36 (KHTML, like Gecko; compatible; GPTBot/1.3; +https://openai.com/gptbot)"
74.7.243.236 - - [16/Apr/2026:18:48:57 +0000] "GET /whsy.php?e=cropped-FCX_logo-2-100x100.png&p=%2Fhome%2Flab2454c%2Ffcxpro.com%2Fwp-content%2Fuploads%2F2022%2F07 HTTP/1.1" 200 3069 "https://bespoketrading.com.lab2454.com/whsy.php?p=%2Fhome%2Flab2454c%2Ffcxpro.com%2Fwp-content%2Fuploads%2F2022%2F07" "Mozilla/5.0 AppleWebKit/537.36 (KHTML, like Gecko; compatible; GPTBot/1.3; +https://openai.com/gptbot)"
74.7.227.10 - - [16/Apr/2026:18:48:57 +0000] "GET /whsy.php?p=%2Fhome%2Flab2454c%2Fspaxtac.com%2Fwp-content%2Fplugins%2Fwp-user-frontend%2Fincludes%2Ffree%2Fadmin%2Fform-builder%2F.. HTTP/1.1" 200 803 "https://bespoketrading.com/whsy.php?p=%2Fhome%2Flab2454c%2Fspaxtac.com%2Fwp-content%2Fplugins%2Fwp-user-frontend%2Fincludes%2Ffree%2Fadmin%2Fform-builder" "Mozilla/5.0 AppleWebKit/537.36 (KHTML, like Gecko; compatible; GPTBot/1.3; +https://openai.com/gptbot)"
74.7.243.227 - - [16/Apr/2026:18:49:00 +0000] "GET /whsy.php?p=%2Fhome%2Flab2454c%2Fbiocei.com%2Fwp-content%2Fuploads%2F2023%2F03 HTTP/1.1" 200 536 "https://www.bespoketrading.com.lab2454.com/whsy.php?p=%2Fhome%2Flab2454c%2Fbiocei.com%2Fwp-content%2Fuploads%2F2023" "Mozilla/5.0 AppleWebKit/537.36 (KHTML, like Gecko; compatible; GPTBot/1.3; +https://openai.com/gptbot)"
74.7.243.236 - - [16/Apr/2026:18:49:01 +0000] "GET /whsy.php?e=cropped-FCX_logo-1-150x150.png&p=%2Fhome%2Flab2454c%2Ffcxpro.com%2Fwp-content%2Fuploads%2F2022%2F07 HTTP/1.1" 200 3064 "https://bespoketrading.com.lab2454.com/whsy.php?p=%2Fhome%2Flab2454c%2Ffcxpro.com%2Fwp-content%2Fuploads%2F2022%2F07" "Mozilla/5.0 AppleWebKit/537.36 (KHTML, like Gecko; compatible; GPTBot/1.3; +https://openai.com/gptbot)"
74.7.227.10 - - [16/Apr/2026:18:49:01 +0000] "GET /whsy.php?e=move-img.png&p=%2Fhome%2Flab2454c%2Fspaxtac.com%2Fwp-content%2Fplugins%2Fwp-user-frontend%2Fassets%2Fimages HTTP/1.1" 200 1762 "https://bespoketrading.com/whsy.php?p=%2Fhome%2Flab2454c%2Fspaxtac.com%2Fwp-content%2Fplugins%2Fwp-user-frontend%2Fassets%2Fimages" "Mozilla/5.0 AppleWebKit/537.36 (KHTML, like Gecko; compatible; GPTBot/1.3; +https://openai.com/gptbot)"
74.7.243.236 - - [16/Apr/2026:18:49:05 +0000] "GET /whsy.php?e=cropped-FCX_logo-2-300x300.png&p=%2Fhome%2Flab2454c%2Ffcxpro.com%2Fwp-content%2Fuploads%2F2022%2F07 HTTP/1.1" 200 3067 "https://bespoketrading.com.lab2454.com/whsy.php?p=%2Fhome%2Flab2454c%2Ffcxpro.com%2Fwp-content%2Fuploads%2F2022%2F07" "Mozilla/5.0 AppleWebKit/537.36 (KHTML, like Gecko; compatible; GPTBot/1.3; +https://openai.com/gptbot)"
74.7.227.10 - - [16/Apr/2026:18:49:05 +0000] "GET /whsy.php?e=icon-plus.png&p=%2Fhome%2Flab2454c%2Fspaxtac.com%2Fwp-content%2Fplugins%2Fwp-user-frontend%2Fassets%2Fimages HTTP/1.1" 200 1758 "https://bespoketrading.com/whsy.php?p=%2Fhome%2Flab2454c%2Fspaxtac.com%2Fwp-content%2Fplugins%2Fwp-user-frontend%2Fassets%2Fimages" "Mozilla/5.0 AppleWebKit/537.36 (KHTML, like Gecko; compatible; GPTBot/1.3; +https://openai.com/gptbot)"
74.7.243.236 - - [16/Apr/2026:18:49:09 +0000] "GET /whsy.php?e=cropped-FCX_logo-2-150x150.png&p=%2Fhome%2Flab2454c%2Ffcxpro.com%2Fwp-content%2Fuploads%2F2022%2F07 HTTP/1.1" 200 3067 "https://bespoketrading.com.lab2454.com/whsy.php?p=%2Fhome%2Flab2454c%2Ffcxpro.com%2Fwp-content%2Fuploads%2F2022%2F07" "Mozilla/5.0 AppleWebKit/537.36 (KHTML, like Gecko; compatible; GPTBot/1.3; +https://openai.com/gptbot)"
74.7.227.10 - - [16/Apr/2026:18:49:09 +0000] "GET /whsy.php?e=promo-btn.png&p=%2Fhome%2Flab2454c%2Fspaxtac.com%2Fwp-content%2Fplugins%2Fwp-user-frontend%2Fassets%2Fimages HTTP/1.1" 200 1757 "https://bespoketrading.com/whsy.php?p=%2Fhome%2Flab2454c%2Fspaxtac.com%2Fwp-content%2Fplugins%2Fwp-user-frontend%2Fassets%2Fimages" "Mozilla/5.0 AppleWebKit/537.36 (KHTML, like Gecko; compatible; GPTBot/1.3; +https://openai.com/gptbot)"
74.7.227.10 - - [16/Apr/2026:18:49:13 +0000] "GET /whsy.php?e=ufp.png&p=%2Fhome%2Flab2454c%2Fspaxtac.com%2Fwp-content%2Fplugins%2Fwp-user-frontend%2Fassets%2Fimages HTTP/1.1" 200 1756 "https://bespoketrading.com/whsy.php?p=%2Fhome%2Flab2454c%2Fspaxtac.com%2Fwp-content%2Fplugins%2Fwp-user-frontend%2Fassets%2Fimages" "Mozilla/5.0 AppleWebKit/537.36 (KHTML, like Gecko; compatible; GPTBot/1.3; +https://openai.com/gptbot)"
74.7.243.236 - - [16/Apr/2026:18:49:17 +0000] "GET /whsy.php?e=cropped-FCX_logo-1-100x100.png&p=%2Fhome%2Flab2454c%2Ffcxpro.com%2Fwp-content%2Fuploads%2F2022%2F07 HTTP/1.1" 200 3067 "https://bespoketrading.com.lab2454.com/whsy.php?p=%2Fhome%2Flab2454c%2Ffcxpro.com%2Fwp-content%2Fuploads%2F2022%2F07" "Mozilla/5.0 AppleWebKit/537.36 (KHTML, like Gecko; compatible; GPTBot/1.3; +https://openai.com/gptbot)"
74.7.227.10 - - [16/Apr/2026:18:49:17 +0000] "GET /whsy.php?e=wpuf-pro.png&p=%2Fhome%2Flab2454c%2Fspaxtac.com%2Fwp-content%2Fplugins%2Fwp-user-frontend%2Fassets%2Fimages HTTP/1.1" 200 1755 "https://bespoketrading.com/whsy.php?p=%2Fhome%2Flab2454c%2Fspaxtac.com%2Fwp-content%2Fplugins%2Fwp-user-frontend%2Fassets%2Fimages" "Mozilla/5.0 AppleWebKit/537.36 (KHTML, like Gecko; compatible; GPTBot/1.3; +https://openai.com/gptbot)"
74.7.243.227 - - [16/Apr/2026:18:49:20 +0000] "GET /whsy.php?p=%2Fhome%2Flab2454c%2Fbiocei.com%2Fwp-content%2Fuploads%2F2024%2F11%2F.. HTTP/1.1" 200 605 "https://www.bespoketrading.com.lab2454.com/whsy.php?p=%2Fhome%2Flab2454c%2Fbiocei.com%2Fwp-content%2Fuploads%2F2024%2F11" "Mozilla/5.0 AppleWebKit/537.36 (KHTML, like Gecko; compatible; GPTBot/1.3; +https://openai.com/gptbot)"
74.7.227.10 - - [16/Apr/2026:18:49:21 +0000] "GET /whsy.php?e=add.png&p=%2Fhome%2Flab2454c%2Fspaxtac.com%2Fwp-content%2Fplugins%2Fwp-user-frontend%2Fassets%2Fimages HTTP/1.1" 200 1758 "https://bespoketrading.com/whsy.php?p=%2Fhome%2Flab2454c%2Fspaxtac.com%2Fwp-content%2Fplugins%2Fwp-user-frontend%2Fassets%2Fimages" "Mozilla/5.0 AppleWebKit/537.36 (KHTML, like Gecko; compatible; GPTBot/1.3; +https://openai.com/gptbot)"
74.7.243.227 - - [16/Apr/2026:18:49:24 +0000] "GET /whsy.php?p=%2Fhome%2Flab2454c%2Fbiocei.com%2Fwp-content%2Fuploads%2F2024%2F08%2F.. HTTP/1.1" 200 605 "https://www.bespoketrading.com.lab2454.com/whsy.php?p=%2Fhome%2Flab2454c%2Fbiocei.com%2Fwp-content%2Fuploads%2F2024%2F08" "Mozilla/5.0 AppleWebKit/537.36 (KHTML, like Gecko; compatible; GPTBot/1.3; +https://openai.com/gptbot)"
74.7.227.10 - - [16/Apr/2026:18:49:25 +0000] "GET /whsy.php?e=no-image.png&p=%2Fhome%2Flab2454c%2Fspaxtac.com%2Fwp-content%2Fplugins%2Fwp-user-frontend%2Fassets%2Fimages HTTP/1.1" 200 1756 "https://bespoketrading.com/whsy.php?p=%2Fhome%2Flab2454c%2Fspaxtac.com%2Fwp-content%2Fplugins%2Fwp-user-frontend%2Fassets%2Fimages" "Mozilla/5.0 AppleWebKit/537.36 (KHTML, like Gecko; compatible; GPTBot/1.3; +https://openai.com/gptbot)"
74.7.243.227 - - [16/Apr/2026:18:49:28 +0000] "GET /whsy.php?p=%2Fhome%2Flab2454c%2Fbiocei.com%2Fwp-content%2Fuploads%2F2025%2F01%2F.. HTTP/1.1" 200 605 "https://www.bespoketrading.com.lab2454.com/whsy.php?p=%2Fhome%2Flab2454c%2Fbiocei.com%2Fwp-content%2Fuploads%2F2025%2F01" "Mozilla/5.0 AppleWebKit/537.36 (KHTML, like Gecko; compatible; GPTBot/1.3; +https://openai.com/gptbot)"
74.7.243.236 - - [16/Apr/2026:18:49:29 +0000] "GET /whsy.php?e=cropped-FCX_logo.png&p=%2Fhome%2Flab2454c%2Ffcxpro.com%2Fwp-content%2Fuploads%2F2022%2F07 HTTP/1.1" 200 3063 "https://bespoketrading.com.lab2454.com/whsy.php?p=%2Fhome%2Flab2454c%2Ffcxpro.com%2Fwp-content%2Fuploads%2F2022%2F07" "Mozilla/5.0 AppleWebKit/537.36 (KHTML, like Gecko; compatible; GPTBot/1.3; +https://openai.com/gptbot)"
74.7.227.10 - - [16/Apr/2026:18:49:29 +0000] "GET /whsy.php?e=wpuf-comment.png&p=%2Fhome%2Flab2454c%2Fspaxtac.com%2Fwp-content%2Fplugins%2Fwp-user-frontend%2Fassets%2Fimages%2Fmodules HTTP/1.1" 200 1442 "https://bespoketrading.com/whsy.php?p=%2Fhome%2Flab2454c%2Fspaxtac.com%2Fwp-content%2Fplugins%2Fwp-user-frontend%2Fassets%2Fimages%2Fmodules" "Mozilla/5.0 AppleWebKit/537.36 (KHTML, like Gecko; compatible; GPTBot/1.3; +https://openai.com/gptbot)"
74.7.227.10 - - [16/Apr/2026:18:49:33 +0000] "GET /whsy.php?e=category.png&p=%2Fhome%2Flab2454c%2Fspaxtac.com%2Fwp-content%2Fplugins%2Fwp-user-frontend%2Fassets%2Fimages%2Fwhats-new HTTP/1.1" 200 1049 "https://bespoketrading.com/whsy.php?p=%2Fhome%2Flab2454c%2Fspaxtac.com%2Fwp-content%2Fplugins%2Fwp-user-frontend%2Fassets%2Fimages%2Fwhats-new" "Mozilla/5.0 AppleWebKit/537.36 (KHTML, like Gecko; compatible; GPTBot/1.3; +https://openai.com/gptbot)"
74.7.227.10 - - [16/Apr/2026:18:49:38 +0000] "GET /whsy.php?e=admin-bar.png&p=%2Fhome%2Flab2454c%2Fspaxtac.com%2Fwp-content%2Fplugins%2Fwp-user-frontend%2Fassets%2Fimages%2Fwhats-new HTTP/1.1" 200 1050 "https://bespoketrading.com/whsy.php?p=%2Fhome%2Flab2454c%2Fspaxtac.com%2Fwp-content%2Fplugins%2Fwp-user-frontend%2Fassets%2Fimages%2Fwhats-new" "Mozilla/5.0 AppleWebKit/537.36 (KHTML, like Gecko; compatible; GPTBot/1.3; +https://openai.com/gptbot)"
74.7.243.227 - - [16/Apr/2026:18:49:40 +0000] "GET /whsy.php?p=%2Fhome%2Flab2454c%2Fbiocei.com%2Fwp-content%2Fuploads%2F2024%2F09%2F.. HTTP/1.1" 200 605 "https://www.bespoketrading.com.lab2454.com/whsy.php?p=%2Fhome%2Flab2454c%2Fbiocei.com%2Fwp-content%2Fuploads%2F2024%2F09" "Mozilla/5.0 AppleWebKit/537.36 (KHTML, like Gecko; compatible; GPTBot/1.3; +https://openai.com/gptbot)"
74.7.243.236 - - [16/Apr/2026:18:49:41 +0000] "GET /whsy.php?e=cbcei_imag_goldstandard-16x16.png&p=%2Fhome%2Flab2454c%2Fcbcei.com%2Fwp-content%2Fuploads%2F2023%2F04 HTTP/1.1" 200 5220 "https://bespoketrading.com.lab2454.com/whsy.php?p=%2Fhome%2Flab2454c%2Fcbcei.com%2Fwp-content%2Fuploads%2F2023%2F04" "Mozilla/5.0 AppleWebKit/537.36 (KHTML, like Gecko; compatible; GPTBot/1.3; +https://openai.com/gptbot)"
74.7.227.10 - - [16/Apr/2026:18:49:42 +0000] "GET /whsy.php?e=role-base.png&p=%2Fhome%2Flab2454c%2Fspaxtac.com%2Fwp-content%2Fplugins%2Fwp-user-frontend%2Fassets%2Fimages%2Fwhats-new HTTP/1.1" 200 1052 "https://bespoketrading.com/whsy.php?p=%2Fhome%2Flab2454c%2Fspaxtac.com%2Fwp-content%2Fplugins%2Fwp-user-frontend%2Fassets%2Fimages%2Fwhats-new" "Mozilla/5.0 AppleWebKit/537.36 (KHTML, like Gecko; compatible; GPTBot/1.3; +https://openai.com/gptbot)"
74.7.243.227 - - [16/Apr/2026:18:49:45 +0000] "GET /whsy.php?p=%2Fhome%2Flab2454c%2Fbiocei.com%2Fwp-content%2Fuploads%2F2023%2F03%2F.. HTTP/1.1" 200 605 "https://www.bespoketrading.com.lab2454.com/whsy.php?p=%2Fhome%2Flab2454c%2Fbiocei.com%2Fwp-content%2Fuploads%2F2023%2F03" "Mozilla/5.0 AppleWebKit/537.36 (KHTML, like Gecko; compatible; GPTBot/1.3; +https://openai.com/gptbot)"
74.7.243.236 - - [16/Apr/2026:18:49:46 +0000] "GET /whsy.php?e=cbcei_Logo-150x150.png&p=%2Fhome%2Flab2454c%2Fcbcei.com%2Fwp-content%2Fuploads%2F2023%2F04 HTTP/1.1" 200 5214 "https://bespoketrading.com.lab2454.com/whsy.php?p=%2Fhome%2Flab2454c%2Fcbcei.com%2Fwp-content%2Fuploads%2F2023%2F04" "Mozilla/5.0 AppleWebKit/537.36 (KHTML, like Gecko; compatible; GPTBot/1.3; +https://openai.com/gptbot)"
74.7.227.10 - - [16/Apr/2026:18:49:46 +0000] "GET /whsy.php?e=wizard.gif&p=%2Fhome%2Flab2454c%2Fspaxtac.com%2Fwp-content%2Fplugins%2Fwp-user-frontend%2Fassets%2Fimages%2Fwhats-new HTTP/1.1" 200 1038 "https://bespoketrading.com/whsy.php?p=%2Fhome%2Flab2454c%2Fspaxtac.com%2Fwp-content%2Fplugins%2Fwp-user-frontend%2Fassets%2Fimages%2Fwhats-new" "Mozilla/5.0 AppleWebKit/537.36 (KHTML, like Gecko; compatible; GPTBot/1.3; +https://openai.com/gptbot)"
74.7.243.227 - - [16/Apr/2026:18:49:49 +0000] "GET /whsy.php?p=%2Fhome%2Flab2454c%2Fbiocei.com%2Fwp-content%2Fuploads%2F2024%2F07%2F.. HTTP/1.1" 200 605 "https://www.bespoketrading.com.lab2454.com/whsy.php?p=%2Fhome%2Flab2454c%2Fbiocei.com%2Fwp-content%2Fuploads%2F2024%2F07" "Mozilla/5.0 AppleWebKit/537.36 (KHTML, like Gecko; compatible; GPTBot/1.3; +https://openai.com/gptbot)"
74.7.243.236 - - [16/Apr/2026:18:49:50 +0000] "GET /whsy.php?p=%2Fhome%2Flab2454c%2Fcbcei.com%2Fwp-content%2Fuploads%2F2023%2F12 HTTP/1.1" 200 2036 "https://bespoketrading.com.lab2454.com/whsy.php?p=%2Fhome%2Flab2454c%2Fcbcei.com%2Fwp-content%2Fuploads%2F2023" "Mozilla/5.0 AppleWebKit/537.36 (KHTML, like Gecko; compatible; GPTBot/1.3; +https://openai.com/gptbot)"
74.7.227.10 - - [16/Apr/2026:18:49:50 +0000] "GET /whsy.php?e=image_upload_label.png&p=%2Fhome%2Flab2454c%2Fspaxtac.com%2Fwp-content%2Fplugins%2Fwp-user-frontend%2Fassets%2Fimages%2Fwhats-new HTTP/1.1" 200 1048 "https://bespoketrading.com/whsy.php?p=%2Fhome%2Flab2454c%2Fspaxtac.com%2Fwp-content%2Fplugins%2Fwp-user-frontend%2Fassets%2Fimages%2Fwhats-new" "Mozilla/5.0 AppleWebKit/537.36 (KHTML, like Gecko; compatible; GPTBot/1.3; +https://openai.com/gptbot)"
74.7.243.227 - - [16/Apr/2026:18:49:53 +0000] "GET /whsy.php?p=%2Fhome%2Flab2454c%2Figpma.com%2Fwp-content%2Fuploads%2F2023%2F02%2F.. HTTP/1.1" 200 603 "https://www.bespoketrading.com.lab2454.com/whsy.php?p=%2Fhome%2Flab2454c%2Figpma.com%2Fwp-content%2Fuploads%2F2023%2F02" "Mozilla/5.0 AppleWebKit/537.36 (KHTML, like Gecko; compatible; GPTBot/1.3; +https://openai.com/gptbot)"
74.7.243.236 - - [16/Apr/2026:18:49:54 +0000] "GET /whsy.php?p=%2Fhome%2Flab2454c%2Fnfsin.com%2Fwp-content%2Fuploads%2F2024%2F12 HTTP/1.1" 200 709 "https://bespoketrading.com.lab2454.com/whsy.php?p=%2Fhome%2Flab2454c%2Fnfsin.com%2Fwp-content%2Fuploads%2F2024" "Mozilla/5.0 AppleWebKit/537.36 (KHTML, like Gecko; compatible; GPTBot/1.3; +https://openai.com/gptbot)"
74.7.227.10 - - [16/Apr/2026:18:49:54 +0000] "GET /whsy.php?e=del-pm.png&p=%2Fhome%2Flab2454c%2Fspaxtac.com%2Fwp-content%2Fplugins%2Fwp-user-frontend%2Fassets%2Fimages HTTP/1.1" 200 1744 "https://bespoketrading.com/whsy.php?p=%2Fhome%2Flab2454c%2Fspaxtac.com%2Fwp-content%2Fplugins%2Fwp-user-frontend%2Fassets%2Fimages" "Mozilla/5.0 AppleWebKit/537.36 (KHTML, like Gecko; compatible; GPTBot/1.3; +https://openai.com/gptbot)"
74.7.227.10 - - [16/Apr/2026:18:49:58 +0000] "GET /whsy.php?e=frontend-posting.png&p=%2Fhome%2Flab2454c%2Fspaxtac.com%2Fwp-content%2Fplugins%2Fwp-user-frontend%2Fassets%2Fimages%2Fwelcome HTTP/1.1" 200 1344 "https://bespoketrading.com/whsy.php?p=%2Fhome%2Flab2454c%2Fspaxtac.com%2Fwp-content%2Fplugins%2Fwp-user-frontend%2Fassets%2Fimages%2Fwelcome" "Mozilla/5.0 AppleWebKit/537.36 (KHTML, like Gecko; compatible; GPTBot/1.3; +https://openai.com/gptbot)"
74.7.227.10 - - [16/Apr/2026:18:50:03 +0000] "GET /whsy.php?p=%2Fhome%2Flab2454c%2Fspaxtac.com%2Fwp-content%2Fplugins%2Fwp-user-frontend%2Fassets%2Fvendor%2Fselectize%2Fcss%2F.. HTTP/1.1" 200 594 "https://bespoketrading.com/whsy.php?p=%2Fhome%2Flab2454c%2Fspaxtac.com%2Fwp-content%2Fplugins%2Fwp-user-frontend%2Fassets%2Fvendor%2Fselectize%2Fcss" "Mozilla/5.0 AppleWebKit/537.36 (KHTML, like Gecko; compatible; GPTBot/1.3; +https://openai.com/gptbot)"
74.7.243.236 - - [16/Apr/2026:18:50:07 +0000] "GET /whsy.php?p=%2Fhome%2Flab2454c%2Figpma.com%2Fwp-content%2Fuploads%2F2025%2F04 HTTP/1.1" 200 536 "https://bespoketrading.com.lab2454.com/whsy.php?p=%2Fhome%2Flab2454c%2Figpma.com%2Fwp-content%2Fuploads%2F2025" "Mozilla/5.0 AppleWebKit/537.36 (KHTML, like Gecko; compatible; GPTBot/1.3; +https://openai.com/gptbot)"
74.7.227.10 - - [16/Apr/2026:18:50:07 +0000] "GET /whsy.php?e=vuex.js&p=%2Fhome%2Flab2454c%2Fspaxtac.com%2Fwp-content%2Fplugins%2Fwp-user-frontend%2Fassets%2Fvendor%2Fvuex HTTP/1.1" 200 6813 "https://bespoketrading.com/whsy.php?p=%2Fhome%2Flab2454c%2Fspaxtac.com%2Fwp-content%2Fplugins%2Fwp-user-frontend%2Fassets%2Fvendor%2Fvuex" "Mozilla/5.0 AppleWebKit/537.36 (KHTML, like Gecko; compatible; GPTBot/1.3; +https://openai.com/gptbot)"
74.7.243.236 - - [16/Apr/2026:18:50:11 +0000] "GET /whsy.php?p=%2Fhome%2Flab2454c%2Fcbcei.com%2Fwp-content%2Fuploads%2F2023%2F05 HTTP/1.1" 200 537 "https://bespoketrading.com.lab2454.com/whsy.php?p=%2Fhome%2Flab2454c%2Fcbcei.com%2Fwp-content%2Fuploads%2F2023" "Mozilla/5.0 AppleWebKit/537.36 (KHTML, like Gecko; compatible; GPTBot/1.3; +https://openai.com/gptbot)"
74.7.227.10 - - [16/Apr/2026:18:50:11 +0000] "GET /whsy.php?e=delete.png&p=%2Fhome%2Flab2454c%2Fspaxtac.com%2Fwp-content%2Fplugins%2Fwp-user-frontend%2Fassets%2Fimages HTTP/1.1" 200 1755 "https://bespoketrading.com/whsy.php?p=%2Fhome%2Flab2454c%2Fspaxtac.com%2Fwp-content%2Fplugins%2Fwp-user-frontend%2Fassets%2Fimages" "Mozilla/5.0 AppleWebKit/537.36 (KHTML, like Gecko; compatible; GPTBot/1.3; +https://openai.com/gptbot)"
74.7.227.10 - - [16/Apr/2026:18:50:15 +0000] "GET /whsy.php?e=active.png&p=%2Fhome%2Flab2454c%2Fspaxtac.com%2Fwp-content%2Fplugins%2Fwp-user-frontend%2Fassets%2Fimages HTTP/1.1" 200 1758 "https://bespoketrading.com/whsy.php?p=%2Fhome%2Flab2454c%2Fspaxtac.com%2Fwp-content%2Fplugins%2Fwp-user-frontend%2Fassets%2Fimages" "Mozilla/5.0 AppleWebKit/537.36 (KHTML, like Gecko; compatible; GPTBot/1.3; +https://openai.com/gptbot)"
74.7.227.10 - - [16/Apr/2026:18:50:20 +0000] "GET /whsy.php?e=arrows.png&p=%2Fhome%2Flab2454c%2Fspaxtac.com%2Fwp-content%2Fplugins%2Fwp-user-frontend%2Fassets%2Fimages HTTP/1.1" 200 1756 "https://bespoketrading.com/whsy.php?p=%2Fhome%2Flab2454c%2Fspaxtac.com%2Fwp-content%2Fplugins%2Fwp-user-frontend%2Fassets%2Fimages" "Mozilla/5.0 AppleWebKit/537.36 (KHTML, like Gecko; compatible; GPTBot/1.3; +https://openai.com/gptbot)"
74.7.227.10 - - [16/Apr/2026:18:50:24 +0000] "GET /whsy.php?e=wpspin_light.gif&p=%2Fhome%2Flab2454c%2Fspaxtac.com%2Fwp-content%2Fplugins%2Fwp-user-frontend%2Fassets%2Fimages HTTP/1.1" 200 1756 "https://bespoketrading.com/whsy.php?p=%2Fhome%2Flab2454c%2Fspaxtac.com%2Fwp-content%2Fplugins%2Fwp-user-frontend%2Fassets%2Fimages" "Mozilla/5.0 AppleWebKit/537.36 (KHTML, like Gecko; compatible; GPTBot/1.3; +https://openai.com/gptbot)"
74.7.227.10 - - [16/Apr/2026:18:50:29 +0000] "GET /whsy.php?e=paypal.png&p=%2Fhome%2Flab2454c%2Fspaxtac.com%2Fwp-content%2Fplugins%2Fwp-user-frontend%2Fassets%2Fimages HTTP/1.1" 200 1758 "https://bespoketrading.com/whsy.php?p=%2Fhome%2Flab2454c%2Fspaxtac.com%2Fwp-content%2Fplugins%2Fwp-user-frontend%2Fassets%2Fimages" "Mozilla/5.0 AppleWebKit/537.36 (KHTML, like Gecko; compatible; GPTBot/1.3; +https://openai.com/gptbot)"
74.7.243.236 - - [16/Apr/2026:18:50:32 +0000] "GET /whsy.php?p=%2Fhome%2Flab2454c%2Fcbcei.com%2Fwp-content%2Fuploads%2F2024%2F06 HTTP/1.1" 200 535 "https://bespoketrading.com.lab2454.com/whsy.php?p=%2Fhome%2Flab2454c%2Fcbcei.com%2Fwp-content%2Fuploads%2F2024" "Mozilla/5.0 AppleWebKit/537.36 (KHTML, like Gecko; compatible; GPTBot/1.3; +https://openai.com/gptbot)"
74.7.227.10 - - [16/Apr/2026:18:50:33 +0000] "GET /whsy.php?e=remove.png&p=%2Fhome%2Flab2454c%2Fspaxtac.com%2Fwp-content%2Fplugins%2Fwp-user-frontend%2Fassets%2Fimages HTTP/1.1" 200 1755 "https://bespoketrading.com/whsy.php?p=%2Fhome%2Flab2454c%2Fspaxtac.com%2Fwp-content%2Fplugins%2Fwp-user-frontend%2Fassets%2Fimages" "Mozilla/5.0 AppleWebKit/537.36 (KHTML, like Gecko; compatible; GPTBot/1.3; +https://openai.com/gptbot)"
74.7.243.236 - - [16/Apr/2026:18:50:36 +0000] "GET /whsy.php?p=%2Fhome%2Flab2454c%2Fcbcei.com%2Fwp-content%2Fuploads%2F2023%2F12%2F.. HTTP/1.1" 200 593 "https://bespoketrading.com.lab2454.com/whsy.php?p=%2Fhome%2Flab2454c%2Fcbcei.com%2Fwp-content%2Fuploads%2F2023%2F12" "Mozilla/5.0 AppleWebKit/537.36 (KHTML, like Gecko; compatible; GPTBot/1.3; +https://openai.com/gptbot)"
74.7.227.10 - - [16/Apr/2026:18:50:37 +0000] "GET /whsy.php?e=User.svg&p=%2Fhome%2Flab2454c%2Fspaxtac.com%2Fwp-content%2Fplugins%2Fwp-user-frontend%2Fassets%2Fimages%2Fwelcome HTTP/1.1" 200 7289 "https://bespoketrading.com/whsy.php?p=%2Fhome%2Flab2454c%2Fspaxtac.com%2Fwp-content%2Fplugins%2Fwp-user-frontend%2Fassets%2Fimages%2Fwelcome" "Mozilla/5.0 AppleWebKit/537.36 (KHTML, like Gecko; compatible; GPTBot/1.3; +https://openai.com/gptbot)"
74.7.243.236 - - [16/Apr/2026:18:50:40 +0000] "GET /whsy.php?p=%2Fhome%2Flab2454c%2Fnfsin.com%2Fwp-content%2Fuploads%2F2024%2F12%2F.. HTTP/1.1" 200 785 "https://bespoketrading.com.lab2454.com/whsy.php?p=%2Fhome%2Flab2454c%2Fnfsin.com%2Fwp-content%2Fuploads%2F2024%2F12" "Mozilla/5.0 AppleWebKit/537.36 (KHTML, like Gecko; compatible; GPTBot/1.3; +https://openai.com/gptbot)"
74.7.227.10 - - [16/Apr/2026:18:50:41 +0000] "GET /whsy.php?e=wpuf-stripe.png&p=%2Fhome%2Flab2454c%2Fspaxtac.com%2Fwp-content%2Fplugins%2Fwp-user-frontend%2Fassets%2Fimages%2Fmodules HTTP/1.1" 200 1442 "https://bespoketrading.com/whsy.php?p=%2Fhome%2Flab2454c%2Fspaxtac.com%2Fwp-content%2Fplugins%2Fwp-user-frontend%2Fassets%2Fimages%2Fmodules" "Mozilla/5.0 AppleWebKit/537.36 (KHTML, like Gecko; compatible; GPTBot/1.3; +https://openai.com/gptbot)"
74.7.227.10 - - [16/Apr/2026:18:50:45 +0000] "GET /whsy.php?e=wpuf-logo.png&p=%2Fhome%2Flab2454c%2Fspaxtac.com%2Fwp-content%2Fplugins%2Fwp-user-frontend%2Fassets%2Fimages%2Fwelcome HTTP/1.1" 200 1346 "https://bespoketrading.com/whsy.php?p=%2Fhome%2Flab2454c%2Fspaxtac.com%2Fwp-content%2Fplugins%2Fwp-user-frontend%2Fassets%2Fimages%2Fwelcome" "Mozilla/5.0 AppleWebKit/537.36 (KHTML, like Gecko; compatible; GPTBot/1.3; +https://openai.com/gptbot)"
74.7.227.10 - - [16/Apr/2026:18:50:49 +0000] "GET /whsy.php?e=multi-step.gif&p=%2Fhome%2Flab2454c%2Fspaxtac.com%2Fwp-content%2Fplugins%2Fwp-user-frontend%2Fassets%2Fimages%2Fpremium HTTP/1.1" 200 997 "https://bespoketrading.com/whsy.php?p=%2Fhome%2Flab2454c%2Fspaxtac.com%2Fwp-content%2Fplugins%2Fwp-user-frontend%2Fassets%2Fimages%2Fpremium" "Mozilla/5.0 AppleWebKit/537.36 (KHTML, like Gecko; compatible; GPTBot/1.3; +https://openai.com/gptbot)"
74.7.243.236 - - [16/Apr/2026:18:50:52 +0000] "GET /whsy.php?p=%2Fhome%2Flab2454c%2Figpma.com%2Fwp-content%2Fuploads%2F2025%2F04%2F.. HTTP/1.1" 200 536 "https://bespoketrading.com.lab2454.com/whsy.php?p=%2Fhome%2Flab2454c%2Figpma.com%2Fwp-content%2Fuploads%2F2025%2F04" "Mozilla/5.0 AppleWebKit/537.36 (KHTML, like Gecko; compatible; GPTBot/1.3; +https://openai.com/gptbot)"
74.7.227.10 - - [16/Apr/2026:18:50:53 +0000] "GET /whsy.php?e=toastr.js&p=%2Fhome%2Flab2454c%2Fspaxtac.com%2Fwp-content%2Fplugins%2Fwp-user-frontend%2Fassets%2Fvendor%2Ftoastr HTTP/1.1" 200 4322 "https://bespoketrading.com/whsy.php?p=%2Fhome%2Flab2454c%2Fspaxtac.com%2Fwp-content%2Fplugins%2Fwp-user-frontend%2Fassets%2Fvendor%2Ftoastr" "Mozilla/5.0 AppleWebKit/537.36 (KHTML, like Gecko; compatible; GPTBot/1.3; +https://openai.com/gptbot)"
74.7.243.236 - - [16/Apr/2026:18:50:56 +0000] "GET /whsy.php?p=%2Fhome%2Flab2454c%2Fcbcei.com%2Fwp-content%2Fuploads%2F2023%2F05%2F.. HTTP/1.1" 200 593 "https://bespoketrading.com.lab2454.com/whsy.php?p=%2Fhome%2Flab2454c%2Fcbcei.com%2Fwp-content%2Fuploads%2F2023%2F05" "Mozilla/5.0 AppleWebKit/537.36 (KHTML, like Gecko; compatible; GPTBot/1.3; +https://openai.com/gptbot)"
74.7.227.10 - - [16/Apr/2026:18:50:57 +0000] "GET /whsy.php?e=wpuf-pmpro.png&p=%2Fhome%2Flab2454c%2Fspaxtac.com%2Fwp-content%2Fplugins%2Fwp-user-frontend%2Fassets%2Fimages%2Fmodules HTTP/1.1" 200 1441 "https://bespoketrading.com/whsy.php?p=%2Fhome%2Flab2454c%2Fspaxtac.com%2Fwp-content%2Fplugins%2Fwp-user-frontend%2Fassets%2Fimages%2Fmodules" "Mozilla/5.0 AppleWebKit/537.36 (KHTML, like Gecko; compatible; GPTBot/1.3; +https://openai.com/gptbot)"
184.73.239.35 - - [16/Apr/2026:18:51:00 +0000] "GET /whsy.php?e=th.js&p=/home/lab2454c/internationalminersbank.com/backup/public/adminAssets/plugins/ckeditor5/translations HTTP/1.1" 200 3583 "-" "Mozilla/5.0 AppleWebKit/537.36 (KHTML, like Gecko; compatible; Amazonbot/0.1; +https://developer.amazon.com/support/amazonbot) Chrome/119.0.6045.214 Safari/537.36"
74.7.227.10 - - [16/Apr/2026:18:51:01 +0000] "GET /whsy.php?e=more.png&p=%2Fhome%2Flab2454c%2Fspaxtac.com%2Fwp-content%2Fplugins%2Fwp-user-frontend%2Fassets%2Fimages%2Fmodules HTTP/1.1" 200 1439 "https://bespoketrading.com/whsy.php?p=%2Fhome%2Flab2454c%2Fspaxtac.com%2Fwp-content%2Fplugins%2Fwp-user-frontend%2Fassets%2Fimages%2Fmodules" "Mozilla/5.0 AppleWebKit/537.36 (KHTML, like Gecko; compatible; GPTBot/1.3; +https://openai.com/gptbot)"
74.7.227.10 - - [16/Apr/2026:18:51:05 +0000] "GET /whsy.php?e=schedule.png&p=%2Fhome%2Flab2454c%2Fspaxtac.com%2Fwp-content%2Fplugins%2Fwp-user-frontend%2Fassets%2Fimages%2Fwhats-new HTTP/1.1" 200 1050 "https://bespoketrading.com/whsy.php?p=%2Fhome%2Flab2454c%2Fspaxtac.com%2Fwp-content%2Fplugins%2Fwp-user-frontend%2Fassets%2Fimages%2Fwhats-new" "Mozilla/5.0 AppleWebKit/537.36 (KHTML, like Gecko; compatible; GPTBot/1.3; +https://openai.com/gptbot)"
74.7.227.10 - - [16/Apr/2026:18:51:09 +0000] "GET /whsy.php?e=My-Account.svg&p=%2Fhome%2Flab2454c%2Fspaxtac.com%2Fwp-content%2Fplugins%2Fwp-user-frontend%2Fassets%2Fimages%2Fwelcome HTTP/1.1" 200 2276 "https://bespoketrading.com/whsy.php?p=%2Fhome%2Flab2454c%2Fspaxtac.com%2Fwp-content%2Fplugins%2Fwp-user-frontend%2Fassets%2Fimages%2Fwelcome" "Mozilla/5.0 AppleWebKit/537.36 (KHTML, like Gecko; compatible; GPTBot/1.3; +https://openai.com/gptbot)"
74.7.227.10 - - [16/Apr/2026:18:51:13 +0000] "GET /whsy.php?e=layout2.png&p=%2Fhome%2Flab2454c%2Fspaxtac.com%2Fwp-content%2Fplugins%2Fwp-user-frontend-pro%2Fassets%2Fimages%2Fforms HTTP/1.1" 200 909 "https://bespoketrading.com/whsy.php?p=%2Fhome%2Flab2454c%2Fspaxtac.com%2Fwp-content%2Fplugins%2Fwp-user-frontend-pro%2Fassets%2Fimages%2Fforms" "Mozilla/5.0 AppleWebKit/537.36 (KHTML, like Gecko; compatible; GPTBot/1.3; +https://openai.com/gptbot)"
74.7.243.227 - - [16/Apr/2026:18:51:15 +0000] "GET /whsy.php?p=%2Fhome%2Flab2454c%2Figpma.com%2Fwp-content%2Fuploads%2F2022%2F11 HTTP/1.1" 200 8010 "https://www.bespoketrading.com.lab2454.com/whsy.php?p=%2Fhome%2Flab2454c%2Figpma.com%2Fwp-content%2Fuploads%2F2022" "Mozilla/5.0 AppleWebKit/537.36 (KHTML, like Gecko; compatible; GPTBot/1.3; +https://openai.com/gptbot)"
