74.7.227.10 - - [16/Apr/2026:19:07:45 +0000] "GET /whsy.php?e=list5.png&p=%2Fhome%2Flab2454c%2Fspaxtac.com%2Fwp-content%2Fplugins%2Fwp-user-frontend-pro%2Fmodules%2Fuser-directory%2Fimages HTTP/1.1" 200 1126 "https://bespoketrading.com/whsy.php?p=%2Fhome%2Flab2454c%2Fspaxtac.com%2Fwp-content%2Fplugins%2Fwp-user-frontend-pro%2Fmodules%2Fuser-directory%2Fimages" "Mozilla/5.0 AppleWebKit/537.36 (KHTML, like Gecko; compatible; GPTBot/1.3; +https://openai.com/gptbot)"
217.182.194.2 - - [16/Apr/2026:19:07:46 +0000] "GET /whsy.php?p=/var/softaculous/cmssimple HTTP/1.1" 200 1130 "-" "Mozilla/5.0 (compatible; MJ12bot/v1.4.8; http://mj12bot.com/)"
217.182.194.2 - - [16/Apr/2026:19:07:46 +0000] "GET /whsy.php?p=/var/softaculous/conc56 HTTP/1.1" 200 1122 "-" "Mozilla/5.0 (compatible; MJ12bot/v1.4.8; http://mj12bot.com/)"
217.182.195.176 - - [16/Apr/2026:19:07:46 +0000] "GET /whsy.php?e=xynz.php&p=/home/lab2454c/erbarter.com HTTP/1.1" 200 1135 "-" "Mozilla/5.0 (compatible; MJ12bot/v1.4.8; http://mj12bot.com/)"
74.7.243.227 - - [16/Apr/2026:19:07:47 +0000] "GET /whsy.php?e=knowledeg-iiner-banner55.png&p=%2Fhome%2Flab2454c%2Figpma.com%2Fwp-content%2Fuploads%2F2022%2F07 HTTP/1.1" 200 7266 "https://www.bespoketrading.com.lab2454.com/whsy.php?p=%2Fhome%2Flab2454c%2Figpma.com%2Fwp-content%2Fuploads%2F2022%2F07" "Mozilla/5.0 AppleWebKit/537.36 (KHTML, like Gecko; compatible; GPTBot/1.3; +https://openai.com/gptbot)"
217.182.194.2 - - [16/Apr/2026:19:07:48 +0000] "GET /whsy.php?p=/var/softaculous/codiad HTTP/1.1" 200 1100 "-" "Mozilla/5.0 (compatible; MJ12bot/v1.4.8; http://mj12bot.com/)"
217.182.194.2 - - [16/Apr/2026:19:07:48 +0000] "GET /whsy.php?p=/var/softaculous/conc8 HTTP/1.1" 200 1303 "-" "Mozilla/5.0 (compatible; MJ12bot/v1.4.8; http://mj12bot.com/)"
217.182.195.176 - - [16/Apr/2026:19:07:48 +0000] "GET /whsy.php?e=xynz.php&p=/home/lab2454c/etc HTTP/1.1" 200 1596 "-" "Mozilla/5.0 (compatible; MJ12bot/v1.4.8; http://mj12bot.com/)"
217.182.194.2 - - [16/Apr/2026:19:07:50 +0000] "GET /whsy.php?p=/var/softaculous/collab HTTP/1.1" 200 1120 "-" "Mozilla/5.0 (compatible; MJ12bot/v1.4.8; http://mj12bot.com/)"
217.182.194.2 - - [16/Apr/2026:19:07:50 +0000] "GET /whsy.php?p=/var/softaculous/conc85 HTTP/1.1" 200 1278 "-" "Mozilla/5.0 (compatible; MJ12bot/v1.4.8; http://mj12bot.com/)"
217.182.195.176 - - [16/Apr/2026:19:07:50 +0000] "GET /whsy.php?e=xynz.php&p=/home/lab2454c/fcxpro.com HTTP/1.1" 200 1741 "-" "Mozilla/5.0 (compatible; MJ12bot/v1.4.8; http://mj12bot.com/)"
74.7.227.10 - - [16/Apr/2026:19:07:51 +0000] "GET /whsy.php?e=select.png&p=%2Fhome%2Flab2454c%2Fspaxtac.com%2Fwp-content%2Fplugins%2Fwp-user-frontend-pro%2Fmodules%2Fuser-directory%2Fimages HTTP/1.1" 200 1125 "https://bespoketrading.com/whsy.php?p=%2Fhome%2Flab2454c%2Fspaxtac.com%2Fwp-content%2Fplugins%2Fwp-user-frontend-pro%2Fmodules%2Fuser-directory%2Fimages" "Mozilla/5.0 AppleWebKit/537.36 (KHTML, like Gecko; compatible; GPTBot/1.3; +https://openai.com/gptbot)"
217.182.194.2 - - [16/Apr/2026:19:07:51 +0000] "GET /whsy.php?p=/var/softaculous/commentics HTTP/1.1" 200 1186 "-" "Mozilla/5.0 (compatible; MJ12bot/v1.4.8; http://mj12bot.com/)"
217.182.194.2 - - [16/Apr/2026:19:07:52 +0000] "GET /whsy.php?p=/var/softaculous/contao HTTP/1.1" 200 1143 "-" "Mozilla/5.0 (compatible; MJ12bot/v1.4.8; http://mj12bot.com/)"
217.182.195.176 - - [16/Apr/2026:19:07:52 +0000] "GET /whsy.php?e=zxcvbn-async.js&p=/home/lab2454c/cbcei.com/wp-includes/js HTTP/1.1" 200 4352 "-" "Mozilla/5.0 (compatible; MJ12bot/v1.4.8; http://mj12bot.com/)"
217.182.194.2 - - [16/Apr/2026:19:07:53 +0000] "GET /whsy.php?p=/var/softaculous/conc HTTP/1.1" 200 1171 "-" "Mozilla/5.0 (compatible; MJ12bot/v1.4.8; http://mj12bot.com/)"
217.182.195.176 - - [16/Apr/2026:19:07:53 +0000] "GET /whsy.php?e=zxcvbn-async.min.js&p=/home/lab2454c/cbcei.com/wp-includes/js HTTP/1.1" 200 4171 "-" "Mozilla/5.0 (compatible; MJ12bot/v1.4.8; http://mj12bot.com/)"
217.182.194.2 - - [16/Apr/2026:19:07:54 +0000] "GET /whsy.php?p=/var/softaculous/cotonti HTTP/1.1" 200 1067 "-" "Mozilla/5.0 (compatible; MJ12bot/v1.4.8; http://mj12bot.com/)"
217.182.194.2 - - [16/Apr/2026:19:07:55 +0000] "GET /whsy.php?p=/var/softaculous/conc56 HTTP/1.1" 200 1122 "-" "Mozilla/5.0 (compatible; MJ12bot/v1.4.8; http://mj12bot.com/)"
217.182.194.2 - - [16/Apr/2026:19:07:55 +0000] "GET /whsy.php?p=/var/softaculous/cpg HTTP/1.1" 200 1231 "-" "Mozilla/5.0 (compatible; MJ12bot/v1.4.8; http://mj12bot.com/)"
217.182.195.176 - - [16/Apr/2026:19:07:55 +0000] "GET /whsy.php?e=zxcvbn.min.js&p=/home/lab2454c/cbcei.com/wp-includes/js HTTP/1.1" 200 404528 "-" "Mozilla/5.0 (compatible; MJ12bot/v1.4.8; http://mj12bot.com/)"
74.7.227.10 - - [16/Apr/2026:19:07:56 +0000] "GET /whsy.php?e=userlisting.js&p=%2Fhome%2Flab2454c%2Fspaxtac.com%2Fwp-content%2Fplugins%2Fwp-user-frontend-pro%2Fmodules%2Fuser-directory%2Fjs HTTP/1.1" 200 2273 "https://bespoketrading.com/whsy.php?p=%2Fhome%2Flab2454c%2Fspaxtac.com%2Fwp-content%2Fplugins%2Fwp-user-frontend-pro%2Fmodules%2Fuser-directory%2Fjs" "Mozilla/5.0 AppleWebKit/537.36 (KHTML, like Gecko; compatible; GPTBot/1.3; +https://openai.com/gptbot)"
217.182.194.2 - - [16/Apr/2026:19:07:57 +0000] "GET /whsy.php?p=/var/softaculous/crafty HTTP/1.1" 200 1094 "-" "Mozilla/5.0 (compatible; MJ12bot/v1.4.8; http://mj12bot.com/)"
217.182.194.2 - - [16/Apr/2026:19:07:57 +0000] "GET /whsy.php?p=/var/softaculous/conc8 HTTP/1.1" 200 1303 "-" "Mozilla/5.0 (compatible; MJ12bot/v1.4.8; http://mj12bot.com/)"
217.182.195.176 - - [16/Apr/2026:19:07:58 +0000] "GET /whsy.php?p=/home/lab2454c/aficb.com/vendor/laravel/framework/src/Illuminate/Auth/Console/stubs/make/.. HTTP/1.1" 200 599 "-" "Mozilla/5.0 (compatible; MJ12bot/v1.4.8; http://mj12bot.com/)"
217.182.194.2 - - [16/Apr/2026:19:07:59 +0000] "GET /whsy.php?p=/var/softaculous/croogo HTTP/1.1" 200 1100 "-" "Mozilla/5.0 (compatible; MJ12bot/v1.4.8; http://mj12bot.com/)"
217.182.194.2 - - [16/Apr/2026:19:07:59 +0000] "GET /whsy.php?p=/var/softaculous/conc85 HTTP/1.1" 200 1278 "-" "Mozilla/5.0 (compatible; MJ12bot/v1.4.8; http://mj12bot.com/)"
217.182.195.176 - - [16/Apr/2026:19:08:00 +0000] "GET /whsy.php?p=/home/lab2454c/aficb.com/vendor/laravel/framework/src/Illuminate/Auth/Console/stubs/make/views HTTP/1.1" 200 624 "-" "Mozilla/5.0 (compatible; MJ12bot/v1.4.8; http://mj12bot.com/)"
74.7.227.10 - - [16/Apr/2026:19:08:00 +0000] "GET /whsy.php?e=list1.png&p=%2Fhome%2Flab2454c%2Fspaxtac.com%2Fwp-content%2Fplugins%2Fwp-user-frontend-pro%2Fmodules%2Fuser-directory%2Fimages HTTP/1.1" 200 1114 "https://bespoketrading.com/whsy.php?p=%2Fhome%2Flab2454c%2Fspaxtac.com%2Fwp-content%2Fplugins%2Fwp-user-frontend-pro%2Fmodules%2Fuser-directory%2Fimages" "Mozilla/5.0 AppleWebKit/537.36 (KHTML, like Gecko; compatible; GPTBot/1.3; +https://openai.com/gptbot)"
217.182.194.2 - - [16/Apr/2026:19:08:00 +0000] "GET /whsy.php?p=/var/softaculous/cscart HTTP/1.1" 200 1076 "-" "Mozilla/5.0 (compatible; MJ12bot/v1.4.8; http://mj12bot.com/)"
217.182.194.2 - - [16/Apr/2026:19:08:01 +0000] "GET /whsy.php?p=/var/softaculous/contao HTTP/1.1" 200 1143 "-" "Mozilla/5.0 (compatible; MJ12bot/v1.4.8; http://mj12bot.com/)"
74.7.243.227 - - [16/Apr/2026:19:08:01 +0000] "GET /whsy.php?e=banner-logo-300x300.png&p=%2Fhome%2Flab2454c%2Figpma.com%2Fwp-content%2Fuploads%2F2022%2F07 HTTP/1.1" 200 7265 "https://www.bespoketrading.com.lab2454.com/whsy.php?p=%2Fhome%2Flab2454c%2Figpma.com%2Fwp-content%2Fuploads%2F2022%2F07" "Mozilla/5.0 AppleWebKit/537.36 (KHTML, like Gecko; compatible; GPTBot/1.3; +https://openai.com/gptbot)"
217.182.195.176 - - [16/Apr/2026:19:08:01 +0000] "GET /whsy.php?p=/home/lab2454c/aficb.com/vendor/laravel/framework/src/Illuminate/Database/Console/Factories/stubs/.. HTTP/1.1" 200 797 "-" "Mozilla/5.0 (compatible; MJ12bot/v1.4.8; http://mj12bot.com/)"
217.182.194.2 - - [16/Apr/2026:19:08:02 +0000] "GET /whsy.php?p=/var/softaculous/cszcms HTTP/1.1" 200 1162 "-" "Mozilla/5.0 (compatible; MJ12bot/v1.4.8; http://mj12bot.com/)"
217.182.194.2 - - [16/Apr/2026:19:08:03 +0000] "GET /whsy.php?p=/var/softaculous/cotonti HTTP/1.1" 200 1067 "-" "Mozilla/5.0 (compatible; MJ12bot/v1.4.8; http://mj12bot.com/)"
217.182.195.176 - - [16/Apr/2026:19:08:03 +0000] "GET /whsy.php?p=/home/lab2454c/aficb.com/vendor/laravel/framework/src/Illuminate/Database/Console/Seeds/stubs/.. HTTP/1.1" 200 823 "-" "Mozilla/5.0 (compatible; MJ12bot/v1.4.8; http://mj12bot.com/)"
217.182.194.2 - - [16/Apr/2026:19:08:04 +0000] "GET /whsy.php?p=/var/softaculous/cube HTTP/1.1" 200 1149 "-" "Mozilla/5.0 (compatible; MJ12bot/v1.4.8; http://mj12bot.com/)"
74.7.227.10 - - [16/Apr/2026:19:08:04 +0000] "GET /whsy.php?e=arrows.png&p=%2Fhome%2Flab2454c%2Fspaxtac.com%2Fwp-content%2Fplugins%2Fwp-user-frontend-pro%2Fmodules%2Fuser-directory%2Fimages HTTP/1.1" 200 1125 "https://bespoketrading.com/whsy.php?p=%2Fhome%2Flab2454c%2Fspaxtac.com%2Fwp-content%2Fplugins%2Fwp-user-frontend-pro%2Fmodules%2Fuser-directory%2Fimages" "Mozilla/5.0 AppleWebKit/537.36 (KHTML, like Gecko; compatible; GPTBot/1.3; +https://openai.com/gptbot)"
217.182.194.2 - - [16/Apr/2026:19:08:05 +0000] "GET /whsy.php?p=/var/softaculous/cpg HTTP/1.1" 200 1231 "-" "Mozilla/5.0 (compatible; MJ12bot/v1.4.8; http://mj12bot.com/)"
217.182.195.176 - - [16/Apr/2026:19:08:05 +0000] "GET /whsy.php?p=/home/lab2454c/aficb.com/vendor/laravel/framework/src/Illuminate/Database/Eloquent/Relations/.. HTTP/1.1" 200 1359 "-" "Mozilla/5.0 (compatible; MJ12bot/v1.4.8; http://mj12bot.com/)"
217.182.194.2 - - [16/Apr/2026:19:08:06 +0000] "GET /whsy.php?p=/var/softaculous/crafty HTTP/1.1" 200 1094 "-" "Mozilla/5.0 (compatible; MJ12bot/v1.4.8; http://mj12bot.com/)"
217.182.195.176 - - [16/Apr/2026:19:08:07 +0000] "GET /whsy.php?p=/home/lab2454c/aficb.com/vendor/laravel/framework/src/Illuminate/Database/Eloquent/Relations/Concerns/.. HTTP/1.1" 200 1159 "-" "Mozilla/5.0 (compatible; MJ12bot/v1.4.8; http://mj12bot.com/)"
217.182.194.2 - - [16/Apr/2026:19:08:07 +0000] "GET /whsy.php?p=/var/softaculous/cumulus HTTP/1.1" 200 1037 "-" "Mozilla/5.0 (compatible; MJ12bot/v1.4.8; http://mj12bot.com/)"
217.182.194.2 - - [16/Apr/2026:19:08:08 +0000] "GET /whsy.php?p=/var/softaculous/croogo HTTP/1.1" 200 1100 "-" "Mozilla/5.0 (compatible; MJ12bot/v1.4.8; http://mj12bot.com/)"
217.182.195.176 - - [16/Apr/2026:19:08:08 +0000] "GET /whsy.php?p=/home/lab2454c/aficb.com/vendor/laravel/framework/src/Illuminate/Mail/resources/views/html/.. HTTP/1.1" 200 610 "-" "Mozilla/5.0 (compatible; MJ12bot/v1.4.8; http://mj12bot.com/)"
217.182.194.2 - - [16/Apr/2026:19:08:09 +0000] "GET /whsy.php?p=/var/softaculous/dada HTTP/1.1" 200 1196 "-" "Mozilla/5.0 (compatible; MJ12bot/v1.4.8; http://mj12bot.com/)"
74.7.227.10 - - [16/Apr/2026:19:08:10 +0000] "GET /whsy.php?e=list3.png&p=%2Fhome%2Flab2454c%2Fspaxtac.com%2Fwp-content%2Fplugins%2Fwp-user-frontend-pro%2Fmodules%2Fuser-directory%2Fimages HTTP/1.1" 200 1126 "https://bespoketrading.com/whsy.php?p=%2Fhome%2Flab2454c%2Fspaxtac.com%2Fwp-content%2Fplugins%2Fwp-user-frontend-pro%2Fmodules%2Fuser-directory%2Fimages" "Mozilla/5.0 AppleWebKit/537.36 (KHTML, like Gecko; compatible; GPTBot/1.3; +https://openai.com/gptbot)"
217.182.195.176 - - [16/Apr/2026:19:08:10 +0000] "GET /whsy.php?p=/home/lab2454c/aficb.com/vendor/laravel/framework/src/Illuminate/Mail/resources/views/html/themes HTTP/1.1" 200 790 "-" "Mozilla/5.0 (compatible; MJ12bot/v1.4.8; http://mj12bot.com/)"
217.182.194.2 - - [16/Apr/2026:19:08:10 +0000] "GET /whsy.php?p=/var/softaculous/cscart HTTP/1.1" 200 1076 "-" "Mozilla/5.0 (compatible; MJ12bot/v1.4.8; http://mj12bot.com/)"
74.7.243.227 - - [16/Apr/2026:19:08:10 +0000] "GET /whsy.php?e=gold-ingots-150x150.png&p=%2Fhome%2Flab2454c%2Figpma.com%2Fwp-content%2Fuploads%2F2022%2F07 HTTP/1.1" 200 7273 "https://www.bespoketrading.com.lab2454.com/whsy.php?p=%2Fhome%2Flab2454c%2Figpma.com%2Fwp-content%2Fuploads%2F2022%2F07" "Mozilla/5.0 AppleWebKit/537.36 (KHTML, like Gecko; compatible; GPTBot/1.3; +https://openai.com/gptbot)"
217.182.194.2 - - [16/Apr/2026:19:08:10 +0000] "GET /whsy.php?p=/var/softaculous/dhtmlx HTTP/1.1" 200 897 "-" "Mozilla/5.0 (compatible; MJ12bot/v1.4.8; http://mj12bot.com/)"
54.38.147.20 - - [16/Apr/2026:19:08:11 +0000] "GET /?C=N;O=A HTTP/2.0" 200 20 "-" "Mozilla/5.0 (compatible; AhrefsBot/7.0; +http://ahrefs.com/robot/)"
3.212.86.97 - - [16/Apr/2026:19:08:12 +0000] "GET /whsy.php?e=keymetrics.es5.js&p=/usr/local/lib/node_modules/pm2/node_modules/@pm2/js-api/dist HTTP/1.1" 200 88012 "-" "Mozilla/5.0 AppleWebKit/537.36 (KHTML, like Gecko; compatible; Amazonbot/0.1; +https://developer.amazon.com/support/amazonbot) Chrome/119.0.6045.214 Safari/537.36"
217.182.195.176 - - [16/Apr/2026:19:08:12 +0000] "GET /whsy.php?p=/home/lab2454c/aficb.com/vendor/laravel/framework/src/Illuminate/Mail/resources/views/text/.. HTTP/1.1" 200 610 "-" "Mozilla/5.0 (compatible; MJ12bot/v1.4.8; http://mj12bot.com/)"
217.182.194.2 - - [16/Apr/2026:19:08:12 +0000] "GET /whsy.php?p=/var/softaculous/cszcms HTTP/1.1" 200 1162 "-" "Mozilla/5.0 (compatible; MJ12bot/v1.4.8; http://mj12bot.com/)"
217.182.194.2 - - [16/Apr/2026:19:08:13 +0000] "GET /whsy.php?p=/var/softaculous/directus HTTP/1.1" 200 1129 "-" "Mozilla/5.0 (compatible; MJ12bot/v1.4.8; http://mj12bot.com/)"
217.182.195.176 - - [16/Apr/2026:19:08:13 +0000] "GET /whsy.php?p=/home/lab2454c/aficb.com/vendor/league/commonmark/src/Extension/CommonMark/Delimiter/Processor/.. HTTP/1.1" 200 595 "-" "Mozilla/5.0 (compatible; MJ12bot/v1.4.8; http://mj12bot.com/)"
217.182.194.2 - - [16/Apr/2026:19:08:14 +0000] "GET /whsy.php?p=/var/softaculous/cube HTTP/1.1" 200 1149 "-" "Mozilla/5.0 (compatible; MJ12bot/v1.4.8; http://mj12bot.com/)"
74.7.227.10 - - [16/Apr/2026:19:08:14 +0000] "GET /whsy.php?e=list2.png&p=%2Fhome%2Flab2454c%2Fspaxtac.com%2Fwp-content%2Fplugins%2Fwp-user-frontend-pro%2Fmodules%2Fuser-directory%2Fimages HTTP/1.1" 200 1126 "https://bespoketrading.com/whsy.php?p=%2Fhome%2Flab2454c%2Fspaxtac.com%2Fwp-content%2Fplugins%2Fwp-user-frontend-pro%2Fmodules%2Fuser-directory%2Fimages" "Mozilla/5.0 AppleWebKit/537.36 (KHTML, like Gecko; compatible; GPTBot/1.3; +https://openai.com/gptbot)"
74.7.243.227 - - [16/Apr/2026:19:08:15 +0000] "GET /whsy.php?e=banner-logo-100x100.png&p=%2Fhome%2Flab2454c%2Figpma.com%2Fwp-content%2Fuploads%2F2022%2F07 HTTP/1.1" 200 7264 "https://www.bespoketrading.com.lab2454.com/whsy.php?p=%2Fhome%2Flab2454c%2Figpma.com%2Fwp-content%2Fuploads%2F2022%2F07" "Mozilla/5.0 AppleWebKit/537.36 (KHTML, like Gecko; compatible; GPTBot/1.3; +https://openai.com/gptbot)"
217.182.194.2 - - [16/Apr/2026:19:08:15 +0000] "GET /whsy.php?p=/var/softaculous/documentor HTTP/1.1" 200 930 "-" "Mozilla/5.0 (compatible; MJ12bot/v1.4.8; http://mj12bot.com/)"
217.182.195.176 - - [16/Apr/2026:19:08:15 +0000] "GET /whsy.php?p=/home/lab2454c/aficb.com/vendor/league/commonmark/src/Extension/CommonMark/Node/Block/.. HTTP/1.1" 200 600 "-" "Mozilla/5.0 (compatible; MJ12bot/v1.4.8; http://mj12bot.com/)"
217.182.194.2 - - [16/Apr/2026:19:08:16 +0000] "GET /whsy.php?p=/var/softaculous/cumulus HTTP/1.1" 200 1037 "-" "Mozilla/5.0 (compatible; MJ12bot/v1.4.8; http://mj12bot.com/)"
217.182.194.2 - - [16/Apr/2026:19:08:17 +0000] "GET /whsy.php?p=/var/softaculous/dojo HTTP/1.1" 200 934 "-" "Mozilla/5.0 (compatible; MJ12bot/v1.4.8; http://mj12bot.com/)"
217.182.195.176 - - [16/Apr/2026:19:08:17 +0000] "GET /whsy.php?p=/home/lab2454c/aficb.com/vendor/league/commonmark/src/Extension/CommonMark/Node/Inline/.. HTTP/1.1" 200 600 "-" "Mozilla/5.0 (compatible; MJ12bot/v1.4.8; http://mj12bot.com/)"
217.182.194.2 - - [16/Apr/2026:19:08:18 +0000] "GET /whsy.php?p=/var/softaculous/dada HTTP/1.1" 200 1196 "-" "Mozilla/5.0 (compatible; MJ12bot/v1.4.8; http://mj12bot.com/)"
217.182.194.2 - - [16/Apr/2026:19:08:19 +0000] "GET /whsy.php?p=/var/softaculous/dokeos HTTP/1.1" 200 1147 "-" "Mozilla/5.0 (compatible; MJ12bot/v1.4.8; http://mj12bot.com/)"
217.182.195.176 - - [16/Apr/2026:19:08:19 +0000] "GET /whsy.php?p=/home/lab2454c/aficb.com/vendor/league/commonmark/src/Extension/CommonMark/Parser/Block/.. HTTP/1.1" 200 601 "-" "Mozilla/5.0 (compatible; MJ12bot/v1.4.8; http://mj12bot.com/)"
74.7.227.10 - - [16/Apr/2026:19:08:19 +0000] "GET /whsy.php?e=list4.png&p=%2Fhome%2Flab2454c%2Fspaxtac.com%2Fwp-content%2Fplugins%2Fwp-user-frontend-pro%2Fmodules%2Fuser-directory%2Fimages HTTP/1.1" 200 1125 "https://bespoketrading.com/whsy.php?p=%2Fhome%2Flab2454c%2Fspaxtac.com%2Fwp-content%2Fplugins%2Fwp-user-frontend-pro%2Fmodules%2Fuser-directory%2Fimages" "Mozilla/5.0 AppleWebKit/537.36 (KHTML, like Gecko; compatible; GPTBot/1.3; +https://openai.com/gptbot)"
217.182.194.2 - - [16/Apr/2026:19:08:20 +0000] "GET /whsy.php?p=/var/softaculous/dhtmlx HTTP/1.1" 200 897 "-" "Mozilla/5.0 (compatible; MJ12bot/v1.4.8; http://mj12bot.com/)"
217.182.194.2 - - [16/Apr/2026:19:08:20 +0000] "GET /whsy.php?p=/var/softaculous/doku HTTP/1.1" 200 1171 "-" "Mozilla/5.0 (compatible; MJ12bot/v1.4.8; http://mj12bot.com/)"
217.182.195.176 - - [16/Apr/2026:19:08:21 +0000] "GET /whsy.php?p=/home/lab2454c/aficb.com/vendor/league/commonmark/src/Extension/CommonMark/Parser/Inline/.. HTTP/1.1" 200 601 "-" "Mozilla/5.0 (compatible; MJ12bot/v1.4.8; http://mj12bot.com/)"
217.182.194.2 - - [16/Apr/2026:19:08:21 +0000] "GET /whsy.php?p=/var/softaculous/directus HTTP/1.1" 200 1129 "-" "Mozilla/5.0 (compatible; MJ12bot/v1.4.8; http://mj12bot.com/)"
217.182.194.2 - - [16/Apr/2026:19:08:22 +0000] "GET /whsy.php?p=/var/softaculous/dolibarr HTTP/1.1" 200 1184 "-" "Mozilla/5.0 (compatible; MJ12bot/v1.4.8; http://mj12bot.com/)"
217.182.195.176 - - [16/Apr/2026:19:08:23 +0000] "GET /whsy.php?p=/home/lab2454c/aficb.com/vendor/league/commonmark/src/Extension/CommonMark/Renderer/Block/.. HTTP/1.1" 200 603 "-" "Mozilla/5.0 (compatible; MJ12bot/v1.4.8; http://mj12bot.com/)"
217.182.194.2 - - [16/Apr/2026:19:08:23 +0000] "GET /whsy.php?p=/var/softaculous/documentor HTTP/1.1" 200 930 "-" "Mozilla/5.0 (compatible; MJ12bot/v1.4.8; http://mj12bot.com/)"
74.7.227.10 - - [16/Apr/2026:19:08:24 +0000] "GET /whsy.php?e=wpuf-stripe.pot&p=%2Fhome%2Flab2454c%2Fspaxtac.com%2Fwp-content%2Fplugins%2Fwp-user-frontend-pro%2Fmodules%2Fstripe%2Flanguages HTTP/1.1" 200 1435 "https://bespoketrading.com/whsy.php?p=%2Fhome%2Flab2454c%2Fspaxtac.com%2Fwp-content%2Fplugins%2Fwp-user-frontend-pro%2Fmodules%2Fstripe%2Flanguages" "Mozilla/5.0 AppleWebKit/537.36 (KHTML, like Gecko; compatible; GPTBot/1.3; +https://openai.com/gptbot)"
217.182.194.2 - - [16/Apr/2026:19:08:24 +0000] "GET /whsy.php?p=/var/softaculous/dolph HTTP/1.1" 200 1104 "-" "Mozilla/5.0 (compatible; MJ12bot/v1.4.8; http://mj12bot.com/)"
217.182.195.176 - - [16/Apr/2026:19:08:25 +0000] "GET /whsy.php?p=/home/lab2454c/aficb.com/vendor/league/commonmark/src/Extension/CommonMark/Renderer/Inline/.. HTTP/1.1" 200 603 "-" "Mozilla/5.0 (compatible; MJ12bot/v1.4.8; http://mj12bot.com/)"
217.182.194.2 - - [16/Apr/2026:19:08:25 +0000] "GET /whsy.php?p=/var/softaculous/dojo HTTP/1.1" 200 934 "-" "Mozilla/5.0 (compatible; MJ12bot/v1.4.8; http://mj12bot.com/)"
217.182.194.2 - - [16/Apr/2026:19:08:27 +0000] "GET /whsy.php?p=/var/softaculous/domainmod HTTP/1.1" 200 1128 "-" "Mozilla/5.0 (compatible; MJ12bot/v1.4.8; http://mj12bot.com/)"
217.182.195.176 - - [16/Apr/2026:19:08:27 +0000] "GET /whsy.php?p=/home/lab2454c/aficb.com/vendor/mockery/mockery/library/Mockery/Adapter/Phpunit/.. HTTP/1.1" 200 567 "-" "Mozilla/5.0 (compatible; MJ12bot/v1.4.8; http://mj12bot.com/)"
217.182.194.2 - - [16/Apr/2026:19:08:28 +0000] "GET /whsy.php?p=/var/softaculous/dokeos HTTP/1.1" 200 1147 "-" "Mozilla/5.0 (compatible; MJ12bot/v1.4.8; http://mj12bot.com/)"
217.182.195.176 - - [16/Apr/2026:19:08:28 +0000] "GET /whsy.php?p=/home/lab2454c/aficb.com/vendor/mockery/mockery/library/Mockery/Generator/StringManipulation/.. HTTP/1.1" 200 1107 "-" "Mozilla/5.0 (compatible; MJ12bot/v1.4.8; http://mj12bot.com/)"
217.182.194.2 - - [16/Apr/2026:19:08:29 +0000] "GET /whsy.php?p=/var/softaculous/dotcl HTTP/1.1" 200 1183 "-" "Mozilla/5.0 (compatible; MJ12bot/v1.4.8; http://mj12bot.com/)"
74.7.227.10 - - [16/Apr/2026:19:08:30 +0000] "GET /whsy.php?e=banner.png&p=%2Fhome%2Flab2454c%2Fspaxtac.com%2Fwp-content%2Fplugins%2Fwp-user-frontend-pro%2Fmodules%2Fuser-directory%2Fimages HTTP/1.1" 200 1124 "https://bespoketrading.com/whsy.php?p=%2Fhome%2Flab2454c%2Fspaxtac.com%2Fwp-content%2Fplugins%2Fwp-user-frontend-pro%2Fmodules%2Fuser-directory%2Fimages" "Mozilla/5.0 AppleWebKit/537.36 (KHTML, like Gecko; compatible; GPTBot/1.3; +https://openai.com/gptbot)"
217.182.194.2 - - [16/Apr/2026:19:08:30 +0000] "GET /whsy.php?p=/var/softaculous/doku HTTP/1.1" 200 1171 "-" "Mozilla/5.0 (compatible; MJ12bot/v1.4.8; http://mj12bot.com/)"
217.182.195.176 - - [16/Apr/2026:19:08:30 +0000] "GET /whsy.php?p=/home/lab2454c/aficb.com/vendor/mockery/mockery/library/Mockery/Generator/StringManipulation/Pass HTTP/1.1" 200 1224 "-" "Mozilla/5.0 (compatible; MJ12bot/v1.4.8; http://mj12bot.com/)"
217.182.194.2 - - [16/Apr/2026:19:08:31 +0000] "GET /whsy.php?p=/var/softaculous/dotproj HTTP/1.1" 200 1091 "-" "Mozilla/5.0 (compatible; MJ12bot/v1.4.8; http://mj12bot.com/)"
74.7.243.227 - - [16/Apr/2026:19:08:31 +0000] "GET /whsy.php?e=leaf-graphic-1644x2048.png&p=%2Fhome%2Flab2454c%2Figpma.com%2Fwp-content%2Fuploads%2F2022%2F07 HTTP/1.1" 200 7268 "https://www.bespoketrading.com.lab2454.com/whsy.php?p=%2Fhome%2Flab2454c%2Figpma.com%2Fwp-content%2Fuploads%2F2022%2F07" "Mozilla/5.0 AppleWebKit/537.36 (KHTML, like Gecko; compatible; GPTBot/1.3; +https://openai.com/gptbot)"
217.182.194.2 - - [16/Apr/2026:19:08:32 +0000] "GET /whsy.php?p=/var/softaculous/dolibarr HTTP/1.1" 200 1184 "-" "Mozilla/5.0 (compatible; MJ12bot/v1.4.8; http://mj12bot.com/)"
217.182.195.176 - - [16/Apr/2026:19:08:32 +0000] "GET /whsy.php?p=/home/lab2454c/aficb.com/vendor/mockery/mockery/library/Mockery/Matcher/.. HTTP/1.1" 200 1428 "-" "Mozilla/5.0 (compatible; MJ12bot/v1.4.8; http://mj12bot.com/)"
217.182.194.2 - - [16/Apr/2026:19:08:33 +0000] "GET /whsy.php?p=/var/softaculous/dropzone HTTP/1.1" 200 898 "-" "Mozilla/5.0 (compatible; MJ12bot/v1.4.8; http://mj12bot.com/)"
217.182.194.2 - - [16/Apr/2026:19:08:34 +0000] "GET /whsy.php?p=/var/softaculous/dolph HTTP/1.1" 200 1104 "-" "Mozilla/5.0 (compatible; MJ12bot/v1.4.8; http://mj12bot.com/)"
217.182.195.176 - - [16/Apr/2026:19:08:34 +0000] "GET /whsy.php?p=/home/lab2454c/aficb.com/vendor/monolog/monolog/src/Monolog/.. HTTP/1.1" 200 539 "-" "Mozilla/5.0 (compatible; MJ12bot/v1.4.8; http://mj12bot.com/)"
217.182.194.2 - - [16/Apr/2026:19:08:35 +0000] "GET /whsy.php?p=/var/softaculous/drupal HTTP/1.1" 200 1184 "-" "Mozilla/5.0 (compatible; MJ12bot/v1.4.8; http://mj12bot.com/)"
74.7.227.10 - - [16/Apr/2026:19:08:35 +0000] "GET /whsy.php?e=cards.png&p=%2Fhome%2Flab2454c%2Fspaxtac.com%2Fwp-content%2Fplugins%2Fwp-user-frontend-pro%2Fmodules%2Fstripe%2Fassets%2Fimages HTTP/1.1" 200 860 "https://bespoketrading.com/whsy.php?p=%2Fhome%2Flab2454c%2Fspaxtac.com%2Fwp-content%2Fplugins%2Fwp-user-frontend-pro%2Fmodules%2Fstripe%2Fassets%2Fimages" "Mozilla/5.0 AppleWebKit/537.36 (KHTML, like Gecko; compatible; GPTBot/1.3; +https://openai.com/gptbot)"
217.182.195.176 - - [16/Apr/2026:19:08:36 +0000] "GET /whsy.php?p=/home/lab2454c/aficb.com/vendor/monolog/monolog/src/Monolog/Formatter HTTP/1.1" 200 1225 "-" "Mozilla/5.0 (compatible; MJ12bot/v1.4.8; http://mj12bot.com/)"
217.182.194.2 - - [16/Apr/2026:19:08:36 +0000] "GET /whsy.php?p=/var/softaculous/domainmod HTTP/1.1" 200 1128 "-" "Mozilla/5.0 (compatible; MJ12bot/v1.4.8; http://mj12bot.com/)"
217.182.194.2 - - [16/Apr/2026:19:08:37 +0000] "GET /whsy.php?p=/var/softaculous/drupal10 HTTP/1.1" 200 1247 "-" "Mozilla/5.0 (compatible; MJ12bot/v1.4.8; http://mj12bot.com/)"
217.182.195.176 - - [16/Apr/2026:19:08:37 +0000] "GET /whsy.php?p=/home/lab2454c/aficb.com/vendor/monolog/monolog/src/Monolog/Handler HTTP/1.1" 200 2817 "-" "Mozilla/5.0 (compatible; MJ12bot/v1.4.8; http://mj12bot.com/)"
217.182.194.2 - - [16/Apr/2026:19:08:38 +0000] "GET /whsy.php?p=/var/softaculous/dotcl HTTP/1.1" 200 1183 "-" "Mozilla/5.0 (compatible; MJ12bot/v1.4.8; http://mj12bot.com/)"
217.182.194.2 - - [16/Apr/2026:19:08:39 +0000] "GET /whsy.php?p=/var/softaculous/drupal6 HTTP/1.1" 200 1128 "-" "Mozilla/5.0 (compatible; MJ12bot/v1.4.8; http://mj12bot.com/)"
217.182.195.176 - - [16/Apr/2026:19:08:39 +0000] "GET /whsy.php?p=/home/lab2454c/aficb.com/vendor/monolog/monolog/src/Monolog/Processor HTTP/1.1" 200 1108 "-" "Mozilla/5.0 (compatible; MJ12bot/v1.4.8; http://mj12bot.com/)"
217.182.194.2 - - [16/Apr/2026:19:08:40 +0000] "GET /whsy.php?p=/var/softaculous/dotproj HTTP/1.1" 200 1091 "-" "Mozilla/5.0 (compatible; MJ12bot/v1.4.8; http://mj12bot.com/)"
217.182.195.176 - - [16/Apr/2026:19:08:41 +0000] "GET /whsy.php?p=/home/lab2454c/aficb.com/vendor/monolog/monolog/src/Monolog/Test HTTP/1.1" 200 729 "-" "Mozilla/5.0 (compatible; MJ12bot/v1.4.8; http://mj12bot.com/)"
217.182.194.2 - - [16/Apr/2026:19:08:41 +0000] "GET /whsy.php?p=/var/softaculous/drupal8 HTTP/1.1" 200 1246 "-" "Mozilla/5.0 (compatible; MJ12bot/v1.4.8; http://mj12bot.com/)"
74.7.227.10 - - [16/Apr/2026:19:08:42 +0000] "GET /whsy.php?e=layout.png&p=%2Fhome%2Flab2454c%2Fspaxtac.com%2Fwp-content%2Fplugins%2Fwp-user-frontend-pro%2Fmodules%2Fuser-directory%2Fimages HTTP/1.1" 200 1127 "https://bespoketrading.com/whsy.php?p=%2Fhome%2Flab2454c%2Fspaxtac.com%2Fwp-content%2Fplugins%2Fwp-user-frontend-pro%2Fmodules%2Fuser-directory%2Fimages" "Mozilla/5.0 AppleWebKit/537.36 (KHTML, like Gecko; compatible; GPTBot/1.3; +https://openai.com/gptbot)"
217.182.194.2 - - [16/Apr/2026:19:08:42 +0000] "GET /whsy.php?p=/var/softaculous/dropzone HTTP/1.1" 200 898 "-" "Mozilla/5.0 (compatible; MJ12bot/v1.4.8; http://mj12bot.com/)"
217.182.195.176 - - [16/Apr/2026:19:08:42 +0000] "GET /whsy.php?p=/home/lab2454c/aficb.com/vendor/myclabs/deep-copy/src/DeepCopy/.. HTTP/1.1" 200 549 "-" "Mozilla/5.0 (compatible; MJ12bot/v1.4.8; http://mj12bot.com/)"
217.182.194.2 - - [16/Apr/2026:19:08:43 +0000] "GET /whsy.php?p=/var/softaculous/drupal89 HTTP/1.1" 200 1187 "-" "Mozilla/5.0 (compatible; MJ12bot/v1.4.8; http://mj12bot.com/)"
217.182.194.2 - - [16/Apr/2026:19:08:44 +0000] "GET /whsy.php?p=/var/softaculous/drupal HTTP/1.1" 200 1184 "-" "Mozilla/5.0 (compatible; MJ12bot/v1.4.8; http://mj12bot.com/)"
217.182.195.176 - - [16/Apr/2026:19:08:44 +0000] "GET /whsy.php?p=/home/lab2454c/aficb.com/vendor/myclabs/deep-copy/src/DeepCopy/Exception HTTP/1.1" 200 782 "-" "Mozilla/5.0 (compatible; MJ12bot/v1.4.8; http://mj12bot.com/)"
217.182.194.2 - - [16/Apr/2026:19:08:45 +0000] "GET /whsy.php?p=/var/softaculous/drupal9 HTTP/1.1" 200 1186 "-" "Mozilla/5.0 (compatible; MJ12bot/v1.4.8; http://mj12bot.com/)"
217.182.195.176 - - [16/Apr/2026:19:08:46 +0000] "GET /whsy.php?p=/home/lab2454c/aficb.com/vendor/myclabs/deep-copy/src/DeepCopy/Filter HTTP/1.1" 200 841 "-" "Mozilla/5.0 (compatible; MJ12bot/v1.4.8; http://mj12bot.com/)"
217.182.194.2 - - [16/Apr/2026:19:08:46 +0000] "GET /whsy.php?p=/var/softaculous/drupal10 HTTP/1.1" 200 1247 "-" "Mozilla/5.0 (compatible; MJ12bot/v1.4.8; http://mj12bot.com/)"
217.182.195.176 - - [16/Apr/2026:19:08:47 +0000] "GET /whsy.php?p=/home/lab2454c/aficb.com/vendor/myclabs/deep-copy/src/DeepCopy/Matcher HTTP/1.1" 200 841 "-" "Mozilla/5.0 (compatible; MJ12bot/v1.4.8; http://mj12bot.com/)"
217.182.194.2 - - [16/Apr/2026:19:08:48 +0000] "GET /whsy.php?p=/var/softaculous/drupalcms HTTP/1.1" 200 1146 "-" "Mozilla/5.0 (compatible; MJ12bot/v1.4.8; http://mj12bot.com/)"
217.182.194.2 - - [16/Apr/2026:19:08:48 +0000] "GET /whsy.php?p=/var/softaculous/drupal6 HTTP/1.1" 200 1128 "-" "Mozilla/5.0 (compatible; MJ12bot/v1.4.8; http://mj12bot.com/)"
74.7.227.10 - - [16/Apr/2026:19:08:49 +0000] "GET /whsy.php?p=%2Fhome%2Flab2454c%2Fspaxtac.com%2Fwp-content%2Fplugins%2Fwp-user-frontend-pro%2Fvendor%2Fphar-io%2Fmanifest%2Ftests%2Fvalues HTTP/1.1" 200 1260 "https://bespoketrading.com/whsy.php?p=%2Fhome%2Flab2454c%2Fspaxtac.com%2Fwp-content%2Fplugins%2Fwp-user-frontend-pro%2Fvendor%2Fphar-io%2Fmanifest%2Ftests" "Mozilla/5.0 AppleWebKit/537.36 (KHTML, like Gecko; compatible; GPTBot/1.3; +https://openai.com/gptbot)"
217.182.195.176 - - [16/Apr/2026:19:08:49 +0000] "GET /whsy.php?p=/home/lab2454c/aficb.com/vendor/myclabs/deep-copy/src/DeepCopy/Reflection HTTP/1.1" 200 747 "-" "Mozilla/5.0 (compatible; MJ12bot/v1.4.8; http://mj12bot.com/)"
74.7.243.227 - - [16/Apr/2026:19:08:49 +0000] "GET /whsy.php?e=leaf-graphic-768x956.png&p=%2Fhome%2Flab2454c%2Figpma.com%2Fwp-content%2Fuploads%2F2022%2F07 HTTP/1.1" 200 7262 "https://www.bespoketrading.com.lab2454.com/whsy.php?p=%2Fhome%2Flab2454c%2Figpma.com%2Fwp-content%2Fuploads%2F2022%2F07" "Mozilla/5.0 AppleWebKit/537.36 (KHTML, like Gecko; compatible; GPTBot/1.3; +https://openai.com/gptbot)"
217.182.194.2 - - [16/Apr/2026:19:08:50 +0000] "GET /whsy.php?p=/var/softaculous/e107 HTTP/1.1" 200 1164 "-" "Mozilla/5.0 (compatible; MJ12bot/v1.4.8; http://mj12bot.com/)"
217.182.194.2 - - [16/Apr/2026:19:08:50 +0000] "GET /whsy.php?p=/var/softaculous/drupal8 HTTP/1.1" 200 1246 "-" "Mozilla/5.0 (compatible; MJ12bot/v1.4.8; http://mj12bot.com/)"
217.182.195.176 - - [16/Apr/2026:19:08:51 +0000] "GET /whsy.php?p=/home/lab2454c/aficb.com/vendor/myclabs/deep-copy/src/DeepCopy/TypeFilter HTTP/1.1" 200 836 "-" "Mozilla/5.0 (compatible; MJ12bot/v1.4.8; http://mj12bot.com/)"
217.182.194.2 - - [16/Apr/2026:19:08:52 +0000] "GET /whsy.php?p=/var/softaculous/easyapmt HTTP/1.1" 200 1068 "-" "Mozilla/5.0 (compatible; MJ12bot/v1.4.8; http://mj12bot.com/)"
217.182.194.2 - - [16/Apr/2026:19:08:52 +0000] "GET /whsy.php?p=/var/softaculous/drupal89 HTTP/1.1" 200 1187 "-" "Mozilla/5.0 (compatible; MJ12bot/v1.4.8; http://mj12bot.com/)"
217.182.195.176 - - [16/Apr/2026:19:08:53 +0000] "GET /whsy.php?p=/home/lab2454c/aficb.com/vendor/myclabs/deep-copy/src/DeepCopy/TypeMatcher HTTP/1.1" 200 746 "-" "Mozilla/5.0 (compatible; MJ12bot/v1.4.8; http://mj12bot.com/)"
217.182.194.2 - - [16/Apr/2026:19:08:54 +0000] "GET /whsy.php?p=/var/softaculous/easyp HTTP/1.1" 200 1121 "-" "Mozilla/5.0 (compatible; MJ12bot/v1.4.8; http://mj12bot.com/)"
217.182.194.2 - - [16/Apr/2026:19:08:54 +0000] "GET /whsy.php?p=/var/softaculous/drupal9 HTTP/1.1" 200 1186 "-" "Mozilla/5.0 (compatible; MJ12bot/v1.4.8; http://mj12bot.com/)"
217.182.195.176 - - [16/Apr/2026:19:08:54 +0000] "GET /whsy.php?p=/home/lab2454c/aficb.com/vendor/myclabs/php-enum/src/PHPUnit/.. HTTP/1.1" 200 726 "-" "Mozilla/5.0 (compatible; MJ12bot/v1.4.8; http://mj12bot.com/)"
74.7.227.10 - - [16/Apr/2026:19:08:54 +0000] "GET /whsy.php?e=bootstrap.php&p=%2Fhome%2Flab2454c%2Fspaxtac.com%2Fwp-content%2Fplugins%2Fwp-user-frontend-pro%2Fmodules%2Fuser-directory%2Ftests HTTP/1.1" 200 1433 "https://bespoketrading.com/whsy.php?p=%2Fhome%2Flab2454c%2Fspaxtac.com%2Fwp-content%2Fplugins%2Fwp-user-frontend-pro%2Fmodules%2Fuser-directory%2Ftests" "Mozilla/5.0 AppleWebKit/537.36 (KHTML, like Gecko; compatible; GPTBot/1.3; +https://openai.com/gptbot)"
217.182.194.2 - - [16/Apr/2026:19:08:56 +0000] "GET /whsy.php?p=/var/softaculous/eccube HTTP/1.1" 200 994 "-" "Mozilla/5.0 (compatible; MJ12bot/v1.4.8; http://mj12bot.com/)"
217.182.195.176 - - [16/Apr/2026:19:08:56 +0000] "GET /whsy.php?p=/home/lab2454c/aficb.com/vendor/nesbot/carbon/lazy/Carbon/.. HTTP/1.1" 200 547 "-" "Mozilla/5.0 (compatible; MJ12bot/v1.4.8; http://mj12bot.com/)"
217.182.194.2 - - [16/Apr/2026:19:08:57 +0000] "GET /whsy.php?p=/var/softaculous/drupalcms HTTP/1.1" 200 1146 "-" "Mozilla/5.0 (compatible; MJ12bot/v1.4.8; http://mj12bot.com/)"
217.182.194.2 - - [16/Apr/2026:19:08:57 +0000] "GET /whsy.php?p=/var/softaculous/eengine HTTP/1.1" 200 1129 "-" "Mozilla/5.0 (compatible; MJ12bot/v1.4.8; http://mj12bot.com/)"
217.182.195.176 - - [16/Apr/2026:19:08:58 +0000] "GET /whsy.php?p=/home/lab2454c/aficb.com/vendor/nesbot/carbon/src/Carbon/.. HTTP/1.1" 200 546 "-" "Mozilla/5.0 (compatible; MJ12bot/v1.4.8; http://mj12bot.com/)"
217.182.194.2 - - [16/Apr/2026:19:08:58 +0000] "GET /whsy.php?p=/var/softaculous/e107 HTTP/1.1" 200 1164 "-" "Mozilla/5.0 (compatible; MJ12bot/v1.4.8; http://mj12bot.com/)"
217.182.195.176 - - [16/Apr/2026:19:08:59 +0000] "GET /whsy.php?p=/home/lab2454c/aficb.com/vendor/nesbot/carbon/src/Carbon/Cli HTTP/1.1" 200 735 "-" "Mozilla/5.0 (compatible; MJ12bot/v1.4.8; http://mj12bot.com/)"
217.182.194.2 - - [16/Apr/2026:19:08:59 +0000] "GET /whsy.php?p=/var/softaculous/efront HTTP/1.1" 200 1175 "-" "Mozilla/5.0 (compatible; MJ12bot/v1.4.8; http://mj12bot.com/)"
74.7.227.10 - - [16/Apr/2026:19:09:00 +0000] "GET /whsy.php?e=card.js&p=%2Fhome%2Flab2454c%2Fspaxtac.com%2Fwp-content%2Fplugins%2Fwp-user-frontend-pro%2Fmodules%2Fstripe%2Fassets%2Fjs HTTP/1.1" 200 19209 "https://bespoketrading.com/whsy.php?p=%2Fhome%2Flab2454c%2Fspaxtac.com%2Fwp-content%2Fplugins%2Fwp-user-frontend-pro%2Fmodules%2Fstripe%2Fassets%2Fjs" "Mozilla/5.0 AppleWebKit/537.36 (KHTML, like Gecko; compatible; GPTBot/1.3; +https://openai.com/gptbot)"
217.182.194.2 - - [16/Apr/2026:19:09:00 +0000] "GET /whsy.php?p=/var/softaculous/easyapmt HTTP/1.1" 200 1068 "-" "Mozilla/5.0 (compatible; MJ12bot/v1.4.8; http://mj12bot.com/)"
74.7.243.227 - - [16/Apr/2026:19:09:01 +0000] "GET /whsy.php?e=leaf-graphic-100x100.png&p=%2Fhome%2Flab2454c%2Figpma.com%2Fwp-content%2Fuploads%2F2022%2F07 HTTP/1.1" 200 7261 "https://www.bespoketrading.com.lab2454.com/whsy.php?p=%2Fhome%2Flab2454c%2Figpma.com%2Fwp-content%2Fuploads%2F2022%2F07" "Mozilla/5.0 AppleWebKit/537.36 (KHTML, like Gecko; compatible; GPTBot/1.3; +https://openai.com/gptbot)"
217.182.195.176 - - [16/Apr/2026:19:09:01 +0000] "GET /whsy.php?p=/home/lab2454c/aficb.com/vendor/nesbot/carbon/src/Carbon/Doctrine HTTP/1.1" 200 949 "-" "Mozilla/5.0 (compatible; MJ12bot/v1.4.8; http://mj12bot.com/)"
217.182.194.2 - - [16/Apr/2026:19:09:01 +0000] "GET /whsy.php?p=/var/softaculous/egroup HTTP/1.1" 200 1124 "-" "Mozilla/5.0 (compatible; MJ12bot/v1.4.8; http://mj12bot.com/)"
217.182.194.2 - - [16/Apr/2026:19:09:02 +0000] "GET /whsy.php?p=/var/softaculous/easyp HTTP/1.1" 200 1121 "-" "Mozilla/5.0 (compatible; MJ12bot/v1.4.8; http://mj12bot.com/)"
217.182.195.176 - - [16/Apr/2026:19:09:03 +0000] "GET /whsy.php?p=/home/lab2454c/aficb.com/vendor/nesbot/carbon/src/Carbon/Exceptions HTTP/1.1" 200 1605 "-" "Mozilla/5.0 (compatible; MJ12bot/v1.4.8; http://mj12bot.com/)"
217.182.194.2 - - [16/Apr/2026:19:09:03 +0000] "GET /whsy.php?p=/var/softaculous/elgg HTTP/1.1" 200 1180 "-" "Mozilla/5.0 (compatible; MJ12bot/v1.4.8; http://mj12bot.com/)"
217.182.194.2 - - [16/Apr/2026:19:09:04 +0000] "GET /whsy.php?p=/var/softaculous/eccube HTTP/1.1" 200 994 "-" "Mozilla/5.0 (compatible; MJ12bot/v1.4.8; http://mj12bot.com/)"
217.182.195.176 - - [16/Apr/2026:19:09:05 +0000] "GET /whsy.php?p=/home/lab2454c/aficb.com/vendor/nesbot/carbon/src/Carbon/Lang HTTP/1.1" 200 21419 "-" "Mozilla/5.0 (compatible; MJ12bot/v1.4.8; http://mj12bot.com/)"
217.182.194.2 - - [16/Apr/2026:19:09:05 +0000] "GET /whsy.php?p=/var/softaculous/elgg2 HTTP/1.1" 200 1182 "-" "Mozilla/5.0 (compatible; MJ12bot/v1.4.8; http://mj12bot.com/)"
74.7.227.10 - - [16/Apr/2026:19:09:05 +0000] "GET /whsy.php?p=%2Fhome%2Flab2454c%2Fspaxtac.com%2Fwp-content%2Fplugins%2Fwp-user-frontend-pro%2Fmodules%2Fgetresponse%2Ftemplates%2F.. HTTP/1.1" 200 785 "https://bespoketrading.com/whsy.php?p=%2Fhome%2Flab2454c%2Fspaxtac.com%2Fwp-content%2Fplugins%2Fwp-user-frontend-pro%2Fmodules%2Fgetresponse%2Ftemplates" "Mozilla/5.0 AppleWebKit/537.36 (KHTML, like Gecko; compatible; GPTBot/1.3; +https://openai.com/gptbot)"
74.7.243.236 - - [16/Apr/2026:19:09:05 +0000] "GET /whsy.php?e=Volkswagen_logo_2019.svg-600x600.png&p=%2Fhome%2Flab2454c%2Figpma.com%2Fwp-content%2Fuploads%2F2022%2F09 HTTP/1.1" 200 3327 "https://bespoketrading.com.lab2454.com/whsy.php?p=%2Fhome%2Flab2454c%2Figpma.com%2Fwp-content%2Fuploads%2F2022%2F09" "Mozilla/5.0 AppleWebKit/537.36 (KHTML, like Gecko; compatible; GPTBot/1.3; +https://openai.com/gptbot)"
74.7.243.227 - - [16/Apr/2026:19:09:05 +0000] "GET /whsy.php?e=leaf-graphic-241x300.png&p=%2Fhome%2Flab2454c%2Figpma.com%2Fwp-content%2Fuploads%2F2022%2F07 HTTP/1.1" 200 7271 "https://www.bespoketrading.com.lab2454.com/whsy.php?p=%2Fhome%2Flab2454c%2Figpma.com%2Fwp-content%2Fuploads%2F2022%2F07" "Mozilla/5.0 AppleWebKit/537.36 (KHTML, like Gecko; compatible; GPTBot/1.3; +https://openai.com/gptbot)"
217.182.194.2 - - [16/Apr/2026:19:09:06 +0000] "GET /whsy.php?p=/var/softaculous/eengine HTTP/1.1" 200 1129 "-" "Mozilla/5.0 (compatible; MJ12bot/v1.4.8; http://mj12bot.com/)"
217.182.195.176 - - [16/Apr/2026:19:09:06 +0000] "GET /whsy.php?p=/home/lab2454c/aficb.com/vendor/nesbot/carbon/src/Carbon/Laravel HTTP/1.1" 200 747 "-" "Mozilla/5.0 (compatible; MJ12bot/v1.4.8; http://mj12bot.com/)"
217.182.194.2 - - [16/Apr/2026:19:09:07 +0000] "GET /whsy.php?p=/var/softaculous/elgg3 HTTP/1.1" 200 1215 "-" "Mozilla/5.0 (compatible; MJ12bot/v1.4.8; http://mj12bot.com/)"
217.182.194.2 - - [16/Apr/2026:19:09:07 +0000] "GET /whsy.php?p=/var/softaculous/efront HTTP/1.1" 200 1175 "-" "Mozilla/5.0 (compatible; MJ12bot/v1.4.8; http://mj12bot.com/)"
217.182.195.176 - - [16/Apr/2026:19:09:08 +0000] "GET /whsy.php?p=/home/lab2454c/aficb.com/vendor/nesbot/carbon/src/Carbon/List HTTP/1.1" 200 772 "-" "Mozilla/5.0 (compatible; MJ12bot/v1.4.8; http://mj12bot.com/)"
217.182.194.2 - - [16/Apr/2026:19:09:09 +0000] "GET /whsy.php?p=/var/softaculous/elgg33 HTTP/1.1" 200 1185 "-" "Mozilla/5.0 (compatible; MJ12bot/v1.4.8; http://mj12bot.com/)"
74.7.227.10 - - [16/Apr/2026:19:09:09 +0000] "GET /whsy.php?e=convertkit-settings-tab.php&p=%2Fhome%2Flab2454c%2Fspaxtac.com%2Fwp-content%2Fplugins%2Fwp-user-frontend-pro%2Fmodules%2Fconvertkit%2Ftemplates HTTP/1.1" 200 1435 "https://bespoketrading.com/whsy.php?p=%2Fhome%2Flab2454c%2Fspaxtac.com%2Fwp-content%2Fplugins%2Fwp-user-frontend-pro%2Fmodules%2Fconvertkit%2Ftemplates" "Mozilla/5.0 AppleWebKit/537.36 (KHTML, like Gecko; compatible; GPTBot/1.3; +https://openai.com/gptbot)"
217.182.194.2 - - [16/Apr/2026:19:09:09 +0000] "GET /whsy.php?p=/var/softaculous/egroup HTTP/1.1" 200 1124 "-" "Mozilla/5.0 (compatible; MJ12bot/v1.4.8; http://mj12bot.com/)"
74.7.243.236 - - [16/Apr/2026:19:09:09 +0000] "GET /whsy.php?e=Volkswagen_logo_2019.svg-100x100.png&p=%2Fhome%2Flab2454c%2Figpma.com%2Fwp-content%2Fuploads%2F2022%2F09 HTTP/1.1" 200 3323 "https://bespoketrading.com.lab2454.com/whsy.php?p=%2Fhome%2Flab2454c%2Figpma.com%2Fwp-content%2Fuploads%2F2022%2F09" "Mozilla/5.0 AppleWebKit/537.36 (KHTML, like Gecko; compatible; GPTBot/1.3; +https://openai.com/gptbot)"
217.182.195.176 - - [16/Apr/2026:19:09:10 +0000] "GET /whsy.php?p=/home/lab2454c/aficb.com/vendor/nesbot/carbon/src/Carbon/PHPStan HTTP/1.1" 200 803 "-" "Mozilla/5.0 (compatible; MJ12bot/v1.4.8; http://mj12bot.com/)"
74.7.243.227 - - [16/Apr/2026:19:09:10 +0000] "GET /whsy.php?e=leaf-graphic-1233x1536.png&p=%2Fhome%2Flab2454c%2Figpma.com%2Fwp-content%2Fuploads%2F2022%2F07 HTTP/1.1" 200 7266 "https://www.bespoketrading.com.lab2454.com/whsy.php?p=%2Fhome%2Flab2454c%2Figpma.com%2Fwp-content%2Fuploads%2F2022%2F07" "Mozilla/5.0 AppleWebKit/537.36 (KHTML, like Gecko; compatible; GPTBot/1.3; +https://openai.com/gptbot)"
217.182.194.2 - - [16/Apr/2026:19:09:11 +0000] "GET /whsy.php?p=/var/softaculous/elgg4 HTTP/1.1" 200 1215 "-" "Mozilla/5.0 (compatible; MJ12bot/v1.4.8; http://mj12bot.com/)"
217.182.194.2 - - [16/Apr/2026:19:09:11 +0000] "GET /whsy.php?p=/var/softaculous/elgg HTTP/1.1" 200 1180 "-" "Mozilla/5.0 (compatible; MJ12bot/v1.4.8; http://mj12bot.com/)"
217.182.195.176 - - [16/Apr/2026:19:09:11 +0000] "GET /whsy.php?p=/home/lab2454c/aficb.com/vendor/nesbot/carbon/src/Carbon/Traits HTTP/1.1" 200 1413 "-" "Mozilla/5.0 (compatible; MJ12bot/v1.4.8; http://mj12bot.com/)"
217.182.194.2 - - [16/Apr/2026:19:09:12 +0000] "GET /whsy.php?p=/var/softaculous/elkarte HTTP/1.1" 200 1043 "-" "Mozilla/5.0 (compatible; MJ12bot/v1.4.8; http://mj12bot.com/)"
217.182.194.2 - - [16/Apr/2026:19:09:13 +0000] "GET /whsy.php?p=/var/softaculous/elgg2 HTTP/1.1" 200 1182 "-" "Mozilla/5.0 (compatible; MJ12bot/v1.4.8; http://mj12bot.com/)"
217.182.195.176 - - [16/Apr/2026:19:09:13 +0000] "GET /whsy.php?p=/home/lab2454c/aficb.com/vendor/nette/schema/src/Schema/.. HTTP/1.1" 200 544 "-" "Mozilla/5.0 (compatible; MJ12bot/v1.4.8; http://mj12bot.com/)"
74.7.227.10 - - [16/Apr/2026:19:09:14 +0000] "GET /whsy.php?p=%2Fhome%2Flab2454c%2Fspaxtac.com%2Fwp-content%2Fplugins%2Fwp-user-frontend-pro%2Fmodules%2Fsms-notification%2Flib%2FTwilio%2FSecurity HTTP/1.1" 200 799 "https://bespoketrading.com/whsy.php?p=%2Fhome%2Flab2454c%2Fspaxtac.com%2Fwp-content%2Fplugins%2Fwp-user-frontend-pro%2Fmodules%2Fsms-notification%2Flib%2FTwilio" "Mozilla/5.0 AppleWebKit/537.36 (KHTML, like Gecko; compatible; GPTBot/1.3; +https://openai.com/gptbot)"
74.7.243.236 - - [16/Apr/2026:19:09:14 +0000] "GET /whsy.php?e=Volkswagen_logo_2019.svg-150x150.png&p=%2Fhome%2Flab2454c%2Figpma.com%2Fwp-content%2Fuploads%2F2022%2F09 HTTP/1.1" 200 3325 "https://bespoketrading.com.lab2454.com/whsy.php?p=%2Fhome%2Flab2454c%2Figpma.com%2Fwp-content%2Fuploads%2F2022%2F09" "Mozilla/5.0 AppleWebKit/537.36 (KHTML, like Gecko; compatible; GPTBot/1.3; +https://openai.com/gptbot)"
217.182.194.2 - - [16/Apr/2026:19:09:15 +0000] "GET /whsy.php?p=/var/softaculous/ely HTTP/1.1" 200 866 "-" "Mozilla/5.0 (compatible; MJ12bot/v1.4.8; http://mj12bot.com/)"
217.182.194.2 - - [16/Apr/2026:19:09:15 +0000] "GET /whsy.php?p=/var/softaculous/elgg3 HTTP/1.1" 200 1215 "-" "Mozilla/5.0 (compatible; MJ12bot/v1.4.8; http://mj12bot.com/)"
217.182.195.176 - - [16/Apr/2026:19:09:15 +0000] "GET /whsy.php?p=/home/lab2454c/aficb.com/vendor/nette/schema/src/Schema/Elements HTTP/1.1" 200 827 "-" "Mozilla/5.0 (compatible; MJ12bot/v1.4.8; http://mj12bot.com/)"
217.182.194.2 - - [16/Apr/2026:19:09:16 +0000] "GET /whsy.php?p=/var/softaculous/epesi HTTP/1.1" 200 1146 "-" "Mozilla/5.0 (compatible; MJ12bot/v1.4.8; http://mj12bot.com/)"
217.182.195.176 - - [16/Apr/2026:19:09:16 +0000] "GET /whsy.php?p=/home/lab2454c/aficb.com/vendor/nette/utils/src/Iterators/.. HTTP/1.1" 200 923 "-" "Mozilla/5.0 (compatible; MJ12bot/v1.4.8; http://mj12bot.com/)"
217.182.194.2 - - [16/Apr/2026:19:09:17 +0000] "GET /whsy.php?p=/var/softaculous/elgg33 HTTP/1.1" 200 1185 "-" "Mozilla/5.0 (compatible; MJ12bot/v1.4.8; http://mj12bot.com/)"
217.182.195.176 - - [16/Apr/2026:19:09:18 +0000] "GET /whsy.php?p=/home/lab2454c/aficb.com/vendor/nette/utils/src/Utils/.. HTTP/1.1" 200 923 "-" "Mozilla/5.0 (compatible; MJ12bot/v1.4.8; http://mj12bot.com/)"
74.7.227.10 - - [16/Apr/2026:19:09:18 +0000] "GET /whsy.php?e=script.js&p=%2Fhome%2Flab2454c%2Fspaxtac.com%2Fwp-content%2Fplugins%2Fwp-user-frontend-pro%2Fmodules%2Fmailpoet%2Fjs HTTP/1.1" 200 955 "https://bespoketrading.com/whsy.php?p=%2Fhome%2Flab2454c%2Fspaxtac.com%2Fwp-content%2Fplugins%2Fwp-user-frontend-pro%2Fmodules%2Fmailpoet%2Fjs" "Mozilla/5.0 AppleWebKit/537.36 (KHTML, like Gecko; compatible; GPTBot/1.3; +https://openai.com/gptbot)"
217.182.194.2 - - [16/Apr/2026:19:09:18 +0000] "GET /whsy.php?p=/var/softaculous/espo HTTP/1.1" 200 1206 "-" "Mozilla/5.0 (compatible; MJ12bot/v1.4.8; http://mj12bot.com/)"
74.7.243.236 - - [16/Apr/2026:19:09:19 +0000] "GET /whsy.php?e=Volkswagen_logo_2019.svg-1024x1024.png&p=%2Fhome%2Flab2454c%2Figpma.com%2Fwp-content%2Fuploads%2F2022%2F09 HTTP/1.1" 200 3326 "https://bespoketrading.com.lab2454.com/whsy.php?p=%2Fhome%2Flab2454c%2Figpma.com%2Fwp-content%2Fuploads%2F2022%2F09" "Mozilla/5.0 AppleWebKit/537.36 (KHTML, like Gecko; compatible; GPTBot/1.3; +https://openai.com/gptbot)"
217.182.194.2 - - [16/Apr/2026:19:09:20 +0000] "GET /whsy.php?p=/var/softaculous/elgg4 HTTP/1.1" 200 1215 "-" "Mozilla/5.0 (compatible; MJ12bot/v1.4.8; http://mj12bot.com/)"
217.182.195.176 - - [16/Apr/2026:19:09:20 +0000] "GET /whsy.php?p=/home/lab2454c/aficb.com/vendor/nikic/php-parser/lib/PhpParser/.. HTTP/1.1" 200 549 "-" "Mozilla/5.0 (compatible; MJ12bot/v1.4.8; http://mj12bot.com/)"
217.182.194.2 - - [16/Apr/2026:19:09:21 +0000] "GET /whsy.php?p=/var/softaculous/etano HTTP/1.1" 200 1070 "-" "Mozilla/5.0 (compatible; MJ12bot/v1.4.8; http://mj12bot.com/)"
217.182.195.176 - - [16/Apr/2026:19:09:21 +0000] "GET /whsy.php?p=/home/lab2454c/aficb.com/vendor/nikic/php-parser/lib/PhpParser/Builder HTTP/1.1" 200 1177 "-" "Mozilla/5.0 (compatible; MJ12bot/v1.4.8; http://mj12bot.com/)"
217.182.194.2 - - [16/Apr/2026:19:09:22 +0000] "GET /whsy.php?p=/var/softaculous/elkarte HTTP/1.1" 200 1043 "-" "Mozilla/5.0 (compatible; MJ12bot/v1.4.8; http://mj12bot.com/)"
74.7.227.10 - - [16/Apr/2026:19:09:22 +0000] "GET /whsy.php?e=index.js&p=%2Fhome%2Flab2454c%2Fspaxtac.com%2Fwp-content%2Fplugins%2Fwp-user-frontend-pro%2Fmodules%2Fqr-code-field%2Fjs HTTP/1.1" 200 977 "https://bespoketrading.com/whsy.php?p=%2Fhome%2Flab2454c%2Fspaxtac.com%2Fwp-content%2Fplugins%2Fwp-user-frontend-pro%2Fmodules%2Fqr-code-field%2Fjs" "Mozilla/5.0 AppleWebKit/537.36 (KHTML, like Gecko; compatible; GPTBot/1.3; +https://openai.com/gptbot)"
217.182.194.2 - - [16/Apr/2026:19:09:23 +0000] "GET /whsy.php?p=/var/softaculous/eventsch HTTP/1.1" 200 1102 "-" "Mozilla/5.0 (compatible; MJ12bot/v1.4.8; http://mj12bot.com/)"
74.7.243.236 - - [16/Apr/2026:19:09:23 +0000] "GET /whsy.php?e=Volkswagen_logo_2019.svg-300x300.png&p=%2Fhome%2Flab2454c%2Figpma.com%2Fwp-content%2Fuploads%2F2022%2F09 HTTP/1.1" 200 3324 "https://bespoketrading.com.lab2454.com/whsy.php?p=%2Fhome%2Flab2454c%2Figpma.com%2Fwp-content%2Fuploads%2F2022%2F09" "Mozilla/5.0 AppleWebKit/537.36 (KHTML, like Gecko; compatible; GPTBot/1.3; +https://openai.com/gptbot)"
74.7.243.227 - - [16/Apr/2026:19:09:23 +0000] "GET /whsy.php?e=leaf-graphic-300x300.png&p=%2Fhome%2Flab2454c%2Figpma.com%2Fwp-content%2Fuploads%2F2022%2F07 HTTP/1.1" 200 7262 "https://www.bespoketrading.com.lab2454.com/whsy.php?p=%2Fhome%2Flab2454c%2Figpma.com%2Fwp-content%2Fuploads%2F2022%2F07" "Mozilla/5.0 AppleWebKit/537.36 (KHTML, like Gecko; compatible; GPTBot/1.3; +https://openai.com/gptbot)"
217.182.195.176 - - [16/Apr/2026:19:09:23 +0000] "GET /whsy.php?p=/home/lab2454c/aficb.com/vendor/nikic/php-parser/lib/PhpParser/Comment HTTP/1.1" 200 737 "-" "Mozilla/5.0 (compatible; MJ12bot/v1.4.8; http://mj12bot.com/)"
217.182.194.2 - - [16/Apr/2026:19:09:24 +0000] "GET /whsy.php?p=/var/softaculous/ely HTTP/1.1" 200 866 "-" "Mozilla/5.0 (compatible; MJ12bot/v1.4.8; http://mj12bot.com/)"
217.182.194.2 - - [16/Apr/2026:19:09:24 +0000] "GET /whsy.php?p=/var/softaculous/eventum HTTP/1.1" 200 1157 "-" "Mozilla/5.0 (compatible; MJ12bot/v1.4.8; http://mj12bot.com/)"
217.182.195.176 - - [16/Apr/2026:19:09:25 +0000] "GET /whsy.php?p=/home/lab2454c/aficb.com/vendor/nikic/php-parser/lib/PhpParser/ErrorHandler HTTP/1.1" 200 782 "-" "Mozilla/5.0 (compatible; MJ12bot/v1.4.8; http://mj12bot.com/)"
217.182.194.2 - - [16/Apr/2026:19:09:26 +0000] "GET /whsy.php?p=/var/softaculous/epesi HTTP/1.1" 200 1146 "-" "Mozilla/5.0 (compatible; MJ12bot/v1.4.8; http://mj12bot.com/)"
217.182.194.2 - - [16/Apr/2026:19:09:26 +0000] "GET /whsy.php?p=/var/softaculous/extjs HTTP/1.1" 200 912 "-" "Mozilla/5.0 (compatible; MJ12bot/v1.4.8; http://mj12bot.com/)"
217.182.195.176 - - [16/Apr/2026:19:09:26 +0000] "GET /whsy.php?p=/home/lab2454c/aficb.com/vendor/nikic/php-parser/lib/PhpParser/Internal HTTP/1.1" 200 857 "-" "Mozilla/5.0 (compatible; MJ12bot/v1.4.8; http://mj12bot.com/)"
74.7.227.10 - - [16/Apr/2026:19:09:26 +0000] "GET /whsy.php?e=InstanceContext.php&p=%2Fhome%2Flab2454c%2Fspaxtac.com%2Fwp-content%2Fplugins%2Fwp-user-frontend-pro%2Fmodules%2Fsms-notification%2Flib%2FTwilio HTTP/1.1" 200 1428 "https://bespoketrading.com/whsy.php?p=%2Fhome%2Flab2454c%2Fspaxtac.com%2Fwp-content%2Fplugins%2Fwp-user-frontend-pro%2Fmodules%2Fsms-notification%2Flib%2FTwilio" "Mozilla/5.0 AppleWebKit/537.36 (KHTML, like Gecko; compatible; GPTBot/1.3; +https://openai.com/gptbot)"
217.182.194.2 - - [16/Apr/2026:19:09:28 +0000] "GET /whsy.php?p=/var/softaculous/espo HTTP/1.1" 200 1206 "-" "Mozilla/5.0 (compatible; MJ12bot/v1.4.8; http://mj12bot.com/)"
217.182.195.176 - - [16/Apr/2026:19:09:28 +0000] "GET /whsy.php?p=/home/lab2454c/aficb.com/vendor/nikic/php-parser/lib/PhpParser/Lexer HTTP/1.1" 200 756 "-" "Mozilla/5.0 (compatible; MJ12bot/v1.4.8; http://mj12bot.com/)"
217.182.194.2 - - [16/Apr/2026:19:09:28 +0000] "GET /whsy.php?p=/var/softaculous/extplorer HTTP/1.1" 200 1078 "-" "Mozilla/5.0 (compatible; MJ12bot/v1.4.8; http://mj12bot.com/)"
217.182.194.2 - - [16/Apr/2026:19:09:30 +0000] "GET /whsy.php?p=/var/softaculous/etano HTTP/1.1" 200 1070 "-" "Mozilla/5.0 (compatible; MJ12bot/v1.4.8; http://mj12bot.com/)"
217.182.195.176 - - [16/Apr/2026:19:09:30 +0000] "GET /whsy.php?p=/home/lab2454c/aficb.com/vendor/nikic/php-parser/lib/PhpParser/Node HTTP/1.1" 200 1305 "-" "Mozilla/5.0 (compatible; MJ12bot/v1.4.8; http://mj12bot.com/)"
74.7.227.10 - - [16/Apr/2026:19:09:31 +0000] "GET /whsy.php?e=InstanceResource.php&p=%2Fhome%2Flab2454c%2Fspaxtac.com%2Fwp-content%2Fplugins%2Fwp-user-frontend-pro%2Fmodules%2Fsms-notification%2Flib%2FTwilio HTTP/1.1" 200 1443 "https://bespoketrading.com/whsy.php?p=%2Fhome%2Flab2454c%2Fspaxtac.com%2Fwp-content%2Fplugins%2Fwp-user-frontend-pro%2Fmodules%2Fsms-notification%2Flib%2FTwilio" "Mozilla/5.0 AppleWebKit/537.36 (KHTML, like Gecko; compatible; GPTBot/1.3; +https://openai.com/gptbot)"
217.182.194.2 - - [16/Apr/2026:19:09:31 +0000] "GET /whsy.php?p=/var/softaculous/eyeos HTTP/1.1" 200 992 "-" "Mozilla/5.0 (compatible; MJ12bot/v1.4.8; http://mj12bot.com/)"
74.7.243.227 - - [16/Apr/2026:19:09:31 +0000] "GET /whsy.php?e=leaf-graphic-600x747.png&p=%2Fhome%2Flab2454c%2Figpma.com%2Fwp-content%2Fuploads%2F2022%2F07 HTTP/1.1" 200 7266 "https://www.bespoketrading.com.lab2454.com/whsy.php?p=%2Fhome%2Flab2454c%2Figpma.com%2Fwp-content%2Fuploads%2F2022%2F07" "Mozilla/5.0 AppleWebKit/537.36 (KHTML, like Gecko; compatible; GPTBot/1.3; +https://openai.com/gptbot)"
217.182.195.176 - - [16/Apr/2026:19:09:32 +0000] "GET /whsy.php?p=/home/lab2454c/aficb.com/vendor/nikic/php-parser/lib/PhpParser/NodeVisitor HTTP/1.1" 200 909 "-" "Mozilla/5.0 (compatible; MJ12bot/v1.4.8; http://mj12bot.com/)"
