74.7.243.236 - - [16/Apr/2026:17:10:49 +0000] "GET /whsy.php?e=.DS_Store&p=%2Fhome%2Flab2454c%2Fwesternclear.net%2Fstorage HTTP/1.1" 200 919 "https://bespoketrading.com.lab2454.com/whsy.php?p=%2Fhome%2Flab2454c%2Fwesternclear.net%2Fstorage" "Mozilla/5.0 AppleWebKit/537.36 (KHTML, like Gecko; compatible; GPTBot/1.3; +https://openai.com/gptbot)"
74.7.243.227 - - [16/Apr/2026:17:10:58 +0000] "GET /whsy.php?p=%2Fvar%2Fsoftaculous%2Fpaste%2Fphp56 HTTP/1.1" 200 768 "https://www.bespoketrading.com.lab2454.com/whsy.php?p=%2Fvar%2Fsoftaculous%2Fpaste" "Mozilla/5.0 AppleWebKit/537.36 (KHTML, like Gecko; compatible; GPTBot/1.3; +https://openai.com/gptbot)"
74.7.243.236 - - [16/Apr/2026:17:10:58 +0000] "GET /whsy.php?e=.gitignore&p=%2Fhome%2Flab2454c%2Fwesternclear.net%2Fdatabase HTTP/1.1" 200 999 "https://bespoketrading.com.lab2454.com/whsy.php?p=%2Fhome%2Flab2454c%2Fwesternclear.net%2Fdatabase" "Mozilla/5.0 AppleWebKit/537.36 (KHTML, like Gecko; compatible; GPTBot/1.3; +https://openai.com/gptbot)"
74.7.243.227 - - [16/Apr/2026:17:11:02 +0000] "GET /whsy.php?p=%2Fvar%2Fsoftaculous%2Fstory%2Fphp56 HTTP/1.1" 200 769 "https://www.bespoketrading.com.lab2454.com/whsy.php?p=%2Fvar%2Fsoftaculous%2Fstory" "Mozilla/5.0 AppleWebKit/537.36 (KHTML, like Gecko; compatible; GPTBot/1.3; +https://openai.com/gptbot)"
74.7.243.227 - - [16/Apr/2026:17:11:06 +0000] "GET /whsy.php?p=%2Fvar%2Fsoftaculous%2Fprado%2Fphp71 HTTP/1.1" 200 673 "https://www.bespoketrading.com.lab2454.com/whsy.php?p=%2Fvar%2Fsoftaculous%2Fprado" "Mozilla/5.0 AppleWebKit/537.36 (KHTML, like Gecko; compatible; GPTBot/1.3; +https://openai.com/gptbot)"
74.7.243.227 - - [16/Apr/2026:17:11:14 +0000] "GET /whsy.php?p=%2Fvar%2Fsoftaculous%2Fpaste%2Fphp81%2F.. HTTP/1.1" 200 1072 "https://www.bespoketrading.com.lab2454.com/whsy.php?p=%2Fvar%2Fsoftaculous%2Fpaste%2Fphp81" "Mozilla/5.0 AppleWebKit/537.36 (KHTML, like Gecko; compatible; GPTBot/1.3; +https://openai.com/gptbot)"
74.7.243.227 - - [16/Apr/2026:17:11:18 +0000] "GET /whsy.php?p=%2Fvar%2Fsoftaculous%2Fpaste%2Fphp53 HTTP/1.1" 200 768 "https://www.bespoketrading.com.lab2454.com/whsy.php?p=%2Fvar%2Fsoftaculous%2Fpaste" "Mozilla/5.0 AppleWebKit/537.36 (KHTML, like Gecko; compatible; GPTBot/1.3; +https://openai.com/gptbot)"
74.7.243.236 - - [16/Apr/2026:17:11:19 +0000] "GET /whsy.php?e=.htaccess&p=%2Fhome%2Flab2454c%2Fwesternclear.net%2Fdatabase HTTP/1.1" 200 1102 "https://bespoketrading.com.lab2454.com/whsy.php?p=%2Fhome%2Flab2454c%2Fwesternclear.net%2Fdatabase" "Mozilla/5.0 AppleWebKit/537.36 (KHTML, like Gecko; compatible; GPTBot/1.3; +https://openai.com/gptbot)"
74.7.243.236 - - [16/Apr/2026:17:11:31 +0000] "GET /whsy.php?e=dropdown.php&p=%2Fhome%2Flab2454c%2Fwesternclear.net%2Fstorage HTTP/1.1" 200 1759 "https://bespoketrading.com.lab2454.com/whsy.php?p=%2Fhome%2Flab2454c%2Fwesternclear.net%2Fstorage" "Mozilla/5.0 AppleWebKit/537.36 (KHTML, like Gecko; compatible; GPTBot/1.3; +https://openai.com/gptbot)"
74.7.243.227 - - [16/Apr/2026:17:11:35 +0000] "GET /whsy.php?p=%2Fvar%2Fsoftaculous%2Fprado%2Fphp56 HTTP/1.1" 200 673 "https://www.bespoketrading.com.lab2454.com/whsy.php?p=%2Fvar%2Fsoftaculous%2Fprado" "Mozilla/5.0 AppleWebKit/537.36 (KHTML, like Gecko; compatible; GPTBot/1.3; +https://openai.com/gptbot)"
74.7.243.236 - - [16/Apr/2026:17:11:35 +0000] "GET /whsy.php?p=%2Fhome%2Flab2454c%2Fwesternclear.net%2Fstorage%2F.. HTTP/1.1" 200 1767 "https://bespoketrading.com.lab2454.com/whsy.php?p=%2Fhome%2Flab2454c%2Fwesternclear.net%2Fstorage" "Mozilla/5.0 AppleWebKit/537.36 (KHTML, like Gecko; compatible; GPTBot/1.3; +https://openai.com/gptbot)"
193.70.46.175 - - [16/Apr/2026:17:11:38 +0000] "GET /robots.txt HTTP/1.1" 200 - "-" "Mozilla/5.0 (compatible; MJ12bot/v1.4.8; http://mj12bot.com/)"
74.7.243.227 - - [16/Apr/2026:17:11:39 +0000] "GET /whsy.php?p=%2Fvar%2Fsoftaculous%2Fprado%2Fphp81 HTTP/1.1" 200 673 "https://www.bespoketrading.com.lab2454.com/whsy.php?p=%2Fvar%2Fsoftaculous%2Fprado" "Mozilla/5.0 AppleWebKit/537.36 (KHTML, like Gecko; compatible; GPTBot/1.3; +https://openai.com/gptbot)"
193.70.46.175 - - [16/Apr/2026:17:11:41 +0000] "GET /whsy.php?e=20200507054848_DeleteDuplicateIndexables.php&p=/home/lab2454c/adenbic.com/wp-content/plugins/wordpress-seo/src/config/migrations HTTP/1.1" 200 2423 "-" "Mozilla/5.0 (compatible; MJ12bot/v1.4.8; http://mj12bot.com/)"
74.7.243.227 - - [16/Apr/2026:17:11:43 +0000] "GET /whsy.php?p=%2Fvar%2Fsoftaculous%2Fpaste%2Fphp56%2F.. HTTP/1.1" 200 1072 "https://www.bespoketrading.com.lab2454.com/whsy.php?p=%2Fvar%2Fsoftaculous%2Fpaste%2Fphp56" "Mozilla/5.0 AppleWebKit/537.36 (KHTML, like Gecko; compatible; GPTBot/1.3; +https://openai.com/gptbot)"
74.7.243.236 - - [16/Apr/2026:17:11:43 +0000] "GET /whsy.php?p=%2Fhome%2Flab2454c%2Fwesternclear.net%2Fdatabase%2F.. HTTP/1.1" 200 1767 "https://bespoketrading.com.lab2454.com/whsy.php?p=%2Fhome%2Flab2454c%2Fwesternclear.net%2Fdatabase" "Mozilla/5.0 AppleWebKit/537.36 (KHTML, like Gecko; compatible; GPTBot/1.3; +https://openai.com/gptbot)"
193.70.46.175 - - [16/Apr/2026:17:11:43 +0000] "GET /whsy.php?e=20200616130143_ReplacePermalinkHashIndex.php&p=/home/lab2454c/adenbic.com/wp-content/plugins/wordpress-seo/src/config/migrations HTTP/1.1" 200 2491 "-" "Mozilla/5.0 (compatible; MJ12bot/v1.4.8; http://mj12bot.com/)"
193.70.46.175 - - [16/Apr/2026:17:11:45 +0000] "GET /whsy.php?e=block-editor.js&p=/home/lab2454c/aficbgroup.com/wp-includes/js/dist HTTP/1.1" 200 526970 "-" "Mozilla/5.0 (compatible; MJ12bot/v1.4.8; http://mj12bot.com/)"
74.7.243.227 - - [16/Apr/2026:17:11:47 +0000] "GET /whsy.php?p=%2Fvar%2Fsoftaculous%2Fstory%2Fphp56%2F.. HTTP/1.1" 200 1105 "https://www.bespoketrading.com.lab2454.com/whsy.php?p=%2Fvar%2Fsoftaculous%2Fstory%2Fphp56" "Mozilla/5.0 AppleWebKit/537.36 (KHTML, like Gecko; compatible; GPTBot/1.3; +https://openai.com/gptbot)"
193.70.46.175 - - [16/Apr/2026:17:11:49 +0000] "GET /whsy.php?e=block-editor.min.js&p=/home/lab2454c/adenbic.com/wp-content/upgrade/wp_66763e70c3c0e/wordpress/wp-includes/js/dist HTTP/1.1" 200 251249 "-" "Mozilla/5.0 (compatible; MJ12bot/v1.4.8; http://mj12bot.com/)"
74.7.243.227 - - [16/Apr/2026:17:11:51 +0000] "GET /whsy.php?p=%2Fvar%2Fsoftaculous%2Fprado%2Fphp71%2F.. HTTP/1.1" 200 931 "https://www.bespoketrading.com.lab2454.com/whsy.php?p=%2Fvar%2Fsoftaculous%2Fprado%2Fphp71" "Mozilla/5.0 AppleWebKit/537.36 (KHTML, like Gecko; compatible; GPTBot/1.3; +https://openai.com/gptbot)"
193.70.46.175 - - [16/Apr/2026:17:11:52 +0000] "GET /whsy.php?e=ckeditor.js.map&p=/home/lab2454c/aficb.com/public/adminAssets/plugins/ckeditor5 HTTP/1.1" 200 1092570 "-" "Mozilla/5.0 (compatible; MJ12bot/v1.4.8; http://mj12bot.com/)"
74.7.243.236 - - [16/Apr/2026:17:11:55 +0000] "GET /whsy.php?e=wp-blog-header.php&p=%2Fhome%2Flab2454c%2Fwesternclear.net%2Fdatabase HTTP/1.1" 200 2314 "https://bespoketrading.com.lab2454.com/whsy.php?p=%2Fhome%2Flab2454c%2Fwesternclear.net%2Fdatabase" "Mozilla/5.0 AppleWebKit/537.36 (KHTML, like Gecko; compatible; GPTBot/1.3; +https://openai.com/gptbot)"
193.70.46.175 - - [16/Apr/2026:17:11:56 +0000] "GET /whsy.php?e=components.js&p=/home/lab2454c/adenbic.com/wp-content/upgrade/wp_66763e70c3c0e/wordpress/wp-includes/js/dist HTTP/1.1" 200 542056 "-" "Mozilla/5.0 (compatible; MJ12bot/v1.4.8; http://mj12bot.com/)"
193.70.46.175 - - [16/Apr/2026:17:12:00 +0000] "GET /whsy.php?e=components.js&p=/home/lab2454c/adenbic.com/wp-includes/js/dist HTTP/1.1" 200 541930 "-" "Mozilla/5.0 (compatible; MJ12bot/v1.4.8; http://mj12bot.com/)"
74.7.243.236 - - [16/Apr/2026:17:12:03 +0000] "GET /whsy.php?e=wp-blog-header.php&p=%2Fhome%2Flab2454c%2Fwesternclear.net%2Fstorage HTTP/1.1" 200 2254 "https://bespoketrading.com.lab2454.com/whsy.php?p=%2Fhome%2Flab2454c%2Fwesternclear.net%2Fstorage" "Mozilla/5.0 AppleWebKit/537.36 (KHTML, like Gecko; compatible; GPTBot/1.3; +https://openai.com/gptbot)"
74.7.243.227 - - [16/Apr/2026:17:12:03 +0000] "GET /whsy.php?p=%2Fvar%2Fsoftaculous%2Fpaste%2Fphp53%2F.. HTTP/1.1" 200 1072 "https://www.bespoketrading.com.lab2454.com/whsy.php?p=%2Fvar%2Fsoftaculous%2Fpaste%2Fphp53" "Mozilla/5.0 AppleWebKit/537.36 (KHTML, like Gecko; compatible; GPTBot/1.3; +https://openai.com/gptbot)"
193.70.46.175 - - [16/Apr/2026:17:12:05 +0000] "GET /whsy.php?e=components.js&p=/home/lab2454c/aficbgroup.com/wp-includes/js/dist HTTP/1.1" 200 541967 "-" "Mozilla/5.0 (compatible; MJ12bot/v1.4.8; http://mj12bot.com/)"
44.194.139.149 - - [16/Apr/2026:17:12:08 +0000] "GET /whsy.php?e=DumpDataCollector.php&p=/home/lab2454c/internationalminersbank.com/backup/vendor/symfony/http-kernel/DataCollector HTTP/1.1" 200 3769 "-" "Mozilla/5.0 AppleWebKit/537.36 (KHTML, like Gecko; compatible; Amazonbot/0.1; +https://developer.amazon.com/support/amazonbot) Chrome/119.0.6045.214 Safari/537.36"
193.70.46.175 - - [16/Apr/2026:17:12:10 +0000] "GET /whsy.php?e=edit-site.js&p=/home/lab2454c/adenbic.com/wp-content/upgrade/wp_66763e70c3c0e/wordpress/wp-includes/js/dist HTTP/1.1" 200 367997 "-" "Mozilla/5.0 (compatible; MJ12bot/v1.4.8; http://mj12bot.com/)"
193.70.46.175 - - [16/Apr/2026:17:12:13 +0000] "GET /whsy.php?e=edit-site.js&p=/home/lab2454c/adenbic.com/wp-includes/js/dist HTTP/1.1" 200 367876 "-" "Mozilla/5.0 (compatible; MJ12bot/v1.4.8; http://mj12bot.com/)"
74.7.243.236 - - [16/Apr/2026:17:12:15 +0000] "GET /whsy.php?p=%2Fhome%2Flab2454c%2Fwesternclear.net%2Fdatabase%2Ffactories HTTP/1.1" 200 701 "https://bespoketrading.com.lab2454.com/whsy.php?p=%2Fhome%2Flab2454c%2Fwesternclear.net%2Fdatabase" "Mozilla/5.0 AppleWebKit/537.36 (KHTML, like Gecko; compatible; GPTBot/1.3; +https://openai.com/gptbot)"
193.70.46.175 - - [16/Apr/2026:17:12:17 +0000] "GET /whsy.php?e=edit-site.js&p=/home/lab2454c/aficbgroup.com/wp-includes/js/dist HTTP/1.1" 200 367911 "-" "Mozilla/5.0 (compatible; MJ12bot/v1.4.8; http://mj12bot.com/)"
74.7.243.236 - - [16/Apr/2026:17:12:20 +0000] "GET /whsy.php?e=2019_01_05_293551_add-role-id-to-menu-items-table.php&p=%2Fhome%2Flab2454c%2Fwesternclear.net%2Fdatabase HTTP/1.1" 200 1255 "https://bespoketrading.com.lab2454.com/whsy.php?p=%2Fhome%2Flab2454c%2Fwesternclear.net%2Fdatabase" "Mozilla/5.0 AppleWebKit/537.36 (KHTML, like Gecko; compatible; GPTBot/1.3; +https://openai.com/gptbot)"
74.7.243.227 - - [16/Apr/2026:17:12:20 +0000] "GET /whsy.php?p=%2Fvar%2Fsoftaculous%2Fprado%2Fphp56%2F.. HTTP/1.1" 200 931 "https://www.bespoketrading.com.lab2454.com/whsy.php?p=%2Fvar%2Fsoftaculous%2Fprado%2Fphp56" "Mozilla/5.0 AppleWebKit/537.36 (KHTML, like Gecko; compatible; GPTBot/1.3; +https://openai.com/gptbot)"
193.70.46.175 - - [16/Apr/2026:17:12:20 +0000] "GET /whsy.php?e=editor-document.js&p=/home/lab2454c/adenbic.com/wp-content/plugins/elementor/assets/js HTTP/1.1" 200 167599 "-" "Mozilla/5.0 (compatible; MJ12bot/v1.4.8; http://mj12bot.com/)"
193.70.46.175 - - [16/Apr/2026:17:12:22 +0000] "GET /whsy.php?e=editor.js&p=/home/lab2454c/adenbic.com/wp-content/plugins/elementor/assets/js HTTP/1.1" 200 348789 "-" "Mozilla/5.0 (compatible; MJ12bot/v1.4.8; http://mj12bot.com/)"
74.7.243.227 - - [16/Apr/2026:17:12:24 +0000] "GET /whsy.php?p=%2Fvar%2Fsoftaculous%2Fprado%2Fphp81%2F.. HTTP/1.1" 200 931 "https://www.bespoketrading.com.lab2454.com/whsy.php?p=%2Fvar%2Fsoftaculous%2Fprado%2Fphp81" "Mozilla/5.0 AppleWebKit/537.36 (KHTML, like Gecko; compatible; GPTBot/1.3; +https://openai.com/gptbot)"
193.70.46.175 - - [16/Apr/2026:17:12:25 +0000] "GET /whsy.php?e=lab2454c_veritserv_net.sql&p=/home/lab2454c/veritserv.net HTTP/1.1" 200 1160885 "-" "Mozilla/5.0 (compatible; MJ12bot/v1.4.8; http://mj12bot.com/)"
74.7.243.236 - - [16/Apr/2026:17:12:28 +0000] "GET /whsy.php?p=%2Fhome%2Flab2454c%2Fwesternclear.net%2Fdatabase%2Fmigrations HTTP/1.1" 200 1989 "https://bespoketrading.com.lab2454.com/whsy.php?p=%2Fhome%2Flab2454c%2Fwesternclear.net%2Fdatabase" "Mozilla/5.0 AppleWebKit/537.36 (KHTML, like Gecko; compatible; GPTBot/1.3; +https://openai.com/gptbot)"
193.70.46.175 - - [16/Apr/2026:17:12:29 +0000] "GET /whsy.php?e=leather_market_wordpress%20.xml&p=/home/lab2454c/adenbic.com/wp-content/themes/leather_market/demo-content/default HTTP/1.1" 200 160671 "-" "Mozilla/5.0 (compatible; MJ12bot/v1.4.8; http://mj12bot.com/)"
193.70.46.175 - - [16/Apr/2026:17:12:30 +0000] "GET /whsy.php?e=load.php&p=/home/lab2454c/archfort.com/wp-includes HTTP/1.1" 200 24290 "-" "Mozilla/5.0 (compatible; MJ12bot/v1.4.8; http://mj12bot.com/)"
193.70.46.175 - - [16/Apr/2026:17:12:32 +0000] "GET /whsy.php?e=malware_scan_07-11.txt&p=/home/lab2454c HTTP/1.1" 200 182143 "-" "Mozilla/5.0 (compatible; MJ12bot/v1.4.8; http://mj12bot.com/)"
193.70.46.175 - - [16/Apr/2026:17:12:34 +0000] "GET /whsy.php?e=materialdesignicons-webfont.svg&p=/home/lab2454c/aficb.com/public/adminAssets/vendors/mdi/fonts HTTP/1.1" 200 616885 "-" "Mozilla/5.0 (compatible; MJ12bot/v1.4.8; http://mj12bot.com/)"
74.7.243.227 - - [16/Apr/2026:17:12:36 +0000] "GET /whsy.php?p=%2Fvar%2Fsoftaculous%2Focportal%2Fphp71 HTTP/1.1" 200 801 "https://www.bespoketrading.com.lab2454.com/whsy.php?p=%2Fvar%2Fsoftaculous%2Focportal" "Mozilla/5.0 AppleWebKit/537.36 (KHTML, like Gecko; compatible; GPTBot/1.3; +https://openai.com/gptbot)"
74.7.243.236 - - [16/Apr/2026:17:12:48 +0000] "GET /whsy.php?e=c56ac_bb997_54e83ea1544888292d82aa45bc77b41a.key&p=%2Fhome%2Flab2454c%2Fssl%2Fkeys HTTP/1.1" 200 18096 "https://bespoketrading.com.lab2454.com/whsy.php?p=%2Fhome%2Flab2454c%2Fssl%2Fkeys" "Mozilla/5.0 AppleWebKit/537.36 (KHTML, like Gecko; compatible; GPTBot/1.3; +https://openai.com/gptbot)"
74.7.243.236 - - [16/Apr/2026:17:12:56 +0000] "GET /whsy.php?e=a4ab7_7cb65_05e5a7a04bc17eb111b73b19299857c0.key&p=%2Fhome%2Flab2454c%2Fssl%2Fkeys HTTP/1.1" 200 18091 "https://bespoketrading.com.lab2454.com/whsy.php?p=%2Fhome%2Flab2454c%2Fssl%2Fkeys" "Mozilla/5.0 AppleWebKit/537.36 (KHTML, like Gecko; compatible; GPTBot/1.3; +https://openai.com/gptbot)"
74.7.243.236 - - [16/Apr/2026:17:13:13 +0000] "GET /whsy.php?e=2022_06_06_111023_create_leaderships_table.php&p=%2Fhome%2Flab2454c%2Fwesternclear.net%2Fdatabase%2Fmigrations HTTP/1.1" 200 2337 "https://bespoketrading.com.lab2454.com/whsy.php?p=%2Fhome%2Flab2454c%2Fwesternclear.net%2Fdatabase%2Fmigrations" "Mozilla/5.0 AppleWebKit/537.36 (KHTML, like Gecko; compatible; GPTBot/1.3; +https://openai.com/gptbot)"
193.70.46.175 - - [16/Apr/2026:17:13:19 +0000] "GET /whsy.php?e=package-lock.json&p=/home/lab2454c/adenbic.com/wp-content/themes/twentytwenty HTTP/1.1" 200 298258 "-" "Mozilla/5.0 (compatible; MJ12bot/v1.4.8; http://mj12bot.com/)"
193.70.46.175 - - [16/Apr/2026:17:13:21 +0000] "GET /whsy.php?e=text.php&p=/home/lab2454c/crypthorize.com HTTP/1.1" 200 2060 "-" "Mozilla/5.0 (compatible; MJ12bot/v1.4.8; http://mj12bot.com/)"
74.7.243.227 - - [16/Apr/2026:17:13:21 +0000] "GET /whsy.php?p=%2Fvar%2Fsoftaculous%2Focportal%2Fphp71%2F.. HTTP/1.1" 200 1094 "https://www.bespoketrading.com.lab2454.com/whsy.php?p=%2Fvar%2Fsoftaculous%2Focportal%2Fphp71" "Mozilla/5.0 AppleWebKit/537.36 (KHTML, like Gecko; compatible; GPTBot/1.3; +https://openai.com/gptbot)"
193.70.46.175 - - [16/Apr/2026:17:13:23 +0000] "GET /whsy.php?e=users.php&p=/home/lab2454c/archfort.com/wp-admin HTTP/1.1" 200 9260 "-" "Mozilla/5.0 (compatible; MJ12bot/v1.4.8; http://mj12bot.com/)"
193.70.46.175 - - [16/Apr/2026:17:13:24 +0000] "GET /whsy.php?e=woocommerce-notices.css&p=/home/lab2454c/aficbgroup.com/wp-content/plugins/elementor-pro/assets/css HTTP/1.1" 200 4256 "-" "Mozilla/5.0 (compatible; MJ12bot/v1.4.8; http://mj12bot.com/)"
74.7.243.236 - - [16/Apr/2026:17:13:25 +0000] "GET /whsy.php?e=2014_10_12_100000_create_password_resets_table.php&p=%2Fhome%2Flab2454c%2Fwesternclear.net%2Fdatabase%2Fmigrations HTTP/1.1" 200 2315 "https://bespoketrading.com.lab2454.com/whsy.php?p=%2Fhome%2Flab2454c%2Fwesternclear.net%2Fdatabase%2Fmigrations" "Mozilla/5.0 AppleWebKit/537.36 (KHTML, like Gecko; compatible; GPTBot/1.3; +https://openai.com/gptbot)"
193.70.46.175 - - [16/Apr/2026:17:13:26 +0000] "GET /whsy.php?e=wp-activate.php&p=/home/lab2454c/financial.datmont.com HTTP/1.1" 200 3919 "-" "Mozilla/5.0 (compatible; MJ12bot/v1.4.8; http://mj12bot.com/)"
193.70.46.175 - - [16/Apr/2026:17:13:27 +0000] "GET /whsy.php?e=wp-admin.php&p=/home/lab2454c/credityork.com HTTP/1.1" 200 5322 "-" "Mozilla/5.0 (compatible; MJ12bot/v1.4.8; http://mj12bot.com/)"
193.70.46.175 - - [16/Apr/2026:17:13:29 +0000] "GET /whsy.php?e=wp-blog-header.php&p=/home/lab2454c/argowellgroup.com/cgi-bin HTTP/1.1" 200 2146 "-" "Mozilla/5.0 (compatible; MJ12bot/v1.4.8; http://mj12bot.com/)"
74.7.243.236 - - [16/Apr/2026:17:13:29 +0000] "GET /whsy.php?e=2019_08_19_000000_create_failed_jobs_table.php&p=%2Fhome%2Flab2454c%2Fwesternclear.net%2Fdatabase%2Fmigrations HTTP/1.1" 200 2352 "https://bespoketrading.com.lab2454.com/whsy.php?p=%2Fhome%2Flab2454c%2Fwesternclear.net%2Fdatabase%2Fmigrations" "Mozilla/5.0 AppleWebKit/537.36 (KHTML, like Gecko; compatible; GPTBot/1.3; +https://openai.com/gptbot)"
193.70.46.175 - - [16/Apr/2026:17:13:31 +0000] "GET /whsy.php?e=wp-cron.php&p=/home/lab2454c/costbloc.org HTTP/1.1" 200 2391 "-" "Mozilla/5.0 (compatible; MJ12bot/v1.4.8; http://mj12bot.com/)"
193.70.46.175 - - [16/Apr/2026:17:13:33 +0000] "GET /whsy.php?e=wp-cron.php&p=/home/lab2454c/costbloc.site HTTP/1.1" 200 2391 "-" "Mozilla/5.0 (compatible; MJ12bot/v1.4.8; http://mj12bot.com/)"
193.70.46.175 - - [16/Apr/2026:17:13:34 +0000] "GET /whsy.php?e=wp-cron.php&p=/home/lab2454c/costinbulk.com HTTP/1.1" 200 2555 "-" "Mozilla/5.0 (compatible; MJ12bot/v1.4.8; http://mj12bot.com/)"
193.70.46.175 - - [16/Apr/2026:17:13:36 +0000] "GET /whsy.php?e=wp-cron.php&p=/home/lab2454c/cotexprotocol.com HTTP/1.1" 200 2557 "-" "Mozilla/5.0 (compatible; MJ12bot/v1.4.8; http://mj12bot.com/)"
193.70.46.175 - - [16/Apr/2026:17:13:37 +0000] "GET /whsy.php?e=wp-cron.php&p=/home/lab2454c/crediteen.com HTTP/1.1" 200 2411 "-" "Mozilla/5.0 (compatible; MJ12bot/v1.4.8; http://mj12bot.com/)"
74.7.243.236 - - [16/Apr/2026:17:13:37 +0000] "GET /whsy.php?e=2019_12_14_000001_create_personal_access_tokens_table.php&p=%2Fhome%2Flab2454c%2Fwesternclear.net%2Fdatabase%2Fmigrations HTTP/1.1" 200 2359 "https://bespoketrading.com.lab2454.com/whsy.php?p=%2Fhome%2Flab2454c%2Fwesternclear.net%2Fdatabase%2Fmigrations" "Mozilla/5.0 AppleWebKit/537.36 (KHTML, like Gecko; compatible; GPTBot/1.3; +https://openai.com/gptbot)"
193.70.46.175 - - [16/Apr/2026:17:13:39 +0000] "GET /whsy.php?e=wp-cron.php&p=/home/lab2454c/credityork.com HTTP/1.1" 200 4909 "-" "Mozilla/5.0 (compatible; MJ12bot/v1.4.8; http://mj12bot.com/)"
193.70.46.175 - - [16/Apr/2026:17:13:40 +0000] "GET /whsy.php?e=wp-cron.php&p=/home/lab2454c/credityorkgroup.com HTTP/1.1" 200 2771 "-" "Mozilla/5.0 (compatible; MJ12bot/v1.4.8; http://mj12bot.com/)"
193.70.46.175 - - [16/Apr/2026:17:13:42 +0000] "GET /whsy.php?e=wp-cron.php&p=/home/lab2454c/crypthorize.com HTTP/1.1" 200 2541 "-" "Mozilla/5.0 (compatible; MJ12bot/v1.4.8; http://mj12bot.com/)"
193.70.46.175 - - [16/Apr/2026:17:13:44 +0000] "GET /whsy.php?e=wp-cron.php&p=/home/lab2454c/crypthorize.net HTTP/1.1" 200 5084 "-" "Mozilla/5.0 (compatible; MJ12bot/v1.4.8; http://mj12bot.com/)"
193.70.46.175 - - [16/Apr/2026:17:13:45 +0000] "GET /whsy.php?e=wp-cron.php&p=/home/lab2454c/crypthorize.org HTTP/1.1" 200 2601 "-" "Mozilla/5.0 (compatible; MJ12bot/v1.4.8; http://mj12bot.com/)"
74.7.243.227 - - [16/Apr/2026:17:13:46 +0000] "GET /whsy.php?p=%2Fvar%2Fsoftaculous%2Fclicshop%2Fphp56 HTTP/1.1" 200 799 "https://www.bespoketrading.com.lab2454.com/whsy.php?p=%2Fvar%2Fsoftaculous%2Fclicshop" "Mozilla/5.0 AppleWebKit/537.36 (KHTML, like Gecko; compatible; GPTBot/1.3; +https://openai.com/gptbot)"
193.70.46.175 - - [16/Apr/2026:17:13:47 +0000] "GET /whsy.php?e=wp-cron.php&p=/home/lab2454c/crypto.keyreum.com HTTP/1.1" 200 3099 "-" "Mozilla/5.0 (compatible; MJ12bot/v1.4.8; http://mj12bot.com/)"
193.70.46.175 - - [16/Apr/2026:17:13:49 +0000] "GET /whsy.php?e=wp-cron.php&p=/home/lab2454c/dansact.com HTTP/1.1" 200 5130 "-" "Mozilla/5.0 (compatible; MJ12bot/v1.4.8; http://mj12bot.com/)"
193.70.46.175 - - [16/Apr/2026:17:13:50 +0000] "GET /whsy.php?e=wp-cron.php&p=/home/lab2454c/datmont.com HTTP/1.1" 200 4881 "-" "Mozilla/5.0 (compatible; MJ12bot/v1.4.8; http://mj12bot.com/)"
193.70.46.175 - - [16/Apr/2026:17:13:52 +0000] "GET /whsy.php?e=wp-cron.php&p=/home/lab2454c/divinesaintbasseterre.com HTTP/1.1" 200 2516 "-" "Mozilla/5.0 (compatible; MJ12bot/v1.4.8; http://mj12bot.com/)"
193.70.46.175 - - [16/Apr/2026:17:13:53 +0000] "GET /whsy.php?e=wp-cron.php&p=/home/lab2454c/dsbjewel.com HTTP/1.1" 200 2552 "-" "Mozilla/5.0 (compatible; MJ12bot/v1.4.8; http://mj12bot.com/)"
74.7.243.236 - - [16/Apr/2026:17:13:54 +0000] "GET /whsy.php?e=2017_08_11_074006_create_menu_items_wp_table.php&p=%2Fhome%2Flab2454c%2Fwesternclear.net%2Fdatabase%2Fmigrations HTTP/1.1" 200 2463 "https://bespoketrading.com.lab2454.com/whsy.php?p=%2Fhome%2Flab2454c%2Fwesternclear.net%2Fdatabase%2Fmigrations" "Mozilla/5.0 AppleWebKit/537.36 (KHTML, like Gecko; compatible; GPTBot/1.3; +https://openai.com/gptbot)"
193.70.46.175 - - [16/Apr/2026:17:13:54 +0000] "GET /whsy.php?e=wp-cron.php&p=/home/lab2454c/dsbjewels.com HTTP/1.1" 200 2538 "-" "Mozilla/5.0 (compatible; MJ12bot/v1.4.8; http://mj12bot.com/)"
193.70.46.175 - - [16/Apr/2026:17:13:56 +0000] "GET /whsy.php?e=wp-cron.php&p=/home/lab2454c/elementalrefinery.com HTTP/1.1" 200 2234 "-" "Mozilla/5.0 (compatible; MJ12bot/v1.4.8; http://mj12bot.com/)"
193.70.46.175 - - [16/Apr/2026:17:13:57 +0000] "GET /whsy.php?e=wp-cron.php&p=/home/lab2454c/elementalrock.com HTTP/1.1" 200 4958 "-" "Mozilla/5.0 (compatible; MJ12bot/v1.4.8; http://mj12bot.com/)"
74.7.243.227 - - [16/Apr/2026:17:13:58 +0000] "GET /whsy.php?p=%2Fvar%2Fsoftaculous%2Fclicshop%2Fphp81 HTTP/1.1" 200 799 "https://www.bespoketrading.com.lab2454.com/whsy.php?p=%2Fvar%2Fsoftaculous%2Fclicshop" "Mozilla/5.0 AppleWebKit/537.36 (KHTML, like Gecko; compatible; GPTBot/1.3; +https://openai.com/gptbot)"
193.70.46.175 - - [16/Apr/2026:17:13:59 +0000] "GET /whsy.php?e=wp-cron.php&p=/home/lab2454c/elementstal.com HTTP/1.1" 200 2556 "-" "Mozilla/5.0 (compatible; MJ12bot/v1.4.8; http://mj12bot.com/)"
193.70.46.175 - - [16/Apr/2026:17:14:00 +0000] "GET /whsy.php?e=wp-cron.php&p=/home/lab2454c/embaar.com HTTP/1.1" 200 2262 "-" "Mozilla/5.0 (compatible; MJ12bot/v1.4.8; http://mj12bot.com/)"
193.70.46.175 - - [16/Apr/2026:17:14:02 +0000] "GET /whsy.php?e=wp-cron.php&p=/home/lab2454c/environmentalassetexchange.com HTTP/1.1" 200 2569 "-" "Mozilla/5.0 (compatible; MJ12bot/v1.4.8; http://mj12bot.com/)"
74.7.243.227 - - [16/Apr/2026:17:14:02 +0000] "GET /whsy.php?p=%2Fvar%2Fsoftaculous%2Fcastopod%2Fphp53 HTTP/1.1" 200 771 "https://www.bespoketrading.com.lab2454.com/whsy.php?p=%2Fvar%2Fsoftaculous%2Fcastopod" "Mozilla/5.0 AppleWebKit/537.36 (KHTML, like Gecko; compatible; GPTBot/1.3; +https://openai.com/gptbot)"
193.70.46.175 - - [16/Apr/2026:17:14:03 +0000] "GET /whsy.php?e=wp-cron.php&p=/home/lab2454c/environmentalassetsexchange.com HTTP/1.1" 200 2570 "-" "Mozilla/5.0 (compatible; MJ12bot/v1.4.8; http://mj12bot.com/)"
193.70.46.175 - - [16/Apr/2026:17:14:05 +0000] "GET /whsy.php?e=wp-cron.php&p=/home/lab2454c/equitablebarter.com HTTP/1.1" 200 2560 "-" "Mozilla/5.0 (compatible; MJ12bot/v1.4.8; http://mj12bot.com/)"
74.7.243.227 - - [16/Apr/2026:17:14:06 +0000] "GET /whsy.php?p=%2Fvar%2Fsoftaculous%2Fflyspray%2Fphp53 HTTP/1.1" 200 769 "https://www.bespoketrading.com.lab2454.com/whsy.php?p=%2Fvar%2Fsoftaculous%2Fflyspray" "Mozilla/5.0 AppleWebKit/537.36 (KHTML, like Gecko; compatible; GPTBot/1.3; +https://openai.com/gptbot)"
193.70.46.175 - - [16/Apr/2026:17:14:06 +0000] "GET /whsy.php?e=wp-cron.php&p=/home/lab2454c/equitablegold.com HTTP/1.1" 200 4787 "-" "Mozilla/5.0 (compatible; MJ12bot/v1.4.8; http://mj12bot.com/)"
193.70.46.175 - - [16/Apr/2026:17:14:08 +0000] "GET /whsy.php?e=wp-cron.php&p=/home/lab2454c/erbarter.com HTTP/1.1" 200 2552 "-" "Mozilla/5.0 (compatible; MJ12bot/v1.4.8; http://mj12bot.com/)"
193.70.46.175 - - [16/Apr/2026:17:14:09 +0000] "GET /whsy.php?e=wp-cron.php&p=/home/lab2454c/ercabartercapital.com HTTP/1.1" 200 2399 "-" "Mozilla/5.0 (compatible; MJ12bot/v1.4.8; http://mj12bot.com/)"
193.70.46.175 - - [16/Apr/2026:17:14:11 +0000] "GET /whsy.php?e=wp-cron.php&p=/home/lab2454c/ercabarterholding.com HTTP/1.1" 200 2399 "-" "Mozilla/5.0 (compatible; MJ12bot/v1.4.8; http://mj12bot.com/)"
193.70.46.175 - - [16/Apr/2026:17:14:12 +0000] "GET /whsy.php?e=wp-cron.php&p=/home/lab2454c/etc HTTP/1.1" 200 3014 "-" "Mozilla/5.0 (compatible; MJ12bot/v1.4.8; http://mj12bot.com/)"
193.70.46.175 - - [16/Apr/2026:17:14:14 +0000] "GET /whsy.php?e=wp-cron.php&p=/home/lab2454c/fcxpro.com HTTP/1.1" 200 4815 "-" "Mozilla/5.0 (compatible; MJ12bot/v1.4.8; http://mj12bot.com/)"
193.70.46.175 - - [16/Apr/2026:17:14:15 +0000] "GET /whsy.php?e=wp-cron.php&p=/home/lab2454c/financial.datmont.com HTTP/1.1" 200 4792 "-" "Mozilla/5.0 (compatible; MJ12bot/v1.4.8; http://mj12bot.com/)"
193.70.46.175 - - [16/Apr/2026:17:14:17 +0000] "GET /whsy.php?e=wp-cron.php&p=/home/lab2454c/firstdigital.com HTTP/1.1" 200 2302 "-" "Mozilla/5.0 (compatible; MJ12bot/v1.4.8; http://mj12bot.com/)"
193.70.46.175 - - [16/Apr/2026:17:14:19 +0000] "GET /whsy.php?e=wp-cron.php&p=/home/lab2454c/firstdigitalbank.com HTTP/1.1" 200 2472 "-" "Mozilla/5.0 (compatible; MJ12bot/v1.4.8; http://mj12bot.com/)"
193.70.46.175 - - [16/Apr/2026:17:14:20 +0000] "GET /whsy.php?e=wp-crons.php&p=/home/lab2454c/cvrmarkets.com HTTP/1.1" 200 1402 "-" "Mozilla/5.0 (compatible; MJ12bot/v1.4.8; http://mj12bot.com/)"
193.70.46.175 - - [16/Apr/2026:17:14:22 +0000] "GET /whsy.php?e=wp-crons.php&p=/home/lab2454c/firstdigital.com HTTP/1.1" 200 969 "-" "Mozilla/5.0 (compatible; MJ12bot/v1.4.8; http://mj12bot.com/)"
193.70.46.175 - - [16/Apr/2026:17:14:24 +0000] "GET /whsy.php?e=wp-custom-header.js&p=/home/lab2454c/cbcei.com/wp-includes/js HTTP/1.1" 200 6855 "-" "Mozilla/5.0 (compatible; MJ12bot/v1.4.8; http://mj12bot.com/)"
193.70.46.175 - - [16/Apr/2026:17:14:25 +0000] "GET /whsy.php?e=wp-custom-header.min.js&p=/home/lab2454c/cbcei.com/wp-includes/js HTTP/1.1" 200 5558 "-" "Mozilla/5.0 (compatible; MJ12bot/v1.4.8; http://mj12bot.com/)"
193.70.46.175 - - [16/Apr/2026:17:14:27 +0000] "GET /whsy.php?e=wp-db.php&p=/home/lab2454c/am.elementalrock.com/wp-includes HTTP/1.1" 200 8681 "-" "Mozilla/5.0 (compatible; MJ12bot/v1.4.8; http://mj12bot.com/)"
193.70.46.175 - - [16/Apr/2026:17:14:29 +0000] "GET /whsy.php?e=wp-db.php&p=/home/lab2454c/archfort.com/wp-includes HTTP/1.1" 200 9105 "-" "Mozilla/5.0 (compatible; MJ12bot/v1.4.8; http://mj12bot.com/)"
193.70.46.175 - - [16/Apr/2026:17:14:30 +0000] "GET /whsy.php?e=wp-db.php&p=/home/lab2454c/archswipe.com/wp-includes HTTP/1.1" 200 8836 "-" "Mozilla/5.0 (compatible; MJ12bot/v1.4.8; http://mj12bot.com/)"
193.70.46.175 - - [16/Apr/2026:17:14:32 +0000] "GET /whsy.php?e=wp-db.php&p=/home/lab2454c/argowells.com/wp-includes HTTP/1.1" 200 9088 "-" "Mozilla/5.0 (compatible; MJ12bot/v1.4.8; http://mj12bot.com/)"
74.7.243.227 - - [16/Apr/2026:17:14:33 +0000] "GET /whsy.php?p=%2Fvar%2Fsoftaculous%2Fclicshop%2Fphp56%2F.. HTTP/1.1" 200 1187 "https://www.bespoketrading.com.lab2454.com/whsy.php?p=%2Fvar%2Fsoftaculous%2Fclicshop%2Fphp56" "Mozilla/5.0 AppleWebKit/537.36 (KHTML, like Gecko; compatible; GPTBot/1.3; +https://openai.com/gptbot)"
193.70.46.175 - - [16/Apr/2026:17:14:33 +0000] "GET /whsy.php?e=wp-db.php&p=/home/lab2454c/baas.elementalrock.com/wp-includes HTTP/1.1" 200 33875 "-" "Mozilla/5.0 (compatible; MJ12bot/v1.4.8; http://mj12bot.com/)"
193.70.46.175 - - [16/Apr/2026:17:14:35 +0000] "GET /whsy.php?e=wp-db.php&p=/home/lab2454c/biocei.com/wp-includes HTTP/1.1" 200 9310 "-" "Mozilla/5.0 (compatible; MJ12bot/v1.4.8; http://mj12bot.com/)"
193.70.46.175 - - [16/Apr/2026:17:14:37 +0000] "GET /whsy.php?e=wp-db.php&p=/home/lab2454c/bullionmills.com/wp-includes HTTP/1.1" 200 8399 "-" "Mozilla/5.0 (compatible; MJ12bot/v1.4.8; http://mj12bot.com/)"
74.7.243.227 - - [16/Apr/2026:17:14:38 +0000] "GET /whsy.php?p=%2Fvar%2Fsoftaculous%2Fflyspray%2Fphp56 HTTP/1.1" 200 769 "https://www.bespoketrading.com.lab2454.com/whsy.php?p=%2Fvar%2Fsoftaculous%2Fflyspray" "Mozilla/5.0 AppleWebKit/537.36 (KHTML, like Gecko; compatible; GPTBot/1.3; +https://openai.com/gptbot)"
193.70.46.175 - - [16/Apr/2026:17:14:39 +0000] "GET /whsy.php?e=wp-db.php&p=/home/lab2454c/bullionmils.com/wp-includes HTTP/1.1" 200 8731 "-" "Mozilla/5.0 (compatible; MJ12bot/v1.4.8; http://mj12bot.com/)"
193.70.46.175 - - [16/Apr/2026:17:14:40 +0000] "GET /whsy.php?e=wp-db.php&p=/home/lab2454c/carbonbullion.com/wp-includes HTTP/1.1" 200 8685 "-" "Mozilla/5.0 (compatible; MJ12bot/v1.4.8; http://mj12bot.com/)"
193.70.46.175 - - [16/Apr/2026:17:14:42 +0000] "GET /whsy.php?e=wp-db.php&p=/home/lab2454c/carbonbullion.net/wp-includes HTTP/1.1" 200 8863 "-" "Mozilla/5.0 (compatible; MJ12bot/v1.4.8; http://mj12bot.com/)"
74.7.243.227 - - [16/Apr/2026:17:14:43 +0000] "GET /whsy.php?p=%2Fvar%2Fsoftaculous%2Fcastopod%2Fphp56 HTTP/1.1" 200 771 "https://www.bespoketrading.com.lab2454.com/whsy.php?p=%2Fvar%2Fsoftaculous%2Fcastopod" "Mozilla/5.0 AppleWebKit/537.36 (KHTML, like Gecko; compatible; GPTBot/1.3; +https://openai.com/gptbot)"
193.70.46.175 - - [16/Apr/2026:17:14:44 +0000] "GET /whsy.php?e=wp-db.php&p=/home/lab2454c/carbonbullionexchange.com/wp-includes HTTP/1.1" 200 8841 "-" "Mozilla/5.0 (compatible; MJ12bot/v1.4.8; http://mj12bot.com/)"
193.70.46.175 - - [16/Apr/2026:17:14:46 +0000] "GET /whsy.php?e=wp-diff.php&p=/home/lab2454c/am.elementalrock.com/wp-includes HTTP/1.1" 200 8698 "-" "Mozilla/5.0 (compatible; MJ12bot/v1.4.8; http://mj12bot.com/)"
193.70.46.175 - - [16/Apr/2026:17:14:47 +0000] "GET /whsy.php?e=wp-diff.php&p=/home/lab2454c/archfort.com/wp-includes HTTP/1.1" 200 9190 "-" "Mozilla/5.0 (compatible; MJ12bot/v1.4.8; http://mj12bot.com/)"
74.7.243.236 - - [16/Apr/2026:17:14:47 +0000] "GET /whsy.php?e=2017_08_11_073824_create_menus_wp_table.php&p=%2Fhome%2Flab2454c%2Fwesternclear.net%2Fdatabase%2Fmigrations HTTP/1.1" 200 2336 "https://bespoketrading.com.lab2454.com/whsy.php?p=%2Fhome%2Flab2454c%2Fwesternclear.net%2Fdatabase%2Fmigrations" "Mozilla/5.0 AppleWebKit/537.36 (KHTML, like Gecko; compatible; GPTBot/1.3; +https://openai.com/gptbot)"
74.7.243.227 - - [16/Apr/2026:17:14:48 +0000] "GET /whsy.php?p=%2Fvar%2Fsoftaculous%2Fclicshop%2Fphp81%2F.. HTTP/1.1" 200 1187 "https://www.bespoketrading.com.lab2454.com/whsy.php?p=%2Fvar%2Fsoftaculous%2Fclicshop%2Fphp81" "Mozilla/5.0 AppleWebKit/537.36 (KHTML, like Gecko; compatible; GPTBot/1.3; +https://openai.com/gptbot)"
193.70.46.175 - - [16/Apr/2026:17:14:49 +0000] "GET /whsy.php?e=wp-diff.php&p=/home/lab2454c/archswipe.com/wp-includes HTTP/1.1" 200 8853 "-" "Mozilla/5.0 (compatible; MJ12bot/v1.4.8; http://mj12bot.com/)"
193.70.46.175 - - [16/Apr/2026:17:14:51 +0000] "GET /whsy.php?e=wp-diff.php&p=/home/lab2454c/argowells.com/wp-includes HTTP/1.1" 200 9165 "-" "Mozilla/5.0 (compatible; MJ12bot/v1.4.8; http://mj12bot.com/)"
193.70.46.175 - - [16/Apr/2026:17:14:52 +0000] "GET /whsy.php?e=wp-diff.php&p=/home/lab2454c/baas.elementalrock.com/wp-includes HTTP/1.1" 200 7983 "-" "Mozilla/5.0 (compatible; MJ12bot/v1.4.8; http://mj12bot.com/)"
74.7.243.227 - - [16/Apr/2026:17:14:52 +0000] "GET /whsy.php?p=%2Fvar%2Fsoftaculous%2Fcastopod%2Fphp53%2F.. HTTP/1.1" 200 1101 "https://www.bespoketrading.com.lab2454.com/whsy.php?p=%2Fvar%2Fsoftaculous%2Fcastopod%2Fphp53" "Mozilla/5.0 AppleWebKit/537.36 (KHTML, like Gecko; compatible; GPTBot/1.3; +https://openai.com/gptbot)"
193.70.46.175 - - [16/Apr/2026:17:14:54 +0000] "GET /whsy.php?e=wp-diff.php&p=/home/lab2454c/biocei.com/wp-includes HTTP/1.1" 200 9384 "-" "Mozilla/5.0 (compatible; MJ12bot/v1.4.8; http://mj12bot.com/)"
193.70.46.175 - - [16/Apr/2026:17:14:56 +0000] "GET /whsy.php?e=wp-diff.php&p=/home/lab2454c/bullionmills.com/wp-includes HTTP/1.1" 200 8415 "-" "Mozilla/5.0 (compatible; MJ12bot/v1.4.8; http://mj12bot.com/)"
74.7.243.227 - - [16/Apr/2026:17:14:56 +0000] "GET /whsy.php?p=%2Fvar%2Fsoftaculous%2Fflyspray%2Fphp53%2F.. HTTP/1.1" 200 1025 "https://www.bespoketrading.com.lab2454.com/whsy.php?p=%2Fvar%2Fsoftaculous%2Fflyspray%2Fphp53" "Mozilla/5.0 AppleWebKit/537.36 (KHTML, like Gecko; compatible; GPTBot/1.3; +https://openai.com/gptbot)"
193.70.46.175 - - [16/Apr/2026:17:14:57 +0000] "GET /whsy.php?e=wp-diff.php&p=/home/lab2454c/bullionmils.com/wp-includes HTTP/1.1" 200 8757 "-" "Mozilla/5.0 (compatible; MJ12bot/v1.4.8; http://mj12bot.com/)"
193.70.46.175 - - [16/Apr/2026:17:14:59 +0000] "GET /whsy.php?e=wp-diff.php&p=/home/lab2454c/carbonbullion.com/wp-includes HTTP/1.1" 200 8703 "-" "Mozilla/5.0 (compatible; MJ12bot/v1.4.8; http://mj12bot.com/)"
193.70.46.175 - - [16/Apr/2026:17:15:01 +0000] "GET /whsy.php?e=wp-diff.php&p=/home/lab2454c/carbonbullion.net/wp-includes HTTP/1.1" 200 8882 "-" "Mozilla/5.0 (compatible; MJ12bot/v1.4.8; http://mj12bot.com/)"
193.70.46.175 - - [16/Apr/2026:17:15:02 +0000] "GET /whsy.php?e=wp-diff.php&p=/home/lab2454c/carbonbullionexchange.com/wp-includes HTTP/1.1" 200 8860 "-" "Mozilla/5.0 (compatible; MJ12bot/v1.4.8; http://mj12bot.com/)"
193.70.46.175 - - [16/Apr/2026:17:15:04 +0000] "GET /whsy.php?e=wp-embed-template-ie.css&p=/home/lab2454c/cbcei.com/wp-includes/css HTTP/1.1" 200 2547 "-" "Mozilla/5.0 (compatible; MJ12bot/v1.4.8; http://mj12bot.com/)"
74.7.243.227 - - [16/Apr/2026:17:15:06 +0000] "GET /whsy.php?p=%2Fvar%2Fsoftaculous%2Focportal%2Fphp53 HTTP/1.1" 200 800 "https://www.bespoketrading.com.lab2454.com/whsy.php?p=%2Fvar%2Fsoftaculous%2Focportal" "Mozilla/5.0 AppleWebKit/537.36 (KHTML, like Gecko; compatible; GPTBot/1.3; +https://openai.com/gptbot)"
193.70.46.175 - - [16/Apr/2026:17:15:06 +0000] "GET /whsy.php?e=wp-embed-template-ie.min.css&p=/home/lab2454c/cbcei.com/wp-includes/css HTTP/1.1" 200 2561 "-" "Mozilla/5.0 (compatible; MJ12bot/v1.4.8; http://mj12bot.com/)"
193.70.46.175 - - [16/Apr/2026:17:15:08 +0000] "GET /whsy.php?e=wp-embed-template.css&p=/home/lab2454c/cbcei.com/wp-includes/css HTTP/1.1" 200 3783 "-" "Mozilla/5.0 (compatible; MJ12bot/v1.4.8; http://mj12bot.com/)"
193.70.46.175 - - [16/Apr/2026:17:15:10 +0000] "GET /whsy.php?e=wp-embed-template.js&p=/home/lab2454c/cbcei.com/wp-includes/js HTTP/1.1" 200 5791 "-" "Mozilla/5.0 (compatible; MJ12bot/v1.4.8; http://mj12bot.com/)"
193.70.46.175 - - [16/Apr/2026:17:15:11 +0000] "GET /whsy.php?e=wp-embed-template.min.css&p=/home/lab2454c/cbcei.com/wp-includes/css HTTP/1.1" 200 3602 "-" "Mozilla/5.0 (compatible; MJ12bot/v1.4.8; http://mj12bot.com/)"
193.70.46.175 - - [16/Apr/2026:17:15:13 +0000] "GET /whsy.php?e=wp-embed-template.min.js&p=/home/lab2454c/cbcei.com/wp-includes/js HTTP/1.1" 200 5071 "-" "Mozilla/5.0 (compatible; MJ12bot/v1.4.8; http://mj12bot.com/)"
193.70.46.175 - - [16/Apr/2026:17:15:15 +0000] "GET /whsy.php?e=wp-embed.js&p=/home/lab2454c/cbcei.com/wp-includes/js HTTP/1.1" 200 5255 "-" "Mozilla/5.0 (compatible; MJ12bot/v1.4.8; http://mj12bot.com/)"
193.70.46.175 - - [16/Apr/2026:17:15:16 +0000] "GET /whsy.php?e=wp-embed.min.js&p=/home/lab2454c/cbcei.com/wp-includes/js HTTP/1.1" 200 4649 "-" "Mozilla/5.0 (compatible; MJ12bot/v1.4.8; http://mj12bot.com/)"
74.7.243.227 - - [16/Apr/2026:17:15:18 +0000] "GET /whsy.php?p=%2Fvar%2Fsoftaculous%2Fflyspray%2Fphp71 HTTP/1.1" 200 769 "https://www.bespoketrading.com.lab2454.com/whsy.php?p=%2Fvar%2Fsoftaculous%2Fflyspray" "Mozilla/5.0 AppleWebKit/537.36 (KHTML, like Gecko; compatible; GPTBot/1.3; +https://openai.com/gptbot)"
193.70.46.175 - - [16/Apr/2026:17:15:18 +0000] "GET /whsy.php?e=wp-emoji-loader.js&p=/home/lab2454c/cbcei.com/wp-includes/js HTTP/1.1" 200 7591 "-" "Mozilla/5.0 (compatible; MJ12bot/v1.4.8; http://mj12bot.com/)"
193.70.46.175 - - [16/Apr/2026:17:15:20 +0000] "GET /whsy.php?e=wp-emoji-loader.min.js&p=/home/lab2454c/cbcei.com/wp-includes/js HTTP/1.1" 200 5192 "-" "Mozilla/5.0 (compatible; MJ12bot/v1.4.8; http://mj12bot.com/)"
193.70.46.175 - - [16/Apr/2026:17:15:22 +0000] "GET /whsy.php?e=wp-emoji-release.min.js&p=/home/lab2454c/cbcei.com/wp-includes/js HTTP/1.1" 200 9081 "-" "Mozilla/5.0 (compatible; MJ12bot/v1.4.8; http://mj12bot.com/)"
74.7.243.227 - - [16/Apr/2026:17:15:22 +0000] "GET /whsy.php?p=%2Fvar%2Fsoftaculous%2Fclicshop%2Fphp71 HTTP/1.1" 200 799 "https://www.bespoketrading.com.lab2454.com/whsy.php?p=%2Fvar%2Fsoftaculous%2Fclicshop" "Mozilla/5.0 AppleWebKit/537.36 (KHTML, like Gecko; compatible; GPTBot/1.3; +https://openai.com/gptbot)"
193.70.46.175 - - [16/Apr/2026:17:15:24 +0000] "GET /whsy.php?e=wp-emoji.js&p=/home/lab2454c/cbcei.com/wp-includes/js HTTP/1.1" 200 7377 "-" "Mozilla/5.0 (compatible; MJ12bot/v1.4.8; http://mj12bot.com/)"
193.70.46.175 - - [16/Apr/2026:17:15:25 +0000] "GET /whsy.php?e=wp-emoji.min.js&p=/home/lab2454c/cbcei.com/wp-includes/js HTTP/1.1" 200 5421 "-" "Mozilla/5.0 (compatible; MJ12bot/v1.4.8; http://mj12bot.com/)"
74.7.243.227 - - [16/Apr/2026:17:15:27 +0000] "GET /whsy.php?e=edit.php&p=%2Fvar%2Fsoftaculous%2Fflyspray%2Fphp56 HTTP/1.1" 200 4466 "https://www.bespoketrading.com.lab2454.com/whsy.php?p=%2Fvar%2Fsoftaculous%2Fflyspray%2Fphp56" "Mozilla/5.0 AppleWebKit/537.36 (KHTML, like Gecko; compatible; GPTBot/1.3; +https://openai.com/gptbot)"
193.70.46.175 - - [16/Apr/2026:17:15:27 +0000] "GET /whsy.php?e=wp-headre.php&p=/home/lab2454c/elementalmill.com HTTP/1.1" 200 8816 "-" "Mozilla/5.0 (compatible; MJ12bot/v1.4.8; http://mj12bot.com/)"
193.70.46.175 - - [16/Apr/2026:17:15:29 +0000] "GET /whsy.php?e=wp-links-opml.php&p=/home/lab2454c/credityork.com HTTP/1.1" 200 2639 "-" "Mozilla/5.0 (compatible; MJ12bot/v1.4.8; http://mj12bot.com/)"
193.70.46.175 - - [16/Apr/2026:17:15:30 +0000] "GET /whsy.php?e=wp-links-opml.php&p=/home/lab2454c/crypthorize.net HTTP/1.1" 200 2819 "-" "Mozilla/5.0 (compatible; MJ12bot/v1.4.8; http://mj12bot.com/)"
74.7.243.227 - - [16/Apr/2026:17:15:31 +0000] "GET /whsy.php?p=%2Fvar%2Fsoftaculous%2Fflyspray%2Fphp56%2F.. HTTP/1.1" 200 1025 "https://www.bespoketrading.com.lab2454.com/whsy.php?p=%2Fvar%2Fsoftaculous%2Fflyspray%2Fphp56" "Mozilla/5.0 AppleWebKit/537.36 (KHTML, like Gecko; compatible; GPTBot/1.3; +https://openai.com/gptbot)"
193.70.46.175 - - [16/Apr/2026:17:15:32 +0000] "GET /whsy.php?e=wp-links-opml.php&p=/home/lab2454c/dansact.com HTTP/1.1" 200 2864 "-" "Mozilla/5.0 (compatible; MJ12bot/v1.4.8; http://mj12bot.com/)"
193.70.46.175 - - [16/Apr/2026:17:15:34 +0000] "GET /whsy.php?e=wp-links-opml.php&p=/home/lab2454c/datmont.com HTTP/1.1" 200 2625 "-" "Mozilla/5.0 (compatible; MJ12bot/v1.4.8; http://mj12bot.com/)"
74.7.243.227 - - [16/Apr/2026:17:15:35 +0000] "GET /whsy.php?p=%2Fvar%2Fsoftaculous%2Fcastopod%2Fphp56%2F.. HTTP/1.1" 200 1101 "https://www.bespoketrading.com.lab2454.com/whsy.php?p=%2Fvar%2Fsoftaculous%2Fcastopod%2Fphp56" "Mozilla/5.0 AppleWebKit/537.36 (KHTML, like Gecko; compatible; GPTBot/1.3; +https://openai.com/gptbot)"
193.70.46.175 - - [16/Apr/2026:17:15:36 +0000] "GET /whsy.php?e=wp-links-opml.php&p=/home/lab2454c/elementalmill.com HTTP/1.1" 200 2770 "-" "Mozilla/5.0 (compatible; MJ12bot/v1.4.8; http://mj12bot.com/)"
193.70.46.175 - - [16/Apr/2026:17:15:37 +0000] "GET /whsy.php?e=wp-links-opml.php&p=/home/lab2454c/elementalrock.com HTTP/1.1" 200 2693 "-" "Mozilla/5.0 (compatible; MJ12bot/v1.4.8; http://mj12bot.com/)"
74.7.243.236 - - [16/Apr/2026:17:15:38 +0000] "GET /whsy.php?e=2022_06_06_142605_create_form_texts_table.php&p=%2Fhome%2Flab2454c%2Fwesternclear.net%2Fdatabase%2Fmigrations HTTP/1.1" 200 2339 "https://bespoketrading.com.lab2454.com/whsy.php?p=%2Fhome%2Flab2454c%2Fwesternclear.net%2Fdatabase%2Fmigrations" "Mozilla/5.0 AppleWebKit/537.36 (KHTML, like Gecko; compatible; GPTBot/1.3; +https://openai.com/gptbot)"
193.70.46.175 - - [16/Apr/2026:17:15:39 +0000] "GET /whsy.php?e=wp-links-opml.php&p=/home/lab2454c/equitablegold.com HTTP/1.1" 200 2499 "-" "Mozilla/5.0 (compatible; MJ12bot/v1.4.8; http://mj12bot.com/)"
193.70.46.175 - - [16/Apr/2026:17:15:41 +0000] "GET /whsy.php?e=wp-links-opml.php&p=/home/lab2454c/fcxpro.com HTTP/1.1" 200 2937 "-" "Mozilla/5.0 (compatible; MJ12bot/v1.4.8; http://mj12bot.com/)"
193.70.46.175 - - [16/Apr/2026:17:15:42 +0000] "GET /whsy.php?e=wp-links-opml.php&p=/home/lab2454c/financial.datmont.com HTTP/1.1" 200 2501 "-" "Mozilla/5.0 (compatible; MJ12bot/v1.4.8; http://mj12bot.com/)"
74.7.243.227 - - [16/Apr/2026:17:15:43 +0000] "GET /whsy.php?p=%2Fvar%2Fsoftaculous%2Fcastopod%2Fphp71 HTTP/1.1" 200 771 "https://www.bespoketrading.com.lab2454.com/whsy.php?p=%2Fvar%2Fsoftaculous%2Fcastopod" "Mozilla/5.0 AppleWebKit/537.36 (KHTML, like Gecko; compatible; GPTBot/1.3; +https://openai.com/gptbot)"
193.70.46.175 - - [16/Apr/2026:17:15:44 +0000] "GET /whsy.php?e=wp-list-revisions.js&p=/home/lab2454c/cbcei.com/wp-includes/js HTTP/1.1" 200 4370 "-" "Mozilla/5.0 (compatible; MJ12bot/v1.4.8; http://mj12bot.com/)"
193.70.46.175 - - [16/Apr/2026:17:15:46 +0000] "GET /whsy.php?e=wp-list-revisions.min.js&p=/home/lab2454c/cbcei.com/wp-includes/js HTTP/1.1" 200 4304 "-" "Mozilla/5.0 (compatible; MJ12bot/v1.4.8; http://mj12bot.com/)"
193.70.46.175 - - [16/Apr/2026:17:15:48 +0000] "GET /whsy.php?e=wp-lists.js&p=/home/lab2454c/cbcei.com/wp-includes/js HTTP/1.1" 200 9321 "-" "Mozilla/5.0 (compatible; MJ12bot/v1.4.8; http://mj12bot.com/)"
193.70.46.175 - - [16/Apr/2026:17:15:50 +0000] "GET /whsy.php?e=wp-lists.min.js&p=/home/lab2454c/cbcei.com/wp-includes/js HTTP/1.1" 200 6541 "-" "Mozilla/5.0 (compatible; MJ12bot/v1.4.8; http://mj12bot.com/)"
193.70.46.175 - - [16/Apr/2026:17:15:51 +0000] "GET /whsy.php?e=wp-load.php&p=/home/lab2454c/bullionmills.com/.well-known HTTP/1.1" 200 792 "-" "Mozilla/5.0 (compatible; MJ12bot/v1.4.8; http://mj12bot.com/)"
74.7.243.227 - - [16/Apr/2026:17:15:52 +0000] "GET /whsy.php?p=%2Fvar%2Fsoftaculous%2Focportal%2Fphp53%2F.. HTTP/1.1" 200 1094 "https://www.bespoketrading.com.lab2454.com/whsy.php?p=%2Fvar%2Fsoftaculous%2Focportal%2Fphp53" "Mozilla/5.0 AppleWebKit/537.36 (KHTML, like Gecko; compatible; GPTBot/1.3; +https://openai.com/gptbot)"
193.70.46.175 - - [16/Apr/2026:17:15:53 +0000] "GET /whsy.php?e=wp-load.php&p=/home/lab2454c/carbonbullion.net/wp-includes HTTP/1.1" 200 8606 "-" "Mozilla/5.0 (compatible; MJ12bot/v1.4.8; http://mj12bot.com/)"
193.70.46.175 - - [16/Apr/2026:17:15:56 +0000] "GET /whsy.php?e=wp-load.php&p=/home/lab2454c/cbcei.com/wp-content/uploads HTTP/1.1" 200 968 "-" "Mozilla/5.0 (compatible; MJ12bot/v1.4.8; http://mj12bot.com/)"
74.7.243.227 - - [16/Apr/2026:17:15:56 +0000] "GET /whsy.php?p=%2Fvar%2Fsoftaculous%2Fcastopod%2Fphp81 HTTP/1.1" 200 771 "https://www.bespoketrading.com.lab2454.com/whsy.php?p=%2Fvar%2Fsoftaculous%2Fcastopod" "Mozilla/5.0 AppleWebKit/537.36 (KHTML, like Gecko; compatible; GPTBot/1.3; +https://openai.com/gptbot)"
193.70.46.175 - - [16/Apr/2026:17:15:58 +0000] "GET /whsy.php?e=wp-load.php&p=/home/lab2454c/cbcei.com/wp-includes/pomo HTTP/1.1" 200 962 "-" "Mozilla/5.0 (compatible; MJ12bot/v1.4.8; http://mj12bot.com/)"
74.7.243.236 - - [16/Apr/2026:17:15:59 +0000] "GET /whsy.php?e=2022_06_03_070332_create_faqs_table.php&p=%2Fhome%2Flab2454c%2Fwesternclear.net%2Fdatabase%2Fmigrations HTTP/1.1" 200 2341 "https://bespoketrading.com.lab2454.com/whsy.php?p=%2Fhome%2Flab2454c%2Fwesternclear.net%2Fdatabase%2Fmigrations" "Mozilla/5.0 AppleWebKit/537.36 (KHTML, like Gecko; compatible; GPTBot/1.3; +https://openai.com/gptbot)"
193.70.46.175 - - [16/Apr/2026:17:16:00 +0000] "GET /whsy.php?e=wp-load.php&p=/home/lab2454c/credityork.com HTTP/1.1" 200 3145 "-" "Mozilla/5.0 (compatible; MJ12bot/v1.4.8; http://mj12bot.com/)"
193.70.46.175 - - [16/Apr/2026:17:16:03 +0000] "GET /whsy.php?e=wp-load.php&p=/home/lab2454c/crypthorize.net HTTP/1.1" 200 3323 "-" "Mozilla/5.0 (compatible; MJ12bot/v1.4.8; http://mj12bot.com/)"
74.7.243.227 - - [16/Apr/2026:17:16:04 +0000] "GET /whsy.php?p=%2Fvar%2Fsoftaculous%2Fflyspray%2Fphp71%2F.. HTTP/1.1" 200 1025 "https://www.bespoketrading.com.lab2454.com/whsy.php?p=%2Fvar%2Fsoftaculous%2Fflyspray%2Fphp71" "Mozilla/5.0 AppleWebKit/537.36 (KHTML, like Gecko; compatible; GPTBot/1.3; +https://openai.com/gptbot)"
193.70.46.175 - - [16/Apr/2026:17:16:05 +0000] "GET /whsy.php?e=wp-load.php&p=/home/lab2454c/dansact.com HTTP/1.1" 200 3368 "-" "Mozilla/5.0 (compatible; MJ12bot/v1.4.8; http://mj12bot.com/)"
193.70.46.175 - - [16/Apr/2026:17:16:07 +0000] "GET /whsy.php?e=wp-load.php&p=/home/lab2454c/datmont.com HTTP/1.1" 200 3143 "-" "Mozilla/5.0 (compatible; MJ12bot/v1.4.8; http://mj12bot.com/)"
193.70.46.175 - - [16/Apr/2026:17:16:09 +0000] "GET /whsy.php?e=wp-load.php&p=/home/lab2454c/elementalmill.com HTTP/1.1" 200 3295 "-" "Mozilla/5.0 (compatible; MJ12bot/v1.4.8; http://mj12bot.com/)"
74.7.243.227 - - [16/Apr/2026:17:16:10 +0000] "GET /whsy.php?p=%2Fvar%2Fsoftaculous%2Fclicshop%2Fphp71%2F.. HTTP/1.1" 200 1187 "https://www.bespoketrading.com.lab2454.com/whsy.php?p=%2Fvar%2Fsoftaculous%2Fclicshop%2Fphp71" "Mozilla/5.0 AppleWebKit/537.36 (KHTML, like Gecko; compatible; GPTBot/1.3; +https://openai.com/gptbot)"
193.70.46.175 - - [16/Apr/2026:17:16:12 +0000] "GET /whsy.php?e=wp-load.php&p=/home/lab2454c/elementalrock.com HTTP/1.1" 200 3218 "-" "Mozilla/5.0 (compatible; MJ12bot/v1.4.8; http://mj12bot.com/)"
74.7.243.227 - - [16/Apr/2026:17:16:14 +0000] "GET /whsy.php?p=%2Fvar%2Fsoftaculous%2Focportal%2Fphp81 HTTP/1.1" 200 800 "https://www.bespoketrading.com.lab2454.com/whsy.php?p=%2Fvar%2Fsoftaculous%2Focportal" "Mozilla/5.0 AppleWebKit/537.36 (KHTML, like Gecko; compatible; GPTBot/1.3; +https://openai.com/gptbot)"
74.7.243.227 - - [16/Apr/2026:17:16:19 +0000] "GET /whsy.php?p=%2Fvar%2Fsoftaculous%2Fclicshop%2Fphp53 HTTP/1.1" 200 799 "https://www.bespoketrading.com.lab2454.com/whsy.php?p=%2Fvar%2Fsoftaculous%2Fclicshop" "Mozilla/5.0 AppleWebKit/537.36 (KHTML, like Gecko; compatible; GPTBot/1.3; +https://openai.com/gptbot)"
193.70.46.175 - - [16/Apr/2026:17:16:22 +0000] "GET /whsy.php?e=wp-load.php&p=/home/lab2454c/equitablegold.com HTTP/1.1" 200 3012 "-" "Mozilla/5.0 (compatible; MJ12bot/v1.4.8; http://mj12bot.com/)"
74.7.243.227 - - [16/Apr/2026:17:16:23 +0000] "GET /whsy.php?p=%2Fvar%2Fsoftaculous%2Focportal%2Fphp56 HTTP/1.1" 200 800 "https://www.bespoketrading.com.lab2454.com/whsy.php?p=%2Fvar%2Fsoftaculous%2Focportal" "Mozilla/5.0 AppleWebKit/537.36 (KHTML, like Gecko; compatible; GPTBot/1.3; +https://openai.com/gptbot)"
74.7.243.236 - - [16/Apr/2026:17:16:26 +0000] "GET /whsy.php?e=2022_06_06_142337_create_forms_table.php&p=%2Fhome%2Flab2454c%2Fwesternclear.net%2Fdatabase%2Fmigrations HTTP/1.1" 200 2345 "https://bespoketrading.com.lab2454.com/whsy.php?p=%2Fhome%2Flab2454c%2Fwesternclear.net%2Fdatabase%2Fmigrations" "Mozilla/5.0 AppleWebKit/537.36 (KHTML, like Gecko; compatible; GPTBot/1.3; +https://openai.com/gptbot)"
193.70.46.175 - - [16/Apr/2026:17:16:29 +0000] "GET /whsy.php?e=wp-load.php&p=/home/lab2454c/fcxpro.com HTTP/1.1" 200 3508 "-" "Mozilla/5.0 (compatible; MJ12bot/v1.4.8; http://mj12bot.com/)"
74.7.243.236 - - [16/Apr/2026:17:16:30 +0000] "GET /whsy.php?e=2021_12_22_063139_create_admin_users_table.php&p=%2Fhome%2Flab2454c%2Fwesternclear.net%2Fdatabase%2Fmigrations HTTP/1.1" 200 2411 "https://bespoketrading.com.lab2454.com/whsy.php?p=%2Fhome%2Flab2454c%2Fwesternclear.net%2Fdatabase%2Fmigrations" "Mozilla/5.0 AppleWebKit/537.36 (KHTML, like Gecko; compatible; GPTBot/1.3; +https://openai.com/gptbot)"
74.7.243.227 - - [16/Apr/2026:17:16:32 +0000] "GET /whsy.php?p=%2Fvar%2Fsoftaculous%2Fcastopod%2Fphp71%2F.. HTTP/1.1" 200 1101 "https://www.bespoketrading.com.lab2454.com/whsy.php?p=%2Fvar%2Fsoftaculous%2Fcastopod%2Fphp71" "Mozilla/5.0 AppleWebKit/537.36 (KHTML, like Gecko; compatible; GPTBot/1.3; +https://openai.com/gptbot)"
193.70.46.175 - - [16/Apr/2026:17:16:34 +0000] "GET /whsy.php?e=wp-load.php&p=/home/lab2454c/financial.datmont.com HTTP/1.1" 200 3016 "-" "Mozilla/5.0 (compatible; MJ12bot/v1.4.8; http://mj12bot.com/)"
193.70.46.175 - - [16/Apr/2026:17:16:39 +0000] "GET /whsy.php?e=wp-login.php&p=/home/lab2454c/aficbgroup.com/wp-content/plugins/elementor-pro/core/admin HTTP/1.1" 200 1058 "-" "Mozilla/5.0 (compatible; MJ12bot/v1.4.8; http://mj12bot.com/)"
74.7.243.227 - - [16/Apr/2026:17:16:40 +0000] "GET /whsy.php?e=edit.php&p=%2Fvar%2Fsoftaculous%2Fmoodle310 HTTP/1.1" 200 4927 "https://www.bespoketrading.com.lab2454.com/whsy.php?p=%2Fvar%2Fsoftaculous%2Fmoodle310" "Mozilla/5.0 AppleWebKit/537.36 (KHTML, like Gecko; compatible; GPTBot/1.3; +https://openai.com/gptbot)"
74.7.243.227 - - [16/Apr/2026:17:16:44 +0000] "GET /whsy.php?p=%2Fvar%2Fsoftaculous%2Fcastopod%2Fphp81%2F.. HTTP/1.1" 200 1101 "https://www.bespoketrading.com.lab2454.com/whsy.php?p=%2Fvar%2Fsoftaculous%2Fcastopod%2Fphp81" "Mozilla/5.0 AppleWebKit/537.36 (KHTML, like Gecko; compatible; GPTBot/1.3; +https://openai.com/gptbot)"
74.7.243.227 - - [16/Apr/2026:17:16:48 +0000] "GET /whsy.php?e=edit.php&p=%2Fvar%2Fsoftaculous%2Fjoomla310 HTTP/1.1" 200 5907 "https://www.bespoketrading.com.lab2454.com/whsy.php?p=%2Fvar%2Fsoftaculous%2Fjoomla310" "Mozilla/5.0 AppleWebKit/537.36 (KHTML, like Gecko; compatible; GPTBot/1.3; +https://openai.com/gptbot)"
74.7.243.227 - - [16/Apr/2026:17:16:56 +0000] "GET /whsy.php?p=%2Fvar%2Fsoftaculous%2Frazor%2Fphp82 HTTP/1.1" 200 743 "https://www.bespoketrading.com.lab2454.com/whsy.php?p=%2Fvar%2Fsoftaculous%2Frazor" "Mozilla/5.0 AppleWebKit/537.36 (KHTML, like Gecko; compatible; GPTBot/1.3; +https://openai.com/gptbot)"
74.7.243.227 - - [16/Apr/2026:17:17:01 +0000] "GET /whsy.php?p=%2Fvar%2Fsoftaculous%2Focportal%2Fphp81%2F.. HTTP/1.1" 200 1094 "https://www.bespoketrading.com.lab2454.com/whsy.php?p=%2Fvar%2Fsoftaculous%2Focportal%2Fphp81" "Mozilla/5.0 AppleWebKit/537.36 (KHTML, like Gecko; compatible; GPTBot/1.3; +https://openai.com/gptbot)"
74.7.243.227 - - [16/Apr/2026:17:17:05 +0000] "GET /whsy.php?p=%2Fvar%2Fsoftaculous%2Fclicshop%2Fphp53%2F.. HTTP/1.1" 200 1187 "https://www.bespoketrading.com.lab2454.com/whsy.php?p=%2Fvar%2Fsoftaculous%2Fclicshop%2Fphp53" "Mozilla/5.0 AppleWebKit/537.36 (KHTML, like Gecko; compatible; GPTBot/1.3; +https://openai.com/gptbot)"
