74.7.227.10 - - [16/Apr/2026:18:01:09 +0000] "GET /whsy.php?e=xfrm_stat&p=%2Fproc%2F14356%2Fnet HTTP/1.1" 200 1067 "https://bespoketrading.com/whsy.php?p=%2Fproc%2F14356%2Fnet" "Mozilla/5.0 AppleWebKit/537.36 (KHTML, like Gecko; compatible; GPTBot/1.3; +https://openai.com/gptbot)"
74.7.243.227 - - [16/Apr/2026:18:01:12 +0000] "GET /whsy.php?e=upgrade.php&p=%2Fvar%2Fsoftaculous%2Fwp55%2Fphp82 HTTP/1.1" 200 11805 "https://www.bespoketrading.com.lab2454.com/whsy.php?p=%2Fvar%2Fsoftaculous%2Fwp55%2Fphp82" "Mozilla/5.0 AppleWebKit/537.36 (KHTML, like Gecko; compatible; GPTBot/1.3; +https://openai.com/gptbot)"
74.7.227.10 - - [16/Apr/2026:18:01:13 +0000] "GET /whsy.php?e=xfrm_stat&p=%2Fproc%2F14676%2Fnet HTTP/1.1" 200 1067 "https://bespoketrading.com/whsy.php?p=%2Fproc%2F14676%2Fnet" "Mozilla/5.0 AppleWebKit/537.36 (KHTML, like Gecko; compatible; GPTBot/1.3; +https://openai.com/gptbot)"
74.7.243.227 - - [16/Apr/2026:18:01:16 +0000] "GET /whsy.php?p=%2Fvar%2Fsoftaculous%2Funa%2Fphp71 HTTP/1.1" 200 765 "https://www.bespoketrading.com.lab2454.com/whsy.php?p=%2Fvar%2Fsoftaculous%2Funa" "Mozilla/5.0 AppleWebKit/537.36 (KHTML, like Gecko; compatible; GPTBot/1.3; +https://openai.com/gptbot)"
74.7.227.10 - - [16/Apr/2026:18:01:22 +0000] "GET /whsy.php?e=xfrm_stat&p=%2Fproc%2F14590%2Fnet HTTP/1.1" 200 2715 "https://bespoketrading.com/whsy.php?e=dev_mcast&p=%2Fproc%2F14590%2Fnet" "Mozilla/5.0 AppleWebKit/537.36 (KHTML, like Gecko; compatible; GPTBot/1.3; +https://openai.com/gptbot)"
51.75.119.161 - - [16/Apr/2026:18:00:39 +0000] "GET /whsy.php?p=/var/lib/tpm HTTP/1.1" 200 1000228 "-" "Mozilla/5.0 (compatible; MJ12bot/v1.4.8; http://mj12bot.com/)"
74.7.243.227 - - [16/Apr/2026:18:01:26 +0000] "GET /whsy.php?p=%2Fvar%2Fsoftaculous%2Fwp62%2Fphp81 HTTP/1.1" 200 856 "https://www.bespoketrading.com.lab2454.com/whsy.php?p=%2Fvar%2Fsoftaculous%2Fwp62" "Mozilla/5.0 AppleWebKit/537.36 (KHTML, like Gecko; compatible; GPTBot/1.3; +https://openai.com/gptbot)"
51.75.119.161 - - [16/Apr/2026:18:01:26 +0000] "GET /whsy.php?p=/var/lib/tuned HTTP/1.1" 200 480 "-" "Mozilla/5.0 (compatible; MJ12bot/v1.4.8; http://mj12bot.com/)"
74.7.227.10 - - [16/Apr/2026:18:01:26 +0000] "GET /whsy.php?e=xfrm_stat&p=%2Fproc%2F31679%2Fnet HTTP/1.1" 200 1067 "https://bespoketrading.com/whsy.php?p=%2Fproc%2F31679%2Fnet" "Mozilla/5.0 AppleWebKit/537.36 (KHTML, like Gecko; compatible; GPTBot/1.3; +https://openai.com/gptbot)"
51.75.119.161 - - [16/Apr/2026:18:01:28 +0000] "GET /whsy.php?p=/var/lib/yum HTTP/1.1" 200 691 "-" "Mozilla/5.0 (compatible; MJ12bot/v1.4.8; http://mj12bot.com/)"
51.75.119.161 - - [16/Apr/2026:18:01:29 +0000] "GET /whsy.php?p=/var/local/.. HTTP/1.1" 200 875 "-" "Mozilla/5.0 (compatible; MJ12bot/v1.4.8; http://mj12bot.com/)"
51.75.119.161 - - [16/Apr/2026:18:01:31 +0000] "GET /whsy.php?p=/var/log/anaconda/.. HTTP/1.1" 200 4185 "-" "Mozilla/5.0 (compatible; MJ12bot/v1.4.8; http://mj12bot.com/)"
51.75.119.161 - - [16/Apr/2026:18:01:32 +0000] "GET /whsy.php?p=/var/log/atop/.. HTTP/1.1" 200 4185 "-" "Mozilla/5.0 (compatible; MJ12bot/v1.4.8; http://mj12bot.com/)"
74.7.227.10 - - [16/Apr/2026:18:01:34 +0000] "GET /whsy.php?e=dev_mcast&p=%2Fproc%2F31848%2Fnet HTTP/1.1" 200 1067 "https://bespoketrading.com/whsy.php?p=%2Fproc%2F31848%2Fnet" "Mozilla/5.0 AppleWebKit/537.36 (KHTML, like Gecko; compatible; GPTBot/1.3; +https://openai.com/gptbot)"
51.75.119.161 - - [16/Apr/2026:18:01:34 +0000] "GET /whsy.php?p=/var/log/bitninja-mq/.. HTTP/1.1" 200 4185 "-" "Mozilla/5.0 (compatible; MJ12bot/v1.4.8; http://mj12bot.com/)"
51.75.119.161 - - [16/Apr/2026:18:01:35 +0000] "GET /whsy.php?p=/var/log/bitninja-process-analysis/.. HTTP/1.1" 200 4185 "-" "Mozilla/5.0 (compatible; MJ12bot/v1.4.8; http://mj12bot.com/)"
51.75.119.161 - - [16/Apr/2026:18:01:37 +0000] "GET /whsy.php?p=/var/log/bitninja-reliable-auto-update/.. HTTP/1.1" 200 4185 "-" "Mozilla/5.0 (compatible; MJ12bot/v1.4.8; http://mj12bot.com/)"
74.7.243.227 - - [16/Apr/2026:18:01:38 +0000] "GET /whsy.php?p=%2Fvar%2Fsoftaculous%2Funa%2Fphp53%2F.. HTTP/1.1" 200 1039 "https://www.bespoketrading.com.lab2454.com/whsy.php?p=%2Fvar%2Fsoftaculous%2Funa%2Fphp53" "Mozilla/5.0 AppleWebKit/537.36 (KHTML, like Gecko; compatible; GPTBot/1.3; +https://openai.com/gptbot)"
74.7.227.10 - - [16/Apr/2026:18:01:38 +0000] "GET /whsy.php?e=xfrm_stat&p=%2Fproc%2F16596%2Fnet HTTP/1.1" 200 1067 "https://bespoketrading.com/whsy.php?p=%2Fproc%2F16596%2Fnet" "Mozilla/5.0 AppleWebKit/537.36 (KHTML, like Gecko; compatible; GPTBot/1.3; +https://openai.com/gptbot)"
51.75.119.161 - - [16/Apr/2026:18:01:39 +0000] "GET /whsy.php?p=/var/log/bitninja-ssl-termination/.. HTTP/1.1" 200 4185 "-" "Mozilla/5.0 (compatible; MJ12bot/v1.4.8; http://mj12bot.com/)"
51.75.119.161 - - [16/Apr/2026:18:01:40 +0000] "GET /whsy.php?p=/var/log/bitninja-waf3/.. HTTP/1.1" 200 4185 "-" "Mozilla/5.0 (compatible; MJ12bot/v1.4.8; http://mj12bot.com/)"
51.75.119.161 - - [16/Apr/2026:18:01:42 +0000] "GET /whsy.php?p=/var/log/fastcomet/.. HTTP/1.1" 200 4185 "-" "Mozilla/5.0 (compatible; MJ12bot/v1.4.8; http://mj12bot.com/)"
51.75.119.161 - - [16/Apr/2026:18:01:43 +0000] "GET /whsy.php?p=/var/log/imunify360-webshield/.. HTTP/1.1" 200 4185 "-" "Mozilla/5.0 (compatible; MJ12bot/v1.4.8; http://mj12bot.com/)"
51.75.119.161 - - [16/Apr/2026:18:01:45 +0000] "GET /whsy.php?p=/var/log/imunify360_user_logs/.. HTTP/1.1" 200 4185 "-" "Mozilla/5.0 (compatible; MJ12bot/v1.4.8; http://mj12bot.com/)"
74.7.243.227 - - [16/Apr/2026:18:01:46 +0000] "GET /whsy.php?p=%2Fvar%2Fsoftaculous%2Funa%2Fphp81%2F.. HTTP/1.1" 200 1039 "https://www.bespoketrading.com.lab2454.com/whsy.php?p=%2Fvar%2Fsoftaculous%2Funa%2Fphp81" "Mozilla/5.0 AppleWebKit/537.36 (KHTML, like Gecko; compatible; GPTBot/1.3; +https://openai.com/gptbot)"
74.7.227.10 - - [16/Apr/2026:18:01:47 +0000] "GET /whsy.php?e=xfrm_stat&p=%2Fproc%2F30183%2Fnet HTTP/1.1" 200 1067 "https://bespoketrading.com/whsy.php?p=%2Fproc%2F30183%2Fnet" "Mozilla/5.0 AppleWebKit/537.36 (KHTML, like Gecko; compatible; GPTBot/1.3; +https://openai.com/gptbot)"
51.75.119.161 - - [16/Apr/2026:18:01:47 +0000] "GET /whsy.php?p=/var/log/named/.. HTTP/1.1" 200 4185 "-" "Mozilla/5.0 (compatible; MJ12bot/v1.4.8; http://mj12bot.com/)"
51.75.119.161 - - [16/Apr/2026:18:01:48 +0000] "GET /whsy.php?p=/var/log/qemu-ga/.. HTTP/1.1" 200 4185 "-" "Mozilla/5.0 (compatible; MJ12bot/v1.4.8; http://mj12bot.com/)"
51.75.119.161 - - [16/Apr/2026:18:01:50 +0000] "GET /whsy.php?p=/var/log/rhsm/.. HTTP/1.1" 200 4185 "-" "Mozilla/5.0 (compatible; MJ12bot/v1.4.8; http://mj12bot.com/)"
51.75.119.161 - - [16/Apr/2026:18:01:52 +0000] "GET /whsy.php?p=/var/log/sa/.. HTTP/1.1" 200 4185 "-" "Mozilla/5.0 (compatible; MJ12bot/v1.4.8; http://mj12bot.com/)"
51.75.119.161 - - [16/Apr/2026:18:01:53 +0000] "GET /whsy.php?p=/var/log/tuned/.. HTTP/1.1" 200 4185 "-" "Mozilla/5.0 (compatible; MJ12bot/v1.4.8; http://mj12bot.com/)"
74.7.243.227 - - [16/Apr/2026:18:01:54 +0000] "GET /whsy.php?p=%2Fvar%2Fsoftaculous%2Funa%2Fphp56%2F.. HTTP/1.1" 200 1039 "https://www.bespoketrading.com.lab2454.com/whsy.php?p=%2Fvar%2Fsoftaculous%2Funa%2Fphp56" "Mozilla/5.0 AppleWebKit/537.36 (KHTML, like Gecko; compatible; GPTBot/1.3; +https://openai.com/gptbot)"
74.7.227.10 - - [16/Apr/2026:18:01:55 +0000] "GET /whsy.php?e=xfrm_stat&p=%2Fproc%2F14061%2Fnet HTTP/1.1" 200 1067 "https://bespoketrading.com/whsy.php?p=%2Fproc%2F14061%2Fnet" "Mozilla/5.0 AppleWebKit/537.36 (KHTML, like Gecko; compatible; GPTBot/1.3; +https://openai.com/gptbot)"
51.75.119.161 - - [16/Apr/2026:18:01:55 +0000] "GET /whsy.php?p=/var/mod_lsapi/.. HTTP/1.1" 200 875 "-" "Mozilla/5.0 (compatible; MJ12bot/v1.4.8; http://mj12bot.com/)"
51.75.119.161 - - [16/Apr/2026:18:01:56 +0000] "GET /whsy.php?p=/var/named/.. HTTP/1.1" 200 875 "-" "Mozilla/5.0 (compatible; MJ12bot/v1.4.8; http://mj12bot.com/)"
74.7.227.10 - - [16/Apr/2026:18:01:59 +0000] "GET /whsy.php?e=dev_mcast&p=%2Fproc%2F16581%2Fnet HTTP/1.1" 200 1067 "https://bespoketrading.com/whsy.php?p=%2Fproc%2F16581%2Fnet" "Mozilla/5.0 AppleWebKit/537.36 (KHTML, like Gecko; compatible; GPTBot/1.3; +https://openai.com/gptbot)"
74.7.243.227 - - [16/Apr/2026:18:02:02 +0000] "GET /whsy.php?p=%2Fvar%2Fsoftaculous%2Funa%2Fphp71%2F.. HTTP/1.1" 200 1039 "https://www.bespoketrading.com.lab2454.com/whsy.php?p=%2Fvar%2Fsoftaculous%2Funa%2Fphp71" "Mozilla/5.0 AppleWebKit/537.36 (KHTML, like Gecko; compatible; GPTBot/1.3; +https://openai.com/gptbot)"
74.7.227.10 - - [16/Apr/2026:18:02:09 +0000] "GET /whsy.php?e=dev_mcast&p=%2Fproc%2F14085%2Fnet HTTP/1.1" 200 1067 "https://bespoketrading.com/whsy.php?p=%2Fproc%2F14085%2Fnet" "Mozilla/5.0 AppleWebKit/537.36 (KHTML, like Gecko; compatible; GPTBot/1.3; +https://openai.com/gptbot)"
74.7.227.10 - - [16/Apr/2026:18:02:15 +0000] "GET /whsy.php?e=dev_mcast&p=%2Fproc%2F31669%2Fnet HTTP/1.1" 200 1067 "https://bespoketrading.com/whsy.php?p=%2Fproc%2F31669%2Fnet" "Mozilla/5.0 AppleWebKit/537.36 (KHTML, like Gecko; compatible; GPTBot/1.3; +https://openai.com/gptbot)"
74.7.227.10 - - [16/Apr/2026:18:02:21 +0000] "GET /whsy.php?e=xfrm_stat&p=%2Fproc%2F15418%2Fnet HTTP/1.1" 200 1067 "https://bespoketrading.com/whsy.php?p=%2Fproc%2F15418%2Fnet" "Mozilla/5.0 AppleWebKit/537.36 (KHTML, like Gecko; compatible; GPTBot/1.3; +https://openai.com/gptbot)"
3.94.157.25 - - [16/Apr/2026:18:02:24 +0000] "GET /whsy.php?e=BadRequestHttpException.php&p=/home/lab2454c/internationalminersbank.com/backup/vendor/symfony/http-kernel/Exception HTTP/1.1" 200 2037 "-" "Mozilla/5.0 AppleWebKit/537.36 (KHTML, like Gecko; compatible; Amazonbot/0.1; +https://developer.amazon.com/support/amazonbot) Chrome/119.0.6045.214 Safari/537.36"
51.75.119.161 - - [16/Apr/2026:18:01:58 +0000] "GET /whsy.php?p=/var/named/cache HTTP/1.1" 200 1000265 "-" "Mozilla/5.0 (compatible; MJ12bot/v1.4.8; http://mj12bot.com/)"
52.7.33.248 - - [16/Apr/2026:18:02:44 +0000] "GET /whsy.php?e=ThrowUpException.php&p=/home/lab2454c/internationalminersbank.com/backup/vendor/psy/psysh/src/Exception HTTP/1.1" 200 1683 "-" "Mozilla/5.0 AppleWebKit/537.36 (KHTML, like Gecko; compatible; Amazonbot/0.1; +https://developer.amazon.com/support/amazonbot) Chrome/119.0.6045.214 Safari/537.36"
74.7.227.10 - - [16/Apr/2026:18:02:44 +0000] "GET /whsy.php?e=dev_mcast&p=%2Fproc%2F19455%2Fnet HTTP/1.1" 200 1067 "https://bespoketrading.com/whsy.php?p=%2Fproc%2F19455%2Fnet" "Mozilla/5.0 AppleWebKit/537.36 (KHTML, like Gecko; compatible; GPTBot/1.3; +https://openai.com/gptbot)"
74.7.243.227 - - [16/Apr/2026:18:02:48 +0000] "GET /whsy.php?p=%2Fvar%2Fsoftaculous%2Fwp62%2Fphp71 HTTP/1.1" 200 856 "https://www.bespoketrading.com.lab2454.com/whsy.php?p=%2Fvar%2Fsoftaculous%2Fwp62" "Mozilla/5.0 AppleWebKit/537.36 (KHTML, like Gecko; compatible; GPTBot/1.3; +https://openai.com/gptbot)"
74.7.227.10 - - [16/Apr/2026:18:02:50 +0000] "GET /whsy.php?e=dev_mcast&p=%2Fproc%2F30586%2Fnet HTTP/1.1" 200 1067 "https://bespoketrading.com/whsy.php?p=%2Fproc%2F30586%2Fnet" "Mozilla/5.0 AppleWebKit/537.36 (KHTML, like Gecko; compatible; GPTBot/1.3; +https://openai.com/gptbot)"
74.7.243.227 - - [16/Apr/2026:18:02:53 +0000] "GET /whsy.php?p=%2Fvar%2Fsoftaculous%2Fwp52%2Fphp71 HTTP/1.1" 200 857 "https://www.bespoketrading.com.lab2454.com/whsy.php?p=%2Fvar%2Fsoftaculous%2Fwp52" "Mozilla/5.0 AppleWebKit/537.36 (KHTML, like Gecko; compatible; GPTBot/1.3; +https://openai.com/gptbot)"
74.7.243.227 - - [16/Apr/2026:18:03:00 +0000] "GET /whsy.php?p=%2Fvar%2Fsoftaculous%2Fwp52%2Fphp81 HTTP/1.1" 200 857 "https://www.bespoketrading.com.lab2454.com/whsy.php?p=%2Fvar%2Fsoftaculous%2Fwp52" "Mozilla/5.0 AppleWebKit/537.36 (KHTML, like Gecko; compatible; GPTBot/1.3; +https://openai.com/gptbot)"
74.7.243.227 - - [16/Apr/2026:18:03:07 +0000] "GET /whsy.php?p=%2Fvar%2Fsoftaculous%2Fwp62%2Fphp53 HTTP/1.1" 200 857 "https://www.bespoketrading.com.lab2454.com/whsy.php?p=%2Fvar%2Fsoftaculous%2Fwp62" "Mozilla/5.0 AppleWebKit/537.36 (KHTML, like Gecko; compatible; GPTBot/1.3; +https://openai.com/gptbot)"
74.7.227.10 - - [16/Apr/2026:18:03:08 +0000] "GET /whsy.php?e=dev_mcast&p=%2Fproc%2F30819%2Fnet HTTP/1.1" 200 1067 "https://bespoketrading.com/whsy.php?p=%2Fproc%2F30819%2Fnet" "Mozilla/5.0 AppleWebKit/537.36 (KHTML, like Gecko; compatible; GPTBot/1.3; +https://openai.com/gptbot)"
74.7.227.10 - - [16/Apr/2026:18:03:20 +0000] "GET /whsy.php?e=dev_mcast&p=%2Fproc%2F15748%2Fnet HTTP/1.1" 200 1067 "https://bespoketrading.com/whsy.php?p=%2Fproc%2F15748%2Fnet" "Mozilla/5.0 AppleWebKit/537.36 (KHTML, like Gecko; compatible; GPTBot/1.3; +https://openai.com/gptbot)"
51.75.119.161 - - [16/Apr/2026:18:02:45 +0000] "GET /whsy.php?p=/var/named/data HTTP/1.1" 200 679439 "-" "Mozilla/5.0 (compatible; MJ12bot/v1.4.8; http://mj12bot.com/)"
74.7.227.10 - - [16/Apr/2026:18:03:25 +0000] "GET /whsy.php?e=xfrm_stat&p=%2Fproc%2F19973%2Fnet HTTP/1.1" 200 1067 "https://bespoketrading.com/whsy.php?p=%2Fproc%2F19973%2Fnet" "Mozilla/5.0 AppleWebKit/537.36 (KHTML, like Gecko; compatible; GPTBot/1.3; +https://openai.com/gptbot)"
74.7.243.227 - - [16/Apr/2026:18:03:29 +0000] "GET /whsy.php?p=%2Fvar%2Fsoftaculous%2Fvtiger72 HTTP/1.1" 200 1307 "https://www.bespoketrading.com.lab2454.com/whsy.php?p=%2Fvar%2Fsoftaculous" "Mozilla/5.0 AppleWebKit/537.36 (KHTML, like Gecko; compatible; GPTBot/1.3; +https://openai.com/gptbot)"
74.7.227.10 - - [16/Apr/2026:18:03:30 +0000] "GET /whsy.php?e=dev_mcast&p=%2Fproc%2F18103%2Fnet HTTP/1.1" 200 1067 "https://bespoketrading.com/whsy.php?p=%2Fproc%2F18103%2Fnet" "Mozilla/5.0 AppleWebKit/537.36 (KHTML, like Gecko; compatible; GPTBot/1.3; +https://openai.com/gptbot)"
74.7.227.10 - - [16/Apr/2026:18:03:39 +0000] "GET /whsy.php?e=dev_mcast&p=%2Fproc%2F18763%2Fnet HTTP/1.1" 200 1067 "https://bespoketrading.com/whsy.php?p=%2Fproc%2F18763%2Fnet" "Mozilla/5.0 AppleWebKit/537.36 (KHTML, like Gecko; compatible; GPTBot/1.3; +https://openai.com/gptbot)"
74.7.243.227 - - [16/Apr/2026:18:03:43 +0000] "GET /whsy.php?p=%2Fvar%2Fsoftaculous%2Ftypo7 HTTP/1.1" 200 1263 "https://www.bespoketrading.com.lab2454.com/whsy.php?p=%2Fvar%2Fsoftaculous" "Mozilla/5.0 AppleWebKit/537.36 (KHTML, like Gecko; compatible; GPTBot/1.3; +https://openai.com/gptbot)"
74.7.243.227 - - [16/Apr/2026:18:03:55 +0000] "GET /whsy.php?p=%2Fvar%2Fsoftaculous%2Ftypo8 HTTP/1.1" 200 1289 "https://www.bespoketrading.com.lab2454.com/whsy.php?p=%2Fvar%2Fsoftaculous" "Mozilla/5.0 AppleWebKit/537.36 (KHTML, like Gecko; compatible; GPTBot/1.3; +https://openai.com/gptbot)"
74.7.243.227 - - [16/Apr/2026:18:04:02 +0000] "GET /whsy.php?p=%2Fvar%2Fsoftaculous%2Fwallabag%2F.. HTTP/1.1" 200 5090 "https://www.bespoketrading.com.lab2454.com/whsy.php?p=%2Fvar%2Fsoftaculous%2Fwallabag" "Mozilla/5.0 AppleWebKit/537.36 (KHTML, like Gecko; compatible; GPTBot/1.3; +https://openai.com/gptbot)"
74.7.227.10 - - [16/Apr/2026:18:04:04 +0000] "GET /whsy.php?e=dev_mcast&p=%2Fproc%2F17930%2Fnet HTTP/1.1" 200 1067 "https://bespoketrading.com/whsy.php?p=%2Fproc%2F17930%2Fnet" "Mozilla/5.0 AppleWebKit/537.36 (KHTML, like Gecko; compatible; GPTBot/1.3; +https://openai.com/gptbot)"
74.7.227.10 - - [16/Apr/2026:18:04:09 +0000] "GET /whsy.php?e=xfrm_stat&p=%2Fproc%2F11053%2Fnet HTTP/1.1" 200 2715 "https://bespoketrading.com/whsy.php?p=%2Fproc%2F11053%2Fnet" "Mozilla/5.0 AppleWebKit/537.36 (KHTML, like Gecko; compatible; GPTBot/1.3; +https://openai.com/gptbot)"
74.7.227.10 - - [16/Apr/2026:18:04:15 +0000] "GET /whsy.php?e=dev_mcast&p=%2Fproc%2F18853%2Fnet HTTP/1.1" 200 1067 "https://bespoketrading.com/whsy.php?p=%2Fproc%2F18853%2Fnet" "Mozilla/5.0 AppleWebKit/537.36 (KHTML, like Gecko; compatible; GPTBot/1.3; +https://openai.com/gptbot)"
74.7.227.10 - - [16/Apr/2026:18:04:22 +0000] "GET /whsy.php?e=dev_mcast&p=%2Fproc%2F17660%2Fnet HTTP/1.1" 200 1067 "https://bespoketrading.com/whsy.php?p=%2Fproc%2F17660%2Fnet" "Mozilla/5.0 AppleWebKit/537.36 (KHTML, like Gecko; compatible; GPTBot/1.3; +https://openai.com/gptbot)"
74.7.243.227 - - [16/Apr/2026:18:04:33 +0000] "GET /whsy.php?p=%2Fvar%2Fsoftaculous%2Fvtiger72%2F.. HTTP/1.1" 200 5090 "https://www.bespoketrading.com.lab2454.com/whsy.php?p=%2Fvar%2Fsoftaculous%2Fvtiger72" "Mozilla/5.0 AppleWebKit/537.36 (KHTML, like Gecko; compatible; GPTBot/1.3; +https://openai.com/gptbot)"
74.7.227.10 - - [16/Apr/2026:18:04:34 +0000] "GET /whsy.php?e=xfrm_stat&p=%2Fproc%2F30819%2Fnet HTTP/1.1" 200 1067 "https://bespoketrading.com/whsy.php?p=%2Fproc%2F30819%2Fnet" "Mozilla/5.0 AppleWebKit/537.36 (KHTML, like Gecko; compatible; GPTBot/1.3; +https://openai.com/gptbot)"
74.7.227.10 - - [16/Apr/2026:18:04:43 +0000] "GET /whsy.php?e=xfrm_stat&p=%2Fproc%2F17653%2Fnet HTTP/1.1" 200 1067 "https://bespoketrading.com/whsy.php?p=%2Fproc%2F17653%2Fnet" "Mozilla/5.0 AppleWebKit/537.36 (KHTML, like Gecko; compatible; GPTBot/1.3; +https://openai.com/gptbot)"
74.7.243.227 - - [16/Apr/2026:18:04:48 +0000] "GET /whsy.php?p=%2Fvar%2Fsoftaculous%2Ftypo7%2Fphp71 HTTP/1.1" 200 736 "https://www.bespoketrading.com.lab2454.com/whsy.php?p=%2Fvar%2Fsoftaculous%2Ftypo7" "Mozilla/5.0 AppleWebKit/537.36 (KHTML, like Gecko; compatible; GPTBot/1.3; +https://openai.com/gptbot)"
74.7.227.10 - - [16/Apr/2026:18:04:49 +0000] "GET /whsy.php?e=dev_mcast&p=%2Fproc%2F31060%2Fnet HTTP/1.1" 200 1067 "https://bespoketrading.com/whsy.php?p=%2Fproc%2F31060%2Fnet" "Mozilla/5.0 AppleWebKit/537.36 (KHTML, like Gecko; compatible; GPTBot/1.3; +https://openai.com/gptbot)"
74.7.227.10 - - [16/Apr/2026:18:04:54 +0000] "GET /whsy.php?e=dev_mcast&p=%2Fproc%2F17045%2Fnet HTTP/1.1" 200 1067 "https://bespoketrading.com/whsy.php?p=%2Fproc%2F17045%2Fnet" "Mozilla/5.0 AppleWebKit/537.36 (KHTML, like Gecko; compatible; GPTBot/1.3; +https://openai.com/gptbot)"
74.7.243.227 - - [16/Apr/2026:18:04:59 +0000] "GET /whsy.php?p=%2Fvar%2Fsoftaculous%2Ftypo8%2Fphp82 HTTP/1.1" 200 766 "https://www.bespoketrading.com.lab2454.com/whsy.php?p=%2Fvar%2Fsoftaculous%2Ftypo8" "Mozilla/5.0 AppleWebKit/537.36 (KHTML, like Gecko; compatible; GPTBot/1.3; +https://openai.com/gptbot)"
51.75.119.161 - - [16/Apr/2026:18:04:02 +0000] "GET /whsy.php?p=/var/named/data HTTP/1.1" 200 1000229 "-" "Mozilla/5.0 (compatible; MJ12bot/v1.4.8; http://mj12bot.com/)"
74.7.227.10 - - [16/Apr/2026:18:05:01 +0000] "GET /whsy.php?e=dev_mcast&p=%2Fproc%2F31634%2Fnet HTTP/1.1" 200 1067 "https://bespoketrading.com/whsy.php?p=%2Fproc%2F31634%2Fnet" "Mozilla/5.0 AppleWebKit/537.36 (KHTML, like Gecko; compatible; GPTBot/1.3; +https://openai.com/gptbot)"
74.7.243.227 - - [16/Apr/2026:18:05:07 +0000] "GET /whsy.php?p=%2Fvar%2Fsoftaculous%2Ftypo7%2Fphp82 HTTP/1.1" 200 736 "https://www.bespoketrading.com.lab2454.com/whsy.php?p=%2Fvar%2Fsoftaculous%2Ftypo7" "Mozilla/5.0 AppleWebKit/537.36 (KHTML, like Gecko; compatible; GPTBot/1.3; +https://openai.com/gptbot)"
74.7.227.10 - - [16/Apr/2026:18:05:09 +0000] "GET /whsy.php?e=dev_mcast&p=%2Fproc%2F16679%2Fnet HTTP/1.1" 200 1067 "https://bespoketrading.com/whsy.php?p=%2Fproc%2F16679%2Fnet" "Mozilla/5.0 AppleWebKit/537.36 (KHTML, like Gecko; compatible; GPTBot/1.3; +https://openai.com/gptbot)"
74.7.243.227 - - [16/Apr/2026:18:05:14 +0000] "GET /whsy.php?p=%2Fvar%2Fsoftaculous%2Ftypo8%2Fphp81 HTTP/1.1" 200 766 "https://www.bespoketrading.com.lab2454.com/whsy.php?p=%2Fvar%2Fsoftaculous%2Ftypo8" "Mozilla/5.0 AppleWebKit/537.36 (KHTML, like Gecko; compatible; GPTBot/1.3; +https://openai.com/gptbot)"
74.7.227.10 - - [16/Apr/2026:18:05:16 +0000] "GET /whsy.php?e=xfrm_stat&p=%2Fproc%2F15801%2Fnet HTTP/1.1" 200 1067 "https://bespoketrading.com/whsy.php?p=%2Fproc%2F15801%2Fnet" "Mozilla/5.0 AppleWebKit/537.36 (KHTML, like Gecko; compatible; GPTBot/1.3; +https://openai.com/gptbot)"
74.7.227.10 - - [16/Apr/2026:18:05:36 +0000] "GET /whsy.php?e=dev_mcast&p=%2Fproc%2F13963%2Fnet HTTP/1.1" 200 1067 "https://bespoketrading.com/whsy.php?p=%2Fproc%2F13963%2Fnet" "Mozilla/5.0 AppleWebKit/537.36 (KHTML, like Gecko; compatible; GPTBot/1.3; +https://openai.com/gptbot)"
74.7.227.10 - - [16/Apr/2026:18:05:41 +0000] "GET /whsy.php?e=xfrm_stat&p=%2Fproc%2F31060%2Fnet HTTP/1.1" 200 1067 "https://bespoketrading.com/whsy.php?p=%2Fproc%2F31060%2Fnet" "Mozilla/5.0 AppleWebKit/537.36 (KHTML, like Gecko; compatible; GPTBot/1.3; +https://openai.com/gptbot)"
74.7.243.227 - - [16/Apr/2026:18:05:45 +0000] "GET /whsy.php?p=%2Fvar%2Fsoftaculous%2Ftypo8%2Fphp71 HTTP/1.1" 200 766 "https://www.bespoketrading.com.lab2454.com/whsy.php?p=%2Fvar%2Fsoftaculous%2Ftypo8" "Mozilla/5.0 AppleWebKit/537.36 (KHTML, like Gecko; compatible; GPTBot/1.3; +https://openai.com/gptbot)"
74.7.243.227 - - [16/Apr/2026:18:05:53 +0000] "GET /whsy.php?p=%2Fvar%2Fsoftaculous%2Ftypo8%2Fphp56 HTTP/1.1" 200 766 "https://www.bespoketrading.com.lab2454.com/whsy.php?p=%2Fvar%2Fsoftaculous%2Ftypo8" "Mozilla/5.0 AppleWebKit/537.36 (KHTML, like Gecko; compatible; GPTBot/1.3; +https://openai.com/gptbot)"
51.75.119.161 - - [16/Apr/2026:18:05:01 +0000] "GET /whsy.php?p=/var/named/dnssec HTTP/1.1" 200 1000230 "-" "Mozilla/5.0 (compatible; MJ12bot/v1.4.8; http://mj12bot.com/)"
74.7.227.10 - - [16/Apr/2026:18:05:54 +0000] "GET /whsy.php?e=xfrm_stat&p=%2Fproc%2F14876%2Fnet HTTP/1.1" 200 1067 "https://bespoketrading.com/whsy.php?p=%2Fproc%2F14876%2Fnet" "Mozilla/5.0 AppleWebKit/537.36 (KHTML, like Gecko; compatible; GPTBot/1.3; +https://openai.com/gptbot)"
74.7.243.227 - - [16/Apr/2026:18:05:57 +0000] "GET /whsy.php?p=%2Fvar%2Fsoftaculous%2Ftypo8%2Fphp53 HTTP/1.1" 200 766 "https://www.bespoketrading.com.lab2454.com/whsy.php?p=%2Fvar%2Fsoftaculous%2Ftypo8" "Mozilla/5.0 AppleWebKit/537.36 (KHTML, like Gecko; compatible; GPTBot/1.3; +https://openai.com/gptbot)"
74.7.243.227 - - [16/Apr/2026:18:06:01 +0000] "GET /whsy.php?p=%2Fvar%2Fsoftaculous%2Ftypo7%2Fphp81 HTTP/1.1" 200 736 "https://www.bespoketrading.com.lab2454.com/whsy.php?p=%2Fvar%2Fsoftaculous%2Ftypo7" "Mozilla/5.0 AppleWebKit/537.36 (KHTML, like Gecko; compatible; GPTBot/1.3; +https://openai.com/gptbot)"
74.7.243.227 - - [16/Apr/2026:18:06:06 +0000] "GET /whsy.php?p=%2Fvar%2Fsoftaculous%2Ftypo7%2Fphp53 HTTP/1.1" 200 736 "https://www.bespoketrading.com.lab2454.com/whsy.php?p=%2Fvar%2Fsoftaculous%2Ftypo7" "Mozilla/5.0 AppleWebKit/537.36 (KHTML, like Gecko; compatible; GPTBot/1.3; +https://openai.com/gptbot)"
74.7.227.10 - - [16/Apr/2026:18:06:06 +0000] "GET /whsy.php?e=dev_mcast&p=%2Fproc%2F13187%2Fnet HTTP/1.1" 200 1067 "https://bespoketrading.com/whsy.php?p=%2Fproc%2F13187%2Fnet" "Mozilla/5.0 AppleWebKit/537.36 (KHTML, like Gecko; compatible; GPTBot/1.3; +https://openai.com/gptbot)"
74.7.243.227 - - [16/Apr/2026:18:06:09 +0000] "GET /whsy.php?p=%2Fvar%2Fsoftaculous%2Ftypo7%2Fphp56 HTTP/1.1" 200 736 "https://www.bespoketrading.com.lab2454.com/whsy.php?p=%2Fvar%2Fsoftaculous%2Ftypo7" "Mozilla/5.0 AppleWebKit/537.36 (KHTML, like Gecko; compatible; GPTBot/1.3; +https://openai.com/gptbot)"
74.7.227.10 - - [16/Apr/2026:18:06:14 +0000] "GET /whsy.php?e=xfrm_stat&p=%2Fproc%2F10446%2Fnet HTTP/1.1" 200 1067 "https://bespoketrading.com/whsy.php?p=%2Fproc%2F10446%2Fnet" "Mozilla/5.0 AppleWebKit/537.36 (KHTML, like Gecko; compatible; GPTBot/1.3; +https://openai.com/gptbot)"
74.7.227.10 - - [16/Apr/2026:18:06:19 +0000] "GET /whsy.php?e=dev_mcast&p=%2Fproc%2F15080%2Fnet HTTP/1.1" 200 1067 "https://bespoketrading.com/whsy.php?p=%2Fproc%2F15080%2Fnet" "Mozilla/5.0 AppleWebKit/537.36 (KHTML, like Gecko; compatible; GPTBot/1.3; +https://openai.com/gptbot)"
74.7.243.227 - - [16/Apr/2026:18:06:22 +0000] "GET /whsy.php?p=%2Fvar%2Fsoftaculous%2Fvtiger72%2Fphp81 HTTP/1.1" 200 804 "https://www.bespoketrading.com.lab2454.com/whsy.php?p=%2Fvar%2Fsoftaculous%2Fvtiger72" "Mozilla/5.0 AppleWebKit/537.36 (KHTML, like Gecko; compatible; GPTBot/1.3; +https://openai.com/gptbot)"
74.7.227.10 - - [16/Apr/2026:18:06:23 +0000] "GET /whsy.php?e=xfrm_stat&p=%2Fproc%2F15568%2Fnet HTTP/1.1" 200 1067 "https://bespoketrading.com/whsy.php?p=%2Fproc%2F15568%2Fnet" "Mozilla/5.0 AppleWebKit/537.36 (KHTML, like Gecko; compatible; GPTBot/1.3; +https://openai.com/gptbot)"
74.7.227.10 - - [16/Apr/2026:18:06:28 +0000] "GET /whsy.php?e=xfrm_stat&p=%2Fproc%2F10134%2Fnet HTTP/1.1" 200 1067 "https://bespoketrading.com/whsy.php?p=%2Fproc%2F10134%2Fnet" "Mozilla/5.0 AppleWebKit/537.36 (KHTML, like Gecko; compatible; GPTBot/1.3; +https://openai.com/gptbot)"
74.7.243.227 - - [16/Apr/2026:18:06:37 +0000] "GET /whsy.php?p=%2Fvar%2Fsoftaculous%2Fvtiger72%2Fphp53 HTTP/1.1" 200 805 "https://www.bespoketrading.com.lab2454.com/whsy.php?p=%2Fvar%2Fsoftaculous%2Fvtiger72" "Mozilla/5.0 AppleWebKit/537.36 (KHTML, like Gecko; compatible; GPTBot/1.3; +https://openai.com/gptbot)"
74.7.227.10 - - [16/Apr/2026:18:06:38 +0000] "GET /whsy.php?e=xfrm_stat&p=%2Fproc%2F13698%2Fnet HTTP/1.1" 200 1067 "https://bespoketrading.com/whsy.php?p=%2Fproc%2F13698%2Fnet" "Mozilla/5.0 AppleWebKit/537.36 (KHTML, like Gecko; compatible; GPTBot/1.3; +https://openai.com/gptbot)"
51.75.119.161 - - [16/Apr/2026:18:05:55 +0000] "GET /whsy.php?p=/var/named/dynamic HTTP/1.1" 200 1000234 "-" "Mozilla/5.0 (compatible; MJ12bot/v1.4.8; http://mj12bot.com/)"
74.7.243.227 - - [16/Apr/2026:18:06:42 +0000] "GET /whsy.php?e=clone.php&p=%2Fvar%2Fsoftaculous%2Ftypo8%2Fphp56 HTTP/1.1" 200 5444 "https://www.bespoketrading.com.lab2454.com/whsy.php?p=%2Fvar%2Fsoftaculous%2Ftypo8%2Fphp56" "Mozilla/5.0 AppleWebKit/537.36 (KHTML, like Gecko; compatible; GPTBot/1.3; +https://openai.com/gptbot)"
74.7.243.227 - - [16/Apr/2026:18:06:46 +0000] "GET /whsy.php?p=%2Fvar%2Fsoftaculous%2Fvtiger72%2Fphp56 HTTP/1.1" 200 805 "https://www.bespoketrading.com.lab2454.com/whsy.php?p=%2Fvar%2Fsoftaculous%2Fvtiger72" "Mozilla/5.0 AppleWebKit/537.36 (KHTML, like Gecko; compatible; GPTBot/1.3; +https://openai.com/gptbot)"
74.7.227.10 - - [16/Apr/2026:18:06:51 +0000] "GET /whsy.php?e=dev_mcast&p=%2Fproc%2F14889%2Fnet HTTP/1.1" 200 1067 "https://bespoketrading.com/whsy.php?p=%2Fproc%2F14889%2Fnet" "Mozilla/5.0 AppleWebKit/537.36 (KHTML, like Gecko; compatible; GPTBot/1.3; +https://openai.com/gptbot)"
74.7.243.227 - - [16/Apr/2026:18:06:57 +0000] "GET /whsy.php?p=%2Fvar%2Fsoftaculous%2Fajaxchat%2F.. HTTP/1.1" 200 5090 "https://www.bespoketrading.com.lab2454.com/whsy.php?p=%2Fvar%2Fsoftaculous%2Fajaxchat" "Mozilla/5.0 AppleWebKit/537.36 (KHTML, like Gecko; compatible; GPTBot/1.3; +https://openai.com/gptbot)"
74.7.227.10 - - [16/Apr/2026:18:06:58 +0000] "GET /whsy.php?e=xfrm_stat&p=%2Fproc%2F15054%2Fnet HTTP/1.1" 200 1067 "https://bespoketrading.com/whsy.php?p=%2Fproc%2F15054%2Fnet" "Mozilla/5.0 AppleWebKit/537.36 (KHTML, like Gecko; compatible; GPTBot/1.3; +https://openai.com/gptbot)"
74.7.243.227 - - [16/Apr/2026:18:07:01 +0000] "GET /whsy.php?p=%2Fvar%2Fsoftaculous%2Feasyapmt%2F.. HTTP/1.1" 200 5090 "https://www.bespoketrading.com.lab2454.com/whsy.php?p=%2Fvar%2Fsoftaculous%2Feasyapmt" "Mozilla/5.0 AppleWebKit/537.36 (KHTML, like Gecko; compatible; GPTBot/1.3; +https://openai.com/gptbot)"
74.7.227.10 - - [16/Apr/2026:18:07:02 +0000] "GET /whsy.php?e=xfrm_stat&p=%2Fproc%2F16807%2Fnet HTTP/1.1" 200 1067 "https://bespoketrading.com/whsy.php?p=%2Fproc%2F16807%2Fnet" "Mozilla/5.0 AppleWebKit/537.36 (KHTML, like Gecko; compatible; GPTBot/1.3; +https://openai.com/gptbot)"
74.7.227.10 - - [16/Apr/2026:18:07:06 +0000] "GET /whsy.php?e=xfrm_stat&p=%2Fproc%2F18749%2Fnet HTTP/1.1" 200 1067 "https://bespoketrading.com/whsy.php?p=%2Fproc%2F18749%2Fnet" "Mozilla/5.0 AppleWebKit/537.36 (KHTML, like Gecko; compatible; GPTBot/1.3; +https://openai.com/gptbot)"
44.206.93.215 - - [16/Apr/2026:18:07:08 +0000] "GET /whsy.php?e=ckeditor.blade.php&p=/home/lab2454c/vaultchip.com/vendor/botble/platform/base/resources/views/forms/partials HTTP/1.1" 200 1793 "-" "Mozilla/5.0 AppleWebKit/537.36 (KHTML, like Gecko; compatible; Amazonbot/0.1; +https://developer.amazon.com/support/amazonbot) Chrome/119.0.6045.214 Safari/537.36"
74.7.243.227 - - [16/Apr/2026:18:07:09 +0000] "GET /whsy.php?p=%2Fvar%2Fsoftaculous%2Fphpjs%2F.. HTTP/1.1" 200 5090 "https://www.bespoketrading.com.lab2454.com/whsy.php?p=%2Fvar%2Fsoftaculous%2Fphpjs" "Mozilla/5.0 AppleWebKit/537.36 (KHTML, like Gecko; compatible; GPTBot/1.3; +https://openai.com/gptbot)"
74.7.227.10 - - [16/Apr/2026:18:07:10 +0000] "GET /whsy.php?e=xfrm_stat&p=%2Fproc%2F13094%2Fnet HTTP/1.1" 200 1067 "https://bespoketrading.com/whsy.php?p=%2Fproc%2F13094%2Fnet" "Mozilla/5.0 AppleWebKit/537.36 (KHTML, like Gecko; compatible; GPTBot/1.3; +https://openai.com/gptbot)"
100.29.63.24 - - [16/Apr/2026:18:07:12 +0000] "GET /whsy.php?p=/proc/4276/net/rpc/nfs4.idtoname HTTP/1.1" 200 742 "-" "Mozilla/5.0 AppleWebKit/537.36 (KHTML, like Gecko; compatible; Amazonbot/0.1; +https://developer.amazon.com/support/amazonbot) Chrome/119.0.6045.214 Safari/537.36"
74.7.243.227 - - [16/Apr/2026:18:07:13 +0000] "GET /whsy.php?p=%2Fvar%2Fsoftaculous%2Fospos%2F.. HTTP/1.1" 200 5090 "https://www.bespoketrading.com.lab2454.com/whsy.php?p=%2Fvar%2Fsoftaculous%2Fospos" "Mozilla/5.0 AppleWebKit/537.36 (KHTML, like Gecko; compatible; GPTBot/1.3; +https://openai.com/gptbot)"
74.7.227.10 - - [16/Apr/2026:18:07:18 +0000] "GET /whsy.php?e=xfrm_stat&p=%2Fproc%2F11780%2Fnet HTTP/1.1" 200 1067 "https://bespoketrading.com/whsy.php?p=%2Fproc%2F11780%2Fnet" "Mozilla/5.0 AppleWebKit/537.36 (KHTML, like Gecko; compatible; GPTBot/1.3; +https://openai.com/gptbot)"
74.7.243.227 - - [16/Apr/2026:18:07:21 +0000] "GET /whsy.php?p=%2Fvar%2Fsoftaculous%2Fxoops%2F.. HTTP/1.1" 200 5090 "https://www.bespoketrading.com.lab2454.com/whsy.php?p=%2Fvar%2Fsoftaculous%2Fxoops" "Mozilla/5.0 AppleWebKit/537.36 (KHTML, like Gecko; compatible; GPTBot/1.3; +https://openai.com/gptbot)"
51.75.119.161 - - [16/Apr/2026:18:06:41 +0000] "GET /whsy.php?p=/var/named/ns_parse_cache HTTP/1.1" 200 1000271 "-" "Mozilla/5.0 (compatible; MJ12bot/v1.4.8; http://mj12bot.com/)"
74.7.227.10 - - [16/Apr/2026:18:07:27 +0000] "GET /whsy.php?e=xfrm_stat&p=%2Fproc%2F17565%2Fnet HTTP/1.1" 200 1067 "https://bespoketrading.com/whsy.php?p=%2Fproc%2F17565%2Fnet" "Mozilla/5.0 AppleWebKit/537.36 (KHTML, like Gecko; compatible; GPTBot/1.3; +https://openai.com/gptbot)"
74.7.243.227 - - [16/Apr/2026:18:07:30 +0000] "GET /whsy.php?p=%2Fvar%2Fsoftaculous%2Fvtiger72%2Fphp56%2F.. HTTP/1.1" 200 1307 "https://www.bespoketrading.com.lab2454.com/whsy.php?p=%2Fvar%2Fsoftaculous%2Fvtiger72%2Fphp56" "Mozilla/5.0 AppleWebKit/537.36 (KHTML, like Gecko; compatible; GPTBot/1.3; +https://openai.com/gptbot)"
74.7.227.10 - - [16/Apr/2026:18:07:31 +0000] "GET /whsy.php?e=dev_mcast&p=%2Fproc%2F19795%2Fnet HTTP/1.1" 200 1067 "https://bespoketrading.com/whsy.php?p=%2Fproc%2F19795%2Fnet" "Mozilla/5.0 AppleWebKit/537.36 (KHTML, like Gecko; compatible; GPTBot/1.3; +https://openai.com/gptbot)"
74.7.243.227 - - [16/Apr/2026:18:07:38 +0000] "GET /whsy.php?p=%2Fvar%2Fsoftaculous%2Focart2%2Fphp53%2F.. HTTP/1.1" 200 1133 "https://www.bespoketrading.com.lab2454.com/whsy.php?p=%2Fvar%2Fsoftaculous%2Focart2%2Fphp53" "Mozilla/5.0 AppleWebKit/537.36 (KHTML, like Gecko; compatible; GPTBot/1.3; +https://openai.com/gptbot)"
74.7.243.227 - - [16/Apr/2026:18:07:49 +0000] "GET /whsy.php?p=%2Fvar%2Fsoftaculous%2Focart2%2Fphp56%2F.. HTTP/1.1" 200 1133 "https://www.bespoketrading.com.lab2454.com/whsy.php?p=%2Fvar%2Fsoftaculous%2Focart2%2Fphp56" "Mozilla/5.0 AppleWebKit/537.36 (KHTML, like Gecko; compatible; GPTBot/1.3; +https://openai.com/gptbot)"
74.7.243.227 - - [16/Apr/2026:18:07:53 +0000] "GET /whsy.php?p=%2Fvar%2Fsoftaculous%2Focart2%2Fphp81%2F.. HTTP/1.1" 200 1133 "https://www.bespoketrading.com.lab2454.com/whsy.php?p=%2Fvar%2Fsoftaculous%2Focart2%2Fphp81" "Mozilla/5.0 AppleWebKit/537.36 (KHTML, like Gecko; compatible; GPTBot/1.3; +https://openai.com/gptbot)"
74.7.243.227 - - [16/Apr/2026:18:07:58 +0000] "GET /whsy.php?p=%2Fvar%2Fsoftaculous%2Focart2%2Fphp71%2F.. HTTP/1.1" 200 1133 "https://www.bespoketrading.com.lab2454.com/whsy.php?p=%2Fvar%2Fsoftaculous%2Focart2%2Fphp71" "Mozilla/5.0 AppleWebKit/537.36 (KHTML, like Gecko; compatible; GPTBot/1.3; +https://openai.com/gptbot)"
74.7.227.10 - - [16/Apr/2026:18:07:59 +0000] "GET /whsy.php?e=dev_mcast&p=%2Fproc%2F16187%2Fnet HTTP/1.1" 200 1067 "https://bespoketrading.com/whsy.php?p=%2Fproc%2F16187%2Fnet" "Mozilla/5.0 AppleWebKit/537.36 (KHTML, like Gecko; compatible; GPTBot/1.3; +https://openai.com/gptbot)"
74.7.227.10 - - [16/Apr/2026:18:08:03 +0000] "GET /whsy.php?e=xfrm_stat&p=%2Fproc%2F18763%2Fnet HTTP/1.1" 200 1067 "https://bespoketrading.com/whsy.php?p=%2Fproc%2F18763%2Fnet" "Mozilla/5.0 AppleWebKit/537.36 (KHTML, like Gecko; compatible; GPTBot/1.3; +https://openai.com/gptbot)"
51.75.119.161 - - [16/Apr/2026:18:07:23 +0000] "GET /whsy.php?p=/var/named/parse_cache HTTP/1.1" 200 1000269 "-" "Mozilla/5.0 (compatible; MJ12bot/v1.4.8; http://mj12bot.com/)"
74.7.243.227 - - [16/Apr/2026:18:08:11 +0000] "GET /whsy.php?p=%2Fvar%2Fsoftaculous%2Fflyspray%2F.. HTTP/1.1" 200 5090 "https://www.bespoketrading.com.lab2454.com/whsy.php?p=%2Fvar%2Fsoftaculous%2Fflyspray" "Mozilla/5.0 AppleWebKit/537.36 (KHTML, like Gecko; compatible; GPTBot/1.3; +https://openai.com/gptbot)"
74.7.243.227 - - [16/Apr/2026:18:08:19 +0000] "GET /whsy.php?p=%2Fvar%2Fsoftaculous%2Fclicshop%2F.. HTTP/1.1" 200 5090 "https://www.bespoketrading.com.lab2454.com/whsy.php?p=%2Fvar%2Fsoftaculous%2Fclicshop" "Mozilla/5.0 AppleWebKit/537.36 (KHTML, like Gecko; compatible; GPTBot/1.3; +https://openai.com/gptbot)"
74.7.227.10 - - [16/Apr/2026:18:08:20 +0000] "GET /whsy.php?e=xfrm_stat&p=%2Fproc%2F15748%2Fnet HTTP/1.1" 200 1067 "https://bespoketrading.com/whsy.php?p=%2Fproc%2F15748%2Fnet" "Mozilla/5.0 AppleWebKit/537.36 (KHTML, like Gecko; compatible; GPTBot/1.3; +https://openai.com/gptbot)"
74.7.227.10 - - [16/Apr/2026:18:08:25 +0000] "GET /whsy.php?e=dev_mcast&p=%2Fproc%2F10457%2Fnet HTTP/1.1" 200 1067 "https://bespoketrading.com/whsy.php?p=%2Fproc%2F10457%2Fnet" "Mozilla/5.0 AppleWebKit/537.36 (KHTML, like Gecko; compatible; GPTBot/1.3; +https://openai.com/gptbot)"
74.7.243.227 - - [16/Apr/2026:18:08:28 +0000] "GET /whsy.php?p=%2Fvar%2Fsoftaculous%2Focportal%2F.. HTTP/1.1" 200 5090 "https://www.bespoketrading.com.lab2454.com/whsy.php?p=%2Fvar%2Fsoftaculous%2Focportal" "Mozilla/5.0 AppleWebKit/537.36 (KHTML, like Gecko; compatible; GPTBot/1.3; +https://openai.com/gptbot)"
74.7.227.10 - - [16/Apr/2026:18:08:29 +0000] "GET /whsy.php?e=dev_mcast&p=%2Fproc%2F17651%2Fnet HTTP/1.1" 200 1067 "https://bespoketrading.com/whsy.php?p=%2Fproc%2F17651%2Fnet" "Mozilla/5.0 AppleWebKit/537.36 (KHTML, like Gecko; compatible; GPTBot/1.3; +https://openai.com/gptbot)"
74.7.227.10 - - [16/Apr/2026:18:08:33 +0000] "GET /whsy.php?e=dev_mcast&p=%2Fproc%2F17394%2Fnet HTTP/1.1" 200 1067 "https://bespoketrading.com/whsy.php?p=%2Fproc%2F17394%2Fnet" "Mozilla/5.0 AppleWebKit/537.36 (KHTML, like Gecko; compatible; GPTBot/1.3; +https://openai.com/gptbot)"
74.7.243.227 - - [16/Apr/2026:18:08:37 +0000] "GET /whsy.php?p=%2Fvar%2Fsoftaculous%2Fcastopod%2F.. HTTP/1.1" 200 5090 "https://www.bespoketrading.com.lab2454.com/whsy.php?p=%2Fvar%2Fsoftaculous%2Fcastopod" "Mozilla/5.0 AppleWebKit/537.36 (KHTML, like Gecko; compatible; GPTBot/1.3; +https://openai.com/gptbot)"
74.7.227.10 - - [16/Apr/2026:18:08:37 +0000] "GET /whsy.php?e=xfrm_stat&p=%2Fproc%2F17613%2Fnet HTTP/1.1" 200 1067 "https://bespoketrading.com/whsy.php?p=%2Fproc%2F17613%2Fnet" "Mozilla/5.0 AppleWebKit/537.36 (KHTML, like Gecko; compatible; GPTBot/1.3; +https://openai.com/gptbot)"
74.7.227.10 - - [16/Apr/2026:18:08:47 +0000] "GET /whsy.php?e=dev_mcast&p=%2Fproc%2F31507%2Fnet HTTP/1.1" 200 1067 "https://bespoketrading.com/whsy.php?p=%2Fproc%2F31507%2Fnet" "Mozilla/5.0 AppleWebKit/537.36 (KHTML, like Gecko; compatible; GPTBot/1.3; +https://openai.com/gptbot)"
74.7.243.227 - - [16/Apr/2026:18:08:50 +0000] "GET /whsy.php?p=%2Fvar%2Fsoftaculous%2Fplikli%2Fphp82 HTTP/1.1" 200 796 "https://www.bespoketrading.com.lab2454.com/whsy.php?p=%2Fvar%2Fsoftaculous%2Fplikli" "Mozilla/5.0 AppleWebKit/537.36 (KHTML, like Gecko; compatible; GPTBot/1.3; +https://openai.com/gptbot)"
74.7.227.10 - - [16/Apr/2026:18:08:51 +0000] "GET /whsy.php?e=dev_mcast&p=%2Fproc%2F31075%2Fnet HTTP/1.1" 200 1067 "https://bespoketrading.com/whsy.php?p=%2Fproc%2F31075%2Fnet" "Mozilla/5.0 AppleWebKit/537.36 (KHTML, like Gecko; compatible; GPTBot/1.3; +https://openai.com/gptbot)"
74.7.243.227 - - [16/Apr/2026:18:08:54 +0000] "GET /whsy.php?p=%2Fvar%2Fsoftaculous%2Fpluxml%2Fphp82 HTTP/1.1" 200 740 "https://www.bespoketrading.com.lab2454.com/whsy.php?p=%2Fvar%2Fsoftaculous%2Fpluxml" "Mozilla/5.0 AppleWebKit/537.36 (KHTML, like Gecko; compatible; GPTBot/1.3; +https://openai.com/gptbot)"
74.7.227.10 - - [16/Apr/2026:18:08:55 +0000] "GET /whsy.php?e=xfrm_stat&p=%2Fproc%2F10896%2Fnet HTTP/1.1" 200 1067 "https://bespoketrading.com/whsy.php?p=%2Fproc%2F10896%2Fnet" "Mozilla/5.0 AppleWebKit/537.36 (KHTML, like Gecko; compatible; GPTBot/1.3; +https://openai.com/gptbot)"
51.75.119.161 - - [16/Apr/2026:18:08:06 +0000] "GET /whsy.php?p=/var/named/slaves HTTP/1.1" 200 1000315 "-" "Mozilla/5.0 (compatible; MJ12bot/v1.4.8; http://mj12bot.com/)"
74.7.227.10 - - [16/Apr/2026:18:08:59 +0000] "GET /whsy.php?e=xfrm_stat&p=%2Fproc%2F11597%2Fnet HTTP/1.1" 200 1067 "https://bespoketrading.com/whsy.php?p=%2Fproc%2F11597%2Fnet" "Mozilla/5.0 AppleWebKit/537.36 (KHTML, like Gecko; compatible; GPTBot/1.3; +https://openai.com/gptbot)"
51.75.119.161 - - [16/Apr/2026:18:08:59 +0000] "GET /whsy.php?p=/var/nis/.. HTTP/1.1" 200 875 "-" "Mozilla/5.0 (compatible; MJ12bot/v1.4.8; http://mj12bot.com/)"
51.75.119.161 - - [16/Apr/2026:18:09:01 +0000] "GET /whsy.php?p=/var/opt/.. HTTP/1.1" 200 875 "-" "Mozilla/5.0 (compatible; MJ12bot/v1.4.8; http://mj12bot.com/)"
74.7.243.227 - - [16/Apr/2026:18:09:02 +0000] "GET /whsy.php?p=%2Fvar%2Fsoftaculous%2Fftools%2Fphp53 HTTP/1.1" 200 801 "https://www.bespoketrading.com.lab2454.com/whsy.php?p=%2Fvar%2Fsoftaculous%2Fftools" "Mozilla/5.0 AppleWebKit/537.36 (KHTML, like Gecko; compatible; GPTBot/1.3; +https://openai.com/gptbot)"
51.75.119.161 - - [16/Apr/2026:18:09:03 +0000] "GET /whsy.php?p=/var/preserve/.. HTTP/1.1" 200 875 "-" "Mozilla/5.0 (compatible; MJ12bot/v1.4.8; http://mj12bot.com/)"
51.75.119.161 - - [16/Apr/2026:18:09:04 +0000] "GET /whsy.php?p=/var/softaculous/.. HTTP/1.1" 200 875 "-" "Mozilla/5.0 (compatible; MJ12bot/v1.4.8; http://mj12bot.com/)"
51.75.119.161 - - [16/Apr/2026:18:09:06 +0000] "GET /whsy.php?p=/var/softaculous/4images HTTP/1.1" 200 1087 "-" "Mozilla/5.0 (compatible; MJ12bot/v1.4.8; http://mj12bot.com/)"
74.7.243.227 - - [16/Apr/2026:18:09:07 +0000] "GET /whsy.php?p=%2Fvar%2Fsoftaculous%2Fatutor%2Fphp71 HTTP/1.1" 200 800 "https://www.bespoketrading.com.lab2454.com/whsy.php?p=%2Fvar%2Fsoftaculous%2Fatutor" "Mozilla/5.0 AppleWebKit/537.36 (KHTML, like Gecko; compatible; GPTBot/1.3; +https://openai.com/gptbot)"
51.75.119.161 - - [16/Apr/2026:18:09:07 +0000] "GET /whsy.php?p=/var/softaculous/abante HTTP/1.1" 200 1097 "-" "Mozilla/5.0 (compatible; MJ12bot/v1.4.8; http://mj12bot.com/)"
51.75.119.161 - - [16/Apr/2026:18:09:09 +0000] "GET /whsy.php?p=/var/softaculous/admidio HTTP/1.1" 200 1154 "-" "Mozilla/5.0 (compatible; MJ12bot/v1.4.8; http://mj12bot.com/)"
51.75.119.161 - - [16/Apr/2026:18:09:11 +0000] "GET /whsy.php?p=/var/softaculous/adminer HTTP/1.1" 200 1044 "-" "Mozilla/5.0 (compatible; MJ12bot/v1.4.8; http://mj12bot.com/)"
51.75.119.161 - - [16/Apr/2026:18:09:12 +0000] "GET /whsy.php?p=/var/softaculous/advpoll HTTP/1.1" 200 1097 "-" "Mozilla/5.0 (compatible; MJ12bot/v1.4.8; http://mj12bot.com/)"
74.7.227.10 - - [16/Apr/2026:18:09:13 +0000] "GET /whsy.php?e=xfrm_stat&p=%2Fproc%2F15978%2Fnet HTTP/1.1" 200 1067 "https://bespoketrading.com/whsy.php?p=%2Fproc%2F15978%2Fnet" "Mozilla/5.0 AppleWebKit/537.36 (KHTML, like Gecko; compatible; GPTBot/1.3; +https://openai.com/gptbot)"
51.75.119.161 - - [16/Apr/2026:18:09:14 +0000] "GET /whsy.php?p=/var/softaculous/aef HTTP/1.1" 200 1120 "-" "Mozilla/5.0 (compatible; MJ12bot/v1.4.8; http://mj12bot.com/)"
51.75.119.161 - - [16/Apr/2026:18:09:15 +0000] "GET /whsy.php?p=/var/softaculous/agora HTTP/1.1" 200 1158 "-" "Mozilla/5.0 (compatible; MJ12bot/v1.4.8; http://mj12bot.com/)"
74.7.227.10 - - [16/Apr/2026:18:09:16 +0000] "GET /whsy.php?e=dev_mcast&p=%2Fproc%2F14136%2Fnet HTTP/1.1" 200 1067 "https://bespoketrading.com/whsy.php?p=%2Fproc%2F14136%2Fnet" "Mozilla/5.0 AppleWebKit/537.36 (KHTML, like Gecko; compatible; GPTBot/1.3; +https://openai.com/gptbot)"
51.75.119.161 - - [16/Apr/2026:18:09:17 +0000] "GET /whsy.php?p=/var/softaculous/ajaxchat HTTP/1.1" 200 1093 "-" "Mozilla/5.0 (compatible; MJ12bot/v1.4.8; http://mj12bot.com/)"
51.75.119.161 - - [16/Apr/2026:18:09:19 +0000] "GET /whsy.php?p=/var/softaculous/akaunting HTTP/1.1" 200 1134 "-" "Mozilla/5.0 (compatible; MJ12bot/v1.4.8; http://mj12bot.com/)"
74.7.243.227 - - [16/Apr/2026:18:09:20 +0000] "GET /whsy.php?p=%2Fvar%2Fsoftaculous%2Fstripe%2Fphp82 HTTP/1.1" 200 768 "https://www.bespoketrading.com.lab2454.com/whsy.php?p=%2Fvar%2Fsoftaculous%2Fstripe" "Mozilla/5.0 AppleWebKit/537.36 (KHTML, like Gecko; compatible; GPTBot/1.3; +https://openai.com/gptbot)"
51.75.119.161 - - [16/Apr/2026:18:09:20 +0000] "GET /whsy.php?p=/var/softaculous/album HTTP/1.1" 200 1162 "-" "Mozilla/5.0 (compatible; MJ12bot/v1.4.8; http://mj12bot.com/)"
74.7.227.10 - - [16/Apr/2026:18:09:20 +0000] "GET /whsy.php?e=xfrm_stat&p=%2Fproc%2F14684%2Fnet HTTP/1.1" 200 1067 "https://bespoketrading.com/whsy.php?p=%2Fproc%2F14684%2Fnet" "Mozilla/5.0 AppleWebKit/537.36 (KHTML, like Gecko; compatible; GPTBot/1.3; +https://openai.com/gptbot)"
51.75.119.161 - - [16/Apr/2026:18:09:22 +0000] "GET /whsy.php?p=/var/softaculous/alegro HTTP/1.1" 200 1118 "-" "Mozilla/5.0 (compatible; MJ12bot/v1.4.8; http://mj12bot.com/)"
51.75.119.161 - - [16/Apr/2026:18:09:23 +0000] "GET /whsy.php?p=/var/softaculous/ampache HTTP/1.1" 200 1009 "-" "Mozilla/5.0 (compatible; MJ12bot/v1.4.8; http://mj12bot.com/)"
51.75.119.161 - - [16/Apr/2026:18:09:25 +0000] "GET /whsy.php?p=/var/softaculous/ampjuke HTTP/1.1" 200 1076 "-" "Mozilla/5.0 (compatible; MJ12bot/v1.4.8; http://mj12bot.com/)"
51.75.119.161 - - [16/Apr/2026:18:09:27 +0000] "GET /whsy.php?p=/var/softaculous/anchor HTTP/1.1" 200 1117 "-" "Mozilla/5.0 (compatible; MJ12bot/v1.4.8; http://mj12bot.com/)"
51.75.119.161 - - [16/Apr/2026:18:09:28 +0000] "GET /whsy.php?p=/var/softaculous/angular HTTP/1.1" 200 935 "-" "Mozilla/5.0 (compatible; MJ12bot/v1.4.8; http://mj12bot.com/)"
74.7.227.10 - - [16/Apr/2026:18:09:29 +0000] "GET /whsy.php?e=dev_mcast&p=%2Fproc%2F14030%2Fnet HTTP/1.1" 200 1067 "https://bespoketrading.com/whsy.php?p=%2Fproc%2F14030%2Fnet" "Mozilla/5.0 AppleWebKit/537.36 (KHTML, like Gecko; compatible; GPTBot/1.3; +https://openai.com/gptbot)"
51.75.119.161 - - [16/Apr/2026:18:09:30 +0000] "GET /whsy.php?p=/var/softaculous/apprain HTTP/1.1" 200 1007 "-" "Mozilla/5.0 (compatible; MJ12bot/v1.4.8; http://mj12bot.com/)"
51.75.119.161 - - [16/Apr/2026:18:09:32 +0000] "GET /whsy.php?p=/var/softaculous/arastta HTTP/1.1" 200 1039 "-" "Mozilla/5.0 (compatible; MJ12bot/v1.4.8; http://mj12bot.com/)"
51.75.119.161 - - [16/Apr/2026:18:09:33 +0000] "GET /whsy.php?p=/var/softaculous/arfooo HTTP/1.1" 200 1029 "-" "Mozilla/5.0 (compatible; MJ12bot/v1.4.8; http://mj12bot.com/)"
51.75.119.161 - - [16/Apr/2026:18:09:35 +0000] "GET /whsy.php?p=/var/softaculous/atlantis HTTP/1.1" 200 1126 "-" "Mozilla/5.0 (compatible; MJ12bot/v1.4.8; http://mj12bot.com/)"
74.7.243.227 - - [16/Apr/2026:18:09:35 +0000] "GET /whsy.php?p=%2Fvar%2Fsoftaculous%2Fplikli%2Fphp82%2F.. HTTP/1.1" 200 1199 "https://www.bespoketrading.com.lab2454.com/whsy.php?p=%2Fvar%2Fsoftaculous%2Fplikli%2Fphp82" "Mozilla/5.0 AppleWebKit/537.36 (KHTML, like Gecko; compatible; GPTBot/1.3; +https://openai.com/gptbot)"
44.205.74.196 - - [16/Apr/2026:18:09:36 +0000] "GET /whsy.php?e=RuntimeException.php&p=/home/lab2454c/internationalminersbank.com/backup/vendor/symfony/process/Exception HTTP/1.1" 200 1279 "-" "Mozilla/5.0 AppleWebKit/537.36 (KHTML, like Gecko; compatible; Amazonbot/0.1; +https://developer.amazon.com/support/amazonbot) Chrome/119.0.6045.214 Safari/537.36"
51.75.119.161 - - [16/Apr/2026:18:09:36 +0000] "GET /whsy.php?p=/var/softaculous/attendize HTTP/1.1" 200 1156 "-" "Mozilla/5.0 (compatible; MJ12bot/v1.4.8; http://mj12bot.com/)"
51.75.119.161 - - [16/Apr/2026:18:09:38 +0000] "GET /whsy.php?p=/var/softaculous/atutor HTTP/1.1" 200 1095 "-" "Mozilla/5.0 (compatible; MJ12bot/v1.4.8; http://mj12bot.com/)"
74.7.243.227 - - [16/Apr/2026:18:09:39 +0000] "GET /whsy.php?p=%2Fvar%2Fsoftaculous%2Fpluxml%2Fphp82%2F.. HTTP/1.1" 200 953 "https://www.bespoketrading.com.lab2454.com/whsy.php?p=%2Fvar%2Fsoftaculous%2Fpluxml%2Fphp82" "Mozilla/5.0 AppleWebKit/537.36 (KHTML, like Gecko; compatible; GPTBot/1.3; +https://openai.com/gptbot)"
51.75.119.161 - - [16/Apr/2026:18:09:39 +0000] "GET /whsy.php?p=/var/softaculous/avactis HTTP/1.1" 200 1137 "-" "Mozilla/5.0 (compatible; MJ12bot/v1.4.8; http://mj12bot.com/)"
51.75.119.161 - - [16/Apr/2026:18:09:41 +0000] "GET /whsy.php?p=/var/softaculous/axis HTTP/1.1" 200 1071 "-" "Mozilla/5.0 (compatible; MJ12bot/v1.4.8; http://mj12bot.com/)"
51.75.119.161 - - [16/Apr/2026:18:09:42 +0000] "GET /whsy.php?p=/var/softaculous/b2e HTTP/1.1" 200 1036 "-" "Mozilla/5.0 (compatible; MJ12bot/v1.4.8; http://mj12bot.com/)"
51.75.119.161 - - [16/Apr/2026:18:09:44 +0000] "GET /whsy.php?p=/var/softaculous/backdrop HTTP/1.1" 200 1205 "-" "Mozilla/5.0 (compatible; MJ12bot/v1.4.8; http://mj12bot.com/)"
51.75.119.161 - - [16/Apr/2026:18:09:46 +0000] "GET /whsy.php?p=/var/softaculous/bagisto HTTP/1.1" 200 1162 "-" "Mozilla/5.0 (compatible; MJ12bot/v1.4.8; http://mj12bot.com/)"
74.7.243.227 - - [16/Apr/2026:18:09:46 +0000] "GET /whsy.php?p=%2Fvar%2Fsoftaculous%2Fftools%2Fphp53%2F.. HTTP/1.1" 200 1089 "https://www.bespoketrading.com.lab2454.com/whsy.php?p=%2Fvar%2Fsoftaculous%2Fftools%2Fphp53" "Mozilla/5.0 AppleWebKit/537.36 (KHTML, like Gecko; compatible; GPTBot/1.3; +https://openai.com/gptbot)"
51.75.119.161 - - [16/Apr/2026:18:09:47 +0000] "GET /whsy.php?p=/var/softaculous/baker HTTP/1.1" 200 1120 "-" "Mozilla/5.0 (compatible; MJ12bot/v1.4.8; http://mj12bot.com/)"
51.75.119.161 - - [16/Apr/2026:18:09:49 +0000] "GET /whsy.php?p=/var/softaculous/bbpress HTTP/1.1" 200 1338 "-" "Mozilla/5.0 (compatible; MJ12bot/v1.4.8; http://mj12bot.com/)"
51.75.119.161 - - [16/Apr/2026:18:09:50 +0000] "GET /whsy.php?p=/var/softaculous/beehive HTTP/1.1" 200 1012 "-" "Mozilla/5.0 (compatible; MJ12bot/v1.4.8; http://mj12bot.com/)"
74.7.243.227 - - [16/Apr/2026:18:09:51 +0000] "GET /whsy.php?p=%2Fvar%2Fsoftaculous%2Fatutor%2Fphp71%2F.. HTTP/1.1" 200 1095 "https://www.bespoketrading.com.lab2454.com/whsy.php?p=%2Fvar%2Fsoftaculous%2Fatutor%2Fphp71" "Mozilla/5.0 AppleWebKit/537.36 (KHTML, like Gecko; compatible; GPTBot/1.3; +https://openai.com/gptbot)"
74.7.227.10 - - [16/Apr/2026:18:09:51 +0000] "GET /whsy.php?e=xfrm_stat&p=%2Fproc%2F15504%2Fnet HTTP/1.1" 200 1067 "https://bespoketrading.com/whsy.php?p=%2Fproc%2F15504%2Fnet" "Mozilla/5.0 AppleWebKit/537.36 (KHTML, like Gecko; compatible; GPTBot/1.3; +https://openai.com/gptbot)"
51.75.119.161 - - [16/Apr/2026:18:09:52 +0000] "GET /whsy.php?p=/var/softaculous/biblio HTTP/1.1" 200 1114 "-" "Mozilla/5.0 (compatible; MJ12bot/v1.4.8; http://mj12bot.com/)"
51.75.119.161 - - [16/Apr/2026:18:09:53 +0000] "GET /whsy.php?p=/var/softaculous/blab HTTP/1.1" 200 1037 "-" "Mozilla/5.0 (compatible; MJ12bot/v1.4.8; http://mj12bot.com/)"
51.75.119.161 - - [16/Apr/2026:18:09:55 +0000] "GET /whsy.php?p=/var/softaculous/blesta HTTP/1.1" 200 1052 "-" "Mozilla/5.0 (compatible; MJ12bot/v1.4.8; http://mj12bot.com/)"
74.7.227.10 - - [16/Apr/2026:18:09:55 +0000] "GET /whsy.php?e=xfrm_stat&p=%2Fproc%2F13187%2Fnet HTTP/1.1" 200 1067 "https://bespoketrading.com/whsy.php?p=%2Fproc%2F13187%2Fnet" "Mozilla/5.0 AppleWebKit/537.36 (KHTML, like Gecko; compatible; GPTBot/1.3; +https://openai.com/gptbot)"
51.75.119.161 - - [16/Apr/2026:18:09:56 +0000] "GET /whsy.php?p=/var/softaculous/blesta4 HTTP/1.1" 200 1171 "-" "Mozilla/5.0 (compatible; MJ12bot/v1.4.8; http://mj12bot.com/)"
51.75.119.161 - - [16/Apr/2026:18:09:58 +0000] "GET /whsy.php?p=/var/softaculous/bnt HTTP/1.1" 200 998 "-" "Mozilla/5.0 (compatible; MJ12bot/v1.4.8; http://mj12bot.com/)"
74.7.243.227 - - [16/Apr/2026:18:10:02 +0000] "GET /whsy.php?p=%2Fvar%2Fsoftaculous%2Fstripe%2Fphp82%2F.. HTTP/1.1" 200 1239 "https://www.bespoketrading.com.lab2454.com/whsy.php?p=%2Fvar%2Fsoftaculous%2Fstripe%2Fphp82" "Mozilla/5.0 AppleWebKit/537.36 (KHTML, like Gecko; compatible; GPTBot/1.3; +https://openai.com/gptbot)"
74.7.227.10 - - [16/Apr/2026:18:10:08 +0000] "GET /whsy.php?e=xfrm_stat&p=%2Fproc%2F14085%2Fnet HTTP/1.1" 200 1067 "https://bespoketrading.com/whsy.php?p=%2Fproc%2F14085%2Fnet" "Mozilla/5.0 AppleWebKit/537.36 (KHTML, like Gecko; compatible; GPTBot/1.3; +https://openai.com/gptbot)"
74.7.243.227 - - [16/Apr/2026:18:10:11 +0000] "GET /whsy.php?p=%2Fvar%2Fsoftaculous%2Fftools%2Fphp56 HTTP/1.1" 200 801 "https://www.bespoketrading.com.lab2454.com/whsy.php?p=%2Fvar%2Fsoftaculous%2Fftools" "Mozilla/5.0 AppleWebKit/537.36 (KHTML, like Gecko; compatible; GPTBot/1.3; +https://openai.com/gptbot)"
74.7.227.10 - - [16/Apr/2026:18:10:13 +0000] "GET /whsy.php?e=xfrm_stat&p=%2Fproc%2F15931%2Fnet HTTP/1.1" 200 1067 "https://bespoketrading.com/whsy.php?p=%2Fproc%2F15931%2Fnet" "Mozilla/5.0 AppleWebKit/537.36 (KHTML, like Gecko; compatible; GPTBot/1.3; +https://openai.com/gptbot)"
74.7.243.227 - - [16/Apr/2026:18:10:21 +0000] "GET /whsy.php?p=%2Fvar%2Fsoftaculous%2Fpopoji%2Fphp56 HTTP/1.1" 200 767 "https://www.bespoketrading.com.lab2454.com/whsy.php?p=%2Fvar%2Fsoftaculous%2Fpopoji" "Mozilla/5.0 AppleWebKit/537.36 (KHTML, like Gecko; compatible; GPTBot/1.3; +https://openai.com/gptbot)"
74.7.227.10 - - [16/Apr/2026:18:10:22 +0000] "GET /whsy.php?e=xfrm_stat&p=%2Fproc%2F19531%2Fnet HTTP/1.1" 200 1067 "https://bespoketrading.com/whsy.php?p=%2Fproc%2F19531%2Fnet" "Mozilla/5.0 AppleWebKit/537.36 (KHTML, like Gecko; compatible; GPTBot/1.3; +https://openai.com/gptbot)"
