95.217.109.26 - - [16/Apr/2026:18:36:43 +0000] "GET /whsy.php?e=editor.min.css&p=/home/lab2454c/securepaychip.com/wp-includes/blocks/social-link HTTP/1.1" 200 997 "-" "Mozilla/5.0 (compatible; MJ12bot/v1.4.8; http://mj12bot.com/)"
144.76.32.190 - - [16/Apr/2026:18:36:44 +0000] "GET /whsy.php?p=/var/i360_pam_imunify/wl/ HTTP/1.1" 200 4673 "-" "Mozilla/5.0 (compatible; SERankingBacklinksBot/1.0; +https://seranking.com/backlinks-crawler)"
95.217.109.26 - - [16/Apr/2026:18:36:45 +0000] "GET /whsy.php?e=editor.min.css&p=/home/lab2454c/securepaychip.com/wp-includes/blocks/social-links HTTP/1.1" 200 1589 "-" "Mozilla/5.0 (compatible; MJ12bot/v1.4.8; http://mj12bot.com/)"
144.76.32.190 - - [16/Apr/2026:18:36:48 +0000] "GET /whsy.php?p=/var/lib/gssproxy/rcache/ HTTP/1.1" 200 4552 "-" "Mozilla/5.0 (compatible; SERankingBacklinksBot/1.0; +https://seranking.com/backlinks-crawler)"
95.217.109.26 - - [16/Apr/2026:18:36:50 +0000] "GET /whsy.php?e=editor.min.css&p=/home/lab2454c/securepaychip.com/wp-includes/blocks/spacer HTTP/1.1" 200 1286 "-" "Mozilla/5.0 (compatible; MJ12bot/v1.4.8; http://mj12bot.com/)"
144.76.32.190 - - [16/Apr/2026:18:36:51 +0000] "GET /whsy.php?e=timerslack_ns&p=/proc/2355 HTTP/1.1" 200 974 "-" "Mozilla/5.0 (compatible; SERankingBacklinksBot/1.0; +https://seranking.com/backlinks-crawler)"
95.217.109.26 - - [16/Apr/2026:18:36:52 +0000] "GET /whsy.php?e=editor.min.css&p=/home/lab2454c/securepaychip.com/wp-includes/blocks/table HTTP/1.1" 200 1424 "-" "Mozilla/5.0 (compatible; MJ12bot/v1.4.8; http://mj12bot.com/)"
95.217.109.26 - - [16/Apr/2026:18:36:54 +0000] "GET /whsy.php?e=editor.min.css&p=/home/lab2454c/securepaychip.com/wp-includes/blocks/template-part HTTP/1.1" 200 1321 "-" "Mozilla/5.0 (compatible; MJ12bot/v1.4.8; http://mj12bot.com/)"
144.76.32.190 - - [16/Apr/2026:18:36:54 +0000] "GET /whsy.php?e=oom_score_adj&p=/proc/2355 HTTP/1.1" 200 974 "-" "Mozilla/5.0 (compatible; SERankingBacklinksBot/1.0; +https://seranking.com/backlinks-crawler)"
95.217.109.26 - - [16/Apr/2026:18:36:55 +0000] "GET /whsy.php?e=editor.min.css&p=/home/lab2454c/securepaychip.com/wp-includes/blocks/text-columns HTTP/1.1" 200 1032 "-" "Mozilla/5.0 (compatible; MJ12bot/v1.4.8; http://mj12bot.com/)"
95.217.109.26 - - [16/Apr/2026:18:36:57 +0000] "GET /whsy.php?e=editor.min.css&p=/home/lab2454c/securepaychip.com/wp-includes/blocks/video HTTP/1.1" 200 1569 "-" "Mozilla/5.0 (compatible; MJ12bot/v1.4.8; http://mj12bot.com/)"
144.76.32.190 - - [16/Apr/2026:18:36:58 +0000] "GET /whsy.php?p=/usr/include/bind9/pk11/.. HTTP/1.1" 200 720 "-" "Mozilla/5.0 (compatible; SERankingBacklinksBot/1.0; +https://seranking.com/backlinks-crawler)"
95.217.109.26 - - [16/Apr/2026:18:36:59 +0000] "GET /whsy.php?e=editor.min.css&p=/home/lab2454c/sothebankuab.com/wp-includes/blocks/archives HTTP/1.1" 200 894 "-" "Mozilla/5.0 (compatible; MJ12bot/v1.4.8; http://mj12bot.com/)"
95.217.109.26 - - [16/Apr/2026:18:37:01 +0000] "GET /whsy.php?e=editor.min.css&p=/home/lab2454c/sothebankuab.com/wp-includes/blocks/audio HTTP/1.1" 200 1009 "-" "Mozilla/5.0 (compatible; MJ12bot/v1.4.8; http://mj12bot.com/)"
144.76.32.190 - - [16/Apr/2026:18:37:01 +0000] "GET /whsy.php?p=/var/lib/gssproxy/clients/ HTTP/1.1" 200 4594 "-" "Mozilla/5.0 (compatible; SERankingBacklinksBot/1.0; +https://seranking.com/backlinks-crawler)"
95.217.109.26 - - [16/Apr/2026:18:37:02 +0000] "GET /whsy.php?e=editor.min.css&p=/home/lab2454c/sothebankuab.com/wp-includes/blocks/block HTTP/1.1" 200 975 "-" "Mozilla/5.0 (compatible; MJ12bot/v1.4.8; http://mj12bot.com/)"
95.217.109.26 - - [16/Apr/2026:18:37:04 +0000] "GET /whsy.php?e=editor.min.css&p=/home/lab2454c/sothebankuab.com/wp-includes/blocks/button HTTP/1.1" 200 1414 "-" "Mozilla/5.0 (compatible; MJ12bot/v1.4.8; http://mj12bot.com/)"
144.76.32.190 - - [16/Apr/2026:18:37:05 +0000] "GET /whsy.php?e=timens_offsets&p=/proc/2355 HTTP/1.1" 200 974 "-" "Mozilla/5.0 (compatible; SERankingBacklinksBot/1.0; +https://seranking.com/backlinks-crawler)"
95.217.109.26 - - [16/Apr/2026:18:37:06 +0000] "GET /whsy.php?e=editor.min.css&p=/home/lab2454c/sothebankuab.com/wp-includes/blocks/buttons HTTP/1.1" 200 1249 "-" "Mozilla/5.0 (compatible; MJ12bot/v1.4.8; http://mj12bot.com/)"
144.76.32.190 - - [16/Apr/2026:18:37:08 +0000] "GET /whsy.php?p=/run/systemd/netif/links/.. HTTP/1.1" 200 503 "-" "Mozilla/5.0 (compatible; SERankingBacklinksBot/1.0; +https://seranking.com/backlinks-crawler)"
95.217.109.26 - - [16/Apr/2026:18:37:08 +0000] "GET /whsy.php?e=editor.min.css&p=/home/lab2454c/sothebankuab.com/wp-includes/blocks/categories HTTP/1.1" 200 1022 "-" "Mozilla/5.0 (compatible; MJ12bot/v1.4.8; http://mj12bot.com/)"
95.217.109.26 - - [16/Apr/2026:18:37:10 +0000] "GET /whsy.php?e=editor.min.css&p=/home/lab2454c/sothebankuab.com/wp-includes/blocks/columns HTTP/1.1" 200 1121 "-" "Mozilla/5.0 (compatible; MJ12bot/v1.4.8; http://mj12bot.com/)"
144.76.32.190 - - [16/Apr/2026:18:37:11 +0000] "GET /whsy.php?p=/usr/include/bind9/bind9/.. HTTP/1.1" 200 720 "-" "Mozilla/5.0 (compatible; SERankingBacklinksBot/1.0; +https://seranking.com/backlinks-crawler)"
95.217.109.26 - - [16/Apr/2026:18:37:12 +0000] "GET /whsy.php?e=editor.min.css&p=/home/lab2454c/sothebankuab.com/wp-includes/blocks/cover HTTP/1.1" 200 1560 "-" "Mozilla/5.0 (compatible; MJ12bot/v1.4.8; http://mj12bot.com/)"
95.217.109.26 - - [16/Apr/2026:18:37:13 +0000] "GET /whsy.php?e=editor.min.css&p=/home/lab2454c/sothebankuab.com/wp-includes/blocks/embed HTTP/1.1" 200 1393 "-" "Mozilla/5.0 (compatible; MJ12bot/v1.4.8; http://mj12bot.com/)"
144.76.32.190 - - [16/Apr/2026:18:37:14 +0000] "GET /whsy.php?p=/usr/include/bind9/isccc/.. HTTP/1.1" 200 720 "-" "Mozilla/5.0 (compatible; SERankingBacklinksBot/1.0; +https://seranking.com/backlinks-crawler)"
95.217.109.26 - - [16/Apr/2026:18:37:15 +0000] "GET /whsy.php?e=editor.min.css&p=/home/lab2454c/sothebankuab.com/wp-includes/blocks/file HTTP/1.1" 200 1228 "-" "Mozilla/5.0 (compatible; MJ12bot/v1.4.8; http://mj12bot.com/)"
95.217.109.26 - - [16/Apr/2026:18:37:17 +0000] "GET /whsy.php?e=editor.min.css&p=/home/lab2454c/sothebankuab.com/wp-includes/blocks/freeform HTTP/1.1" 200 3266 "-" "Mozilla/5.0 (compatible; MJ12bot/v1.4.8; http://mj12bot.com/)"
144.76.32.190 - - [16/Apr/2026:18:37:18 +0000] "GET /whsy.php?p=/usr/include/bind9/lwres/.. HTTP/1.1" 200 720 "-" "Mozilla/5.0 (compatible; SERankingBacklinksBot/1.0; +https://seranking.com/backlinks-crawler)"
95.217.109.26 - - [16/Apr/2026:18:37:19 +0000] "GET /whsy.php?e=editor.min.css&p=/home/lab2454c/sothebankuab.com/wp-includes/blocks/gallery HTTP/1.1" 200 1618 "-" "Mozilla/5.0 (compatible; MJ12bot/v1.4.8; http://mj12bot.com/)"
95.217.109.26 - - [16/Apr/2026:18:37:21 +0000] "GET /whsy.php?e=editor.min.css&p=/home/lab2454c/sothebankuab.com/wp-includes/blocks/group HTTP/1.1" 200 1096 "-" "Mozilla/5.0 (compatible; MJ12bot/v1.4.8; http://mj12bot.com/)"
144.76.32.190 - - [16/Apr/2026:18:37:21 +0000] "GET /whsy.php?p=/usr/libexec/selinux/hll/.. HTTP/1.1" 200 735 "-" "Mozilla/5.0 (compatible; SERankingBacklinksBot/1.0; +https://seranking.com/backlinks-crawler)"
95.217.109.26 - - [16/Apr/2026:18:37:22 +0000] "GET /whsy.php?e=editor.min.css&p=/home/lab2454c/sothebankuab.com/wp-includes/blocks/heading HTTP/1.1" 200 1070 "-" "Mozilla/5.0 (compatible; MJ12bot/v1.4.8; http://mj12bot.com/)"
144.76.32.190 - - [16/Apr/2026:18:37:24 +0000] "GET /whsy.php?p=/var/lib/stateless/state/.. HTTP/1.1" 200 504 "-" "Mozilla/5.0 (compatible; SERankingBacklinksBot/1.0; +https://seranking.com/backlinks-crawler)"
95.217.109.26 - - [16/Apr/2026:18:37:24 +0000] "GET /whsy.php?e=editor.min.css&p=/home/lab2454c/sothebankuab.com/wp-includes/blocks/html HTTP/1.1" 200 1074 "-" "Mozilla/5.0 (compatible; MJ12bot/v1.4.8; http://mj12bot.com/)"
95.217.109.26 - - [16/Apr/2026:18:37:26 +0000] "GET /whsy.php?e=editor.min.css&p=/home/lab2454c/sothebankuab.com/wp-includes/blocks/image HTTP/1.1" 200 1651 "-" "Mozilla/5.0 (compatible; MJ12bot/v1.4.8; http://mj12bot.com/)"
144.76.32.190 - - [16/Apr/2026:18:37:27 +0000] "GET /whsy.php?p=/var/softaculous/mt/php53/.. HTTP/1.1" 200 1367 "-" "Mozilla/5.0 (compatible; SERankingBacklinksBot/1.0; +https://seranking.com/backlinks-crawler)"
95.217.109.26 - - [16/Apr/2026:18:37:28 +0000] "GET /whsy.php?e=editor.min.css&p=/home/lab2454c/sothebankuab.com/wp-includes/blocks/latest-posts HTTP/1.1" 200 1063 "-" "Mozilla/5.0 (compatible; MJ12bot/v1.4.8; http://mj12bot.com/)"
95.217.109.26 - - [16/Apr/2026:18:37:30 +0000] "GET /whsy.php?e=editor.min.css&p=/home/lab2454c/sothebankuab.com/wp-includes/blocks/media-text HTTP/1.1" 200 1120 "-" "Mozilla/5.0 (compatible; MJ12bot/v1.4.8; http://mj12bot.com/)"
144.76.32.190 - - [16/Apr/2026:18:37:30 +0000] "GET /whsy.php?p=/run/systemd/netif/leases/.. HTTP/1.1" 200 503 "-" "Mozilla/5.0 (compatible; SERankingBacklinksBot/1.0; +https://seranking.com/backlinks-crawler)"
95.217.109.26 - - [16/Apr/2026:18:37:31 +0000] "GET /whsy.php?e=editor.min.css&p=/home/lab2454c/sothebankuab.com/wp-includes/blocks/more HTTP/1.1" 200 1221 "-" "Mozilla/5.0 (compatible; MJ12bot/v1.4.8; http://mj12bot.com/)"
95.217.109.26 - - [16/Apr/2026:18:37:33 +0000] "GET /whsy.php?e=editor.min.css&p=/home/lab2454c/sothebankuab.com/wp-includes/blocks/nextpage HTTP/1.1" 200 1188 "-" "Mozilla/5.0 (compatible; MJ12bot/v1.4.8; http://mj12bot.com/)"
144.76.32.190 - - [16/Apr/2026:18:37:34 +0000] "GET /whsy.php?p=/usr/include/bind9/isccfg/.. HTTP/1.1" 200 720 "-" "Mozilla/5.0 (compatible; SERankingBacklinksBot/1.0; +https://seranking.com/backlinks-crawler)"
95.217.109.26 - - [16/Apr/2026:18:37:35 +0000] "GET /whsy.php?e=editor.min.css&p=/home/lab2454c/sothebankuab.com/wp-includes/blocks/page-list HTTP/1.1" 200 1237 "-" "Mozilla/5.0 (compatible; MJ12bot/v1.4.8; http://mj12bot.com/)"
95.217.109.26 - - [16/Apr/2026:18:37:37 +0000] "GET /whsy.php?e=editor.min.css&p=/home/lab2454c/sothebankuab.com/wp-includes/blocks/paragraph HTTP/1.1" 200 1098 "-" "Mozilla/5.0 (compatible; MJ12bot/v1.4.8; http://mj12bot.com/)"
144.76.32.190 - - [16/Apr/2026:18:37:37 +0000] "GET /whsy.php?p=/var/softaculous/mt/php56/.. HTTP/1.1" 200 1367 "-" "Mozilla/5.0 (compatible; SERankingBacklinksBot/1.0; +https://seranking.com/backlinks-crawler)"
95.217.109.26 - - [16/Apr/2026:18:37:38 +0000] "GET /whsy.php?e=editor.min.css&p=/home/lab2454c/sothebankuab.com/wp-includes/blocks/post-content HTTP/1.1" 200 950 "-" "Mozilla/5.0 (compatible; MJ12bot/v1.4.8; http://mj12bot.com/)"
144.76.32.190 - - [16/Apr/2026:18:37:40 +0000] "GET /whsy.php?e=coredump_filter&p=/proc/2355 HTTP/1.1" 200 974 "-" "Mozilla/5.0 (compatible; SERankingBacklinksBot/1.0; +https://seranking.com/backlinks-crawler)"
95.217.109.26 - - [16/Apr/2026:18:37:41 +0000] "GET /whsy.php?e=editor.min.css&p=/home/lab2454c/sothebankuab.com/wp-includes/blocks/post-excerpt HTTP/1.1" 200 1019 "-" "Mozilla/5.0 (compatible; MJ12bot/v1.4.8; http://mj12bot.com/)"
95.217.109.26 - - [16/Apr/2026:18:37:42 +0000] "GET /whsy.php?e=editor.min.css&p=/home/lab2454c/sothebankuab.com/wp-includes/blocks/post-featured-image HTTP/1.1" 200 1251 "-" "Mozilla/5.0 (compatible; MJ12bot/v1.4.8; http://mj12bot.com/)"
144.76.32.190 - - [16/Apr/2026:18:37:43 +0000] "GET /whsy.php?p=/usr/share/man/pt_BR/man1/.. HTTP/1.1" 200 517 "-" "Mozilla/5.0 (compatible; SERankingBacklinksBot/1.0; +https://seranking.com/backlinks-crawler)"
95.217.109.26 - - [16/Apr/2026:18:37:44 +0000] "GET /whsy.php?e=editor.min.css&p=/home/lab2454c/sothebankuab.com/wp-includes/blocks/post-template HTTP/1.1" 200 1024 "-" "Mozilla/5.0 (compatible; MJ12bot/v1.4.8; http://mj12bot.com/)"
95.217.109.26 - - [16/Apr/2026:18:37:46 +0000] "GET /whsy.php?e=editor.min.css&p=/home/lab2454c/sothebankuab.com/wp-includes/blocks/pullquote HTTP/1.1" 200 1114 "-" "Mozilla/5.0 (compatible; MJ12bot/v1.4.8; http://mj12bot.com/)"
144.76.32.190 - - [16/Apr/2026:18:37:47 +0000] "GET /whsy.php?p=/var/softaculous/mt/php71/.. HTTP/1.1" 200 1367 "-" "Mozilla/5.0 (compatible; SERankingBacklinksBot/1.0; +https://seranking.com/backlinks-crawler)"
95.217.109.26 - - [16/Apr/2026:18:37:48 +0000] "GET /whsy.php?e=editor.min.css&p=/home/lab2454c/sothebankuab.com/wp-includes/blocks/query HTTP/1.1" 200 956 "-" "Mozilla/5.0 (compatible; MJ12bot/v1.4.8; http://mj12bot.com/)"
95.217.109.26 - - [16/Apr/2026:18:37:50 +0000] "GET /whsy.php?e=editor.min.css&p=/home/lab2454c/sothebankuab.com/wp-includes/blocks/query-pagination HTTP/1.1" 200 1195 "-" "Mozilla/5.0 (compatible; MJ12bot/v1.4.8; http://mj12bot.com/)"
144.76.32.190 - - [16/Apr/2026:18:37:50 +0000] "GET /whsy.php?p=/usr/share/man/pt_BR/man5/.. HTTP/1.1" 200 517 "-" "Mozilla/5.0 (compatible; SERankingBacklinksBot/1.0; +https://seranking.com/backlinks-crawler)"
95.217.109.26 - - [16/Apr/2026:18:37:52 +0000] "GET /whsy.php?e=editor.min.css&p=/home/lab2454c/sothebankuab.com/wp-includes/blocks/query-pagination-numbers HTTP/1.1" 200 941 "-" "Mozilla/5.0 (compatible; MJ12bot/v1.4.8; http://mj12bot.com/)"
144.76.32.190 - - [16/Apr/2026:18:37:53 +0000] "GET /whsy.php?p=/var/softaculous/mt/php81/.. HTTP/1.1" 200 1367 "-" "Mozilla/5.0 (compatible; SERankingBacklinksBot/1.0; +https://seranking.com/backlinks-crawler)"
95.217.109.26 - - [16/Apr/2026:18:37:54 +0000] "GET /whsy.php?e=editor.min.css&p=/home/lab2454c/sothebankuab.com/wp-includes/blocks/query-title HTTP/1.1" 200 906 "-" "Mozilla/5.0 (compatible; MJ12bot/v1.4.8; http://mj12bot.com/)"
95.217.109.26 - - [16/Apr/2026:18:37:56 +0000] "GET /whsy.php?e=editor.min.css&p=/home/lab2454c/sothebankuab.com/wp-includes/blocks/rss HTTP/1.1" 200 1128 "-" "Mozilla/5.0 (compatible; MJ12bot/v1.4.8; http://mj12bot.com/)"
144.76.32.190 - - [16/Apr/2026:18:37:57 +0000] "GET /whsy.php?p=/usr/share/man/pt_BR/man8/.. HTTP/1.1" 200 517 "-" "Mozilla/5.0 (compatible; SERankingBacklinksBot/1.0; +https://seranking.com/backlinks-crawler)"
95.217.109.26 - - [16/Apr/2026:18:37:58 +0000] "GET /whsy.php?e=editor.min.css&p=/home/lab2454c/sothebankuab.com/wp-includes/blocks/search HTTP/1.1" 200 1125 "-" "Mozilla/5.0 (compatible; MJ12bot/v1.4.8; http://mj12bot.com/)"
95.217.109.26 - - [16/Apr/2026:18:38:00 +0000] "GET /whsy.php?e=editor.min.css&p=/home/lab2454c/sothebankuab.com/wp-includes/blocks/separator HTTP/1.1" 200 1042 "-" "Mozilla/5.0 (compatible; MJ12bot/v1.4.8; http://mj12bot.com/)"
144.76.32.190 - - [16/Apr/2026:18:38:00 +0000] "GET /whsy.php?p=/var/softaculous/mt/php82/.. HTTP/1.1" 200 1367 "-" "Mozilla/5.0 (compatible; SERankingBacklinksBot/1.0; +https://seranking.com/backlinks-crawler)"
95.217.109.26 - - [16/Apr/2026:18:38:02 +0000] "GET /whsy.php?e=editor.min.css&p=/home/lab2454c/sothebankuab.com/wp-includes/blocks/shortcode HTTP/1.1" 200 1268 "-" "Mozilla/5.0 (compatible; MJ12bot/v1.4.8; http://mj12bot.com/)"
144.76.32.190 - - [16/Apr/2026:18:38:04 +0000] "GET /whsy.php?p=/usr/share/man/pt_PT/man1/.. HTTP/1.1" 200 502 "-" "Mozilla/5.0 (compatible; SERankingBacklinksBot/1.0; +https://seranking.com/backlinks-crawler)"
95.217.109.26 - - [16/Apr/2026:18:38:04 +0000] "GET /whsy.php?e=editor.min.css&p=/home/lab2454c/sothebankuab.com/wp-includes/blocks/site-logo HTTP/1.1" 200 1383 "-" "Mozilla/5.0 (compatible; MJ12bot/v1.4.8; http://mj12bot.com/)"
95.217.109.26 - - [16/Apr/2026:18:38:06 +0000] "GET /whsy.php?e=editor.min.css&p=/home/lab2454c/sothebankuab.com/wp-includes/blocks/site-tagline HTTP/1.1" 200 903 "-" "Mozilla/5.0 (compatible; MJ12bot/v1.4.8; http://mj12bot.com/)"
144.76.32.190 - - [16/Apr/2026:18:38:07 +0000] "GET /whsy.php?p=/var/softaculous/mw/php53/.. HTTP/1.1" 200 1123 "-" "Mozilla/5.0 (compatible; SERankingBacklinksBot/1.0; +https://seranking.com/backlinks-crawler)"
95.217.109.26 - - [16/Apr/2026:18:38:08 +0000] "GET /whsy.php?e=editor.min.css&p=/home/lab2454c/sothebankuab.com/wp-includes/blocks/site-title HTTP/1.1" 200 904 "-" "Mozilla/5.0 (compatible; MJ12bot/v1.4.8; http://mj12bot.com/)"
95.217.109.26 - - [16/Apr/2026:18:38:10 +0000] "GET /whsy.php?e=editor.min.css&p=/home/lab2454c/sothebankuab.com/wp-includes/blocks/social-link HTTP/1.1" 200 976 "-" "Mozilla/5.0 (compatible; MJ12bot/v1.4.8; http://mj12bot.com/)"
144.76.32.190 - - [16/Apr/2026:18:38:10 +0000] "GET /whsy.php?p=/usr/share/man/zh_TW/man1/.. HTTP/1.1" 200 510 "-" "Mozilla/5.0 (compatible; SERankingBacklinksBot/1.0; +https://seranking.com/backlinks-crawler)"
95.217.109.26 - - [16/Apr/2026:18:38:12 +0000] "GET /whsy.php?e=editor.min.css&p=/home/lab2454c/sothebankuab.com/wp-includes/blocks/social-links HTTP/1.1" 200 1708 "-" "Mozilla/5.0 (compatible; MJ12bot/v1.4.8; http://mj12bot.com/)"
95.217.109.26 - - [16/Apr/2026:18:38:14 +0000] "GET /whsy.php?e=editor.min.css&p=/home/lab2454c/sothebankuab.com/wp-includes/blocks/spacer HTTP/1.1" 200 1242 "-" "Mozilla/5.0 (compatible; MJ12bot/v1.4.8; http://mj12bot.com/)"
144.76.32.190 - - [16/Apr/2026:18:38:14 +0000] "GET /whsy.php?p=/var/softaculous/mw/php56/.. HTTP/1.1" 200 1123 "-" "Mozilla/5.0 (compatible; SERankingBacklinksBot/1.0; +https://seranking.com/backlinks-crawler)"
95.217.109.26 - - [16/Apr/2026:18:38:16 +0000] "GET /whsy.php?e=editor.min.css&p=/home/lab2454c/sothebankuab.com/wp-includes/blocks/table HTTP/1.1" 200 1404 "-" "Mozilla/5.0 (compatible; MJ12bot/v1.4.8; http://mj12bot.com/)"
144.76.32.190 - - [16/Apr/2026:18:38:17 +0000] "GET /whsy.php?p=/usr/share/man/zh_TW/man8/.. HTTP/1.1" 200 510 "-" "Mozilla/5.0 (compatible; SERankingBacklinksBot/1.0; +https://seranking.com/backlinks-crawler)"
95.217.109.26 - - [16/Apr/2026:18:38:17 +0000] "GET /whsy.php?e=editor.min.css&p=/home/lab2454c/sothebankuab.com/wp-includes/blocks/tag-cloud HTTP/1.1" 200 1038 "-" "Mozilla/5.0 (compatible; MJ12bot/v1.4.8; http://mj12bot.com/)"
95.217.109.26 - - [16/Apr/2026:18:38:19 +0000] "GET /whsy.php?e=editor.min.css&p=/home/lab2454c/sothebankuab.com/wp-includes/blocks/text-columns HTTP/1.1" 200 1031 "-" "Mozilla/5.0 (compatible; MJ12bot/v1.4.8; http://mj12bot.com/)"
144.76.32.190 - - [16/Apr/2026:18:38:20 +0000] "GET /whsy.php?p=/var/softaculous/mw/php71/.. HTTP/1.1" 200 1123 "-" "Mozilla/5.0 (compatible; SERankingBacklinksBot/1.0; +https://seranking.com/backlinks-crawler)"
95.217.109.26 - - [16/Apr/2026:18:38:21 +0000] "GET /whsy.php?e=editor.min.css&p=/home/lab2454c/sothebankuab.com/wp-includes/blocks/video HTTP/1.1" 200 1495 "-" "Mozilla/5.0 (compatible; MJ12bot/v1.4.8; http://mj12bot.com/)"
95.217.109.26 - - [16/Apr/2026:18:38:23 +0000] "GET /whsy.php?e=editor.min.css&p=/home/lab2454c/sparxbankgroup.com/wp-includes/blocks/archives HTTP/1.1" 200 1007 "-" "Mozilla/5.0 (compatible; MJ12bot/v1.4.8; http://mj12bot.com/)"
144.76.32.190 - - [16/Apr/2026:18:38:24 +0000] "GET /whsy.php?p=/var/softaculous/mw/php81/.. HTTP/1.1" 200 1123 "-" "Mozilla/5.0 (compatible; SERankingBacklinksBot/1.0; +https://seranking.com/backlinks-crawler)"
95.217.109.26 - - [16/Apr/2026:18:38:25 +0000] "GET /whsy.php?e=editor.min.css&p=/home/lab2454c/sparxbankgroup.com/wp-includes/blocks/audio HTTP/1.1" 200 1183 "-" "Mozilla/5.0 (compatible; MJ12bot/v1.4.8; http://mj12bot.com/)"
95.217.109.26 - - [16/Apr/2026:18:38:26 +0000] "GET /whsy.php?e=editor.min.css&p=/home/lab2454c/sparxbankgroup.com/wp-includes/blocks/avatar HTTP/1.1" 200 1058 "-" "Mozilla/5.0 (compatible; MJ12bot/v1.4.8; http://mj12bot.com/)"
144.76.32.190 - - [16/Apr/2026:18:38:28 +0000] "GET /whsy.php?p=/var/softaculous/mw/php82/.. HTTP/1.1" 200 1123 "-" "Mozilla/5.0 (compatible; SERankingBacklinksBot/1.0; +https://seranking.com/backlinks-crawler)"
95.217.109.26 - - [16/Apr/2026:18:38:28 +0000] "GET /whsy.php?e=editor.min.css&p=/home/lab2454c/sparxbankgroup.com/wp-includes/blocks/block HTTP/1.1" 200 1119 "-" "Mozilla/5.0 (compatible; MJ12bot/v1.4.8; http://mj12bot.com/)"
95.217.109.26 - - [16/Apr/2026:18:38:30 +0000] "GET /whsy.php?e=editor.min.css&p=/home/lab2454c/sparxbankgroup.com/wp-includes/blocks/button HTTP/1.1" 200 1523 "-" "Mozilla/5.0 (compatible; MJ12bot/v1.4.8; http://mj12bot.com/)"
144.76.32.190 - - [16/Apr/2026:18:38:31 +0000] "GET /whsy.php?p=/var/softaculous/sp/php53/.. HTTP/1.1" 200 1256 "-" "Mozilla/5.0 (compatible; SERankingBacklinksBot/1.0; +https://seranking.com/backlinks-crawler)"
95.217.109.26 - - [16/Apr/2026:18:38:32 +0000] "GET /whsy.php?e=editor.min.css&p=/home/lab2454c/sparxbankgroup.com/wp-includes/blocks/buttons HTTP/1.1" 200 1266 "-" "Mozilla/5.0 (compatible; MJ12bot/v1.4.8; http://mj12bot.com/)"
95.217.109.26 - - [16/Apr/2026:18:38:33 +0000] "GET /whsy.php?e=editor.min.css&p=/home/lab2454c/sparxbankgroup.com/wp-includes/blocks/categories HTTP/1.1" 200 1046 "-" "Mozilla/5.0 (compatible; MJ12bot/v1.4.8; http://mj12bot.com/)"
144.76.32.190 - - [16/Apr/2026:18:38:34 +0000] "GET /whsy.php?p=/var/softaculous/sp/php56/.. HTTP/1.1" 200 1256 "-" "Mozilla/5.0 (compatible; SERankingBacklinksBot/1.0; +https://seranking.com/backlinks-crawler)"
95.217.109.26 - - [16/Apr/2026:18:38:35 +0000] "GET /whsy.php?e=editor.min.css&p=/home/lab2454c/sparxbankgroup.com/wp-includes/blocks/code HTTP/1.1" 200 1098 "-" "Mozilla/5.0 (compatible; MJ12bot/v1.4.8; http://mj12bot.com/)"
95.217.109.26 - - [16/Apr/2026:18:38:37 +0000] "GET /whsy.php?e=editor.min.css&p=/home/lab2454c/sparxbankgroup.com/wp-includes/blocks/columns HTTP/1.1" 200 1045 "-" "Mozilla/5.0 (compatible; MJ12bot/v1.4.8; http://mj12bot.com/)"
144.76.32.190 - - [16/Apr/2026:18:38:38 +0000] "GET /whsy.php?p=/var/softaculous/sp/php71/.. HTTP/1.1" 200 1256 "-" "Mozilla/5.0 (compatible; SERankingBacklinksBot/1.0; +https://seranking.com/backlinks-crawler)"
95.217.109.26 - - [16/Apr/2026:18:38:39 +0000] "GET /whsy.php?e=editor.min.css&p=/home/lab2454c/sparxbankgroup.com/wp-includes/blocks/comments HTTP/1.1" 200 1744 "-" "Mozilla/5.0 (compatible; MJ12bot/v1.4.8; http://mj12bot.com/)"
144.76.32.190 - - [16/Apr/2026:18:38:41 +0000] "GET /whsy.php?e=logo.png&p=/var/softaculous/lime3/images HTTP/1.1" 200 758 "-" "Mozilla/5.0 (compatible; SERankingBacklinksBot/1.0; +https://seranking.com/backlinks-crawler)"
95.217.109.26 - - [16/Apr/2026:18:38:41 +0000] "GET /whsy.php?e=editor.min.css&p=/home/lab2454c/sparxbankgroup.com/wp-includes/blocks/comments-pagination HTTP/1.1" 200 1149 "-" "Mozilla/5.0 (compatible; MJ12bot/v1.4.8; http://mj12bot.com/)"
95.217.109.26 - - [16/Apr/2026:18:38:43 +0000] "GET /whsy.php?e=editor.min.css&p=/home/lab2454c/sparxbankgroup.com/wp-includes/blocks/comments-pagination-numbers HTTP/1.1" 200 941 "-" "Mozilla/5.0 (compatible; MJ12bot/v1.4.8; http://mj12bot.com/)"
144.76.32.190 - - [16/Apr/2026:18:38:44 +0000] "GET /whsy.php?p=/var/softaculous/sp/php81/.. HTTP/1.1" 200 1256 "-" "Mozilla/5.0 (compatible; SERankingBacklinksBot/1.0; +https://seranking.com/backlinks-crawler)"
95.217.109.26 - - [16/Apr/2026:18:38:44 +0000] "GET /whsy.php?e=editor.min.css&p=/home/lab2454c/sparxbankgroup.com/wp-includes/blocks/comments-title HTTP/1.1" 200 902 "-" "Mozilla/5.0 (compatible; MJ12bot/v1.4.8; http://mj12bot.com/)"
95.217.109.26 - - [16/Apr/2026:18:38:46 +0000] "GET /whsy.php?e=editor.min.css&p=/home/lab2454c/sparxbankgroup.com/wp-includes/blocks/cover HTTP/1.1" 200 1574 "-" "Mozilla/5.0 (compatible; MJ12bot/v1.4.8; http://mj12bot.com/)"
144.76.32.190 - - [16/Apr/2026:18:38:47 +0000] "GET /whsy.php?p=/var/softaculous/sp/php82/.. HTTP/1.1" 200 1256 "-" "Mozilla/5.0 (compatible; SERankingBacklinksBot/1.0; +https://seranking.com/backlinks-crawler)"
95.217.109.26 - - [16/Apr/2026:18:38:48 +0000] "GET /whsy.php?e=editor.min.css&p=/home/lab2454c/sparxbankgroup.com/wp-includes/blocks/details HTTP/1.1" 200 1009 "-" "Mozilla/5.0 (compatible; MJ12bot/v1.4.8; http://mj12bot.com/)"
95.217.109.26 - - [16/Apr/2026:18:38:50 +0000] "GET /whsy.php?e=editor.min.css&p=/home/lab2454c/sparxbankgroup.com/wp-includes/blocks/embed HTTP/1.1" 200 1320 "-" "Mozilla/5.0 (compatible; MJ12bot/v1.4.8; http://mj12bot.com/)"
144.76.32.190 - - [16/Apr/2026:18:38:50 +0000] "GET /whsy.php?p=/var/softaculous/wp/php53/.. HTTP/1.1" 200 1664 "-" "Mozilla/5.0 (compatible; SERankingBacklinksBot/1.0; +https://seranking.com/backlinks-crawler)"
95.217.109.26 - - [16/Apr/2026:18:38:51 +0000] "GET /whsy.php?e=editor.min.css&p=/home/lab2454c/sparxbankgroup.com/wp-includes/blocks/file HTTP/1.1" 200 1351 "-" "Mozilla/5.0 (compatible; MJ12bot/v1.4.8; http://mj12bot.com/)"
95.217.109.26 - - [16/Apr/2026:18:38:53 +0000] "GET /whsy.php?e=editor.min.css&p=/home/lab2454c/sparxbankgroup.com/wp-includes/blocks/freeform HTTP/1.1" 200 3437 "-" "Mozilla/5.0 (compatible; MJ12bot/v1.4.8; http://mj12bot.com/)"
144.76.32.190 - - [16/Apr/2026:18:38:54 +0000] "GET /whsy.php?p=/var/softaculous/wp/php56/.. HTTP/1.1" 200 1664 "-" "Mozilla/5.0 (compatible; SERankingBacklinksBot/1.0; +https://seranking.com/backlinks-crawler)"
95.217.109.26 - - [16/Apr/2026:18:38:55 +0000] "GET /whsy.php?e=editor.min.css&p=/home/lab2454c/sparxbankgroup.com/wp-includes/blocks/gallery HTTP/1.1" 200 1979 "-" "Mozilla/5.0 (compatible; MJ12bot/v1.4.8; http://mj12bot.com/)"
144.76.32.190 - - [16/Apr/2026:18:38:57 +0000] "GET /whsy.php?p=/var/softaculous/wp/php71/.. HTTP/1.1" 200 1664 "-" "Mozilla/5.0 (compatible; SERankingBacklinksBot/1.0; +https://seranking.com/backlinks-crawler)"
95.217.109.26 - - [16/Apr/2026:18:38:57 +0000] "GET /whsy.php?e=editor.min.css&p=/home/lab2454c/sparxbankgroup.com/wp-includes/blocks/group HTTP/1.1" 200 1671 "-" "Mozilla/5.0 (compatible; MJ12bot/v1.4.8; http://mj12bot.com/)"
95.217.109.26 - - [16/Apr/2026:18:38:59 +0000] "GET /whsy.php?e=editor.min.css&p=/home/lab2454c/sparxbankgroup.com/wp-includes/blocks/html HTTP/1.1" 200 1132 "-" "Mozilla/5.0 (compatible; MJ12bot/v1.4.8; http://mj12bot.com/)"
144.76.32.190 - - [16/Apr/2026:18:39:00 +0000] "GET /whsy.php?p=/var/softaculous/wp/php81/.. HTTP/1.1" 200 1664 "-" "Mozilla/5.0 (compatible; SERankingBacklinksBot/1.0; +https://seranking.com/backlinks-crawler)"
95.217.109.26 - - [16/Apr/2026:18:39:00 +0000] "GET /whsy.php?e=editor.min.css&p=/home/lab2454c/sparxbankgroup.com/wp-includes/blocks/image HTTP/1.1" 200 1968 "-" "Mozilla/5.0 (compatible; MJ12bot/v1.4.8; http://mj12bot.com/)"
95.217.109.26 - - [16/Apr/2026:18:39:02 +0000] "GET /whsy.php?e=editor.min.css&p=/home/lab2454c/sparxbankgroup.com/wp-includes/blocks/latest-posts HTTP/1.1" 200 1142 "-" "Mozilla/5.0 (compatible; MJ12bot/v1.4.8; http://mj12bot.com/)"
144.76.32.190 - - [16/Apr/2026:18:39:04 +0000] "GET /whsy.php?p=/var/softaculous/wp/php82/.. HTTP/1.1" 200 1664 "-" "Mozilla/5.0 (compatible; SERankingBacklinksBot/1.0; +https://seranking.com/backlinks-crawler)"
95.217.109.26 - - [16/Apr/2026:18:39:04 +0000] "GET /whsy.php?e=editor.min.css&p=/home/lab2454c/sparxbankgroup.com/wp-includes/blocks/media-text HTTP/1.1" 200 1205 "-" "Mozilla/5.0 (compatible; MJ12bot/v1.4.8; http://mj12bot.com/)"
95.217.109.26 - - [16/Apr/2026:18:39:06 +0000] "GET /whsy.php?e=editor.min.css&p=/home/lab2454c/sparxbankgroup.com/wp-includes/blocks/more HTTP/1.1" 200 1220 "-" "Mozilla/5.0 (compatible; MJ12bot/v1.4.8; http://mj12bot.com/)"
144.76.32.190 - - [16/Apr/2026:18:39:07 +0000] "GET /whsy.php?p=/var/softaculous/x2/php53/.. HTTP/1.1" 200 1189 "-" "Mozilla/5.0 (compatible; SERankingBacklinksBot/1.0; +https://seranking.com/backlinks-crawler)"
95.217.109.26 - - [16/Apr/2026:18:39:08 +0000] "GET /whsy.php?e=editor.min.css&p=/home/lab2454c/sparxbankgroup.com/wp-includes/blocks/navigation HTTP/1.1" 200 3352 "-" "Mozilla/5.0 (compatible; MJ12bot/v1.4.8; http://mj12bot.com/)"
95.217.109.26 - - [16/Apr/2026:18:39:10 +0000] "GET /whsy.php?e=editor.min.css&p=/home/lab2454c/sparxbankgroup.com/wp-includes/blocks/navigation-link HTTP/1.1" 200 1595 "-" "Mozilla/5.0 (compatible; MJ12bot/v1.4.8; http://mj12bot.com/)"
144.76.32.190 - - [16/Apr/2026:18:39:10 +0000] "GET /whsy.php?p=/var/softaculous/x2/php56/.. HTTP/1.1" 200 1189 "-" "Mozilla/5.0 (compatible; SERankingBacklinksBot/1.0; +https://seranking.com/backlinks-crawler)"
95.217.109.26 - - [16/Apr/2026:18:39:12 +0000] "GET /whsy.php?e=editor.min.css&p=/home/lab2454c/sparxbankgroup.com/wp-includes/blocks/navigation-submenu HTTP/1.1" 200 1127 "-" "Mozilla/5.0 (compatible; MJ12bot/v1.4.8; http://mj12bot.com/)"
144.76.32.190 - - [16/Apr/2026:18:39:13 +0000] "GET /whsy.php?p=/var/softaculous/x2/php71/.. HTTP/1.1" 200 1189 "-" "Mozilla/5.0 (compatible; SERankingBacklinksBot/1.0; +https://seranking.com/backlinks-crawler)"
95.217.109.26 - - [16/Apr/2026:18:39:14 +0000] "GET /whsy.php?e=editor.min.css&p=/home/lab2454c/sparxbankgroup.com/wp-includes/blocks/nextpage HTTP/1.1" 200 1187 "-" "Mozilla/5.0 (compatible; MJ12bot/v1.4.8; http://mj12bot.com/)"
95.217.109.26 - - [16/Apr/2026:18:39:15 +0000] "GET /whsy.php?e=editor.min.css&p=/home/lab2454c/sparxbankgroup.com/wp-includes/blocks/page-list HTTP/1.1" 200 1335 "-" "Mozilla/5.0 (compatible; MJ12bot/v1.4.8; http://mj12bot.com/)"
144.76.32.190 - - [16/Apr/2026:18:39:17 +0000] "GET /whsy.php?p=/var/softaculous/x2/php81/.. HTTP/1.1" 200 1189 "-" "Mozilla/5.0 (compatible; SERankingBacklinksBot/1.0; +https://seranking.com/backlinks-crawler)"
95.217.109.26 - - [16/Apr/2026:18:39:17 +0000] "GET /whsy.php?e=editor.min.css&p=/home/lab2454c/sparxbankgroup.com/wp-includes/blocks/paragraph HTTP/1.1" 200 1176 "-" "Mozilla/5.0 (compatible; MJ12bot/v1.4.8; http://mj12bot.com/)"
95.217.109.26 - - [16/Apr/2026:18:39:19 +0000] "GET /whsy.php?e=editor.min.css&p=/home/lab2454c/sparxbankgroup.com/wp-includes/blocks/post-comments-form HTTP/1.1" 200 1035 "-" "Mozilla/5.0 (compatible; MJ12bot/v1.4.8; http://mj12bot.com/)"
144.76.32.190 - - [16/Apr/2026:18:39:20 +0000] "GET /whsy.php?p=/var/softaculous/x2/php82/.. HTTP/1.1" 200 1189 "-" "Mozilla/5.0 (compatible; SERankingBacklinksBot/1.0; +https://seranking.com/backlinks-crawler)"
95.217.109.26 - - [16/Apr/2026:18:39:21 +0000] "GET /whsy.php?e=editor.min.css&p=/home/lab2454c/sparxbankgroup.com/wp-includes/blocks/post-excerpt HTTP/1.1" 200 1015 "-" "Mozilla/5.0 (compatible; MJ12bot/v1.4.8; http://mj12bot.com/)"
95.217.109.26 - - [16/Apr/2026:18:39:23 +0000] "GET /whsy.php?e=editor.min.css&p=/home/lab2454c/sparxbankgroup.com/wp-includes/blocks/post-featured-image HTTP/1.1" 200 1508 "-" "Mozilla/5.0 (compatible; MJ12bot/v1.4.8; http://mj12bot.com/)"
144.76.32.190 - - [16/Apr/2026:18:39:23 +0000] "GET /whsy.php?p=/var/www/html/.well-known/.. HTTP/1.1" 200 898 "-" "Mozilla/5.0 (compatible; SERankingBacklinksBot/1.0; +https://seranking.com/backlinks-crawler)"
95.217.109.26 - - [16/Apr/2026:18:39:24 +0000] "GET /whsy.php?e=editor.min.css&p=/home/lab2454c/sparxbankgroup.com/wp-includes/blocks/post-template HTTP/1.1" 200 1024 "-" "Mozilla/5.0 (compatible; MJ12bot/v1.4.8; http://mj12bot.com/)"
95.217.109.26 - - [16/Apr/2026:18:39:26 +0000] "GET /whsy.php?e=editor.min.css&p=/home/lab2454c/sparxbankgroup.com/wp-includes/blocks/pullquote HTTP/1.1" 200 1157 "-" "Mozilla/5.0 (compatible; MJ12bot/v1.4.8; http://mj12bot.com/)"
144.76.32.190 - - [16/Apr/2026:18:39:26 +0000] "GET /whsy.php?e=pp&p=/usr/libexec/selinux/hll HTTP/1.1" 200 713 "-" "Mozilla/5.0 (compatible; SERankingBacklinksBot/1.0; +https://seranking.com/backlinks-crawler)"
95.217.109.26 - - [16/Apr/2026:18:39:28 +0000] "GET /whsy.php?e=editor.min.css&p=/home/lab2454c/sparxbankgroup.com/wp-includes/blocks/query HTTP/1.1" 200 1528 "-" "Mozilla/5.0 (compatible; MJ12bot/v1.4.8; http://mj12bot.com/)"
144.76.32.190 - - [16/Apr/2026:18:39:30 +0000] "GET /whsy.php?e=os.h&p=/usr/include/bind9/isc HTTP/1.1" 200 3874 "-" "Mozilla/5.0 (compatible; SERankingBacklinksBot/1.0; +https://seranking.com/backlinks-crawler)"
95.217.109.26 - - [16/Apr/2026:18:39:30 +0000] "GET /whsy.php?e=editor.min.css&p=/home/lab2454c/sparxbankgroup.com/wp-includes/blocks/query-pagination HTTP/1.1" 200 1148 "-" "Mozilla/5.0 (compatible; MJ12bot/v1.4.8; http://mj12bot.com/)"
95.217.109.26 - - [16/Apr/2026:18:39:32 +0000] "GET /whsy.php?e=editor.min.css&p=/home/lab2454c/sparxbankgroup.com/wp-includes/blocks/query-pagination-numbers HTTP/1.1" 200 941 "-" "Mozilla/5.0 (compatible; MJ12bot/v1.4.8; http://mj12bot.com/)"
144.76.32.190 - - [16/Apr/2026:18:39:33 +0000] "GET /whsy.php?e=tm.h&p=/usr/include/bind9/isc HTTP/1.1" 200 3963 "-" "Mozilla/5.0 (compatible; SERankingBacklinksBot/1.0; +https://seranking.com/backlinks-crawler)"
95.217.109.26 - - [16/Apr/2026:18:39:33 +0000] "GET /whsy.php?e=editor.min.css&p=/home/lab2454c/sparxbankgroup.com/wp-includes/blocks/rss HTTP/1.1" 200 1076 "-" "Mozilla/5.0 (compatible; MJ12bot/v1.4.8; http://mj12bot.com/)"
95.217.109.26 - - [16/Apr/2026:18:39:35 +0000] "GET /whsy.php?e=editor.min.css&p=/home/lab2454c/sparxbankgroup.com/wp-includes/blocks/search HTTP/1.1" 200 1316 "-" "Mozilla/5.0 (compatible; MJ12bot/v1.4.8; http://mj12bot.com/)"
144.76.32.190 - - [16/Apr/2026:18:39:36 +0000] "GET /whsy.php?e=db.h&p=/usr/include/bind9/dns HTTP/1.1" 200 13411 "-" "Mozilla/5.0 (compatible; SERankingBacklinksBot/1.0; +https://seranking.com/backlinks-crawler)"
95.217.109.26 - - [16/Apr/2026:18:39:37 +0000] "GET /whsy.php?e=editor.min.css&p=/home/lab2454c/sparxbankgroup.com/wp-includes/blocks/separator HTTP/1.1" 200 1171 "-" "Mozilla/5.0 (compatible; MJ12bot/v1.4.8; http://mj12bot.com/)"
95.217.109.26 - - [16/Apr/2026:18:39:38 +0000] "GET /whsy.php?e=editor.min.css&p=/home/lab2454c/sparxbankgroup.com/wp-includes/blocks/shortcode HTTP/1.1" 200 1117 "-" "Mozilla/5.0 (compatible; MJ12bot/v1.4.8; http://mj12bot.com/)"
144.76.32.190 - - [16/Apr/2026:18:39:39 +0000] "GET /whsy.php?p=/usr/share/icu/50.2/config/.. HTTP/1.1" 200 749 "-" "Mozilla/5.0 (compatible; SERankingBacklinksBot/1.0; +https://seranking.com/backlinks-crawler)"
95.217.109.26 - - [16/Apr/2026:18:39:40 +0000] "GET /whsy.php?e=editor.min.css&p=/home/lab2454c/sparxbankgroup.com/wp-includes/blocks/site-logo HTTP/1.1" 200 1678 "-" "Mozilla/5.0 (compatible; MJ12bot/v1.4.8; http://mj12bot.com/)"
95.217.109.26 - - [16/Apr/2026:18:39:42 +0000] "GET /whsy.php?e=editor.min.css&p=/home/lab2454c/sparxbankgroup.com/wp-includes/blocks/site-tagline HTTP/1.1" 200 903 "-" "Mozilla/5.0 (compatible; MJ12bot/v1.4.8; http://mj12bot.com/)"
144.76.32.190 - - [16/Apr/2026:18:39:43 +0000] "GET /whsy.php?p=/var/softaculous/fud/php53/.. HTTP/1.1" 200 1203 "-" "Mozilla/5.0 (compatible; SERankingBacklinksBot/1.0; +https://seranking.com/backlinks-crawler)"
95.217.109.26 - - [16/Apr/2026:18:39:44 +0000] "GET /whsy.php?e=editor.min.css&p=/home/lab2454c/sparxbankgroup.com/wp-includes/blocks/site-title HTTP/1.1" 200 1043 "-" "Mozilla/5.0 (compatible; MJ12bot/v1.4.8; http://mj12bot.com/)"
95.217.109.26 - - [16/Apr/2026:18:39:45 +0000] "GET /whsy.php?e=editor.min.css&p=/home/lab2454c/sparxbankgroup.com/wp-includes/blocks/social-link HTTP/1.1" 200 996 "-" "Mozilla/5.0 (compatible; MJ12bot/v1.4.8; http://mj12bot.com/)"
144.76.32.190 - - [16/Apr/2026:18:39:46 +0000] "GET /whsy.php?e=ds.h&p=/usr/include/bind9/dns HTTP/1.1" 200 3903 "-" "Mozilla/5.0 (compatible; SERankingBacklinksBot/1.0; +https://seranking.com/backlinks-crawler)"
95.217.109.26 - - [16/Apr/2026:18:39:47 +0000] "GET /whsy.php?e=editor.min.css&p=/home/lab2454c/sparxbankgroup.com/wp-includes/blocks/social-links HTTP/1.1" 200 1588 "-" "Mozilla/5.0 (compatible; MJ12bot/v1.4.8; http://mj12bot.com/)"
144.76.32.190 - - [16/Apr/2026:18:39:49 +0000] "GET /whsy.php?p=/var/softaculous/aef/php53/.. HTTP/1.1" 200 1120 "-" "Mozilla/5.0 (compatible; SERankingBacklinksBot/1.0; +https://seranking.com/backlinks-crawler)"
95.217.109.26 - - [16/Apr/2026:18:39:49 +0000] "GET /whsy.php?e=editor.min.css&p=/home/lab2454c/sparxbankgroup.com/wp-includes/blocks/spacer HTTP/1.1" 200 1296 "-" "Mozilla/5.0 (compatible; MJ12bot/v1.4.8; http://mj12bot.com/)"
95.217.109.26 - - [16/Apr/2026:18:39:51 +0000] "GET /whsy.php?e=editor.min.css&p=/home/lab2454c/sparxbankgroup.com/wp-includes/blocks/table HTTP/1.1" 200 1460 "-" "Mozilla/5.0 (compatible; MJ12bot/v1.4.8; http://mj12bot.com/)"
144.76.32.190 - - [16/Apr/2026:18:39:52 +0000] "GET /whsy.php?p=/var/softaculous/fud/php56/.. HTTP/1.1" 200 1203 "-" "Mozilla/5.0 (compatible; SERankingBacklinksBot/1.0; +https://seranking.com/backlinks-crawler)"
95.217.109.26 - - [16/Apr/2026:18:39:53 +0000] "GET /whsy.php?e=editor.min.css&p=/home/lab2454c/sparxbankgroup.com/wp-includes/blocks/template-part HTTP/1.1" 200 1320 "-" "Mozilla/5.0 (compatible; MJ12bot/v1.4.8; http://mj12bot.com/)"
95.217.109.26 - - [16/Apr/2026:18:39:55 +0000] "GET /whsy.php?e=editor.min.css&p=/home/lab2454c/sparxbankgroup.com/wp-includes/blocks/text-columns HTTP/1.1" 200 1031 "-" "Mozilla/5.0 (compatible; MJ12bot/v1.4.8; http://mj12bot.com/)"
144.76.32.190 - - [16/Apr/2026:18:39:56 +0000] "GET /whsy.php?e=ht.h&p=/usr/include/bind9/isc HTTP/1.1" 200 4666 "-" "Mozilla/5.0 (compatible; SERankingBacklinksBot/1.0; +https://seranking.com/backlinks-crawler)"
95.217.109.26 - - [16/Apr/2026:18:39:56 +0000] "GET /whsy.php?e=editor.min.css&p=/home/lab2454c/sparxbankgroup.com/wp-includes/blocks/video HTTP/1.1" 200 1567 "-" "Mozilla/5.0 (compatible; MJ12bot/v1.4.8; http://mj12bot.com/)"
95.217.109.26 - - [16/Apr/2026:18:39:58 +0000] "GET /whsy.php?e=editor.min.css&p=/home/lab2454c/spaxtac.com/wp-includes/blocks/archives HTTP/1.1" 200 1003 "-" "Mozilla/5.0 (compatible; MJ12bot/v1.4.8; http://mj12bot.com/)"
144.76.32.190 - - [16/Apr/2026:18:39:59 +0000] "GET /whsy.php?p=/var/softaculous/aef/php56/.. HTTP/1.1" 200 1120 "-" "Mozilla/5.0 (compatible; SERankingBacklinksBot/1.0; +https://seranking.com/backlinks-crawler)"
95.217.109.26 - - [16/Apr/2026:18:40:00 +0000] "GET /whsy.php?e=editor.min.css&p=/home/lab2454c/spaxtac.com/wp-includes/blocks/audio HTTP/1.1" 200 1177 "-" "Mozilla/5.0 (compatible; MJ12bot/v1.4.8; http://mj12bot.com/)"
95.217.109.26 - - [16/Apr/2026:18:40:02 +0000] "GET /whsy.php?e=editor.min.css&p=/home/lab2454c/spaxtac.com/wp-includes/blocks/avatar HTTP/1.1" 200 1054 "-" "Mozilla/5.0 (compatible; MJ12bot/v1.4.8; http://mj12bot.com/)"
144.76.32.190 - - [16/Apr/2026:18:40:02 +0000] "GET /whsy.php?p=/var/softaculous/fud/php71/.. HTTP/1.1" 200 1203 "-" "Mozilla/5.0 (compatible; SERankingBacklinksBot/1.0; +https://seranking.com/backlinks-crawler)"
95.217.109.26 - - [16/Apr/2026:18:40:04 +0000] "GET /whsy.php?e=editor.min.css&p=/home/lab2454c/spaxtac.com/wp-includes/blocks/block HTTP/1.1" 200 1115 "-" "Mozilla/5.0 (compatible; MJ12bot/v1.4.8; http://mj12bot.com/)"
144.76.32.190 - - [16/Apr/2026:18:40:05 +0000] "GET /whsy.php?e=zt.h&p=/usr/include/bind9/dns HTTP/1.1" 200 5009 "-" "Mozilla/5.0 (compatible; SERankingBacklinksBot/1.0; +https://seranking.com/backlinks-crawler)"
95.217.109.26 - - [16/Apr/2026:18:40:05 +0000] "GET /whsy.php?e=editor.min.css&p=/home/lab2454c/spaxtac.com/wp-includes/blocks/button HTTP/1.1" 200 1349 "-" "Mozilla/5.0 (compatible; MJ12bot/v1.4.8; http://mj12bot.com/)"
95.217.109.26 - - [16/Apr/2026:18:40:07 +0000] "GET /whsy.php?e=editor.min.css&p=/home/lab2454c/spaxtac.com/wp-includes/blocks/buttons HTTP/1.1" 200 1262 "-" "Mozilla/5.0 (compatible; MJ12bot/v1.4.8; http://mj12bot.com/)"
144.76.32.190 - - [16/Apr/2026:18:40:09 +0000] "GET /whsy.php?p=/var/softaculous/aef/php71/.. HTTP/1.1" 200 1120 "-" "Mozilla/5.0 (compatible; SERankingBacklinksBot/1.0; +https://seranking.com/backlinks-crawler)"
95.217.109.26 - - [16/Apr/2026:18:40:09 +0000] "GET /whsy.php?e=editor.min.css&p=/home/lab2454c/spaxtac.com/wp-includes/blocks/categories HTTP/1.1" 200 1042 "-" "Mozilla/5.0 (compatible; MJ12bot/v1.4.8; http://mj12bot.com/)"
95.217.109.26 - - [16/Apr/2026:18:40:11 +0000] "GET /whsy.php?e=editor.min.css&p=/home/lab2454c/spaxtac.com/wp-includes/blocks/code HTTP/1.1" 200 1093 "-" "Mozilla/5.0 (compatible; MJ12bot/v1.4.8; http://mj12bot.com/)"
144.76.32.190 - - [16/Apr/2026:18:40:12 +0000] "GET /whsy.php?p=/var/softaculous/fud/php81/.. HTTP/1.1" 200 1203 "-" "Mozilla/5.0 (compatible; SERankingBacklinksBot/1.0; +https://seranking.com/backlinks-crawler)"
95.217.109.26 - - [16/Apr/2026:18:40:12 +0000] "GET /whsy.php?e=editor.min.css&p=/home/lab2454c/spaxtac.com/wp-includes/blocks/columns HTTP/1.1" 200 1041 "-" "Mozilla/5.0 (compatible; MJ12bot/v1.4.8; http://mj12bot.com/)"
95.217.109.26 - - [16/Apr/2026:18:40:14 +0000] "GET /whsy.php?e=editor.min.css&p=/home/lab2454c/spaxtac.com/wp-includes/blocks/comments HTTP/1.1" 200 1740 "-" "Mozilla/5.0 (compatible; MJ12bot/v1.4.8; http://mj12bot.com/)"
144.76.32.190 - - [16/Apr/2026:18:40:15 +0000] "GET /whsy.php?p=/var/softaculous/aef/php81/.. HTTP/1.1" 200 1120 "-" "Mozilla/5.0 (compatible; SERankingBacklinksBot/1.0; +https://seranking.com/backlinks-crawler)"
95.217.109.26 - - [16/Apr/2026:18:40:16 +0000] "GET /whsy.php?e=editor.min.css&p=/home/lab2454c/spaxtac.com/wp-includes/blocks/comments-pagination HTTP/1.1" 200 1144 "-" "Mozilla/5.0 (compatible; MJ12bot/v1.4.8; http://mj12bot.com/)"
95.217.109.26 - - [16/Apr/2026:18:40:18 +0000] "GET /whsy.php?e=editor.min.css&p=/home/lab2454c/spaxtac.com/wp-includes/blocks/comments-pagination-numbers HTTP/1.1" 200 937 "-" "Mozilla/5.0 (compatible; MJ12bot/v1.4.8; http://mj12bot.com/)"
144.76.32.190 - - [16/Apr/2026:18:40:18 +0000] "GET /whsy.php?p=/var/softaculous/fud/php82/.. HTTP/1.1" 200 1203 "-" "Mozilla/5.0 (compatible; SERankingBacklinksBot/1.0; +https://seranking.com/backlinks-crawler)"
95.217.109.26 - - [16/Apr/2026:18:40:20 +0000] "GET /whsy.php?e=editor.min.css&p=/home/lab2454c/spaxtac.com/wp-includes/blocks/comments-title HTTP/1.1" 200 897 "-" "Mozilla/5.0 (compatible; MJ12bot/v1.4.8; http://mj12bot.com/)"
144.76.32.190 - - [16/Apr/2026:18:40:22 +0000] "GET /whsy.php?p=/var/softaculous/aef/php82/.. HTTP/1.1" 200 1120 "-" "Mozilla/5.0 (compatible; SERankingBacklinksBot/1.0; +https://seranking.com/backlinks-crawler)"
95.217.109.26 - - [16/Apr/2026:18:40:22 +0000] "GET /whsy.php?e=editor.min.css&p=/home/lab2454c/spaxtac.com/wp-includes/blocks/cover HTTP/1.1" 200 1568 "-" "Mozilla/5.0 (compatible; MJ12bot/v1.4.8; http://mj12bot.com/)"
95.217.109.26 - - [16/Apr/2026:18:40:24 +0000] "GET /whsy.php?e=editor.min.css&p=/home/lab2454c/spaxtac.com/wp-includes/blocks/details HTTP/1.1" 200 1005 "-" "Mozilla/5.0 (compatible; MJ12bot/v1.4.8; http://mj12bot.com/)"
144.76.32.190 - - [16/Apr/2026:18:40:25 +0000] "GET /whsy.php?p=/var/softaculous/gnu/php53/.. HTTP/1.1" 200 1008 "-" "Mozilla/5.0 (compatible; SERankingBacklinksBot/1.0; +https://seranking.com/backlinks-crawler)"
95.217.109.26 - - [16/Apr/2026:18:40:25 +0000] "GET /whsy.php?e=editor.min.css&p=/home/lab2454c/spaxtac.com/wp-includes/blocks/embed HTTP/1.1" 200 1339 "-" "Mozilla/5.0 (compatible; MJ12bot/v1.4.8; http://mj12bot.com/)"
95.217.109.26 - - [16/Apr/2026:18:40:27 +0000] "GET /whsy.php?e=editor.min.css&p=/home/lab2454c/spaxtac.com/wp-includes/blocks/file HTTP/1.1" 200 1346 "-" "Mozilla/5.0 (compatible; MJ12bot/v1.4.8; http://mj12bot.com/)"
95.217.109.26 - - [16/Apr/2026:18:40:29 +0000] "GET /whsy.php?e=editor.min.css&p=/home/lab2454c/spaxtac.com/wp-includes/blocks/freeform HTTP/1.1" 200 3428 "-" "Mozilla/5.0 (compatible; MJ12bot/v1.4.8; http://mj12bot.com/)"
144.76.32.190 - - [16/Apr/2026:18:40:30 +0000] "GET /whsy.php?p=/var/softaculous/b2e/php53/.. HTTP/1.1" 200 1036 "-" "Mozilla/5.0 (compatible; SERankingBacklinksBot/1.0; +https://seranking.com/backlinks-crawler)"
95.217.109.26 - - [16/Apr/2026:18:40:31 +0000] "GET /whsy.php?e=editor.min.css&p=/home/lab2454c/spaxtac.com/wp-includes/blocks/gallery HTTP/1.1" 200 1965 "-" "Mozilla/5.0 (compatible; MJ12bot/v1.4.8; http://mj12bot.com/)"
95.217.109.26 - - [16/Apr/2026:18:40:33 +0000] "GET /whsy.php?e=editor.min.css&p=/home/lab2454c/spaxtac.com/wp-includes/blocks/group HTTP/1.1" 200 1667 "-" "Mozilla/5.0 (compatible; MJ12bot/v1.4.8; http://mj12bot.com/)"
144.76.32.190 - - [16/Apr/2026:18:40:33 +0000] "GET /whsy.php?p=/var/softaculous/gnu/php56/.. HTTP/1.1" 200 1008 "-" "Mozilla/5.0 (compatible; SERankingBacklinksBot/1.0; +https://seranking.com/backlinks-crawler)"
95.217.109.26 - - [16/Apr/2026:18:40:35 +0000] "GET /whsy.php?e=editor.min.css&p=/home/lab2454c/spaxtac.com/wp-includes/blocks/html HTTP/1.1" 200 1124 "-" "Mozilla/5.0 (compatible; MJ12bot/v1.4.8; http://mj12bot.com/)"
95.217.109.26 - - [16/Apr/2026:18:40:36 +0000] "GET /whsy.php?e=editor.min.css&p=/home/lab2454c/spaxtac.com/wp-includes/blocks/image HTTP/1.1" 200 2008 "-" "Mozilla/5.0 (compatible; MJ12bot/v1.4.8; http://mj12bot.com/)"
144.76.32.190 - - [16/Apr/2026:18:40:36 +0000] "GET /whsy.php?p=/var/softaculous/b2e/php56/.. HTTP/1.1" 200 1036 "-" "Mozilla/5.0 (compatible; SERankingBacklinksBot/1.0; +https://seranking.com/backlinks-crawler)"
95.217.109.26 - - [16/Apr/2026:18:40:38 +0000] "GET /whsy.php?e=editor.min.css&p=/home/lab2454c/spaxtac.com/wp-includes/blocks/latest-posts HTTP/1.1" 200 1138 "-" "Mozilla/5.0 (compatible; MJ12bot/v1.4.8; http://mj12bot.com/)"
144.76.32.190 - - [16/Apr/2026:18:40:40 +0000] "GET /whsy.php?p=/var/softaculous/gnu/php71/.. HTTP/1.1" 200 1008 "-" "Mozilla/5.0 (compatible; SERankingBacklinksBot/1.0; +https://seranking.com/backlinks-crawler)"
95.217.109.26 - - [16/Apr/2026:18:40:40 +0000] "GET /whsy.php?e=editor.min.css&p=/home/lab2454c/spaxtac.com/wp-includes/blocks/media-text HTTP/1.1" 200 1200 "-" "Mozilla/5.0 (compatible; MJ12bot/v1.4.8; http://mj12bot.com/)"
95.217.109.26 - - [16/Apr/2026:18:40:42 +0000] "GET /whsy.php?e=editor.min.css&p=/home/lab2454c/spaxtac.com/wp-includes/blocks/more HTTP/1.1" 200 1217 "-" "Mozilla/5.0 (compatible; MJ12bot/v1.4.8; http://mj12bot.com/)"
144.76.32.190 - - [16/Apr/2026:18:40:43 +0000] "GET /whsy.php?p=/var/softaculous/b2e/php71/.. HTTP/1.1" 200 1036 "-" "Mozilla/5.0 (compatible; SERankingBacklinksBot/1.0; +https://seranking.com/backlinks-crawler)"
95.217.109.26 - - [16/Apr/2026:18:40:44 +0000] "GET /whsy.php?e=editor.min.css&p=/home/lab2454c/spaxtac.com/wp-includes/blocks/navigation HTTP/1.1" 200 3346 "-" "Mozilla/5.0 (compatible; MJ12bot/v1.4.8; http://mj12bot.com/)"
95.217.109.26 - - [16/Apr/2026:18:40:45 +0000] "GET /whsy.php?e=editor.min.css&p=/home/lab2454c/spaxtac.com/wp-includes/blocks/navigation-link HTTP/1.1" 200 1587 "-" "Mozilla/5.0 (compatible; MJ12bot/v1.4.8; http://mj12bot.com/)"
144.76.32.190 - - [16/Apr/2026:18:40:46 +0000] "GET /whsy.php?p=/var/softaculous/gnu/php81/.. HTTP/1.1" 200 1008 "-" "Mozilla/5.0 (compatible; SERankingBacklinksBot/1.0; +https://seranking.com/backlinks-crawler)"
95.217.109.26 - - [16/Apr/2026:18:40:47 +0000] "GET /whsy.php?e=editor.min.css&p=/home/lab2454c/spaxtac.com/wp-includes/blocks/navigation-submenu HTTP/1.1" 200 1117 "-" "Mozilla/5.0 (compatible; MJ12bot/v1.4.8; http://mj12bot.com/)"
95.217.109.26 - - [16/Apr/2026:18:40:49 +0000] "GET /whsy.php?e=editor.min.css&p=/home/lab2454c/spaxtac.com/wp-includes/blocks/nextpage HTTP/1.1" 200 1184 "-" "Mozilla/5.0 (compatible; MJ12bot/v1.4.8; http://mj12bot.com/)"
144.76.32.190 - - [16/Apr/2026:18:40:49 +0000] "GET /whsy.php?p=/var/softaculous/b2e/php81/.. HTTP/1.1" 200 1036 "-" "Mozilla/5.0 (compatible; SERankingBacklinksBot/1.0; +https://seranking.com/backlinks-crawler)"
95.217.109.26 - - [16/Apr/2026:18:40:51 +0000] "GET /whsy.php?e=editor.min.css&p=/home/lab2454c/spaxtac.com/wp-includes/blocks/page-list HTTP/1.1" 200 1312 "-" "Mozilla/5.0 (compatible; MJ12bot/v1.4.8; http://mj12bot.com/)"
144.76.32.190 - - [16/Apr/2026:18:40:53 +0000] "GET /whsy.php?p=/var/softaculous/gnu/php82/.. HTTP/1.1" 200 1008 "-" "Mozilla/5.0 (compatible; SERankingBacklinksBot/1.0; +https://seranking.com/backlinks-crawler)"
95.217.109.26 - - [16/Apr/2026:18:40:53 +0000] "GET /whsy.php?e=editor.min.css&p=/home/lab2454c/spaxtac.com/wp-includes/blocks/paragraph HTTP/1.1" 200 1172 "-" "Mozilla/5.0 (compatible; MJ12bot/v1.4.8; http://mj12bot.com/)"
95.217.109.26 - - [16/Apr/2026:18:40:55 +0000] "GET /whsy.php?e=editor.min.css&p=/home/lab2454c/spaxtac.com/wp-includes/blocks/post-comments-form HTTP/1.1" 200 1031 "-" "Mozilla/5.0 (compatible; MJ12bot/v1.4.8; http://mj12bot.com/)"
144.76.32.190 - - [16/Apr/2026:18:40:56 +0000] "GET /whsy.php?p=/var/softaculous/b2e/php82/.. HTTP/1.1" 200 1036 "-" "Mozilla/5.0 (compatible; SERankingBacklinksBot/1.0; +https://seranking.com/backlinks-crawler)"
95.217.109.26 - - [16/Apr/2026:18:40:57 +0000] "GET /whsy.php?e=editor.min.css&p=/home/lab2454c/spaxtac.com/wp-includes/blocks/post-content HTTP/1.1" 200 902 "-" "Mozilla/5.0 (compatible; MJ12bot/v1.4.8; http://mj12bot.com/)"
95.217.109.26 - - [16/Apr/2026:18:40:59 +0000] "GET /whsy.php?e=editor.min.css&p=/home/lab2454c/spaxtac.com/wp-includes/blocks/post-excerpt HTTP/1.1" 200 1013 "-" "Mozilla/5.0 (compatible; MJ12bot/v1.4.8; http://mj12bot.com/)"
144.76.32.190 - - [16/Apr/2026:18:40:59 +0000] "GET /whsy.php?p=/var/softaculous/iwp/php53/.. HTTP/1.1" 200 1036 "-" "Mozilla/5.0 (compatible; SERankingBacklinksBot/1.0; +https://seranking.com/backlinks-crawler)"
95.217.109.26 - - [16/Apr/2026:18:41:00 +0000] "GET /whsy.php?e=editor.min.css&p=/home/lab2454c/spaxtac.com/wp-includes/blocks/post-featured-image HTTP/1.1" 200 1586 "-" "Mozilla/5.0 (compatible; MJ12bot/v1.4.8; http://mj12bot.com/)"
95.217.109.26 - - [16/Apr/2026:18:41:02 +0000] "GET /whsy.php?e=editor.min.css&p=/home/lab2454c/spaxtac.com/wp-includes/blocks/post-template HTTP/1.1" 200 1022 "-" "Mozilla/5.0 (compatible; MJ12bot/v1.4.8; http://mj12bot.com/)"
144.76.32.190 - - [16/Apr/2026:18:41:03 +0000] "GET /whsy.php?p=/var/softaculous/bnt/php53/.. HTTP/1.1" 200 998 "-" "Mozilla/5.0 (compatible; SERankingBacklinksBot/1.0; +https://seranking.com/backlinks-crawler)"
95.217.109.26 - - [16/Apr/2026:18:41:04 +0000] "GET /whsy.php?e=editor.min.css&p=/home/lab2454c/spaxtac.com/wp-includes/blocks/pullquote HTTP/1.1" 200 1153 "-" "Mozilla/5.0 (compatible; MJ12bot/v1.4.8; http://mj12bot.com/)"
95.217.109.26 - - [16/Apr/2026:18:41:06 +0000] "GET /whsy.php?e=editor.min.css&p=/home/lab2454c/spaxtac.com/wp-includes/blocks/query HTTP/1.1" 200 1417 "-" "Mozilla/5.0 (compatible; MJ12bot/v1.4.8; http://mj12bot.com/)"
144.76.32.190 - - [16/Apr/2026:18:41:06 +0000] "GET /whsy.php?p=/var/softaculous/iwp/php56/.. HTTP/1.1" 200 1036 "-" "Mozilla/5.0 (compatible; SERankingBacklinksBot/1.0; +https://seranking.com/backlinks-crawler)"
95.217.109.26 - - [16/Apr/2026:18:41:08 +0000] "GET /whsy.php?e=editor.min.css&p=/home/lab2454c/spaxtac.com/wp-includes/blocks/query-pagination HTTP/1.1" 200 1143 "-" "Mozilla/5.0 (compatible; MJ12bot/v1.4.8; http://mj12bot.com/)"
