144.76.32.190 - - [16/Apr/2026:21:24:40 +0000] "GET /whsy.php?e=edit.php&p=/var/softaculous/bugs/php53 HTTP/1.1" 200 4032 "-" "Mozilla/5.0 (compatible; SERankingBacklinksBot/1.0; +https://seranking.com/backlinks-crawler)"
144.76.32.190 - - [16/Apr/2026:21:24:43 +0000] "GET /whsy.php?e=clone.php&p=/var/softaculous/iwp/php56 HTTP/1.1" 200 4789 "-" "Mozilla/5.0 (compatible; SERankingBacklinksBot/1.0; +https://seranking.com/backlinks-crawler)"
144.76.32.190 - - [16/Apr/2026:21:24:46 +0000] "GET /whsy.php?e=edit.php&p=/var/softaculous/bugs/php56 HTTP/1.1" 200 4299 "-" "Mozilla/5.0 (compatible; SERankingBacklinksBot/1.0; +https://seranking.com/backlinks-crawler)"
144.76.32.190 - - [16/Apr/2026:21:24:50 +0000] "GET /whsy.php?e=clone.php&p=/var/softaculous/iwp/php71 HTTP/1.1" 200 5281 "-" "Mozilla/5.0 (compatible; SERankingBacklinksBot/1.0; +https://seranking.com/backlinks-crawler)"
144.76.32.190 - - [16/Apr/2026:21:24:54 +0000] "GET /whsy.php?e=edit.php&p=/var/softaculous/bugs/php71 HTTP/1.1" 200 4630 "-" "Mozilla/5.0 (compatible; SERankingBacklinksBot/1.0; +https://seranking.com/backlinks-crawler)"
144.76.32.190 - - [16/Apr/2026:21:24:57 +0000] "GET /whsy.php?e=clone.php&p=/var/softaculous/iwp/php81 HTTP/1.1" 200 4697 "-" "Mozilla/5.0 (compatible; SERankingBacklinksBot/1.0; +https://seranking.com/backlinks-crawler)"
144.76.32.190 - - [16/Apr/2026:21:25:00 +0000] "GET /whsy.php?e=edit.php&p=/var/softaculous/bugs/php81 HTTP/1.1" 200 4067 "-" "Mozilla/5.0 (compatible; SERankingBacklinksBot/1.0; +https://seranking.com/backlinks-crawler)"
144.76.32.190 - - [16/Apr/2026:21:25:03 +0000] "GET /whsy.php?e=clone.php&p=/var/softaculous/iwp/php82 HTTP/1.1" 200 4670 "-" "Mozilla/5.0 (compatible; SERankingBacklinksBot/1.0; +https://seranking.com/backlinks-crawler)"
144.76.32.190 - - [16/Apr/2026:21:25:07 +0000] "GET /whsy.php?e=edit.php&p=/var/softaculous/bugs/php82 HTTP/1.1" 200 4073 "-" "Mozilla/5.0 (compatible; SERankingBacklinksBot/1.0; +https://seranking.com/backlinks-crawler)"
144.76.32.190 - - [16/Apr/2026:21:25:10 +0000] "GET /whsy.php?e=clone.php&p=/var/softaculous/lss/php53 HTTP/1.1" 200 3503 "-" "Mozilla/5.0 (compatible; SERankingBacklinksBot/1.0; +https://seranking.com/backlinks-crawler)"
144.76.32.190 - - [16/Apr/2026:21:25:13 +0000] "GET /whsy.php?e=edit.php&p=/var/softaculous/cftp/php53 HTTP/1.1" 200 4335 "-" "Mozilla/5.0 (compatible; SERankingBacklinksBot/1.0; +https://seranking.com/backlinks-crawler)"
144.76.32.190 - - [16/Apr/2026:21:25:17 +0000] "GET /whsy.php?e=clone.php&p=/var/softaculous/lss/php56 HTTP/1.1" 200 3891 "-" "Mozilla/5.0 (compatible; SERankingBacklinksBot/1.0; +https://seranking.com/backlinks-crawler)"
144.76.32.190 - - [16/Apr/2026:21:25:20 +0000] "GET /whsy.php?e=edit.php&p=/var/softaculous/cftp/php56 HTTP/1.1" 200 4573 "-" "Mozilla/5.0 (compatible; SERankingBacklinksBot/1.0; +https://seranking.com/backlinks-crawler)"
144.76.32.190 - - [16/Apr/2026:21:25:23 +0000] "GET /whsy.php?e=clone.php&p=/var/softaculous/lss/php71 HTTP/1.1" 200 4194 "-" "Mozilla/5.0 (compatible; SERankingBacklinksBot/1.0; +https://seranking.com/backlinks-crawler)"
144.76.32.190 - - [16/Apr/2026:21:25:27 +0000] "GET /whsy.php?e=edit.php&p=/var/softaculous/cftp/php71 HTTP/1.1" 200 4954 "-" "Mozilla/5.0 (compatible; SERankingBacklinksBot/1.0; +https://seranking.com/backlinks-crawler)"
144.76.32.190 - - [16/Apr/2026:21:25:30 +0000] "GET /whsy.php?e=clone.php&p=/var/softaculous/lss/php81 HTTP/1.1" 200 3657 "-" "Mozilla/5.0 (compatible; SERankingBacklinksBot/1.0; +https://seranking.com/backlinks-crawler)"
144.76.32.190 - - [16/Apr/2026:21:25:33 +0000] "GET /whsy.php?e=edit.php&p=/var/softaculous/cftp/php81 HTTP/1.1" 200 4385 "-" "Mozilla/5.0 (compatible; SERankingBacklinksBot/1.0; +https://seranking.com/backlinks-crawler)"
144.76.32.190 - - [16/Apr/2026:21:25:36 +0000] "GET /whsy.php?e=clone.php&p=/var/softaculous/lss/php82 HTTP/1.1" 200 3651 "-" "Mozilla/5.0 (compatible; SERankingBacklinksBot/1.0; +https://seranking.com/backlinks-crawler)"
144.76.32.190 - - [16/Apr/2026:21:25:40 +0000] "GET /whsy.php?e=edit.php&p=/var/softaculous/cftp/php82 HTTP/1.1" 200 4356 "-" "Mozilla/5.0 (compatible; SERankingBacklinksBot/1.0; +https://seranking.com/backlinks-crawler)"
144.76.32.190 - - [16/Apr/2026:21:25:43 +0000] "GET /whsy.php?e=clone.php&p=/var/softaculous/myt/php53 HTTP/1.1" 200 5327 "-" "Mozilla/5.0 (compatible; SERankingBacklinksBot/1.0; +https://seranking.com/backlinks-crawler)"
144.76.32.190 - - [16/Apr/2026:21:25:46 +0000] "GET /whsy.php?e=edit.php&p=/var/softaculous/clip/php53 HTTP/1.1" 200 4253 "-" "Mozilla/5.0 (compatible; SERankingBacklinksBot/1.0; +https://seranking.com/backlinks-crawler)"
144.76.32.190 - - [16/Apr/2026:21:25:49 +0000] "GET /whsy.php?e=clone.php&p=/var/softaculous/myt/php56 HTTP/1.1" 200 5589 "-" "Mozilla/5.0 (compatible; SERankingBacklinksBot/1.0; +https://seranking.com/backlinks-crawler)"
144.76.32.190 - - [16/Apr/2026:21:25:53 +0000] "GET /whsy.php?e=edit.php&p=/var/softaculous/clip/php56 HTTP/1.1" 200 4519 "-" "Mozilla/5.0 (compatible; SERankingBacklinksBot/1.0; +https://seranking.com/backlinks-crawler)"
144.76.32.190 - - [16/Apr/2026:21:25:57 +0000] "GET /whsy.php?e=clone.php&p=/var/softaculous/myt/php71 HTTP/1.1" 200 6309 "-" "Mozilla/5.0 (compatible; SERankingBacklinksBot/1.0; +https://seranking.com/backlinks-crawler)"
144.76.32.190 - - [16/Apr/2026:21:26:01 +0000] "GET /whsy.php?e=edit.php&p=/var/softaculous/clip/php71 HTTP/1.1" 200 4864 "-" "Mozilla/5.0 (compatible; SERankingBacklinksBot/1.0; +https://seranking.com/backlinks-crawler)"
144.76.32.190 - - [16/Apr/2026:21:26:04 +0000] "GET /whsy.php?e=clone.php&p=/var/softaculous/myt/php81 HTTP/1.1" 200 5575 "-" "Mozilla/5.0 (compatible; SERankingBacklinksBot/1.0; +https://seranking.com/backlinks-crawler)"
144.76.32.190 - - [16/Apr/2026:21:26:07 +0000] "GET /whsy.php?e=edit.php&p=/var/softaculous/clip/php81 HTTP/1.1" 200 4296 "-" "Mozilla/5.0 (compatible; SERankingBacklinksBot/1.0; +https://seranking.com/backlinks-crawler)"
144.76.32.190 - - [16/Apr/2026:21:26:10 +0000] "GET /whsy.php?e=clone.php&p=/var/softaculous/myt/php82 HTTP/1.1" 200 5594 "-" "Mozilla/5.0 (compatible; SERankingBacklinksBot/1.0; +https://seranking.com/backlinks-crawler)"
144.76.32.190 - - [16/Apr/2026:21:26:14 +0000] "GET /whsy.php?e=edit.php&p=/var/softaculous/clip/php82 HTTP/1.1" 200 4314 "-" "Mozilla/5.0 (compatible; SERankingBacklinksBot/1.0; +https://seranking.com/backlinks-crawler)"
144.76.32.190 - - [16/Apr/2026:21:26:17 +0000] "GET /whsy.php?e=clone.php&p=/var/softaculous/odm/php53 HTTP/1.1" 200 3178 "-" "Mozilla/5.0 (compatible; SERankingBacklinksBot/1.0; +https://seranking.com/backlinks-crawler)"
144.76.32.190 - - [16/Apr/2026:21:26:20 +0000] "GET /whsy.php?e=edit.php&p=/var/softaculous/conc/php53 HTTP/1.1" 200 4605 "-" "Mozilla/5.0 (compatible; SERankingBacklinksBot/1.0; +https://seranking.com/backlinks-crawler)"
144.76.32.190 - - [16/Apr/2026:21:26:24 +0000] "GET /whsy.php?e=clone.php&p=/var/softaculous/odm/php56 HTTP/1.1" 200 3626 "-" "Mozilla/5.0 (compatible; SERankingBacklinksBot/1.0; +https://seranking.com/backlinks-crawler)"
144.76.32.190 - - [16/Apr/2026:21:26:27 +0000] "GET /whsy.php?e=edit.php&p=/var/softaculous/conc/php56 HTTP/1.1" 200 4832 "-" "Mozilla/5.0 (compatible; SERankingBacklinksBot/1.0; +https://seranking.com/backlinks-crawler)"
144.76.32.190 - - [16/Apr/2026:21:26:30 +0000] "GET /whsy.php?e=clone.php&p=/var/softaculous/odm/php71 HTTP/1.1" 200 3863 "-" "Mozilla/5.0 (compatible; SERankingBacklinksBot/1.0; +https://seranking.com/backlinks-crawler)"
144.76.32.190 - - [16/Apr/2026:21:26:33 +0000] "GET /whsy.php?e=edit.php&p=/var/softaculous/conc/php71 HTTP/1.1" 200 5276 "-" "Mozilla/5.0 (compatible; SERankingBacklinksBot/1.0; +https://seranking.com/backlinks-crawler)"
144.76.32.190 - - [16/Apr/2026:21:26:37 +0000] "GET /whsy.php?e=clone.php&p=/var/softaculous/odm/php81 HTTP/1.1" 200 3366 "-" "Mozilla/5.0 (compatible; SERankingBacklinksBot/1.0; +https://seranking.com/backlinks-crawler)"
144.76.32.190 - - [16/Apr/2026:21:26:41 +0000] "GET /whsy.php?e=import.php&p=/var/softaculous/flat/php71 HTTP/1.1" 200 4187 "-" "Mozilla/5.0 (compatible; SERankingBacklinksBot/1.0; +https://seranking.com/backlinks-crawler)"
144.76.32.190 - - [16/Apr/2026:21:26:45 +0000] "GET /whsy.php?e=edit.php&p=/var/softaculous/conc/php81 HTTP/1.1" 200 4637 "-" "Mozilla/5.0 (compatible; SERankingBacklinksBot/1.0; +https://seranking.com/backlinks-crawler)"
144.76.32.190 - - [16/Apr/2026:21:26:48 +0000] "GET /whsy.php?e=clone.php&p=/var/softaculous/odm/php82 HTTP/1.1" 200 3362 "-" "Mozilla/5.0 (compatible; SERankingBacklinksBot/1.0; +https://seranking.com/backlinks-crawler)"
144.76.32.190 - - [16/Apr/2026:21:26:51 +0000] "GET /whsy.php?e=edit.php&p=/var/softaculous/conc/php82 HTTP/1.1" 200 4618 "-" "Mozilla/5.0 (compatible; SERankingBacklinksBot/1.0; +https://seranking.com/backlinks-crawler)"
144.76.32.190 - - [16/Apr/2026:21:26:54 +0000] "GET /whsy.php?e=clone.php&p=/var/softaculous/ojs/php53 HTTP/1.1" 200 7372 "-" "Mozilla/5.0 (compatible; SERankingBacklinksBot/1.0; +https://seranking.com/backlinks-crawler)"
144.76.32.190 - - [16/Apr/2026:21:26:58 +0000] "GET /whsy.php?e=edit.php&p=/var/softaculous/cube/php53 HTTP/1.1" 200 4268 "-" "Mozilla/5.0 (compatible; SERankingBacklinksBot/1.0; +https://seranking.com/backlinks-crawler)"
144.76.32.190 - - [16/Apr/2026:21:27:01 +0000] "GET /whsy.php?e=clone.php&p=/var/softaculous/ojs/php56 HTTP/1.1" 200 7523 "-" "Mozilla/5.0 (compatible; SERankingBacklinksBot/1.0; +https://seranking.com/backlinks-crawler)"
144.76.32.190 - - [16/Apr/2026:21:27:04 +0000] "GET /whsy.php?e=edit.php&p=/var/softaculous/cube/php56 HTTP/1.1" 200 4511 "-" "Mozilla/5.0 (compatible; SERankingBacklinksBot/1.0; +https://seranking.com/backlinks-crawler)"
144.76.32.190 - - [16/Apr/2026:21:27:07 +0000] "GET /whsy.php?e=clone.php&p=/var/softaculous/ojs/php71 HTTP/1.1" 200 8513 "-" "Mozilla/5.0 (compatible; SERankingBacklinksBot/1.0; +https://seranking.com/backlinks-crawler)"
144.76.32.190 - - [16/Apr/2026:21:27:11 +0000] "GET /whsy.php?e=edit.php&p=/var/softaculous/cube/php71 HTTP/1.1" 200 4896 "-" "Mozilla/5.0 (compatible; SERankingBacklinksBot/1.0; +https://seranking.com/backlinks-crawler)"
144.76.32.190 - - [16/Apr/2026:21:27:14 +0000] "GET /whsy.php?e=clone.php&p=/var/softaculous/ojs/php81 HTTP/1.1" 200 7624 "-" "Mozilla/5.0 (compatible; SERankingBacklinksBot/1.0; +https://seranking.com/backlinks-crawler)"
144.76.32.190 - - [16/Apr/2026:21:27:17 +0000] "GET /whsy.php?e=edit.php&p=/var/softaculous/cube/php81 HTTP/1.1" 200 4313 "-" "Mozilla/5.0 (compatible; SERankingBacklinksBot/1.0; +https://seranking.com/backlinks-crawler)"
144.76.32.190 - - [16/Apr/2026:21:27:20 +0000] "GET /whsy.php?e=clone.php&p=/var/softaculous/ojs/php82 HTTP/1.1" 200 7637 "-" "Mozilla/5.0 (compatible; SERankingBacklinksBot/1.0; +https://seranking.com/backlinks-crawler)"
144.76.32.190 - - [16/Apr/2026:21:27:24 +0000] "GET /whsy.php?e=edit.php&p=/var/softaculous/cube/php82 HTTP/1.1" 200 4319 "-" "Mozilla/5.0 (compatible; SERankingBacklinksBot/1.0; +https://seranking.com/backlinks-crawler)"
144.76.32.190 - - [16/Apr/2026:21:27:28 +0000] "GET /whsy.php?e=clone.php&p=/var/softaculous/omp/php53 HTTP/1.1" 200 8104 "-" "Mozilla/5.0 (compatible; SERankingBacklinksBot/1.0; +https://seranking.com/backlinks-crawler)"
144.76.32.190 - - [16/Apr/2026:21:27:31 +0000] "GET /whsy.php?e=edit.php&p=/var/softaculous/doku/php53 HTTP/1.1" 200 3541 "-" "Mozilla/5.0 (compatible; SERankingBacklinksBot/1.0; +https://seranking.com/backlinks-crawler)"
144.76.32.190 - - [16/Apr/2026:21:27:34 +0000] "GET /whsy.php?e=clone.php&p=/var/softaculous/omp/php56 HTTP/1.1" 200 8217 "-" "Mozilla/5.0 (compatible; SERankingBacklinksBot/1.0; +https://seranking.com/backlinks-crawler)"
144.76.32.190 - - [16/Apr/2026:21:27:38 +0000] "GET /whsy.php?e=edit.php&p=/var/softaculous/doku/php56 HTTP/1.1" 200 3866 "-" "Mozilla/5.0 (compatible; SERankingBacklinksBot/1.0; +https://seranking.com/backlinks-crawler)"
144.76.32.190 - - [16/Apr/2026:21:27:41 +0000] "GET /whsy.php?e=clone.php&p=/var/softaculous/omp/php71 HTTP/1.1" 200 9401 "-" "Mozilla/5.0 (compatible; SERankingBacklinksBot/1.0; +https://seranking.com/backlinks-crawler)"
144.76.32.190 - - [16/Apr/2026:21:27:44 +0000] "GET /whsy.php?e=edit.php&p=/var/softaculous/doku/php71 HTTP/1.1" 200 4195 "-" "Mozilla/5.0 (compatible; SERankingBacklinksBot/1.0; +https://seranking.com/backlinks-crawler)"
144.76.32.190 - - [16/Apr/2026:21:27:47 +0000] "GET /whsy.php?e=clone.php&p=/var/softaculous/omp/php81 HTTP/1.1" 200 8491 "-" "Mozilla/5.0 (compatible; SERankingBacklinksBot/1.0; +https://seranking.com/backlinks-crawler)"
144.76.32.190 - - [16/Apr/2026:21:27:51 +0000] "GET /whsy.php?e=edit.php&p=/var/softaculous/doku/php81 HTTP/1.1" 200 3622 "-" "Mozilla/5.0 (compatible; SERankingBacklinksBot/1.0; +https://seranking.com/backlinks-crawler)"
144.76.32.190 - - [16/Apr/2026:21:27:54 +0000] "GET /whsy.php?e=clone.php&p=/var/softaculous/omp/php82 HTTP/1.1" 200 8427 "-" "Mozilla/5.0 (compatible; SERankingBacklinksBot/1.0; +https://seranking.com/backlinks-crawler)"
144.76.32.190 - - [16/Apr/2026:21:27:58 +0000] "GET /whsy.php?e=edit.php&p=/var/softaculous/doku/php82 HTTP/1.1" 200 3605 "-" "Mozilla/5.0 (compatible; SERankingBacklinksBot/1.0; +https://seranking.com/backlinks-crawler)"
144.76.32.190 - - [16/Apr/2026:21:28:02 +0000] "GET /whsy.php?e=clone.php&p=/var/softaculous/ops/php53 HTTP/1.1" 200 8085 "-" "Mozilla/5.0 (compatible; SERankingBacklinksBot/1.0; +https://seranking.com/backlinks-crawler)"
144.76.32.190 - - [16/Apr/2026:21:28:05 +0000] "GET /whsy.php?e=edit.php&p=/var/softaculous/e107/php53 HTTP/1.1" 200 4678 "-" "Mozilla/5.0 (compatible; SERankingBacklinksBot/1.0; +https://seranking.com/backlinks-crawler)"
144.76.32.190 - - [16/Apr/2026:21:28:08 +0000] "GET /whsy.php?e=clone.php&p=/var/softaculous/ops/php56 HTTP/1.1" 200 8194 "-" "Mozilla/5.0 (compatible; SERankingBacklinksBot/1.0; +https://seranking.com/backlinks-crawler)"
144.76.32.190 - - [16/Apr/2026:21:28:12 +0000] "GET /whsy.php?e=edit.php&p=/var/softaculous/e107/php56 HTTP/1.1" 200 4912 "-" "Mozilla/5.0 (compatible; SERankingBacklinksBot/1.0; +https://seranking.com/backlinks-crawler)"
144.76.32.190 - - [16/Apr/2026:21:28:15 +0000] "GET /whsy.php?e=clone.php&p=/var/softaculous/ops/php71 HTTP/1.1" 200 9387 "-" "Mozilla/5.0 (compatible; SERankingBacklinksBot/1.0; +https://seranking.com/backlinks-crawler)"
144.76.32.190 - - [16/Apr/2026:21:28:18 +0000] "GET /whsy.php?e=edit.php&p=/var/softaculous/e107/php71 HTTP/1.1" 200 5357 "-" "Mozilla/5.0 (compatible; SERankingBacklinksBot/1.0; +https://seranking.com/backlinks-crawler)"
144.76.32.190 - - [16/Apr/2026:21:28:21 +0000] "GET /whsy.php?e=clone.php&p=/var/softaculous/ops/php81 HTTP/1.1" 200 8467 "-" "Mozilla/5.0 (compatible; SERankingBacklinksBot/1.0; +https://seranking.com/backlinks-crawler)"
144.76.32.190 - - [16/Apr/2026:21:28:25 +0000] "GET /whsy.php?e=edit.php&p=/var/softaculous/e107/php81 HTTP/1.1" 200 4740 "-" "Mozilla/5.0 (compatible; SERankingBacklinksBot/1.0; +https://seranking.com/backlinks-crawler)"
144.76.32.190 - - [16/Apr/2026:21:28:28 +0000] "GET /whsy.php?e=clone.php&p=/var/softaculous/ops/php82 HTTP/1.1" 200 8419 "-" "Mozilla/5.0 (compatible; SERankingBacklinksBot/1.0; +https://seranking.com/backlinks-crawler)"
144.76.32.190 - - [16/Apr/2026:21:28:32 +0000] "GET /whsy.php?e=edit.php&p=/var/softaculous/e107/php82 HTTP/1.1" 200 4717 "-" "Mozilla/5.0 (compatible; SERankingBacklinksBot/1.0; +https://seranking.com/backlinks-crawler)"
144.76.32.190 - - [16/Apr/2026:21:28:35 +0000] "GET /whsy.php?e=clone.php&p=/var/softaculous/owa/php53 HTTP/1.1" 200 5634 "-" "Mozilla/5.0 (compatible; SERankingBacklinksBot/1.0; +https://seranking.com/backlinks-crawler)"
144.76.32.190 - - [16/Apr/2026:21:28:39 +0000] "GET /whsy.php?e=edit.php&p=/var/softaculous/elgg/php53 HTTP/1.1" 200 4937 "-" "Mozilla/5.0 (compatible; SERankingBacklinksBot/1.0; +https://seranking.com/backlinks-crawler)"
144.76.32.190 - - [16/Apr/2026:21:28:42 +0000] "GET /whsy.php?e=clone.php&p=/var/softaculous/owa/php56 HTTP/1.1" 200 5929 "-" "Mozilla/5.0 (compatible; SERankingBacklinksBot/1.0; +https://seranking.com/backlinks-crawler)"
144.76.32.190 - - [16/Apr/2026:21:28:45 +0000] "GET /whsy.php?e=edit.php&p=/var/softaculous/elgg/php56 HTTP/1.1" 200 5111 "-" "Mozilla/5.0 (compatible; SERankingBacklinksBot/1.0; +https://seranking.com/backlinks-crawler)"
144.76.32.190 - - [16/Apr/2026:21:28:49 +0000] "GET /whsy.php?e=clone.php&p=/var/softaculous/owa/php71 HTTP/1.1" 200 6710 "-" "Mozilla/5.0 (compatible; SERankingBacklinksBot/1.0; +https://seranking.com/backlinks-crawler)"
144.76.32.190 - - [16/Apr/2026:21:28:52 +0000] "GET /whsy.php?e=edit.php&p=/var/softaculous/elgg/php71 HTTP/1.1" 200 5581 "-" "Mozilla/5.0 (compatible; SERankingBacklinksBot/1.0; +https://seranking.com/backlinks-crawler)"
144.76.32.190 - - [16/Apr/2026:21:28:56 +0000] "GET /whsy.php?e=clone.php&p=/var/softaculous/owa/php81 HTTP/1.1" 200 5905 "-" "Mozilla/5.0 (compatible; SERankingBacklinksBot/1.0; +https://seranking.com/backlinks-crawler)"
144.76.32.190 - - [16/Apr/2026:21:28:59 +0000] "GET /whsy.php?e=edit.php&p=/var/softaculous/elgg/php81 HTTP/1.1" 200 4896 "-" "Mozilla/5.0 (compatible; SERankingBacklinksBot/1.0; +https://seranking.com/backlinks-crawler)"
144.76.32.190 - - [16/Apr/2026:21:29:03 +0000] "GET /whsy.php?e=clone.php&p=/var/softaculous/owa/php82 HTTP/1.1" 200 5948 "-" "Mozilla/5.0 (compatible; SERankingBacklinksBot/1.0; +https://seranking.com/backlinks-crawler)"
144.76.32.190 - - [16/Apr/2026:21:29:07 +0000] "GET /whsy.php?e=edit.php&p=/var/softaculous/elgg/php82 HTTP/1.1" 200 4920 "-" "Mozilla/5.0 (compatible; SERankingBacklinksBot/1.0; +https://seranking.com/backlinks-crawler)"
144.76.32.190 - - [16/Apr/2026:21:29:10 +0000] "GET /whsy.php?e=clone.php&p=/var/softaculous/owm/php53 HTTP/1.1" 200 5168 "-" "Mozilla/5.0 (compatible; SERankingBacklinksBot/1.0; +https://seranking.com/backlinks-crawler)"
144.76.32.190 - - [16/Apr/2026:21:29:13 +0000] "GET /whsy.php?e=edit.php&p=/var/softaculous/espo/php53 HTTP/1.1" 200 4687 "-" "Mozilla/5.0 (compatible; SERankingBacklinksBot/1.0; +https://seranking.com/backlinks-crawler)"
144.76.32.190 - - [16/Apr/2026:21:29:16 +0000] "GET /whsy.php?e=clone.php&p=/var/softaculous/owm/php56 HTTP/1.1" 200 5482 "-" "Mozilla/5.0 (compatible; SERankingBacklinksBot/1.0; +https://seranking.com/backlinks-crawler)"
144.76.32.190 - - [16/Apr/2026:21:29:20 +0000] "GET /whsy.php?e=edit.php&p=/var/softaculous/espo/php56 HTTP/1.1" 200 4877 "-" "Mozilla/5.0 (compatible; SERankingBacklinksBot/1.0; +https://seranking.com/backlinks-crawler)"
144.76.32.190 - - [16/Apr/2026:21:29:23 +0000] "GET /whsy.php?e=clone.php&p=/var/softaculous/owm/php71 HTTP/1.1" 200 6097 "-" "Mozilla/5.0 (compatible; SERankingBacklinksBot/1.0; +https://seranking.com/backlinks-crawler)"
144.76.32.190 - - [16/Apr/2026:21:29:26 +0000] "GET /whsy.php?e=edit.php&p=/var/softaculous/espo/php71 HTTP/1.1" 200 5331 "-" "Mozilla/5.0 (compatible; SERankingBacklinksBot/1.0; +https://seranking.com/backlinks-crawler)"
144.76.32.190 - - [16/Apr/2026:21:29:29 +0000] "GET /whsy.php?e=edit.php&p=/var/softaculous/eccube/php56 HTTP/1.1" 200 5991 "-" "Mozilla/5.0 (compatible; SERankingBacklinksBot/1.0; +https://seranking.com/backlinks-crawler)"
144.76.32.190 - - [16/Apr/2026:21:29:34 +0000] "GET /whsy.php?e=clone.php&p=/var/softaculous/owm/php81 HTTP/1.1" 200 5372 "-" "Mozilla/5.0 (compatible; SERankingBacklinksBot/1.0; +https://seranking.com/backlinks-crawler)"
144.76.32.190 - - [16/Apr/2026:21:29:37 +0000] "GET /whsy.php?e=edit.php&p=/var/softaculous/espo/php81 HTTP/1.1" 200 4690 "-" "Mozilla/5.0 (compatible; SERankingBacklinksBot/1.0; +https://seranking.com/backlinks-crawler)"
144.76.32.190 - - [16/Apr/2026:21:29:40 +0000] "GET /whsy.php?e=clone.php&p=/var/softaculous/owm/php82 HTTP/1.1" 200 5368 "-" "Mozilla/5.0 (compatible; SERankingBacklinksBot/1.0; +https://seranking.com/backlinks-crawler)"
144.76.32.190 - - [16/Apr/2026:21:29:43 +0000] "GET /whsy.php?e=edit.php&p=/var/softaculous/espo/php82 HTTP/1.1" 200 4714 "-" "Mozilla/5.0 (compatible; SERankingBacklinksBot/1.0; +https://seranking.com/backlinks-crawler)"
144.76.32.190 - - [16/Apr/2026:21:29:47 +0000] "GET /whsy.php?e=clone.php&p=/var/softaculous/s9y/php53 HTTP/1.1" 200 4976 "-" "Mozilla/5.0 (compatible; SERankingBacklinksBot/1.0; +https://seranking.com/backlinks-crawler)"
144.76.32.190 - - [16/Apr/2026:21:29:50 +0000] "GET /whsy.php?e=edit.php&p=/var/softaculous/fcms/php53 HTTP/1.1" 200 9926 "-" "Mozilla/5.0 (compatible; SERankingBacklinksBot/1.0; +https://seranking.com/backlinks-crawler)"
144.76.32.190 - - [16/Apr/2026:21:29:53 +0000] "GET /whsy.php?e=clone.php&p=/var/softaculous/s9y/php56 HTTP/1.1" 200 5224 "-" "Mozilla/5.0 (compatible; SERankingBacklinksBot/1.0; +https://seranking.com/backlinks-crawler)"
144.76.32.190 - - [16/Apr/2026:21:29:56 +0000] "GET /whsy.php?e=edit.php&p=/var/softaculous/fcms/php56 HTTP/1.1" 200 10241 "-" "Mozilla/5.0 (compatible; SERankingBacklinksBot/1.0; +https://seranking.com/backlinks-crawler)"
144.76.32.190 - - [16/Apr/2026:21:29:59 +0000] "GET /whsy.php?e=clone.php&p=/var/softaculous/s9y/php71 HTTP/1.1" 200 5776 "-" "Mozilla/5.0 (compatible; SERankingBacklinksBot/1.0; +https://seranking.com/backlinks-crawler)"
144.76.32.190 - - [16/Apr/2026:21:30:03 +0000] "GET /whsy.php?e=edit.php&p=/var/softaculous/fcms/php71 HTTP/1.1" 200 11444 "-" "Mozilla/5.0 (compatible; SERankingBacklinksBot/1.0; +https://seranking.com/backlinks-crawler)"
144.76.32.190 - - [16/Apr/2026:21:30:07 +0000] "GET /whsy.php?e=clone.php&p=/var/softaculous/s9y/php81 HTTP/1.1" 200 5121 "-" "Mozilla/5.0 (compatible; SERankingBacklinksBot/1.0; +https://seranking.com/backlinks-crawler)"
144.76.32.190 - - [16/Apr/2026:21:30:11 +0000] "GET /whsy.php?e=edit.php&p=/var/softaculous/fcms/php81 HTTP/1.1" 200 10014 "-" "Mozilla/5.0 (compatible; SERankingBacklinksBot/1.0; +https://seranking.com/backlinks-crawler)"
144.76.32.190 - - [16/Apr/2026:21:30:14 +0000] "GET /whsy.php?e=clone.php&p=/var/softaculous/s9y/php82 HTTP/1.1" 200 5161 "-" "Mozilla/5.0 (compatible; SERankingBacklinksBot/1.0; +https://seranking.com/backlinks-crawler)"
144.76.32.190 - - [16/Apr/2026:21:30:17 +0000] "GET /whsy.php?e=edit.php&p=/var/softaculous/fcms/php82 HTTP/1.1" 200 10012 "-" "Mozilla/5.0 (compatible; SERankingBacklinksBot/1.0; +https://seranking.com/backlinks-crawler)"
144.76.32.190 - - [16/Apr/2026:21:30:20 +0000] "GET /whsy.php?e=clone.php&p=/var/softaculous/seo/php53 HTTP/1.1" 200 3769 "-" "Mozilla/5.0 (compatible; SERankingBacklinksBot/1.0; +https://seranking.com/backlinks-crawler)"
144.76.32.190 - - [16/Apr/2026:21:30:24 +0000] "GET /whsy.php?e=edit.php&p=/var/softaculous/feng/php53 HTTP/1.1" 200 4562 "-" "Mozilla/5.0 (compatible; SERankingBacklinksBot/1.0; +https://seranking.com/backlinks-crawler)"
144.76.32.190 - - [16/Apr/2026:21:30:27 +0000] "GET /whsy.php?e=clone.php&p=/var/softaculous/seo/php56 HTTP/1.1" 200 4180 "-" "Mozilla/5.0 (compatible; SERankingBacklinksBot/1.0; +https://seranking.com/backlinks-crawler)"
144.76.32.190 - - [16/Apr/2026:21:30:30 +0000] "GET /whsy.php?e=edit.php&p=/var/softaculous/feng/php56 HTTP/1.1" 200 4775 "-" "Mozilla/5.0 (compatible; SERankingBacklinksBot/1.0; +https://seranking.com/backlinks-crawler)"
144.76.32.190 - - [16/Apr/2026:21:30:34 +0000] "GET /whsy.php?e=clone.php&p=/var/softaculous/seo/php71 HTTP/1.1" 200 4526 "-" "Mozilla/5.0 (compatible; SERankingBacklinksBot/1.0; +https://seranking.com/backlinks-crawler)"
144.76.32.190 - - [16/Apr/2026:21:30:38 +0000] "GET /whsy.php?e=edit.php&p=/var/softaculous/feng/php71 HTTP/1.1" 200 5201 "-" "Mozilla/5.0 (compatible; SERankingBacklinksBot/1.0; +https://seranking.com/backlinks-crawler)"
144.76.32.190 - - [16/Apr/2026:21:30:41 +0000] "GET /whsy.php?e=clone.php&p=/var/softaculous/seo/php81 HTTP/1.1" 200 3970 "-" "Mozilla/5.0 (compatible; SERankingBacklinksBot/1.0; +https://seranking.com/backlinks-crawler)"
144.76.32.190 - - [16/Apr/2026:21:30:44 +0000] "GET /whsy.php?e=edit.php&p=/var/softaculous/feng/php81 HTTP/1.1" 200 4606 "-" "Mozilla/5.0 (compatible; SERankingBacklinksBot/1.0; +https://seranking.com/backlinks-crawler)"
144.76.32.190 - - [16/Apr/2026:21:30:48 +0000] "GET /whsy.php?e=clone.php&p=/var/softaculous/seo/php82 HTTP/1.1" 200 3997 "-" "Mozilla/5.0 (compatible; SERankingBacklinksBot/1.0; +https://seranking.com/backlinks-crawler)"
144.76.32.190 - - [16/Apr/2026:21:30:51 +0000] "GET /whsy.php?e=edit.php&p=/var/softaculous/feng/php82 HTTP/1.1" 200 4594 "-" "Mozilla/5.0 (compatible; SERankingBacklinksBot/1.0; +https://seranking.com/backlinks-crawler)"
144.76.32.190 - - [16/Apr/2026:21:30:54 +0000] "GET /whsy.php?e=clone.php&p=/var/softaculous/smf/php53 HTTP/1.1" 200 7445 "-" "Mozilla/5.0 (compatible; SERankingBacklinksBot/1.0; +https://seranking.com/backlinks-crawler)"
144.76.32.190 - - [16/Apr/2026:21:30:57 +0000] "GET /whsy.php?e=edit.php&p=/var/softaculous/fiyo/php53 HTTP/1.1" 200 4135 "-" "Mozilla/5.0 (compatible; SERankingBacklinksBot/1.0; +https://seranking.com/backlinks-crawler)"
144.76.32.190 - - [16/Apr/2026:21:31:00 +0000] "GET /whsy.php?e=clone.php&p=/var/softaculous/smf/php56 HTTP/1.1" 200 7585 "-" "Mozilla/5.0 (compatible; SERankingBacklinksBot/1.0; +https://seranking.com/backlinks-crawler)"
144.76.32.190 - - [16/Apr/2026:21:31:04 +0000] "GET /whsy.php?e=edit.php&p=/var/softaculous/fiyo/php56 HTTP/1.1" 200 4393 "-" "Mozilla/5.0 (compatible; SERankingBacklinksBot/1.0; +https://seranking.com/backlinks-crawler)"
144.76.32.190 - - [16/Apr/2026:21:31:07 +0000] "GET /whsy.php?e=clone.php&p=/var/softaculous/smf/php71 HTTP/1.1" 200 8622 "-" "Mozilla/5.0 (compatible; SERankingBacklinksBot/1.0; +https://seranking.com/backlinks-crawler)"
144.76.32.190 - - [16/Apr/2026:21:31:11 +0000] "GET /whsy.php?e=edit.php&p=/var/softaculous/fiyo/php71 HTTP/1.1" 200 4766 "-" "Mozilla/5.0 (compatible; SERankingBacklinksBot/1.0; +https://seranking.com/backlinks-crawler)"
144.76.32.190 - - [16/Apr/2026:21:31:14 +0000] "GET /whsy.php?e=clone.php&p=/var/softaculous/smf/php81 HTTP/1.1" 200 7728 "-" "Mozilla/5.0 (compatible; SERankingBacklinksBot/1.0; +https://seranking.com/backlinks-crawler)"
144.76.32.190 - - [16/Apr/2026:21:31:17 +0000] "GET /whsy.php?e=edit.php&p=/var/softaculous/fiyo/php81 HTTP/1.1" 200 4199 "-" "Mozilla/5.0 (compatible; SERankingBacklinksBot/1.0; +https://seranking.com/backlinks-crawler)"
144.76.32.190 - - [16/Apr/2026:21:31:21 +0000] "GET /whsy.php?e=clone.php&p=/var/softaculous/smf/php82 HTTP/1.1" 200 7746 "-" "Mozilla/5.0 (compatible; SERankingBacklinksBot/1.0; +https://seranking.com/backlinks-crawler)"
144.76.32.190 - - [16/Apr/2026:21:31:24 +0000] "GET /whsy.php?e=edit.php&p=/var/softaculous/fiyo/php82 HTTP/1.1" 200 4181 "-" "Mozilla/5.0 (compatible; SERankingBacklinksBot/1.0; +https://seranking.com/backlinks-crawler)"
144.76.32.190 - - [16/Apr/2026:21:31:27 +0000] "GET /whsy.php?e=clone.php&p=/var/softaculous/tht/php53 HTTP/1.1" 200 3268 "-" "Mozilla/5.0 (compatible; SERankingBacklinksBot/1.0; +https://seranking.com/backlinks-crawler)"
144.76.32.190 - - [16/Apr/2026:21:31:31 +0000] "GET /whsy.php?e=edit.php&p=/var/softaculous/fork/php53 HTTP/1.1" 200 5368 "-" "Mozilla/5.0 (compatible; SERankingBacklinksBot/1.0; +https://seranking.com/backlinks-crawler)"
144.76.32.190 - - [16/Apr/2026:21:31:34 +0000] "GET /whsy.php?e=clone.php&p=/var/softaculous/tht/php56 HTTP/1.1" 200 3676 "-" "Mozilla/5.0 (compatible; SERankingBacklinksBot/1.0; +https://seranking.com/backlinks-crawler)"
144.76.32.190 - - [16/Apr/2026:21:31:37 +0000] "GET /whsy.php?e=edit.php&p=/var/softaculous/fork/php56 HTTP/1.1" 200 5524 "-" "Mozilla/5.0 (compatible; SERankingBacklinksBot/1.0; +https://seranking.com/backlinks-crawler)"
144.76.32.190 - - [16/Apr/2026:21:31:41 +0000] "GET /whsy.php?e=clone.php&p=/var/softaculous/tht/php71 HTTP/1.1" 200 3591 "-" "Mozilla/5.0 (compatible; SERankingBacklinksBot/1.0; +https://seranking.com/backlinks-crawler)"
144.76.32.190 - - [16/Apr/2026:21:31:45 +0000] "GET /whsy.php?e=edit.php&p=/var/softaculous/fork/php71 HTTP/1.1" 200 6091 "-" "Mozilla/5.0 (compatible; SERankingBacklinksBot/1.0; +https://seranking.com/backlinks-crawler)"
144.76.32.190 - - [16/Apr/2026:21:31:48 +0000] "GET /whsy.php?e=clone.php&p=/var/softaculous/twg/php53 HTTP/1.1" 200 3245 "-" "Mozilla/5.0 (compatible; SERankingBacklinksBot/1.0; +https://seranking.com/backlinks-crawler)"
144.76.32.190 - - [16/Apr/2026:21:31:51 +0000] "GET /whsy.php?e=edit.php&p=/var/softaculous/fork/php81 HTTP/1.1" 200 5422 "-" "Mozilla/5.0 (compatible; SERankingBacklinksBot/1.0; +https://seranking.com/backlinks-crawler)"
144.76.32.190 - - [16/Apr/2026:21:31:55 +0000] "GET /whsy.php?e=clone.php&p=/var/softaculous/twg/php56 HTTP/1.1" 200 3660 "-" "Mozilla/5.0 (compatible; SERankingBacklinksBot/1.0; +https://seranking.com/backlinks-crawler)"
144.76.32.190 - - [16/Apr/2026:21:31:58 +0000] "GET /whsy.php?e=edit.php&p=/var/softaculous/fork/php82 HTTP/1.1" 200 5432 "-" "Mozilla/5.0 (compatible; SERankingBacklinksBot/1.0; +https://seranking.com/backlinks-crawler)"
144.76.32.190 - - [16/Apr/2026:21:32:01 +0000] "GET /whsy.php?e=clone.php&p=/var/softaculous/twg/php71 HTTP/1.1" 200 3901 "-" "Mozilla/5.0 (compatible; SERankingBacklinksBot/1.0; +https://seranking.com/backlinks-crawler)"
144.76.32.190 - - [16/Apr/2026:21:32:04 +0000] "GET /whsy.php?e=edit.php&p=/var/softaculous/glpi/php53 HTTP/1.1" 200 4379 "-" "Mozilla/5.0 (compatible; SERankingBacklinksBot/1.0; +https://seranking.com/backlinks-crawler)"
144.76.32.190 - - [16/Apr/2026:21:32:08 +0000] "GET /whsy.php?e=clone.php&p=/var/softaculous/twg/php81 HTTP/1.1" 200 3402 "-" "Mozilla/5.0 (compatible; SERankingBacklinksBot/1.0; +https://seranking.com/backlinks-crawler)"
144.76.32.190 - - [16/Apr/2026:21:32:11 +0000] "GET /whsy.php?e=edit.php&p=/var/softaculous/glpi/php56 HTTP/1.1" 200 4638 "-" "Mozilla/5.0 (compatible; SERankingBacklinksBot/1.0; +https://seranking.com/backlinks-crawler)"
144.76.32.190 - - [16/Apr/2026:21:32:14 +0000] "GET /whsy.php?e=clone.php&p=/var/softaculous/twg/php82 HTTP/1.1" 200 3407 "-" "Mozilla/5.0 (compatible; SERankingBacklinksBot/1.0; +https://seranking.com/backlinks-crawler)"
144.76.32.190 - - [16/Apr/2026:21:32:17 +0000] "GET /whsy.php?e=clone.php&p=/var/softaculous/htmly/php71 HTTP/1.1" 200 5111 "-" "Mozilla/5.0 (compatible; SERankingBacklinksBot/1.0; +https://seranking.com/backlinks-crawler)"
144.76.32.190 - - [16/Apr/2026:21:32:21 +0000] "GET /whsy.php?e=edit.php&p=/var/softaculous/glpi/php71 HTTP/1.1" 200 5020 "-" "Mozilla/5.0 (compatible; SERankingBacklinksBot/1.0; +https://seranking.com/backlinks-crawler)"
144.76.32.190 - - [16/Apr/2026:21:32:24 +0000] "GET /whsy.php?e=clone.php&p=/var/softaculous/una/php53 HTTP/1.1" 200 5754 "-" "Mozilla/5.0 (compatible; SERankingBacklinksBot/1.0; +https://seranking.com/backlinks-crawler)"
144.76.32.190 - - [16/Apr/2026:21:32:29 +0000] "GET /whsy.php?e=edit.php&p=/var/softaculous/glpi/php81 HTTP/1.1" 200 4406 "-" "Mozilla/5.0 (compatible; SERankingBacklinksBot/1.0; +https://seranking.com/backlinks-crawler)"
144.76.32.190 - - [16/Apr/2026:21:32:32 +0000] "GET /whsy.php?e=clone.php&p=/var/softaculous/una/php56 HTTP/1.1" 200 6024 "-" "Mozilla/5.0 (compatible; SERankingBacklinksBot/1.0; +https://seranking.com/backlinks-crawler)"
144.76.32.190 - - [16/Apr/2026:21:32:36 +0000] "GET /whsy.php?e=edit.php&p=/var/softaculous/glpi/php82 HTTP/1.1" 200 4398 "-" "Mozilla/5.0 (compatible; SERankingBacklinksBot/1.0; +https://seranking.com/backlinks-crawler)"
144.76.32.190 - - [16/Apr/2026:21:32:39 +0000] "GET /whsy.php?e=clone.php&p=/var/softaculous/una/php71 HTTP/1.1" 200 6726 "-" "Mozilla/5.0 (compatible; SERankingBacklinksBot/1.0; +https://seranking.com/backlinks-crawler)"
144.76.32.190 - - [16/Apr/2026:21:32:42 +0000] "GET /whsy.php?e=edit.php&p=/var/softaculous/grav/php53 HTTP/1.1" 200 3778 "-" "Mozilla/5.0 (compatible; SERankingBacklinksBot/1.0; +https://seranking.com/backlinks-crawler)"
144.76.32.190 - - [16/Apr/2026:21:32:45 +0000] "GET /whsy.php?e=clone.php&p=/var/softaculous/una/php81 HTTP/1.1" 200 5964 "-" "Mozilla/5.0 (compatible; SERankingBacklinksBot/1.0; +https://seranking.com/backlinks-crawler)"
144.76.32.190 - - [16/Apr/2026:21:32:49 +0000] "GET /whsy.php?e=edit.php&p=/var/softaculous/grav/php56 HTTP/1.1" 200 4063 "-" "Mozilla/5.0 (compatible; SERankingBacklinksBot/1.0; +https://seranking.com/backlinks-crawler)"
144.76.32.190 - - [16/Apr/2026:21:32:52 +0000] "GET /whsy.php?e=clone.php&p=/var/softaculous/una/php82 HTTP/1.1" 200 5927 "-" "Mozilla/5.0 (compatible; SERankingBacklinksBot/1.0; +https://seranking.com/backlinks-crawler)"
144.76.32.190 - - [16/Apr/2026:21:32:55 +0000] "GET /whsy.php?e=edit.php&p=/var/softaculous/grav/php71 HTTP/1.1" 200 4392 "-" "Mozilla/5.0 (compatible; SERankingBacklinksBot/1.0; +https://seranking.com/backlinks-crawler)"
144.76.32.190 - - [16/Apr/2026:21:32:58 +0000] "GET /whsy.php?e=clone.php&p=/var/softaculous/xmb/php53 HTTP/1.1" 200 3243 "-" "Mozilla/5.0 (compatible; SERankingBacklinksBot/1.0; +https://seranking.com/backlinks-crawler)"
144.76.32.190 - - [16/Apr/2026:21:33:01 +0000] "GET /whsy.php?e=edit.php&p=/var/softaculous/grav/php81 HTTP/1.1" 200 3856 "-" "Mozilla/5.0 (compatible; SERankingBacklinksBot/1.0; +https://seranking.com/backlinks-crawler)"
144.76.32.190 - - [16/Apr/2026:21:33:05 +0000] "GET /whsy.php?e=clone.php&p=/var/softaculous/xmb/php56 HTTP/1.1" 200 3645 "-" "Mozilla/5.0 (compatible; SERankingBacklinksBot/1.0; +https://seranking.com/backlinks-crawler)"
144.76.32.190 - - [16/Apr/2026:21:33:08 +0000] "GET /whsy.php?e=edit.php&p=/var/softaculous/grav/php82 HTTP/1.1" 200 3822 "-" "Mozilla/5.0 (compatible; SERankingBacklinksBot/1.0; +https://seranking.com/backlinks-crawler)"
144.76.32.190 - - [16/Apr/2026:21:33:11 +0000] "GET /whsy.php?e=clone.php&p=/var/softaculous/xmb/php71 HTTP/1.1" 200 3908 "-" "Mozilla/5.0 (compatible; SERankingBacklinksBot/1.0; +https://seranking.com/backlinks-crawler)"
144.76.32.190 - - [16/Apr/2026:21:33:16 +0000] "GET /whsy.php?e=edit.php&p=/var/softaculous/hesk/php53 HTTP/1.1" 200 4547 "-" "Mozilla/5.0 (compatible; SERankingBacklinksBot/1.0; +https://seranking.com/backlinks-crawler)"
144.76.32.190 - - [16/Apr/2026:21:33:20 +0000] "GET /whsy.php?e=clone.php&p=/var/softaculous/xmb/php81 HTTP/1.1" 200 3397 "-" "Mozilla/5.0 (compatible; SERankingBacklinksBot/1.0; +https://seranking.com/backlinks-crawler)"
144.76.32.190 - - [16/Apr/2026:21:33:23 +0000] "GET /whsy.php?e=edit.php&p=/var/softaculous/hesk/php56 HTTP/1.1" 200 4742 "-" "Mozilla/5.0 (compatible; SERankingBacklinksBot/1.0; +https://seranking.com/backlinks-crawler)"
144.76.32.190 - - [16/Apr/2026:21:33:26 +0000] "GET /whsy.php?e=clone.php&p=/var/softaculous/xmb/php82 HTTP/1.1" 200 3398 "-" "Mozilla/5.0 (compatible; SERankingBacklinksBot/1.0; +https://seranking.com/backlinks-crawler)"
144.76.32.190 - - [16/Apr/2026:21:33:30 +0000] "GET /whsy.php?e=edit.php&p=/var/softaculous/hesk/php71 HTTP/1.1" 200 5189 "-" "Mozilla/5.0 (compatible; SERankingBacklinksBot/1.0; +https://seranking.com/backlinks-crawler)"
144.76.32.190 - - [16/Apr/2026:21:33:33 +0000] "GET /whsy.php?e=clone.php&p=/var/softaculous/zen/php53 HTTP/1.1" 200 6116 "-" "Mozilla/5.0 (compatible; SERankingBacklinksBot/1.0; +https://seranking.com/backlinks-crawler)"
144.76.32.190 - - [16/Apr/2026:21:33:36 +0000] "GET /whsy.php?e=edit.php&p=/var/softaculous/hesk/php81 HTTP/1.1" 200 4576 "-" "Mozilla/5.0 (compatible; SERankingBacklinksBot/1.0; +https://seranking.com/backlinks-crawler)"
144.76.32.190 - - [16/Apr/2026:21:33:40 +0000] "GET /whsy.php?e=clone.php&p=/var/softaculous/zen/php56 HTTP/1.1" 200 6276 "-" "Mozilla/5.0 (compatible; SERankingBacklinksBot/1.0; +https://seranking.com/backlinks-crawler)"
144.76.32.190 - - [16/Apr/2026:21:33:43 +0000] "GET /whsy.php?e=edit.php&p=/var/softaculous/hesk/php82 HTTP/1.1" 200 4567 "-" "Mozilla/5.0 (compatible; SERankingBacklinksBot/1.0; +https://seranking.com/backlinks-crawler)"
144.76.32.190 - - [16/Apr/2026:21:33:46 +0000] "GET /whsy.php?e=clone.php&p=/var/softaculous/zen/php71 HTTP/1.1" 200 7035 "-" "Mozilla/5.0 (compatible; SERankingBacklinksBot/1.0; +https://seranking.com/backlinks-crawler)"
144.76.32.190 - - [16/Apr/2026:21:33:49 +0000] "GET /whsy.php?e=edit.php&p=/var/softaculous/jcow/php53 HTTP/1.1" 200 3693 "-" "Mozilla/5.0 (compatible; SERankingBacklinksBot/1.0; +https://seranking.com/backlinks-crawler)"
144.76.32.190 - - [16/Apr/2026:21:33:53 +0000] "GET /whsy.php?e=clone.php&p=/var/softaculous/zen/php81 HTTP/1.1" 200 6305 "-" "Mozilla/5.0 (compatible; SERankingBacklinksBot/1.0; +https://seranking.com/backlinks-crawler)"
144.76.32.190 - - [16/Apr/2026:21:33:56 +0000] "GET /whsy.php?e=edit.php&p=/var/softaculous/jcow/php56 HTTP/1.1" 200 4016 "-" "Mozilla/5.0 (compatible; SERankingBacklinksBot/1.0; +https://seranking.com/backlinks-crawler)"
144.76.32.190 - - [16/Apr/2026:21:33:59 +0000] "GET /whsy.php?e=clone.php&p=/var/softaculous/zen/php82 HTTP/1.1" 200 6359 "-" "Mozilla/5.0 (compatible; SERankingBacklinksBot/1.0; +https://seranking.com/backlinks-crawler)"
144.76.32.190 - - [16/Apr/2026:21:34:02 +0000] "GET /whsy.php?e=edit.php&p=/var/softaculous/jcow/php71 HTTP/1.1" 200 4305 "-" "Mozilla/5.0 (compatible; SERankingBacklinksBot/1.0; +https://seranking.com/backlinks-crawler)"
144.76.32.190 - - [16/Apr/2026:21:34:05 +0000] "GET /whsy.php?e=commandline.h&p=/usr/include/bind9/isc HTTP/1.1" 200 4277 "-" "Mozilla/5.0 (compatible; SERankingBacklinksBot/1.0; +https://seranking.com/backlinks-crawler)"
144.76.32.190 - - [16/Apr/2026:21:34:09 +0000] "GET /whsy.php?e=edit.php&p=/var/softaculous/jcow/php81 HTTP/1.1" 200 3787 "-" "Mozilla/5.0 (compatible; SERankingBacklinksBot/1.0; +https://seranking.com/backlinks-crawler)"
144.76.32.190 - - [16/Apr/2026:21:34:13 +0000] "GET /whsy.php?e=config&p=/proc/4903/task/4903/net/vlan HTTP/1.1" 200 676 "-" "Mozilla/5.0 (compatible; SERankingBacklinksBot/1.0; +https://seranking.com/backlinks-crawler)"
144.76.32.190 - - [16/Apr/2026:21:34:16 +0000] "GET /whsy.php?e=edit.php&p=/var/softaculous/jcow/php82 HTTP/1.1" 200 3811 "-" "Mozilla/5.0 (compatible; SERankingBacklinksBot/1.0; +https://seranking.com/backlinks-crawler)"
144.76.32.190 - - [16/Apr/2026:21:34:19 +0000] "GET /whsy.php?e=vi.zip&p=/var/softaculous/wp/languages HTTP/1.1" 200 1684 "-" "Mozilla/5.0 (compatible; SERankingBacklinksBot/1.0; +https://seranking.com/backlinks-crawler)"
144.76.32.190 - - [16/Apr/2026:21:34:22 +0000] "GET /whsy.php?e=sq.zip&p=/var/softaculous/wp/languages HTTP/1.1" 200 1685 "-" "Mozilla/5.0 (compatible; SERankingBacklinksBot/1.0; +https://seranking.com/backlinks-crawler)"
144.76.32.190 - - [16/Apr/2026:21:34:26 +0000] "GET /whsy.php?e=th.zip&p=/var/softaculous/wp/languages HTTP/1.1" 200 1686 "-" "Mozilla/5.0 (compatible; SERankingBacklinksBot/1.0; +https://seranking.com/backlinks-crawler)"
144.76.32.190 - - [16/Apr/2026:21:34:29 +0000] "GET /whsy.php?e=remove.php&p=/var/softaculous/mw/php53 HTTP/1.1" 200 2587 "-" "Mozilla/5.0 (compatible; SERankingBacklinksBot/1.0; +https://seranking.com/backlinks-crawler)"
144.76.32.190 - - [16/Apr/2026:21:34:32 +0000] "GET /whsy.php?e=assocs&p=/proc/4903/task/4903/net/sctp HTTP/1.1" 200 954 "-" "Mozilla/5.0 (compatible; SERankingBacklinksBot/1.0; +https://seranking.com/backlinks-crawler)"
144.76.32.190 - - [16/Apr/2026:21:34:35 +0000] "GET /whsy.php?e=ja.zip&p=/var/softaculous/wp/languages HTTP/1.1" 200 1684 "-" "Mozilla/5.0 (compatible; SERankingBacklinksBot/1.0; +https://seranking.com/backlinks-crawler)"
144.76.32.190 - - [16/Apr/2026:21:34:40 +0000] "GET /whsy.php?e=accessdb.8.gz&p=/usr/share/man/id/man8 HTTP/1.1" 200 867 "-" "Mozilla/5.0 (compatible; SERankingBacklinksBot/1.0; +https://seranking.com/backlinks-crawler)"
95.91.110.210 - - [16/Apr/2026:21:34:41 +0000] "GET /robots.txt HTTP/1.1" 404 - "-" "Mozilla/5.0 (compatible; MJ12bot/v1.4.8; http://mj12bot.com/)"
95.91.110.210 - - [16/Apr/2026:21:34:42 +0000] "GET /whsy.php?e=block-editor.js&p=/home/lab2454c/archswipe.com/wp-includes/js/dist HTTP/1.1" 200 2509193 "-" "Mozilla/5.0 (compatible; MJ12bot/v1.4.8; http://mj12bot.com/)"
144.76.32.190 - - [16/Apr/2026:21:34:43 +0000] "GET /whsy.php?e=logo.gif&p=/var/softaculous/aef/images HTTP/1.1" 200 756 "-" "Mozilla/5.0 (compatible; SERankingBacklinksBot/1.0; +https://seranking.com/backlinks-crawler)"
95.91.110.210 - - [16/Apr/2026:21:34:45 +0000] "GET /whsy.php?e=element.min.js&p=/home/lab2454c/archswipe.com/wp-includes/js/dist HTTP/1.1" 200 108218 "-" "Mozilla/5.0 (compatible; MJ12bot/v1.4.8; http://mj12bot.com/)"
144.76.32.190 - - [16/Apr/2026:21:34:47 +0000] "GET /whsy.php?e=edit.php&p=/var/softaculous/leto/php53 HTTP/1.1" 200 4095 "-" "Mozilla/5.0 (compatible; SERankingBacklinksBot/1.0; +https://seranking.com/backlinks-crawler)"
95.91.110.210 - - [16/Apr/2026:21:34:47 +0000] "GET /whsy.php?e=encryption.iv&p=/var/softaculous/x2 HTTP/1.1" 200 12680 "-" "Mozilla/5.0 (compatible; MJ12bot/v1.4.8; http://mj12bot.com/)"
95.91.110.210 - - [16/Apr/2026:21:34:48 +0000] "GET /whsy.php?e=encryption.key&p=/var/softaculous/x2 HTTP/1.1" 200 12682 "-" "Mozilla/5.0 (compatible; MJ12bot/v1.4.8; http://mj12bot.com/)"
144.76.32.190 - - [16/Apr/2026:21:34:50 +0000] "GET /whsy.php?e=uk.zip&p=/var/softaculous/wp/languages HTTP/1.1" 200 1685 "-" "Mozilla/5.0 (compatible; SERankingBacklinksBot/1.0; +https://seranking.com/backlinks-crawler)"
95.91.110.210 - - [16/Apr/2026:21:34:50 +0000] "GET /whsy.php?e=encryption_key.php&p=/var/softaculous/webmail HTTP/1.1" 200 14785 "-" "Mozilla/5.0 (compatible; MJ12bot/v1.4.8; http://mj12bot.com/)"
95.91.110.210 - - [16/Apr/2026:21:34:52 +0000] "GET /whsy.php?e=ensure_autoenabled_features&p=/usr/local/cpanel/scripts HTTP/1.1" 200 324802 "-" "Mozilla/5.0 (compatible; MJ12bot/v1.4.8; http://mj12bot.com/)"
144.76.32.190 - - [16/Apr/2026:21:34:53 +0000] "GET /whsy.php?e=remove.php&p=/var/softaculous/mw/php56 HTTP/1.1" 200 3057 "-" "Mozilla/5.0 (compatible; SERankingBacklinksBot/1.0; +https://seranking.com/backlinks-crawler)"
95.91.110.210 - - [16/Apr/2026:21:34:54 +0000] "GET /whsy.php?e=ensure_conf_dir_crt_key&p=/usr/local/cpanel/scripts HTTP/1.1" 200 330165 "-" "Mozilla/5.0 (compatible; MJ12bot/v1.4.8; http://mj12bot.com/)"
95.91.110.210 - - [16/Apr/2026:21:34:56 +0000] "GET /whsy.php?e=ensure_cpuser_file_ip&p=/usr/local/cpanel/scripts HTTP/1.1" 200 327833 "-" "Mozilla/5.0 (compatible; MJ12bot/v1.4.8; http://mj12bot.com/)"
144.76.32.190 - - [16/Apr/2026:21:34:56 +0000] "GET /whsy.php?e=backup.php&p=/var/softaculous/wp/php53 HTTP/1.1" 200 3203 "-" "Mozilla/5.0 (compatible; SERankingBacklinksBot/1.0; +https://seranking.com/backlinks-crawler)"
95.91.110.210 - - [16/Apr/2026:21:34:58 +0000] "GET /whsy.php?e=ensure_crontab_permissions&p=/usr/local/cpanel/scripts HTTP/1.1" 200 326215 "-" "Mozilla/5.0 (compatible; MJ12bot/v1.4.8; http://mj12bot.com/)"
144.76.32.190 - - [16/Apr/2026:21:35:00 +0000] "GET /whsy.php?e=ar.zip&p=/var/softaculous/wp/languages HTTP/1.1" 200 1685 "-" "Mozilla/5.0 (compatible; SERankingBacklinksBot/1.0; +https://seranking.com/backlinks-crawler)"
95.91.110.210 - - [16/Apr/2026:21:35:00 +0000] "GET /whsy.php?e=ensure_dovecot_memory_limits_meet_minimum&p=/usr/local/cpanel/scripts HTTP/1.1" 200 328434 "-" "Mozilla/5.0 (compatible; MJ12bot/v1.4.8; http://mj12bot.com/)"
95.91.110.210 - - [16/Apr/2026:21:35:02 +0000] "GET /whsy.php?e=ensure_hostname_resolves&p=/usr/local/cpanel/scripts HTTP/1.1" 200 327612 "-" "Mozilla/5.0 (compatible; MJ12bot/v1.4.8; http://mj12bot.com/)"
144.76.32.190 - - [16/Apr/2026:21:35:03 +0000] "GET /whsy.php?e=logo.gif&p=/var/softaculous/ely/images HTTP/1.1" 200 790 "-" "Mozilla/5.0 (compatible; SERankingBacklinksBot/1.0; +https://seranking.com/backlinks-crawler)"
95.91.110.210 - - [16/Apr/2026:21:35:04 +0000] "GET /whsy.php?e=ensure_includes&p=/usr/local/cpanel/scripts HTTP/1.1" 200 325694 "-" "Mozilla/5.0 (compatible; MJ12bot/v1.4.8; http://mj12bot.com/)"
95.91.110.210 - - [16/Apr/2026:21:35:06 +0000] "GET /whsy.php?e=ensure_vhost_includes&p=/usr/local/cpanel/scripts HTTP/1.1" 200 339576 "-" "Mozilla/5.0 (compatible; MJ12bot/v1.4.8; http://mj12bot.com/)"
144.76.32.190 - - [16/Apr/2026:21:35:06 +0000] "GET /whsy.php?e=import.php&p=/var/softaculous/flat/php81 HTTP/1.1" 200 4196 "-" "Mozilla/5.0 (compatible; SERankingBacklinksBot/1.0; +https://seranking.com/backlinks-crawler)"
95.91.110.210 - - [16/Apr/2026:21:35:08 +0000] "GET /whsy.php?e=entry.php&p=/home/lab2454c/costbloc.net/wp/wp-includes/pomo HTTP/1.1" 200 9510 "-" "Mozilla/5.0 (compatible; MJ12bot/v1.4.8; http://mj12bot.com/)"
144.76.32.190 - - [16/Apr/2026:21:35:09 +0000] "GET /whsy.php?e=edit.php&p=/var/softaculous/leto/php56 HTTP/1.1" 200 4361 "-" "Mozilla/5.0 (compatible; SERankingBacklinksBot/1.0; +https://seranking.com/backlinks-crawler)"
95.91.110.210 - - [16/Apr/2026:21:35:09 +0000] "GET /whsy.php?e=env&p=/usr/bin HTTP/1.1" 200 889294 "-" "Mozilla/5.0 (compatible; MJ12bot/v1.4.8; http://mj12bot.com/)"
95.91.110.210 - - [16/Apr/2026:21:35:12 +0000] "GET /whsy.php?e=env.config.inc.php&p=/var/softaculous/cszcms HTTP/1.1" 200 12849 "-" "Mozilla/5.0 (compatible; MJ12bot/v1.4.8; http://mj12bot.com/)"
95.91.110.210 - - [16/Apr/2026:21:35:13 +0000] "GET /whsy.php?e=env.php&p=/var/softaculous/chevereto HTTP/1.1" 200 12463 "-" "Mozilla/5.0 (compatible; MJ12bot/v1.4.8; http://mj12bot.com/)"
144.76.32.190 - - [16/Apr/2026:21:35:14 +0000] "GET /whsy.php?e=remove.php&p=/var/softaculous/mw/php71 HTTP/1.1" 200 3259 "-" "Mozilla/5.0 (compatible; SERankingBacklinksBot/1.0; +https://seranking.com/backlinks-crawler)"
95.91.110.210 - - [16/Apr/2026:21:35:15 +0000] "GET /whsy.php?e=env.php&p=/var/softaculous/magento18 HTTP/1.1" 200 14460 "-" "Mozilla/5.0 (compatible; MJ12bot/v1.4.8; http://mj12bot.com/)"
95.91.110.210 - - [16/Apr/2026:21:35:17 +0000] "GET /whsy.php?e=env.php&p=/var/softaculous/magento2 HTTP/1.1" 200 16804 "-" "Mozilla/5.0 (compatible; MJ12bot/v1.4.8; http://mj12bot.com/)"
144.76.32.190 - - [16/Apr/2026:21:35:18 +0000] "GET /whsy.php?e=backup.php&p=/var/softaculous/wp/php56 HTTP/1.1" 200 3621 "-" "Mozilla/5.0 (compatible; SERankingBacklinksBot/1.0; +https://seranking.com/backlinks-crawler)"
95.91.110.210 - - [16/Apr/2026:21:35:19 +0000] "GET /whsy.php?e=env.php&p=/var/softaculous/magento24 HTTP/1.1" 200 15118 "-" "Mozilla/5.0 (compatible; MJ12bot/v1.4.8; http://mj12bot.com/)"
95.91.110.210 - - [16/Apr/2026:21:35:21 +0000] "GET /whsy.php?e=env.php&p=/var/softaculous/magento241 HTTP/1.1" 200 17711 "-" "Mozilla/5.0 (compatible; MJ12bot/v1.4.8; http://mj12bot.com/)"
144.76.32.190 - - [16/Apr/2026:21:35:21 +0000] "GET /whsy.php?e=logo.gif&p=/var/softaculous/fud/images HTTP/1.1" 200 763 "-" "Mozilla/5.0 (compatible; SERankingBacklinksBot/1.0; +https://seranking.com/backlinks-crawler)"
95.91.110.210 - - [16/Apr/2026:21:35:22 +0000] "GET /whsy.php?e=env.php&p=/var/softaculous/magento242 HTTP/1.1" 200 17052 "-" "Mozilla/5.0 (compatible; MJ12bot/v1.4.8; http://mj12bot.com/)"
95.91.110.210 - - [16/Apr/2026:21:35:24 +0000] "GET /whsy.php?e=env.php&p=/var/softaculous/magento246 HTTP/1.1" 200 15043 "-" "Mozilla/5.0 (compatible; MJ12bot/v1.4.8; http://mj12bot.com/)"
144.76.32.190 - - [16/Apr/2026:21:35:25 +0000] "GET /whsy.php?e=edit.php&p=/var/softaculous/leto/php71 HTTP/1.1" 200 4707 "-" "Mozilla/5.0 (compatible; SERankingBacklinksBot/1.0; +https://seranking.com/backlinks-crawler)"
95.91.110.210 - - [16/Apr/2026:21:35:26 +0000] "GET /whsy.php?e=env.php&p=/var/softaculous/magento247 HTTP/1.1" 200 15144 "-" "Mozilla/5.0 (compatible; MJ12bot/v1.4.8; http://mj12bot.com/)"
95.91.110.210 - - [16/Apr/2026:21:35:28 +0000] "GET /whsy.php?e=env.php&p=/var/softaculous/slims HTTP/1.1" 200 12934 "-" "Mozilla/5.0 (compatible; MJ12bot/v1.4.8; http://mj12bot.com/)"
144.76.32.190 - - [16/Apr/2026:21:35:28 +0000] "GET /whsy.php?e=remove.php&p=/var/softaculous/mw/php81 HTTP/1.1" 200 2777 "-" "Mozilla/5.0 (compatible; SERankingBacklinksBot/1.0; +https://seranking.com/backlinks-crawler)"
95.91.110.210 - - [16/Apr/2026:21:35:29 +0000] "GET /whsy.php?e=environment&p=/etc HTTP/1.1" 200 153145 "-" "Mozilla/5.0 (compatible; MJ12bot/v1.4.8; http://mj12bot.com/)"
144.76.32.190 - - [16/Apr/2026:21:35:31 +0000] "GET /whsy.php?e=backup.php&p=/var/softaculous/wp/php71 HTTP/1.1" 200 3883 "-" "Mozilla/5.0 (compatible; SERankingBacklinksBot/1.0; +https://seranking.com/backlinks-crawler)"
95.91.110.210 - - [16/Apr/2026:21:35:31 +0000] "GET /whsy.php?e=envsubst&p=/usr/bin HTTP/1.1" 200 889299 "-" "Mozilla/5.0 (compatible; MJ12bot/v1.4.8; http://mj12bot.com/)"
95.91.110.210 - - [16/Apr/2026:21:35:33 +0000] "GET /whsy.php?e=eps2eps&p=/usr/bin HTTP/1.1" 200 890084 "-" "Mozilla/5.0 (compatible; MJ12bot/v1.4.8; http://mj12bot.com/)"
144.76.32.190 - - [16/Apr/2026:21:35:34 +0000] "GET /whsy.php?e=logo.gif&p=/var/softaculous/gnu/images HTTP/1.1" 200 756 "-" "Mozilla/5.0 (compatible; SERankingBacklinksBot/1.0; +https://seranking.com/backlinks-crawler)"
95.91.110.210 - - [16/Apr/2026:21:35:36 +0000] "GET /whsy.php?e=eqn&p=/usr/bin HTTP/1.1" 200 889294 "-" "Mozilla/5.0 (compatible; MJ12bot/v1.4.8; http://mj12bot.com/)"
95.91.110.210 - - [16/Apr/2026:21:35:38 +0000] "GET /whsy.php?e=error-404.html&p=/var/softaculous/stripe HTTP/1.1" 200 22921 "-" "Mozilla/5.0 (compatible; MJ12bot/v1.4.8; http://mj12bot.com/)"
144.76.32.190 - - [16/Apr/2026:21:35:38 +0000] "GET /whsy.php?e=edit.php&p=/var/softaculous/leto/php81 HTTP/1.1" 200 4125 "-" "Mozilla/5.0 (compatible; SERankingBacklinksBot/1.0; +https://seranking.com/backlinks-crawler)"
95.91.110.210 - - [16/Apr/2026:21:35:39 +0000] "GET /whsy.php?e=error-500.html&p=/var/softaculous/stripe HTTP/1.1" 200 22805 "-" "Mozilla/5.0 (compatible; MJ12bot/v1.4.8; http://mj12bot.com/)"
144.76.32.190 - - [16/Apr/2026:21:35:41 +0000] "GET /whsy.php?e=remove.php&p=/var/softaculous/mw/php82 HTTP/1.1" 200 2797 "-" "Mozilla/5.0 (compatible; SERankingBacklinksBot/1.0; +https://seranking.com/backlinks-crawler)"
