74.7.227.47 - - [16/Apr/2026:14:04:23 +0000] "GET /shop/pg/1578060 HTTP/1.1" 404 13206 "http://mail.elementalmill.com/shop/pg/16211953154" "Mozilla/5.0 AppleWebKit/537.36 (KHTML, like Gecko; compatible; GPTBot/1.3; +https://openai.com/gptbot)"
74.7.227.47 - - [16/Apr/2026:14:04:29 +0000] "GET /shop/pg/2166324 HTTP/1.1" 404 13206 "http://mail.elementalmill.com/shop/customer/bookmark.php?shopping/products/16222166324" "Mozilla/5.0 AppleWebKit/537.36 (KHTML, like Gecko; compatible; GPTBot/1.3; +https://openai.com/gptbot)"
74.7.227.47 - - [16/Apr/2026:14:04:35 +0000] "GET /shop/pg/1408749 HTTP/1.1" 404 13206 "http://mail.elementalmill.com/shop/pg/16201192300" "Mozilla/5.0 AppleWebKit/537.36 (KHTML, like Gecko; compatible; GPTBot/1.3; +https://openai.com/gptbot)"
85.208.96.200 - - [16/Apr/2026:14:04:36 +0000] "GET /shop/pg/292968 HTTP/1.1" 404 13186 "-" "Mozilla/5.0 (compatible; SemrushBot/7~bl; +http://www.semrush.com/bot.html)"
85.208.96.195 - - [16/Apr/2026:14:04:40 +0000] "GET /shopping/products/1619965137 HTTP/1.1" 404 13186 "-" "Mozilla/5.0 (compatible; SemrushBot/7~bl; +http://www.semrush.com/bot.html)"
74.7.227.47 - - [16/Apr/2026:14:04:41 +0000] "GET /shop/pg/1034853 HTTP/1.1" 404 13206 "http://mail.elementalmill.com/shopping/products/16201034853" "Mozilla/5.0 AppleWebKit/537.36 (KHTML, like Gecko; compatible; GPTBot/1.3; +https://openai.com/gptbot)"
85.208.96.208 - - [16/Apr/2026:14:04:53 +0000] "GET /shopping/products/1619968697 HTTP/1.1" 404 13186 "-" "Mozilla/5.0 (compatible; SemrushBot/7~bl; +http://www.semrush.com/bot.html)"
74.7.227.47 - - [16/Apr/2026:14:05:00 +0000] "GET /shop/pg/1320618 HTTP/1.1" 404 13206 "http://mail.elementalmill.com/shop/pg/16211695706" "Mozilla/5.0 AppleWebKit/537.36 (KHTML, like Gecko; compatible; GPTBot/1.3; +https://openai.com/gptbot)"
185.191.171.6 - - [16/Apr/2026:14:05:03 +0000] "GET /shop/pg/1780740 HTTP/1.1" 404 13186 "-" "Mozilla/5.0 (compatible; SemrushBot/7~bl; +http://www.semrush.com/bot.html)"
74.7.227.47 - - [16/Apr/2026:14:05:07 +0000] "GET /shop/pg/1676369 HTTP/1.1" 404 13206 "http://mail.elementalmill.com/shop/pg/16201459895" "Mozilla/5.0 AppleWebKit/537.36 (KHTML, like Gecko; compatible; GPTBot/1.3; +https://openai.com/gptbot)"
185.191.171.14 - - [16/Apr/2026:14:05:10 +0000] "GET /shopping/products/1619977288 HTTP/1.1" 404 13186 "-" "Mozilla/5.0 (compatible; SemrushBot/7~bl; +http://www.semrush.com/bot.html)"
74.7.227.47 - - [16/Apr/2026:14:05:13 +0000] "GET /shop/pg/1762238 HTTP/1.1" 404 13206 "http://mail.elementalmill.com/shop/customer/bookmark.php?shopping/products/16211762238" "Mozilla/5.0 AppleWebKit/537.36 (KHTML, like Gecko; compatible; GPTBot/1.3; +https://openai.com/gptbot)"
74.7.227.47 - - [16/Apr/2026:14:05:15 +0000] "GET /shop/pg/1619732688 HTTP/1.1" 404 13186 "http://www.elementalmill.com" "Mozilla/5.0 AppleWebKit/537.36 (KHTML, like Gecko; compatible; GPTBot/1.3; +https://openai.com/gptbot)"
85.208.96.195 - - [16/Apr/2026:14:05:17 +0000] "GET /shopping/products/1619862796 HTTP/1.1" 404 13186 "-" "Mozilla/5.0 (compatible; SemrushBot/7~bl; +http://www.semrush.com/bot.html)"
74.7.227.47 - - [16/Apr/2026:14:05:19 +0000] "GET /shop/pg/1367316 HTTP/1.1" 404 13206 "http://mail.elementalmill.com/shop/pg/16201150861" "Mozilla/5.0 AppleWebKit/537.36 (KHTML, like Gecko; compatible; GPTBot/1.3; +https://openai.com/gptbot)"
185.191.171.16 - - [16/Apr/2026:14:05:20 +0000] "GET /shopping/products/1619934834 HTTP/1.1" 404 13186 "-" "Mozilla/5.0 (compatible; SemrushBot/7~bl; +http://www.semrush.com/bot.html)"
74.7.227.47 - - [16/Apr/2026:14:05:25 +0000] "GET /shop/pg/1423420 HTTP/1.1" 404 13206 "http://mail.elementalmill.com/shop/pg/16201206957" "Mozilla/5.0 AppleWebKit/537.36 (KHTML, like Gecko; compatible; GPTBot/1.3; +https://openai.com/gptbot)"
74.7.227.151 - - [16/Apr/2026:14:05:27 +0000] "GET /shop/pg/1487232 HTTP/1.1" 301 839 "http://www.elementalmill.com/shopping/products/16201487232" "Mozilla/5.0 AppleWebKit/537.36 (KHTML, like Gecko; compatible; GPTBot/1.3; +https://openai.com/gptbot)"
74.7.227.47 - - [16/Apr/2026:14:05:31 +0000] "GET /shop/pg/1008569 HTTP/1.1" 404 13206 "http://mail.elementalmill.com/shop/customer/bookmark.php?shopping/products/16201008569" "Mozilla/5.0 AppleWebKit/537.36 (KHTML, like Gecko; compatible; GPTBot/1.3; +https://openai.com/gptbot)"
74.7.227.47 - - [16/Apr/2026:14:05:37 +0000] "GET /shop/pg/1295907 HTTP/1.1" 404 13206 "http://mail.elementalmill.com/shop/pg/16211671007" "Mozilla/5.0 AppleWebKit/537.36 (KHTML, like Gecko; compatible; GPTBot/1.3; +https://openai.com/gptbot)"
74.7.227.47 - - [16/Apr/2026:14:05:50 +0000] "GET /shop/pg/1701595 HTTP/1.1" 404 13206 "http://mail.elementalmill.com/shop/pg/16201485135" "Mozilla/5.0 AppleWebKit/537.36 (KHTML, like Gecko; compatible; GPTBot/1.3; +https://openai.com/gptbot)"
139.162.194.112 - - [16/Apr/2026:14:05:52 +0000] "POST /wp-cron.php?doing_wp_cron=1776348352.1437718868255615234375 HTTP/1.1" 404 13186 "-" "WordPress/6.9.1; https://elementalmill.com"
74.7.227.47 - - [16/Apr/2026:14:05:56 +0000] "GET /shop/pg/1858180 HTTP/1.1" 404 13206 "http://mail.elementalmill.com/shop/customer/bookmark.php?shopping/products/16211858180" "Mozilla/5.0 AppleWebKit/537.36 (KHTML, like Gecko; compatible; GPTBot/1.3; +https://openai.com/gptbot)"
74.7.227.47 - - [16/Apr/2026:14:06:07 +0000] "GET /shop/pg/1619776320 HTTP/1.1" 404 13186 "http://www.elementalmill.com" "Mozilla/5.0 AppleWebKit/537.36 (KHTML, like Gecko; compatible; GPTBot/1.3; +https://openai.com/gptbot)"
74.7.227.47 - - [16/Apr/2026:14:06:08 +0000] "GET /shop/pg/2414255 HTTP/1.1" 404 13206 "http://mail.elementalmill.com/shopping/products/16222414255" "Mozilla/5.0 AppleWebKit/537.36 (KHTML, like Gecko; compatible; GPTBot/1.3; +https://openai.com/gptbot)"
74.7.227.47 - - [16/Apr/2026:14:06:27 +0000] "GET /shop/pg/2291058 HTTP/1.1" 404 13206 "http://mail.elementalmill.com/shopping/products/16222291058" "Mozilla/5.0 AppleWebKit/537.36 (KHTML, like Gecko; compatible; GPTBot/1.3; +https://openai.com/gptbot)"
74.7.227.151 - - [16/Apr/2026:14:06:29 +0000] "GET /shop/pg/1981218 HTTP/1.1" 301 839 "http://www.elementalmill.com/shopping/products/16211981218" "Mozilla/5.0 AppleWebKit/537.36 (KHTML, like Gecko; compatible; GPTBot/1.3; +https://openai.com/gptbot)"
185.191.171.8 - - [16/Apr/2026:14:06:30 +0000] "GET /shopping/products/1619912583 HTTP/1.1" 404 13186 "-" "Mozilla/5.0 (compatible; SemrushBot/7~bl; +http://www.semrush.com/bot.html)"
74.7.242.33 - - [16/Apr/2026:14:06:30 +0000] "GET /shop/pg/2548681 HTTP/1.1" 404 13206 "http://www.elementalmill.com.lab2454.com/shopping/products/16232548681" "Mozilla/5.0 AppleWebKit/537.36 (KHTML, like Gecko; compatible; GPTBot/1.3; +https://openai.com/gptbot)"
74.7.227.47 - - [16/Apr/2026:14:06:33 +0000] "GET /shop/pg/1256094 HTTP/1.1" 404 13206 "http://mail.elementalmill.com/shop/pg/16211631188" "Mozilla/5.0 AppleWebKit/537.36 (KHTML, like Gecko; compatible; GPTBot/1.3; +https://openai.com/gptbot)"
85.208.96.200 - - [16/Apr/2026:14:06:35 +0000] "GET /shop/pg/16201110372 HTTP/1.1" 404 13186 "-" "Mozilla/5.0 (compatible; SemrushBot/7~bl; +http://www.semrush.com/bot.html)"
85.208.96.196 - - [16/Apr/2026:14:06:40 +0000] "GET /shop/pg/16222056433 HTTP/1.1" 404 13186 "-" "Mozilla/5.0 (compatible; SemrushBot/7~bl; +http://www.semrush.com/bot.html)"
74.7.227.47 - - [16/Apr/2026:14:06:46 +0000] "GET /shop/pg/1527486 HTTP/1.1" 404 13206 "http://mail.elementalmill.com/shop/pg/16201311037" "Mozilla/5.0 AppleWebKit/537.36 (KHTML, like Gecko; compatible; GPTBot/1.3; +https://openai.com/gptbot)"
74.7.227.151 - - [16/Apr/2026:14:06:50 +0000] "GET /shop/pg/1362418 HTTP/1.1" 301 839 "http://www.elementalmill.com/shopping/products/16201362418" "Mozilla/5.0 AppleWebKit/537.36 (KHTML, like Gecko; compatible; GPTBot/1.3; +https://openai.com/gptbot)"
74.7.227.47 - - [16/Apr/2026:14:06:51 +0000] "GET /shop/pg/1618603 HTTP/1.1" 404 13206 "http://mail.elementalmill.com/shop/customer/bookmark.php?shopping/products/16211618603" "Mozilla/5.0 AppleWebKit/537.36 (KHTML, like Gecko; compatible; GPTBot/1.3; +https://openai.com/gptbot)"
139.162.194.112 - - [16/Apr/2026:14:06:52 +0000] "POST /wp-cron.php?doing_wp_cron=1776348412.3040280342102050781250 HTTP/1.1" 404 13186 "-" "WordPress/6.9.1; https://elementalmill.com"
185.191.171.7 - - [16/Apr/2026:14:06:54 +0000] "GET /shop/pg/1636547 HTTP/1.1" 404 13186 "-" "Mozilla/5.0 (compatible; SemrushBot/7~bl; +http://www.semrush.com/bot.html)"
185.191.171.15 - - [16/Apr/2026:14:06:57 +0000] "GET /shopping/products/1619890480 HTTP/1.1" 404 13186 "-" "Mozilla/5.0 (compatible; SemrushBot/7~bl; +http://www.semrush.com/bot.html)"
74.7.227.47 - - [16/Apr/2026:14:06:57 +0000] "GET /shop/pg/1974242 HTTP/1.1" 404 13206 "http://mail.elementalmill.com/shop/customer/bookmark.php?shopping/products/16211974242" "Mozilla/5.0 AppleWebKit/537.36 (KHTML, like Gecko; compatible; GPTBot/1.3; +https://openai.com/gptbot)"
74.7.227.47 - - [16/Apr/2026:14:07:09 +0000] "GET /shop/pg/2509542 HTTP/1.1" 404 13206 "http://mail.elementalmill.com/shop/customer/bookmark.php?shopping/products/16232509542" "Mozilla/5.0 AppleWebKit/537.36 (KHTML, like Gecko; compatible; GPTBot/1.3; +https://openai.com/gptbot)"
74.7.227.151 - - [16/Apr/2026:14:07:12 +0000] "GET /shop/pg/1861815 HTTP/1.1" 301 839 "http://www.elementalmill.com/shopping/products/16211861815" "Mozilla/5.0 AppleWebKit/537.36 (KHTML, like Gecko; compatible; GPTBot/1.3; +https://openai.com/gptbot)"
85.208.96.211 - - [16/Apr/2026:14:07:13 +0000] "GET /shopping/products/1619917706 HTTP/1.1" 404 13186 "-" "Mozilla/5.0 (compatible; SemrushBot/7~bl; +http://www.semrush.com/bot.html)"
85.208.96.211 - - [16/Apr/2026:14:07:18 +0000] "GET /shopping/products/1619991237 HTTP/1.1" 404 13186 "-" "Mozilla/5.0 (compatible; SemrushBot/7~bl; +http://www.semrush.com/bot.html)"
74.7.227.47 - - [16/Apr/2026:14:07:21 +0000] "GET /shop/pg/2115922 HTTP/1.1" 404 13206 "http://mail.elementalmill.com/shop/customer/bookmark.php?shopping/products/16222115922" "Mozilla/5.0 AppleWebKit/537.36 (KHTML, like Gecko; compatible; GPTBot/1.3; +https://openai.com/gptbot)"
185.191.171.12 - - [16/Apr/2026:14:07:22 +0000] "GET /shopping/products/1619934813 HTTP/1.1" 404 13186 "-" "Mozilla/5.0 (compatible; SemrushBot/7~bl; +http://www.semrush.com/bot.html)"
74.7.227.47 - - [16/Apr/2026:14:07:25 +0000] "GET /shop/pg/1614616 HTTP/1.1" 404 13186 "http://www.elementalmill.com" "Mozilla/5.0 AppleWebKit/537.36 (KHTML, like Gecko; compatible; GPTBot/1.3; +https://openai.com/gptbot)"
74.7.227.47 - - [16/Apr/2026:14:07:27 +0000] "GET /shop/pg/1642236 HTTP/1.1" 404 13206 "http://mail.elementalmill.com/shop/pg/16201425769" "Mozilla/5.0 AppleWebKit/537.36 (KHTML, like Gecko; compatible; GPTBot/1.3; +https://openai.com/gptbot)"
74.7.243.209 - - [16/Apr/2026:14:07:29 +0000] "GET /shopping/products/16201213503 HTTP/1.1" 404 13206 "http://elementalmill.com.lab2454.com/shopping/products/16201046627" "Mozilla/5.0 AppleWebKit/537.36 (KHTML, like Gecko; compatible; GPTBot/1.3; +https://openai.com/gptbot)"
74.7.227.151 - - [16/Apr/2026:14:07:33 +0000] "GET /shop/pg/2641492 HTTP/1.1" 301 839 "http://www.elementalmill.com/shopping/products/16232641492" "Mozilla/5.0 AppleWebKit/537.36 (KHTML, like Gecko; compatible; GPTBot/1.3; +https://openai.com/gptbot)"
74.7.227.47 - - [16/Apr/2026:14:07:34 +0000] "GET /shop/pg/1979060 HTTP/1.1" 404 13206 "http://mail.elementalmill.com/shopping/products/16211979060" "Mozilla/5.0 AppleWebKit/537.36 (KHTML, like Gecko; compatible; GPTBot/1.3; +https://openai.com/gptbot)"
74.7.242.33 - - [16/Apr/2026:14:07:37 +0000] "GET /shop/pg/1858735 HTTP/1.1" 404 13206 "http://www.elementalmill.com.lab2454.com/shop/customer/bookmark.php?shopping/products/16211858735" "Mozilla/5.0 AppleWebKit/537.36 (KHTML, like Gecko; compatible; GPTBot/1.3; +https://openai.com/gptbot)"
74.7.227.47 - - [16/Apr/2026:14:07:40 +0000] "GET /shop/pg/2310336 HTTP/1.1" 404 13206 "http://mail.elementalmill.com/shopping/products/16222310336" "Mozilla/5.0 AppleWebKit/537.36 (KHTML, like Gecko; compatible; GPTBot/1.3; +https://openai.com/gptbot)"
74.7.227.47 - - [16/Apr/2026:14:07:45 +0000] "GET /shop/pg/1623857 HTTP/1.1" 404 13206 "http://mail.elementalmill.com/shop/pg/16201407395" "Mozilla/5.0 AppleWebKit/537.36 (KHTML, like Gecko; compatible; GPTBot/1.3; +https://openai.com/gptbot)"
185.191.171.4 - - [16/Apr/2026:14:07:53 +0000] "GET /shopping/products/1619979312 HTTP/1.1" 404 13186 "-" "Mozilla/5.0 (compatible; SemrushBot/7~bl; +http://www.semrush.com/bot.html)"
74.7.227.151 - - [16/Apr/2026:14:07:55 +0000] "GET /shop/pg/1383312 HTTP/1.1" 301 839 "http://www.elementalmill.com/shopping/products/16201383312" "Mozilla/5.0 AppleWebKit/537.36 (KHTML, like Gecko; compatible; GPTBot/1.3; +https://openai.com/gptbot)"
139.162.194.112 - - [16/Apr/2026:14:07:56 +0000] "POST /wp-cron.php?doing_wp_cron=1776348476.2314469814300537109375 HTTP/1.1" 404 13186 "-" "WordPress/6.9.1; https://elementalmill.com"
74.7.227.47 - - [16/Apr/2026:14:07:58 +0000] "GET /shop/pg/1636841 HTTP/1.1" 404 13206 "http://mail.elementalmill.com/shop/customer/bookmark.php?shopping/products/16211636841" "Mozilla/5.0 AppleWebKit/537.36 (KHTML, like Gecko; compatible; GPTBot/1.3; +https://openai.com/gptbot)"
52.167.144.219 - - [16/Apr/2026:14:07:59 +0000] "GET /shop/89016496001.html HTTP/1.1" 200 27999 "-" "Mozilla/5.0 AppleWebKit/537.36 (KHTML, like Gecko; compatible; bingbot/2.0; +http://www.bing.com/bingbot.htm) Chrome/116.0.1938.76 Safari/537.36"
85.208.96.195 - - [16/Apr/2026:14:07:59 +0000] "GET /shopping/products/1619929018 HTTP/1.1" 404 13186 "-" "Mozilla/5.0 (compatible; SemrushBot/7~bl; +http://www.semrush.com/bot.html)"
52.167.144.175 - - [16/Apr/2026:14:08:05 +0000] "GET /shop/88985017372.html HTTP/1.1" 200 28778 "-" "Mozilla/5.0 AppleWebKit/537.36 (KHTML, like Gecko; compatible; bingbot/2.0; +http://www.bing.com/bingbot.htm) Chrome/116.0.1938.76 Safari/537.36"
74.7.227.47 - - [16/Apr/2026:14:08:04 +0000] "GET /shop/pg/2615305 HTTP/1.1" 404 13206 "http://mail.elementalmill.com/shopping/products/16232615305" "Mozilla/5.0 AppleWebKit/537.36 (KHTML, like Gecko; compatible; GPTBot/1.3; +https://openai.com/gptbot)"
185.191.171.7 - - [16/Apr/2026:14:08:07 +0000] "GET /shopping/products/1619959772 HTTP/1.1" 404 13186 "-" "Mozilla/5.0 (compatible; SemrushBot/7~bl; +http://www.semrush.com/bot.html)"
85.208.96.195 - - [16/Apr/2026:14:08:13 +0000] "GET /shop/pg/16222092176 HTTP/1.1" 404 13186 "-" "Mozilla/5.0 (compatible; SemrushBot/7~bl; +http://www.semrush.com/bot.html)"
74.7.227.47 - - [16/Apr/2026:14:08:17 +0000] "GET /shop/pg/2249802 HTTP/1.1" 404 13206 "http://mail.elementalmill.com/shopping/products/16222249802" "Mozilla/5.0 AppleWebKit/537.36 (KHTML, like Gecko; compatible; GPTBot/1.3; +https://openai.com/gptbot)"
52.167.144.175 - - [16/Apr/2026:14:08:24 +0000] "GET /shop/88953713919.html HTTP/1.1" 200 26920 "-" "Mozilla/5.0 AppleWebKit/537.36 (KHTML, like Gecko; compatible; bingbot/2.0; +http://www.bing.com/bingbot.htm) Chrome/116.0.1938.76 Safari/537.36"
85.208.96.200 - - [16/Apr/2026:14:08:31 +0000] "GET /shopping/products/1619965812 HTTP/1.1" 404 13186 "-" "Mozilla/5.0 (compatible; SemrushBot/7~bl; +http://www.semrush.com/bot.html)"
185.191.171.13 - - [16/Apr/2026:14:08:35 +0000] "GET /shopping/products/1619998470 HTTP/1.1" 404 13186 "-" "Mozilla/5.0 (compatible; SemrushBot/7~bl; +http://www.semrush.com/bot.html)"
74.7.227.47 - - [16/Apr/2026:14:08:35 +0000] "GET /shop/pg/1052195 HTTP/1.1" 404 13206 "http://mail.elementalmill.com/shopping/products/16201052195" "Mozilla/5.0 AppleWebKit/537.36 (KHTML, like Gecko; compatible; GPTBot/1.3; +https://openai.com/gptbot)"
74.7.227.47 - - [16/Apr/2026:14:08:41 +0000] "GET /shop/pg/1242486 HTTP/1.1" 404 13206 "http://mail.elementalmill.com/shopping/products/16201242486" "Mozilla/5.0 AppleWebKit/537.36 (KHTML, like Gecko; compatible; GPTBot/1.3; +https://openai.com/gptbot)"
74.7.227.47 - - [16/Apr/2026:14:08:46 +0000] "GET /shop/pg/1619628508 HTTP/1.1" 404 13186 "http://www.elementalmill.com" "Mozilla/5.0 AppleWebKit/537.36 (KHTML, like Gecko; compatible; GPTBot/1.3; +https://openai.com/gptbot)"
85.208.96.204 - - [16/Apr/2026:14:08:46 +0000] "GET /shopping/products/1619927382 HTTP/1.1" 404 13186 "-" "Mozilla/5.0 (compatible; SemrushBot/7~bl; +http://www.semrush.com/bot.html)"
52.167.144.175 - - [16/Apr/2026:14:08:49 +0000] "GET /shop/890638121578.html HTTP/1.1" 200 27752 "-" "Mozilla/5.0 AppleWebKit/537.36 (KHTML, like Gecko; compatible; bingbot/2.0; +http://www.bing.com/bingbot.htm) Chrome/116.0.1938.76 Safari/537.36"
74.7.227.47 - - [16/Apr/2026:14:08:54 +0000] "GET /shop/pg/1486336 HTTP/1.1" 404 13206 "http://mail.elementalmill.com/shop/pg/16201269870" "Mozilla/5.0 AppleWebKit/537.36 (KHTML, like Gecko; compatible; GPTBot/1.3; +https://openai.com/gptbot)"
139.162.194.112 - - [16/Apr/2026:14:08:56 +0000] "POST /wp-cron.php?doing_wp_cron=1776348536.2759830951690673828125 HTTP/1.1" 404 13186 "-" "WordPress/6.9.1; https://elementalmill.com"
74.7.227.151 - - [16/Apr/2026:14:08:58 +0000] "GET /shop/pg/2070627 HTTP/1.1" 301 839 "http://www.elementalmill.com/shop/customer/bookmark.php?shopping/products/16222070627" "Mozilla/5.0 AppleWebKit/537.36 (KHTML, like Gecko; compatible; GPTBot/1.3; +https://openai.com/gptbot)"
74.7.227.47 - - [16/Apr/2026:14:09:00 +0000] "GET /shop/pg/1311862 HTTP/1.1" 404 13206 "http://mail.elementalmill.com/shop/customer/bookmark.php?shopping/products/16201311862" "Mozilla/5.0 AppleWebKit/537.36 (KHTML, like Gecko; compatible; GPTBot/1.3; +https://openai.com/gptbot)"
74.7.227.47 - - [16/Apr/2026:14:09:06 +0000] "GET /shop/pg/1281396 HTTP/1.1" 404 13206 "http://mail.elementalmill.com/shop/pg/16201064935" "Mozilla/5.0 AppleWebKit/537.36 (KHTML, like Gecko; compatible; GPTBot/1.3; +https://openai.com/gptbot)"
185.191.171.14 - - [16/Apr/2026:14:09:07 +0000] "GET /shop/pg/1694519 HTTP/1.1" 404 13186 "-" "Mozilla/5.0 (compatible; SemrushBot/7~bl; +http://www.semrush.com/bot.html)"
185.191.171.15 - - [16/Apr/2026:14:09:11 +0000] "GET /shopping/products/1619994488 HTTP/1.1" 404 13186 "-" "Mozilla/5.0 (compatible; SemrushBot/7~bl; +http://www.semrush.com/bot.html)"
74.7.227.47 - - [16/Apr/2026:14:09:12 +0000] "GET /shop/pg/1005331 HTTP/1.1" 404 13206 "http://mail.elementalmill.com/shop/customer/bookmark.php?shopping/products/16201005331" "Mozilla/5.0 AppleWebKit/537.36 (KHTML, like Gecko; compatible; GPTBot/1.3; +https://openai.com/gptbot)"
185.191.171.10 - - [16/Apr/2026:14:09:14 +0000] "GET /shopping/products/1619863603 HTTP/1.1" 404 13186 "-" "Mozilla/5.0 (compatible; SemrushBot/7~bl; +http://www.semrush.com/bot.html)"
74.7.227.47 - - [16/Apr/2026:14:09:18 +0000] "GET /shop/pg/1718538 HTTP/1.1" 404 13206 "http://mail.elementalmill.com/shopping/products/16211718538" "Mozilla/5.0 AppleWebKit/537.36 (KHTML, like Gecko; compatible; GPTBot/1.3; +https://openai.com/gptbot)"
85.208.96.198 - - [16/Apr/2026:14:09:20 +0000] "GET /shop/pg/16211529529 HTTP/1.1" 404 13186 "-" "Mozilla/5.0 (compatible; SemrushBot/7~bl; +http://www.semrush.com/bot.html)"
85.208.96.200 - - [16/Apr/2026:14:09:25 +0000] "GET /shopping/products/1619946291 HTTP/1.1" 404 13186 "-" "Mozilla/5.0 (compatible; SemrushBot/7~bl; +http://www.semrush.com/bot.html)"
74.7.227.47 - - [16/Apr/2026:14:09:37 +0000] "GET /shop/pg/2152125 HTTP/1.1" 404 13206 "http://mail.elementalmill.com/shopping/products/16222152125" "Mozilla/5.0 AppleWebKit/537.36 (KHTML, like Gecko; compatible; GPTBot/1.3; +https://openai.com/gptbot)"
74.7.227.151 - - [16/Apr/2026:14:09:40 +0000] "GET /shop/pg/2324698 HTTP/1.1" 301 839 "http://www.elementalmill.com/shop/customer/bookmark.php?shopping/products/16222324698" "Mozilla/5.0 AppleWebKit/537.36 (KHTML, like Gecko; compatible; GPTBot/1.3; +https://openai.com/gptbot)"
74.7.227.47 - - [16/Apr/2026:14:09:43 +0000] "GET /shop/pg/1627255 HTTP/1.1" 404 13206 "http://mail.elementalmill.com/shop/pg/16201410795" "Mozilla/5.0 AppleWebKit/537.36 (KHTML, like Gecko; compatible; GPTBot/1.3; +https://openai.com/gptbot)"
74.7.227.47 - - [16/Apr/2026:14:09:55 +0000] "GET /shop/pg/1021099 HTTP/1.1" 404 13206 "http://mail.elementalmill.com/shopping/products/16201021099" "Mozilla/5.0 AppleWebKit/537.36 (KHTML, like Gecko; compatible; GPTBot/1.3; +https://openai.com/gptbot)"
139.162.194.112 - - [16/Apr/2026:14:09:58 +0000] "POST /wp-cron.php?doing_wp_cron=1776348598.4358661174774169921875 HTTP/1.1" 404 13186 "-" "WordPress/6.9.1; https://elementalmill.com"
74.7.227.47 - - [16/Apr/2026:14:10:02 +0000] "GET /shop/pg/1045938 HTTP/1.1" 404 13206 "http://mail.elementalmill.com/shop/pg/16232604151" "Mozilla/5.0 AppleWebKit/537.36 (KHTML, like Gecko; compatible; GPTBot/1.3; +https://openai.com/gptbot)"
74.7.227.47 - - [16/Apr/2026:14:10:06 +0000] "GET /shop/pg/1619632787 HTTP/1.1" 404 13186 "http://www.elementalmill.com" "Mozilla/5.0 AppleWebKit/537.36 (KHTML, like Gecko; compatible; GPTBot/1.3; +https://openai.com/gptbot)"
74.7.242.33 - - [16/Apr/2026:14:10:09 +0000] "GET /shop/pg/1381025 HTTP/1.1" 404 13206 "http://www.elementalmill.com.lab2454.com/shop/pg/16222347667" "Mozilla/5.0 AppleWebKit/537.36 (KHTML, like Gecko; compatible; GPTBot/1.3; +https://openai.com/gptbot)"
74.7.227.47 - - [16/Apr/2026:14:10:15 +0000] "GET /shop/pg/1196636 HTTP/1.1" 404 13206 "http://mail.elementalmill.com/shopping/products/16201196636" "Mozilla/5.0 AppleWebKit/537.36 (KHTML, like Gecko; compatible; GPTBot/1.3; +https://openai.com/gptbot)"
74.7.227.47 - - [16/Apr/2026:14:10:21 +0000] "GET /shop/pg/2423015 HTTP/1.1" 404 13206 "http://mail.elementalmill.com/shopping/products/16222423015" "Mozilla/5.0 AppleWebKit/537.36 (KHTML, like Gecko; compatible; GPTBot/1.3; +https://openai.com/gptbot)"
74.7.227.47 - - [16/Apr/2026:14:10:27 +0000] "GET /shop/pg/1585982 HTTP/1.1" 404 13206 "http://mail.elementalmill.com/shop/pg/16201369517" "Mozilla/5.0 AppleWebKit/537.36 (KHTML, like Gecko; compatible; GPTBot/1.3; +https://openai.com/gptbot)"
85.208.96.201 - - [16/Apr/2026:14:10:32 +0000] "GET /shopping/products/1619974173 HTTP/1.1" 404 13186 "-" "Mozilla/5.0 (compatible; SemrushBot/7~bl; +http://www.semrush.com/bot.html)"
74.7.227.47 - - [16/Apr/2026:14:10:39 +0000] "GET /shop/pg/1515541 HTTP/1.1" 404 13206 "http://mail.elementalmill.com/shopping/products/16211515541" "Mozilla/5.0 AppleWebKit/537.36 (KHTML, like Gecko; compatible; GPTBot/1.3; +https://openai.com/gptbot)"
185.191.171.15 - - [16/Apr/2026:14:10:44 +0000] "GET /shop/pg/16222072472 HTTP/1.1" 404 13186 "-" "Mozilla/5.0 (compatible; SemrushBot/7~bl; +http://www.semrush.com/bot.html)"
74.7.227.47 - - [16/Apr/2026:14:10:45 +0000] "GET /shop/pg/1245538 HTTP/1.1" 404 13206 "http://mail.elementalmill.com/shop/customer/bookmark.php?shopping/products/16201245538" "Mozilla/5.0 AppleWebKit/537.36 (KHTML, like Gecko; compatible; GPTBot/1.3; +https://openai.com/gptbot)"
74.7.227.47 - - [16/Apr/2026:14:10:52 +0000] "GET /shop/pg/1031501 HTTP/1.1" 404 13206 "http://mail.elementalmill.com/shop/customer/bookmark.php?shopping/products/16201031501" "Mozilla/5.0 AppleWebKit/537.36 (KHTML, like Gecko; compatible; GPTBot/1.3; +https://openai.com/gptbot)"
185.191.171.2 - - [16/Apr/2026:14:10:54 +0000] "GET /shopping/products/1619985668 HTTP/1.1" 404 13186 "-" "Mozilla/5.0 (compatible; SemrushBot/7~bl; +http://www.semrush.com/bot.html)"
74.7.242.33 - - [16/Apr/2026:14:10:55 +0000] "GET /shop/pg/2562493 HTTP/1.1" 404 13206 "http://www.elementalmill.com.lab2454.com/shop/customer/bookmark.php?shopping/products/16232562493" "Mozilla/5.0 AppleWebKit/537.36 (KHTML, like Gecko; compatible; GPTBot/1.3; +https://openai.com/gptbot)"
74.7.227.47 - - [16/Apr/2026:14:10:58 +0000] "GET /shop/pg/1257860 HTTP/1.1" 404 13206 "http://mail.elementalmill.com/shop/pg/16201041413" "Mozilla/5.0 AppleWebKit/537.36 (KHTML, like Gecko; compatible; GPTBot/1.3; +https://openai.com/gptbot)"
185.191.171.11 - - [16/Apr/2026:14:10:58 +0000] "GET /shopping/products/1619963881 HTTP/1.1" 404 13186 "-" "Mozilla/5.0 (compatible; SemrushBot/7~bl; +http://www.semrush.com/bot.html)"
74.7.227.47 - - [16/Apr/2026:14:10:58 +0000] "GET /shop/pg/1619534457 HTTP/1.1" 404 13186 "http://www.elementalmill.com" "Mozilla/5.0 AppleWebKit/537.36 (KHTML, like Gecko; compatible; GPTBot/1.3; +https://openai.com/gptbot)"
139.162.194.112 - - [16/Apr/2026:14:11:00 +0000] "POST /wp-cron.php?doing_wp_cron=1776348660.0708711147308349609375 HTTP/1.1" 404 13186 "-" "WordPress/6.9.1; https://elementalmill.com"
139.162.194.112 - - [16/Apr/2026:14:11:00 +0000] "POST /wp-cron.php?doing_wp_cron=1776348660.3512330055236816406250 HTTP/1.1" 404 13186 "-" "WordPress/6.9.1; https://elementalmill.com"
139.162.194.112 - - [16/Apr/2026:14:11:01 +0000] "POST /wp-cron.php?doing_wp_cron=1776348661.2435989379882812500000 HTTP/1.1" 404 13186 "-" "WordPress/6.9.1; https://elementalmill.com"
85.208.96.193 - - [16/Apr/2026:14:11:02 +0000] "GET /shopping/products/1619857847 HTTP/1.1" 404 13186 "-" "Mozilla/5.0 (compatible; SemrushBot/7~bl; +http://www.semrush.com/bot.html)"
74.7.227.47 - - [16/Apr/2026:14:11:03 +0000] "GET /shop/pg/2266716 HTTP/1.1" 404 13206 "http://mail.elementalmill.com/shopping/products/16222266716" "Mozilla/5.0 AppleWebKit/537.36 (KHTML, like Gecko; compatible; GPTBot/1.3; +https://openai.com/gptbot)"
74.7.242.33 - - [16/Apr/2026:14:11:04 +0000] "GET /shop/pg/1586199 HTTP/1.1" 404 13206 "http://www.elementalmill.com.lab2454.com/shopping/products/16211586199" "Mozilla/5.0 AppleWebKit/537.36 (KHTML, like Gecko; compatible; GPTBot/1.3; +https://openai.com/gptbot)"
20.48.184.58 - - [16/Apr/2026:14:11:10 +0000] "GET /wp-content/plugins/hellopress/wp_filemanager.php HTTP/1.1" 404 66351 "-" "-"
20.48.184.58 - - [16/Apr/2026:14:11:13 +0000] "GET /wp-includes/ubbgmq.php HTTP/1.1" 404 66351 "-" "-"
85.208.96.193 - - [16/Apr/2026:14:11:15 +0000] "GET /shop/pg/16222092095 HTTP/1.1" 404 13186 "-" "Mozilla/5.0 (compatible; SemrushBot/7~bl; +http://www.semrush.com/bot.html)"
74.7.227.47 - - [16/Apr/2026:14:11:16 +0000] "GET /shop/pg/2083714 HTTP/1.1" 404 13206 "http://mail.elementalmill.com/shopping/products/16222083714" "Mozilla/5.0 AppleWebKit/537.36 (KHTML, like Gecko; compatible; GPTBot/1.3; +https://openai.com/gptbot)"
20.48.184.58 - - [16/Apr/2026:14:11:17 +0000] "GET /wp-includes/oqjlcq.php HTTP/1.1" 404 66351 "-" "-"
185.191.171.2 - - [16/Apr/2026:14:11:19 +0000] "GET /shopping/products/1619928421 HTTP/1.1" 404 13186 "-" "Mozilla/5.0 (compatible; SemrushBot/7~bl; +http://www.semrush.com/bot.html)"
20.48.184.58 - - [16/Apr/2026:14:11:22 +0000] "GET /public/index.php HTTP/1.1" 301 1978 "-" "-"
74.7.227.47 - - [16/Apr/2026:14:11:22 +0000] "GET /shop/pg/1274115 HTTP/1.1" 404 13206 "http://mail.elementalmill.com/shop/pg/16211649212" "Mozilla/5.0 AppleWebKit/537.36 (KHTML, like Gecko; compatible; GPTBot/1.3; +https://openai.com/gptbot)"
74.7.227.47 - - [16/Apr/2026:14:11:25 +0000] "GET /shop/pg/1618469753 HTTP/1.1" 404 13186 "http://www.elementalmill.com" "Mozilla/5.0 AppleWebKit/537.36 (KHTML, like Gecko; compatible; GPTBot/1.3; +https://openai.com/gptbot)"
185.191.171.9 - - [16/Apr/2026:14:11:25 +0000] "GET /shopping/products/1619939073 HTTP/1.1" 404 13186 "-" "Mozilla/5.0 (compatible; SemrushBot/7~bl; +http://www.semrush.com/bot.html)"
20.48.184.58 - - [16/Apr/2026:14:11:27 +0000] "GET /public/ HTTP/1.1" 404 66351 "-" "-"
74.7.227.47 - - [16/Apr/2026:14:11:30 +0000] "GET /shop/pg/1406345 HTTP/1.1" 404 13206 "http://mail.elementalmill.com/shop/pg/16201189874" "Mozilla/5.0 AppleWebKit/537.36 (KHTML, like Gecko; compatible; GPTBot/1.3; +https://openai.com/gptbot)"
20.48.184.58 - - [16/Apr/2026:14:11:33 +0000] "GET /public/az.php HTTP/1.1" 404 66351 "-" "-"
20.48.184.58 - - [16/Apr/2026:14:11:37 +0000] "GET /index.php HTTP/1.1" 301 1978 "-" "-"
20.48.184.58 - - [16/Apr/2026:14:11:44 +0000] "GET /app/Utils/language.php HTTP/1.1" 404 66351 "-" "-"
20.48.184.58 - - [16/Apr/2026:14:11:48 +0000] "GET /wp-settings.php HTTP/1.1" 404 66351 "-" "-"
74.7.227.47 - - [16/Apr/2026:14:11:49 +0000] "GET /shop/pg/2530881 HTTP/1.1" 404 13206 "http://mail.elementalmill.com/shop/customer/bookmark.php?shopping/products/16232530881" "Mozilla/5.0 AppleWebKit/537.36 (KHTML, like Gecko; compatible; GPTBot/1.3; +https://openai.com/gptbot)"
74.7.227.47 - - [16/Apr/2026:14:11:50 +0000] "GET /shop/pg/1618201359 HTTP/1.1" 404 13186 "http://www.elementalmill.com" "Mozilla/5.0 AppleWebKit/537.36 (KHTML, like Gecko; compatible; GPTBot/1.3; +https://openai.com/gptbot)"
20.48.184.58 - - [16/Apr/2026:14:11:52 +0000] "GET /wp-config.php HTTP/1.1" 404 66351 "-" "-"
20.48.184.58 - - [16/Apr/2026:14:11:55 +0000] "GET /wp-load.php HTTP/1.1" 404 66351 "-" "-"
74.7.227.47 - - [16/Apr/2026:14:11:55 +0000] "GET /shop/pg/1935488 HTTP/1.1" 404 13206 "http://mail.elementalmill.com/shop/customer/bookmark.php?shopping/products/16211935488" "Mozilla/5.0 AppleWebKit/537.36 (KHTML, like Gecko; compatible; GPTBot/1.3; +https://openai.com/gptbot)"
20.48.184.58 - - [16/Apr/2026:14:11:57 +0000] "GET /wp-blog-header.php HTTP/1.1" 404 66351 "-" "-"
85.208.96.205 - - [16/Apr/2026:14:11:57 +0000] "GET /shopping/products/1619881479 HTTP/1.1" 404 13186 "-" "Mozilla/5.0 (compatible; SemrushBot/7~bl; +http://www.semrush.com/bot.html)"
20.48.184.58 - - [16/Apr/2026:14:12:00 +0000] "GET /wp-admin/admin.php HTTP/1.1" 404 58439 "-" "-"
74.7.227.47 - - [16/Apr/2026:14:12:01 +0000] "GET /shop/pg/1696258 HTTP/1.1" 404 13206 "http://mail.elementalmill.com/shopping/products/16211696258" "Mozilla/5.0 AppleWebKit/537.36 (KHTML, like Gecko; compatible; GPTBot/1.3; +https://openai.com/gptbot)"
74.7.242.33 - - [16/Apr/2026:14:12:02 +0000] "GET /shop/pg/1805964 HTTP/1.1" 404 13206 "http://www.elementalmill.com.lab2454.com/shop/customer/bookmark.php?shopping/products/16211805964" "Mozilla/5.0 AppleWebKit/537.36 (KHTML, like Gecko; compatible; GPTBot/1.3; +https://openai.com/gptbot)"
139.162.194.112 - - [16/Apr/2026:14:12:03 +0000] "POST /wp-cron.php?doing_wp_cron=1776348723.1327929496765136718750 HTTP/1.1" 404 13186 "-" "WordPress/6.9.1; https://elementalmill.com"
139.162.194.112 - - [16/Apr/2026:14:12:03 +0000] "POST /wp-cron.php?doing_wp_cron=1776348723.8113679885864257812500 HTTP/1.1" 404 13186 "-" "WordPress/6.9.1; https://elementalmill.com"
139.162.194.112 - - [16/Apr/2026:14:12:04 +0000] "POST /wp-cron.php?doing_wp_cron=1776348724.2592079639434814453125 HTTP/1.1" 404 13186 "-" "WordPress/6.9.1; https://elementalmill.com"
20.48.184.58 - - [16/Apr/2026:14:12:05 +0000] "GET /wp-admin/themes.php HTTP/1.1" 404 58439 "-" "-"
185.191.171.9 - - [16/Apr/2026:14:12:07 +0000] "GET /shopping/products/1619921368 HTTP/1.1" 404 13186 "-" "Mozilla/5.0 (compatible; SemrushBot/7~bl; +http://www.semrush.com/bot.html)"
74.7.227.47 - - [16/Apr/2026:14:12:07 +0000] "GET /shop/pg/2419235 HTTP/1.1" 404 13206 "http://mail.elementalmill.com/shopping/products/16222419235" "Mozilla/5.0 AppleWebKit/537.36 (KHTML, like Gecko; compatible; GPTBot/1.3; +https://openai.com/gptbot)"
74.7.227.151 - - [16/Apr/2026:14:12:08 +0000] "GET /shop/pg/2058246 HTTP/1.1" 301 839 "http://www.elementalmill.com/shopping/products/16222058246" "Mozilla/5.0 AppleWebKit/537.36 (KHTML, like Gecko; compatible; GPTBot/1.3; +https://openai.com/gptbot)"
20.48.184.58 - - [16/Apr/2026:14:12:08 +0000] "GET /wp-admin/nav-menus.php HTTP/1.1" 404 58439 "-" "-"
85.208.96.212 - - [16/Apr/2026:14:12:11 +0000] "GET /shopping/products/1619952821 HTTP/1.1" 404 13186 "-" "Mozilla/5.0 (compatible; SemrushBot/7~bl; +http://www.semrush.com/bot.html)"
20.48.184.58 - - [16/Apr/2026:14:12:11 +0000] "GET /100.php HTTP/1.1" 404 66351 "-" "-"
74.7.227.47 - - [16/Apr/2026:14:12:14 +0000] "GET /shop/pg/1322466 HTTP/1.1" 404 13206 "http://mail.elementalmill.com/shop/pg/16211697548" "Mozilla/5.0 AppleWebKit/537.36 (KHTML, like Gecko; compatible; GPTBot/1.3; +https://openai.com/gptbot)"
20.48.184.58 - - [16/Apr/2026:14:12:14 +0000] "GET /elp.php HTTP/1.1" 404 66351 "-" "-"
20.48.184.58 - - [16/Apr/2026:14:12:17 +0000] "GET /ftde.php HTTP/1.1" 404 66351 "-" "-"
74.7.227.47 - - [16/Apr/2026:14:12:17 +0000] "GET /shop/pg/2641492 HTTP/1.1" 404 13186 "http://www.elementalmill.com" "Mozilla/5.0 AppleWebKit/537.36 (KHTML, like Gecko; compatible; GPTBot/1.3; +https://openai.com/gptbot)"
74.7.227.47 - - [16/Apr/2026:14:12:20 +0000] "GET /shop/pg/2060553 HTTP/1.1" 404 13206 "http://mail.elementalmill.com/shop/pg/1619919398" "Mozilla/5.0 AppleWebKit/537.36 (KHTML, like Gecko; compatible; GPTBot/1.3; +https://openai.com/gptbot)"
20.48.184.58 - - [16/Apr/2026:14:12:20 +0000] "GET /test1.php HTTP/1.1" 404 66351 "-" "-"
74.7.242.33 - - [16/Apr/2026:14:12:21 +0000] "GET /shop/pg/1010830 HTTP/1.1" 404 13206 "http://www.elementalmill.com.lab2454.com/shop/customer/bookmark.php?shopping/products/16201010830" "Mozilla/5.0 AppleWebKit/537.36 (KHTML, like Gecko; compatible; GPTBot/1.3; +https://openai.com/gptbot)"
20.48.184.58 - - [16/Apr/2026:14:12:23 +0000] "GET /wp-temp.php HTTP/1.1" 404 66351 "-" "-"
20.48.184.58 - - [16/Apr/2026:14:12:26 +0000] "GET /admin/function.php HTTP/1.1" 404 66351 "-" "-"
74.7.227.47 - - [16/Apr/2026:14:12:26 +0000] "GET /shop/pg/1284282 HTTP/1.1" 404 13206 "http://mail.elementalmill.com/shop/pg/1283130" "Mozilla/5.0 AppleWebKit/537.36 (KHTML, like Gecko; compatible; GPTBot/1.3; +https://openai.com/gptbot)"
74.7.227.151 - - [16/Apr/2026:14:12:29 +0000] "GET /shop/pg/1637687 HTTP/1.1" 301 839 "http://www.elementalmill.com/shopping/products/16211637687" "Mozilla/5.0 AppleWebKit/537.36 (KHTML, like Gecko; compatible; GPTBot/1.3; +https://openai.com/gptbot)"
20.48.184.58 - - [16/Apr/2026:14:12:29 +0000] "GET /atomlib.php HTTP/1.1" 404 66351 "-" "-"
85.208.96.211 - - [16/Apr/2026:14:12:31 +0000] "GET /shopping/products/1619976840 HTTP/1.1" 404 13186 "-" "Mozilla/5.0 (compatible; SemrushBot/7~bl; +http://www.semrush.com/bot.html)"
74.7.227.47 - - [16/Apr/2026:14:12:33 +0000] "GET /shop/pg/1950052 HTTP/1.1" 404 13206 "http://mail.elementalmill.com/shopping/products/16211950052" "Mozilla/5.0 AppleWebKit/537.36 (KHTML, like Gecko; compatible; GPTBot/1.3; +https://openai.com/gptbot)"
20.48.184.58 - - [16/Apr/2026:14:12:33 +0000] "GET /fm.php HTTP/1.1" 404 66351 "-" "-"
185.191.171.1 - - [16/Apr/2026:14:12:35 +0000] "GET /shop/pg/16211682911 HTTP/1.1" 404 13186 "-" "Mozilla/5.0 (compatible; SemrushBot/7~bl; +http://www.semrush.com/bot.html)"
20.48.184.58 - - [16/Apr/2026:14:12:37 +0000] "GET /themes.php HTTP/1.1" 404 66351 "-" "-"
185.191.171.14 - - [16/Apr/2026:14:12:38 +0000] "GET /shopping/products/1619922510 HTTP/1.1" 404 13186 "-" "Mozilla/5.0 (compatible; SemrushBot/7~bl; +http://www.semrush.com/bot.html)"
20.48.184.58 - - [16/Apr/2026:14:12:40 +0000] "GET /wp-blog.php HTTP/1.1" 404 66351 "-" "-"
74.7.227.47 - - [16/Apr/2026:14:12:45 +0000] "GET /shop/pg/2305978 HTTP/1.1" 404 13206 "http://mail.elementalmill.com/shopping/products/16222305978" "Mozilla/5.0 AppleWebKit/537.36 (KHTML, like Gecko; compatible; GPTBot/1.3; +https://openai.com/gptbot)"
20.48.184.58 - - [16/Apr/2026:14:12:46 +0000] "GET /wp-the.php HTTP/1.1" 404 66351 "-" "-"
85.208.96.203 - - [16/Apr/2026:14:12:50 +0000] "GET /shopping/products/1619957685 HTTP/1.1" 404 13186 "-" "Mozilla/5.0 (compatible; SemrushBot/7~bl; +http://www.semrush.com/bot.html)"
20.48.184.58 - - [16/Apr/2026:14:12:50 +0000] "GET /CDX2.php HTTP/1.1" 404 66351 "-" "-"
74.7.227.47 - - [16/Apr/2026:14:12:52 +0000] "GET /shop/pg/1472431 HTTP/1.1" 404 13206 "http://mail.elementalmill.com/shop/pg/16211847523" "Mozilla/5.0 AppleWebKit/537.36 (KHTML, like Gecko; compatible; GPTBot/1.3; +https://openai.com/gptbot)"
20.48.184.58 - - [16/Apr/2026:14:12:57 +0000] "GET /profile.php HTTP/1.1" 404 66351 "-" "-"
74.7.227.47 - - [16/Apr/2026:14:12:58 +0000] "GET /shop/pg/1526942 HTTP/1.1" 404 13206 "http://mail.elementalmill.com/shop/pg/16201310486" "Mozilla/5.0 AppleWebKit/537.36 (KHTML, like Gecko; compatible; GPTBot/1.3; +https://openai.com/gptbot)"
20.48.184.58 - - [16/Apr/2026:14:13:04 +0000] "GET /wp-content/themes/admin.php HTTP/1.1" 404 66351 "-" "-"
139.162.194.112 - - [16/Apr/2026:14:13:07 +0000] "POST /wp-cron.php?doing_wp_cron=1776348787.3678939342498779296875 HTTP/1.1" 404 13186 "-" "WordPress/6.9.1; https://elementalmill.com"
74.7.242.33 - - [16/Apr/2026:14:13:08 +0000] "GET /shop/pg/2112759 HTTP/1.1" 404 13206 "http://www.elementalmill.com.lab2454.com/shopping/products/16222112759" "Mozilla/5.0 AppleWebKit/537.36 (KHTML, like Gecko; compatible; GPTBot/1.3; +https://openai.com/gptbot)"
85.208.96.212 - - [16/Apr/2026:14:13:09 +0000] "GET /shop/pg/16211942470 HTTP/1.1" 404 13186 "-" "Mozilla/5.0 (compatible; SemrushBot/7~bl; +http://www.semrush.com/bot.html)"
74.7.227.47 - - [16/Apr/2026:14:13:11 +0000] "GET /shop/pg/1300979 HTTP/1.1" 404 13206 "http://mail.elementalmill.com/shop/customer/bookmark.php?shopping/products/16201300979" "Mozilla/5.0 AppleWebKit/537.36 (KHTML, like Gecko; compatible; GPTBot/1.3; +https://openai.com/gptbot)"
185.191.171.17 - - [16/Apr/2026:14:13:14 +0000] "GET /shopping/products/1619976251 HTTP/1.1" 404 13186 "-" "Mozilla/5.0 (compatible; SemrushBot/7~bl; +http://www.semrush.com/bot.html)"
20.48.184.58 - - [16/Apr/2026:14:13:16 +0000] "GET /ws80.php HTTP/1.1" 404 66351 "-" "-"
74.7.227.47 - - [16/Apr/2026:14:13:17 +0000] "GET /shop/pg/2615460 HTTP/1.1" 404 13206 "http://mail.elementalmill.com/shop/customer/bookmark.php?shopping/products/16232615460" "Mozilla/5.0 AppleWebKit/537.36 (KHTML, like Gecko; compatible; GPTBot/1.3; +https://openai.com/gptbot)"
85.208.96.212 - - [16/Apr/2026:14:13:24 +0000] "GET /shopping/products/1619934092 HTTP/1.1" 404 13186 "-" "Mozilla/5.0 (compatible; SemrushBot/7~bl; +http://www.semrush.com/bot.html)"
74.7.227.47 - - [16/Apr/2026:14:13:29 +0000] "GET /shop/pg/1305402 HTTP/1.1" 404 13206 "http://mail.elementalmill.com/shop/pg/16211680493" "Mozilla/5.0 AppleWebKit/537.36 (KHTML, like Gecko; compatible; GPTBot/1.3; +https://openai.com/gptbot)"
20.48.184.58 - - [16/Apr/2026:14:13:30 +0000] "GET /403.php HTTP/1.1" 404 66351 "-" "-"
85.208.96.209 - - [16/Apr/2026:14:13:33 +0000] "GET /shopping/products/1619931296 HTTP/1.1" 404 13186 "-" "Mozilla/5.0 (compatible; SemrushBot/7~bl; +http://www.semrush.com/bot.html)"
74.7.227.47 - - [16/Apr/2026:14:13:36 +0000] "GET /shop/pg/1160949 HTTP/1.1" 404 13206 "http://mail.elementalmill.com/shop/pg/16211536046" "Mozilla/5.0 AppleWebKit/537.36 (KHTML, like Gecko; compatible; GPTBot/1.3; +https://openai.com/gptbot)"
85.208.96.206 - - [16/Apr/2026:14:13:37 +0000] "GET /shopping/products/1619942590 HTTP/1.1" 404 13186 "-" "Mozilla/5.0 (compatible; SemrushBot/7~bl; +http://www.semrush.com/bot.html)"
20.48.184.58 - - [16/Apr/2026:14:13:40 +0000] "GET /a4.php HTTP/1.1" 404 66351 "-" "-"
20.48.184.58 - - [16/Apr/2026:14:13:44 +0000] "GET /app.php HTTP/1.1" 404 66351 "-" "-"
74.7.227.47 - - [16/Apr/2026:14:13:48 +0000] "GET /shop/pg/1269952 HTTP/1.1" 404 13206 "http://mail.elementalmill.com/shop/pg/16201053489" "Mozilla/5.0 AppleWebKit/537.36 (KHTML, like Gecko; compatible; GPTBot/1.3; +https://openai.com/gptbot)"
20.48.184.58 - - [16/Apr/2026:14:13:48 +0000] "GET /buy.php HTTP/1.1" 404 66351 "-" "-"
74.7.227.151 - - [16/Apr/2026:14:13:51 +0000] "GET /shop/pg/2537175 HTTP/1.1" 301 839 "http://www.elementalmill.com/shop/customer/bookmark.php?shopping/products/16232537175" "Mozilla/5.0 AppleWebKit/537.36 (KHTML, like Gecko; compatible; GPTBot/1.3; +https://openai.com/gptbot)"
20.48.184.58 - - [16/Apr/2026:14:13:51 +0000] "GET /core.php HTTP/1.1" 404 66351 "-" "-"
74.7.227.47 - - [16/Apr/2026:14:13:54 +0000] "GET /shop/pg/2606131 HTTP/1.1" 404 13206 "http://mail.elementalmill.com/shopping/products/16232606131" "Mozilla/5.0 AppleWebKit/537.36 (KHTML, like Gecko; compatible; GPTBot/1.3; +https://openai.com/gptbot)"
20.48.184.58 - - [16/Apr/2026:14:13:54 +0000] "GET /lock360.php HTTP/1.1" 404 66351 "-" "-"
20.48.184.58 - - [16/Apr/2026:14:13:58 +0000] "GET /wp-block.php HTTP/1.1" 404 66351 "-" "-"
74.7.227.47 - - [16/Apr/2026:14:14:00 +0000] "GET /shop/pg/1691298 HTTP/1.1" 404 13206 "http://mail.elementalmill.com/shop/pg/16201474834" "Mozilla/5.0 AppleWebKit/537.36 (KHTML, like Gecko; compatible; GPTBot/1.3; +https://openai.com/gptbot)"
20.48.184.58 - - [16/Apr/2026:14:14:01 +0000] "GET /wp-content/admin.php HTTP/1.1" 404 66351 "-" "-"
20.48.184.58 - - [16/Apr/2026:14:14:06 +0000] "GET /wp-includes/assets/index.php HTTP/1.1" 301 1978 "-" "-"
139.162.194.112 - - [16/Apr/2026:14:14:08 +0000] "POST /wp-cron.php?doing_wp_cron=1776348848.1299009323120117187500 HTTP/1.1" 404 13186 "-" "WordPress/6.9.1; https://elementalmill.com"
20.48.184.58 - - [16/Apr/2026:14:14:08 +0000] "GET /wp-includes/assets/ HTTP/1.1" 404 66351 "-" "-"
20.48.184.58 - - [16/Apr/2026:14:14:11 +0000] "GET /wp-includes/images/wp-login.php HTTP/1.1" 404 58439 "-" "-"
74.7.227.47 - - [16/Apr/2026:14:14:13 +0000] "GET /shop/pg/2432939 HTTP/1.1" 404 13206 "http://mail.elementalmill.com/shopping/products/16222432939" "Mozilla/5.0 AppleWebKit/537.36 (KHTML, like Gecko; compatible; GPTBot/1.3; +https://openai.com/gptbot)"
20.48.184.58 - - [16/Apr/2026:14:14:15 +0000] "GET /z.php HTTP/1.1" 404 66351 "-" "-"
20.48.184.58 - - [16/Apr/2026:14:14:19 +0000] "GET /bless.php HTTP/1.1" 404 66351 "-" "-"
74.7.227.47 - - [16/Apr/2026:14:14:19 +0000] "GET /shop/pg/1288234 HTTP/1.1" 404 13206 "http://mail.elementalmill.com/shop/pg/16201071774" "Mozilla/5.0 AppleWebKit/537.36 (KHTML, like Gecko; compatible; GPTBot/1.3; +https://openai.com/gptbot)"
74.7.243.209 - - [16/Apr/2026:14:14:20 +0000] "GET /shopping/products/16211953665 HTTP/1.1" 404 13206 "http://elementalmill.com.lab2454.com/shopping/products/16201190351" "Mozilla/5.0 AppleWebKit/537.36 (KHTML, like Gecko; compatible; GPTBot/1.3; +https://openai.com/gptbot)"
20.48.184.58 - - [16/Apr/2026:14:14:22 +0000] "GET /hplfuns.php HTTP/1.1" 404 66351 "-" "-"
20.48.184.58 - - [16/Apr/2026:14:14:25 +0000] "GET /lock.php HTTP/1.1" 404 66351 "-" "-"
74.7.227.47 - - [16/Apr/2026:14:14:26 +0000] "GET /shop/pg/1694415 HTTP/1.1" 404 13206 "http://mail.elementalmill.com/shop/customer/bookmark.php?shopping/products/16211694415" "Mozilla/5.0 AppleWebKit/537.36 (KHTML, like Gecko; compatible; GPTBot/1.3; +https://openai.com/gptbot)"
20.48.184.58 - - [16/Apr/2026:14:14:29 +0000] "GET /radio.php HTTP/1.1" 200 349 "-" "-"
20.48.184.58 - - [16/Apr/2026:14:14:32 +0000] "GET /wp-content/themes/about.php HTTP/1.1" 404 66351 "-" "-"
74.7.227.47 - - [16/Apr/2026:14:14:32 +0000] "GET /shop/pg/1184794 HTTP/1.1" 404 13206 "http://mail.elementalmill.com/shop/customer/bookmark.php?shopping/products/16201184794" "Mozilla/5.0 AppleWebKit/537.36 (KHTML, like Gecko; compatible; GPTBot/1.3; +https://openai.com/gptbot)"
85.208.96.196 - - [16/Apr/2026:14:14:34 +0000] "GET /shop/pg/16222050968 HTTP/1.1" 404 13186 "-" "Mozilla/5.0 (compatible; SemrushBot/7~bl; +http://www.semrush.com/bot.html)"
20.48.184.58 - - [16/Apr/2026:14:14:35 +0000] "GET /wp-content/upgrade/index.php HTTP/1.1" 301 1978 "-" "-"
20.48.184.58 - - [16/Apr/2026:14:14:39 +0000] "GET /wp-content/upgrade/ HTTP/1.1" 404 66351 "-" "-"
20.48.184.58 - - [16/Apr/2026:14:14:42 +0000] "GET /wp-includes/fonts/index.php HTTP/1.1" 301 1978 "-" "-"
74.7.227.47 - - [16/Apr/2026:14:14:44 +0000] "GET /shop/pg/2436478 HTTP/1.1" 404 13206 "http://mail.elementalmill.com/shopping/products/16222436478" "Mozilla/5.0 AppleWebKit/537.36 (KHTML, like Gecko; compatible; GPTBot/1.3; +https://openai.com/gptbot)"
20.48.184.58 - - [16/Apr/2026:14:14:45 +0000] "GET /wp-includes/fonts/ HTTP/1.1" 404 66351 "-" "-"
85.208.96.196 - - [16/Apr/2026:14:14:45 +0000] "GET /shop/pg/1618471719 HTTP/1.1" 404 13186 "-" "Mozilla/5.0 (compatible; SemrushBot/7~bl; +http://www.semrush.com/bot.html)"
20.48.184.58 - - [16/Apr/2026:14:14:48 +0000] "GET /ws.php HTTP/1.1" 404 66351 "-" "-"
74.7.227.47 - - [16/Apr/2026:14:14:50 +0000] "GET /shop/pg/1501090 HTTP/1.1" 404 13206 "http://mail.elementalmill.com/shop/pg/16211876176" "Mozilla/5.0 AppleWebKit/537.36 (KHTML, like Gecko; compatible; GPTBot/1.3; +https://openai.com/gptbot)"
20.48.184.58 - - [16/Apr/2026:14:14:51 +0000] "GET /ws49.php HTTP/1.1" 404 66351 "-" "-"
74.7.243.209 - - [16/Apr/2026:14:14:51 +0000] "GET /shopping/products/16232580637 HTTP/1.1" 404 13206 "http://elementalmill.com.lab2454.com/shopping/products/16201342262" "Mozilla/5.0 AppleWebKit/537.36 (KHTML, like Gecko; compatible; GPTBot/1.3; +https://openai.com/gptbot)"
20.48.184.58 - - [16/Apr/2026:14:14:55 +0000] "GET /xmlrpc.php HTTP/1.1" 404 66351 "-" "-"
74.7.227.47 - - [16/Apr/2026:14:14:56 +0000] "GET /shop/pg/1618306507 HTTP/1.1" 404 13186 "http://www.elementalmill.com" "Mozilla/5.0 AppleWebKit/537.36 (KHTML, like Gecko; compatible; GPTBot/1.3; +https://openai.com/gptbot)"
185.191.171.2 - - [16/Apr/2026:14:14:56 +0000] "GET /shop/pg/16201345999 HTTP/1.1" 404 13186 "-" "Mozilla/5.0 (compatible; SemrushBot/7~bl; +http://www.semrush.com/bot.html)"
74.7.227.47 - - [16/Apr/2026:14:14:57 +0000] "GET /shop/pg/1178611 HTTP/1.1" 404 13206 "http://mail.elementalmill.com/shopping/products/16201178611" "Mozilla/5.0 AppleWebKit/537.36 (KHTML, like Gecko; compatible; GPTBot/1.3; +https://openai.com/gptbot)"
20.48.184.58 - - [16/Apr/2026:14:14:58 +0000] "GET /xozx.php HTTP/1.1" 404 66351 "-" "-"
85.208.96.193 - - [16/Apr/2026:14:14:59 +0000] "GET /shop/pg/16211789907 HTTP/1.1" 404 13186 "-" "Mozilla/5.0 (compatible; SemrushBot/7~bl; +http://www.semrush.com/bot.html)"
20.48.184.58 - - [16/Apr/2026:14:15:01 +0000] "GET /xwx1.php HTTP/1.1" 404 66351 "-" "-"
74.7.227.47 - - [16/Apr/2026:14:15:03 +0000] "GET /shop/pg/1659302 HTTP/1.1" 404 13206 "http://mail.elementalmill.com/shop/pg/16201442843" "Mozilla/5.0 AppleWebKit/537.36 (KHTML, like Gecko; compatible; GPTBot/1.3; +https://openai.com/gptbot)"
20.48.184.58 - - [16/Apr/2026:14:15:05 +0000] "GET /Cap.php HTTP/1.1" 404 66351 "-" "-"
20.48.184.58 - - [16/Apr/2026:14:15:08 +0000] "GET /ahax.php HTTP/1.1" 404 66351 "-" "-"
74.7.227.47 - - [16/Apr/2026:14:15:10 +0000] "GET /shop/pg/1616253 HTTP/1.1" 404 13206 "http://mail.elementalmill.com/shop/pg/16211991344" "Mozilla/5.0 AppleWebKit/537.36 (KHTML, like Gecko; compatible; GPTBot/1.3; +https://openai.com/gptbot)"
139.162.194.112 - - [16/Apr/2026:14:15:10 +0000] "POST /wp-cron.php?doing_wp_cron=1776348910.4679698944091796875000 HTTP/1.1" 404 13186 "-" "WordPress/6.9.1; https://elementalmill.com"
20.48.184.58 - - [16/Apr/2026:14:15:11 +0000] "GET /byrgo.php HTTP/1.1" 404 66351 "-" "-"
185.191.171.18 - - [16/Apr/2026:14:15:11 +0000] "GET /shop/pg/922967 HTTP/1.1" 404 13186 "-" "Mozilla/5.0 (compatible; SemrushBot/7~bl; +http://www.semrush.com/bot.html)"
20.48.184.58 - - [16/Apr/2026:14:15:14 +0000] "GET /css/index.php HTTP/1.1" 301 1978 "-" "-"
74.7.227.47 - - [16/Apr/2026:14:15:16 +0000] "GET /shop/pg/1355045 HTTP/1.1" 404 13206 "http://mail.elementalmill.com/shopping/products/16201355045" "Mozilla/5.0 AppleWebKit/537.36 (KHTML, like Gecko; compatible; GPTBot/1.3; +https://openai.com/gptbot)"
20.48.184.58 - - [16/Apr/2026:14:15:17 +0000] "GET /css/ HTTP/1.1" 404 66351 "-" "-"
185.191.171.17 - - [16/Apr/2026:14:15:19 +0000] "GET /shopping/products/1619973214 HTTP/1.1" 404 13186 "-" "Mozilla/5.0 (compatible; SemrushBot/7~bl; +http://www.semrush.com/bot.html)"
20.48.184.58 - - [16/Apr/2026:14:15:20 +0000] "GET /jp.php HTTP/1.1" 404 66351 "-" "-"
74.7.227.47 - - [16/Apr/2026:14:15:22 +0000] "GET /shop/pg/2540682 HTTP/1.1" 404 13206 "http://mail.elementalmill.com/shopping/products/16232540682" "Mozilla/5.0 AppleWebKit/537.36 (KHTML, like Gecko; compatible; GPTBot/1.3; +https://openai.com/gptbot)"
185.191.171.4 - - [16/Apr/2026:14:15:22 +0000] "GET /shopping/products/1619935569 HTTP/1.1" 404 13186 "-" "Mozilla/5.0 (compatible; SemrushBot/7~bl; +http://www.semrush.com/bot.html)"
20.48.184.58 - - [16/Apr/2026:14:15:24 +0000] "GET /num.php HTTP/1.1" 404 66351 "-" "-"
20.48.184.58 - - [16/Apr/2026:14:15:28 +0000] "GET /wp-content/themes/index.php HTTP/1.1" 301 1978 "-" "-"
74.7.227.47 - - [16/Apr/2026:14:15:28 +0000] "GET /shop/pg/1379823 HTTP/1.1" 404 13206 "http://mail.elementalmill.com/shop/pg/16201163365" "Mozilla/5.0 AppleWebKit/537.36 (KHTML, like Gecko; compatible; GPTBot/1.3; +https://openai.com/gptbot)"
20.48.184.58 - - [16/Apr/2026:14:15:30 +0000] "GET /wp-content/themes/ HTTP/1.1" 404 66351 "-" "-"
20.48.184.58 - - [16/Apr/2026:14:15:32 +0000] "GET /12.php HTTP/1.1" 404 66351 "-" "-"
74.7.227.47 - - [16/Apr/2026:14:15:35 +0000] "GET /shop/pg/1753759 HTTP/1.1" 404 13206 "http://mail.elementalmill.com/shopping/products/16211753759" "Mozilla/5.0 AppleWebKit/537.36 (KHTML, like Gecko; compatible; GPTBot/1.3; +https://openai.com/gptbot)"
20.48.184.58 - - [16/Apr/2026:14:15:35 +0000] "GET /Ov-Simple1.php HTTP/1.1" 404 66351 "-" "-"
20.48.184.58 - - [16/Apr/2026:14:15:38 +0000] "GET /an.php HTTP/1.1" 404 66351 "-" "-"
85.208.96.212 - - [16/Apr/2026:14:15:39 +0000] "GET /shop/pg/16211692717 HTTP/1.1" 404 13186 "-" "Mozilla/5.0 (compatible; SemrushBot/7~bl; +http://www.semrush.com/bot.html)"
20.48.184.58 - - [16/Apr/2026:14:15:41 +0000] "GET /archive.php HTTP/1.1" 404 66351 "-" "-"
74.7.227.47 - - [16/Apr/2026:14:15:41 +0000] "GET /shop/pg/1254977 HTTP/1.1" 404 13206 "http://mail.elementalmill.com/shop/pg/16211630076" "Mozilla/5.0 AppleWebKit/537.36 (KHTML, like Gecko; compatible; GPTBot/1.3; +https://openai.com/gptbot)"
20.48.184.58 - - [16/Apr/2026:14:15:44 +0000] "GET /as.php HTTP/1.1" 404 66351 "-" "-"
20.48.184.58 - - [16/Apr/2026:14:15:46 +0000] "GET /db.php HTTP/1.1" 404 66351 "-" "-"
74.7.227.47 - - [16/Apr/2026:14:15:47 +0000] "GET /shop/pg/2458072 HTTP/1.1" 404 13206 "http://mail.elementalmill.com/shop/customer/bookmark.php?shopping/products/16222458072" "Mozilla/5.0 AppleWebKit/537.36 (KHTML, like Gecko; compatible; GPTBot/1.3; +https://openai.com/gptbot)"
74.7.227.47 - - [16/Apr/2026:14:15:48 +0000] "GET /shop/pg/1619526473 HTTP/1.1" 404 13186 "http://www.elementalmill.com" "Mozilla/5.0 AppleWebKit/537.36 (KHTML, like Gecko; compatible; GPTBot/1.3; +https://openai.com/gptbot)"
20.48.184.58 - - [16/Apr/2026:14:15:49 +0000] "GET /error.php HTTP/1.1" 404 66351 "-" "-"
