20.48.184.58 - - [16/Apr/2026:14:15:52 +0000] "GET /ortasekerli1.php HTTP/1.1" 404 66351 "-" "-"
74.7.227.47 - - [16/Apr/2026:14:15:53 +0000] "GET /shop/pg/2152214 HTTP/1.1" 404 13206 "http://mail.elementalmill.com/shopping/products/16222152214" "Mozilla/5.0 AppleWebKit/537.36 (KHTML, like Gecko; compatible; GPTBot/1.3; +https://openai.com/gptbot)"
20.48.184.58 - - [16/Apr/2026:14:15:55 +0000] "GET /wp-content/plugins/hellopress/wp_filemanager.php HTTP/1.1" 404 66351 "-" "-"
20.48.184.58 - - [16/Apr/2026:14:15:59 +0000] "GET /wp-includes/class-wp-http-client.php HTTP/1.1" 404 66351 "-" "-"
20.48.184.58 - - [16/Apr/2026:14:16:02 +0000] "GET /wp-includes/configuration.php HTTP/1.1" 404 66351 "-" "-"
74.7.227.47 - - [16/Apr/2026:14:16:05 +0000] "GET /shop/pg/1541773 HTTP/1.1" 404 13206 "http://mail.elementalmill.com/shopping/products/16211541773" "Mozilla/5.0 AppleWebKit/537.36 (KHTML, like Gecko; compatible; GPTBot/1.3; +https://openai.com/gptbot)"
20.48.184.58 - - [16/Apr/2026:14:16:06 +0000] "GET /0x.php HTTP/1.1" 404 66351 "-" "-"
185.191.171.16 - - [16/Apr/2026:14:16:09 +0000] "GET /shop/pg/16222059466 HTTP/1.1" 404 13186 "-" "Mozilla/5.0 (compatible; SemrushBot/7~bl; +http://www.semrush.com/bot.html)"
20.48.184.58 - - [16/Apr/2026:14:16:09 +0000] "GET /aaa.php HTTP/1.1" 404 66351 "-" "-"
74.7.227.47 - - [16/Apr/2026:14:16:12 +0000] "GET /shop/pg/2107910 HTTP/1.1" 404 13206 "http://mail.elementalmill.com/shop/customer/bookmark.php?shopping/products/16222107910" "Mozilla/5.0 AppleWebKit/537.36 (KHTML, like Gecko; compatible; GPTBot/1.3; +https://openai.com/gptbot)"
139.162.194.112 - - [16/Apr/2026:14:16:12 +0000] "POST /wp-cron.php?doing_wp_cron=1776348972.3934209346771240234375 HTTP/1.1" 404 13186 "-" "WordPress/6.9.1; https://elementalmill.com"
139.162.194.112 - - [16/Apr/2026:14:16:12 +0000] "POST /wp-cron.php?doing_wp_cron=1776348972.5179569721221923828125 HTTP/1.1" 404 13186 "-" "WordPress/6.9.1; https://elementalmill.com"
20.48.184.58 - - [16/Apr/2026:14:16:14 +0000] "GET /byp.php HTTP/1.1" 404 66351 "-" "-"
85.208.96.194 - - [16/Apr/2026:14:16:14 +0000] "GET /shopping/products/1619934151 HTTP/1.1" 404 13186 "-" "Mozilla/5.0 (compatible; SemrushBot/7~bl; +http://www.semrush.com/bot.html)"
74.7.227.151 - - [16/Apr/2026:14:16:16 +0000] "GET /shop/pg/2183861 HTTP/1.1" 301 839 "http://www.elementalmill.com/shopping/products/16222183861" "Mozilla/5.0 AppleWebKit/537.36 (KHTML, like Gecko; compatible; GPTBot/1.3; +https://openai.com/gptbot)"
74.7.227.47 - - [16/Apr/2026:14:16:18 +0000] "GET /shop/pg/1283805 HTTP/1.1" 404 13206 "http://mail.elementalmill.com/shop/pg/16211658890" "Mozilla/5.0 AppleWebKit/537.36 (KHTML, like Gecko; compatible; GPTBot/1.3; +https://openai.com/gptbot)"
20.48.184.58 - - [16/Apr/2026:14:16:19 +0000] "GET /dropdown.php HTTP/1.1" 404 66351 "-" "-"
20.48.184.58 - - [16/Apr/2026:14:16:24 +0000] "GET /mini.php HTTP/1.1" 404 66351 "-" "-"
74.7.227.47 - - [16/Apr/2026:14:16:25 +0000] "GET /shop/pg/1208099 HTTP/1.1" 404 13206 "http://mail.elementalmill.com/shop/pg/16211583201" "Mozilla/5.0 AppleWebKit/537.36 (KHTML, like Gecko; compatible; GPTBot/1.3; +https://openai.com/gptbot)"
85.208.96.205 - - [16/Apr/2026:14:16:26 +0000] "GET /shopping/products/1619935400 HTTP/1.1" 404 13186 "-" "Mozilla/5.0 (compatible; SemrushBot/7~bl; +http://www.semrush.com/bot.html)"
20.48.184.58 - - [16/Apr/2026:14:16:29 +0000] "GET /new.php HTTP/1.1" 404 66351 "-" "-"
74.7.227.47 - - [16/Apr/2026:14:16:32 +0000] "GET /shop/pg/1050772 HTTP/1.1" 404 13206 "http://mail.elementalmill.com/shop/pg/16232608971" "Mozilla/5.0 AppleWebKit/537.36 (KHTML, like Gecko; compatible; GPTBot/1.3; +https://openai.com/gptbot)"
85.208.96.194 - - [16/Apr/2026:14:16:33 +0000] "GET /shop/pg/2034117 HTTP/1.1" 404 13186 "-" "Mozilla/5.0 (compatible; SemrushBot/7~bl; +http://www.semrush.com/bot.html)"
20.48.184.58 - - [16/Apr/2026:14:16:33 +0000] "GET /option.php HTTP/1.1" 404 66351 "-" "-"
74.7.227.151 - - [16/Apr/2026:14:16:36 +0000] "GET /shop/pg/1671841 HTTP/1.1" 301 839 "http://www.elementalmill.com/shopping/products/16211671841" "Mozilla/5.0 AppleWebKit/537.36 (KHTML, like Gecko; compatible; GPTBot/1.3; +https://openai.com/gptbot)"
20.48.184.58 - - [16/Apr/2026:14:16:37 +0000] "GET /s.php HTTP/1.1" 404 66351 "-" "-"
74.7.227.47 - - [16/Apr/2026:14:16:38 +0000] "GET /shop/pg/1604760 HTTP/1.1" 404 13206 "http://mail.elementalmill.com/shop/pg/1603596" "Mozilla/5.0 AppleWebKit/537.36 (KHTML, like Gecko; compatible; GPTBot/1.3; +https://openai.com/gptbot)"
20.48.184.58 - - [16/Apr/2026:14:16:40 +0000] "GET /size.php HTTP/1.1" 404 66351 "-" "-"
85.208.96.196 - - [16/Apr/2026:14:16:42 +0000] "GET /shopping/products/1619902406 HTTP/1.1" 404 13186 "-" "Mozilla/5.0 (compatible; SemrushBot/7~bl; +http://www.semrush.com/bot.html)"
20.48.184.58 - - [16/Apr/2026:14:16:43 +0000] "GET /system_log.php HTTP/1.1" 404 66351 "-" "-"
74.7.227.47 - - [16/Apr/2026:14:16:45 +0000] "GET /shop/pg/1130089 HTTP/1.1" 404 13206 "http://mail.elementalmill.com/shopping/products/16201130089" "Mozilla/5.0 AppleWebKit/537.36 (KHTML, like Gecko; compatible; GPTBot/1.3; +https://openai.com/gptbot)"
20.48.184.58 - - [16/Apr/2026:14:16:46 +0000] "GET /tool.php HTTP/1.1" 404 66351 "-" "-"
20.48.184.58 - - [16/Apr/2026:14:16:50 +0000] "GET /wp-admin.php HTTP/1.1" 404 58439 "-" "-"
185.191.171.1 - - [16/Apr/2026:14:16:50 +0000] "GET /shopping/products/1619940853 HTTP/1.1" 404 13186 "-" "Mozilla/5.0 (compatible; SemrushBot/7~bl; +http://www.semrush.com/bot.html)"
74.7.227.47 - - [16/Apr/2026:14:16:51 +0000] "GET /shop/pg/2170060 HTTP/1.1" 404 13206 "http://mail.elementalmill.com/shop/customer/bookmark.php?shopping/products/16222170060" "Mozilla/5.0 AppleWebKit/537.36 (KHTML, like Gecko; compatible; GPTBot/1.3; +https://openai.com/gptbot)"
20.48.184.58 - - [16/Apr/2026:14:16:54 +0000] "GET /wp-includes/Text/Diff/Engine/about.php HTTP/1.1" 404 66351 "-" "-"
85.208.96.209 - - [16/Apr/2026:14:16:55 +0000] "GET /shopping/products/1619970509 HTTP/1.1" 404 13186 "-" "Mozilla/5.0 (compatible; SemrushBot/7~bl; +http://www.semrush.com/bot.html)"
20.48.184.58 - - [16/Apr/2026:14:16:57 +0000] "GET /about/function.php HTTP/1.1" 404 66351 "-" "-"
74.7.227.47 - - [16/Apr/2026:14:16:58 +0000] "GET /shop/pg/1483571 HTTP/1.1" 404 13206 "http://mail.elementalmill.com/shopping/products/16201483571" "Mozilla/5.0 AppleWebKit/537.36 (KHTML, like Gecko; compatible; GPTBot/1.3; +https://openai.com/gptbot)"
20.48.184.58 - - [16/Apr/2026:14:17:01 +0000] "GET /albin.php HTTP/1.1" 404 66351 "-" "-"
74.7.227.47 - - [16/Apr/2026:14:17:04 +0000] "GET /shop/pg/1078375 HTTP/1.1" 404 13206 "http://mail.elementalmill.com/shopping/products/16201078375" "Mozilla/5.0 AppleWebKit/537.36 (KHTML, like Gecko; compatible; GPTBot/1.3; +https://openai.com/gptbot)"
20.48.184.58 - - [16/Apr/2026:14:17:05 +0000] "GET /alfa.php HTTP/1.1" 404 66351 "-" "-"
20.48.184.58 - - [16/Apr/2026:14:17:09 +0000] "GET /autoload_classmap.php HTTP/1.1" 404 66351 "-" "-"
74.7.227.47 - - [16/Apr/2026:14:17:11 +0000] "GET /shop/pg/1556309 HTTP/1.1" 404 13206 "http://mail.elementalmill.com/shop/customer/bookmark.php?shopping/products/16211556309" "Mozilla/5.0 AppleWebKit/537.36 (KHTML, like Gecko; compatible; GPTBot/1.3; +https://openai.com/gptbot)"
139.162.194.112 - - [16/Apr/2026:14:17:13 +0000] "POST /wp-cron.php?doing_wp_cron=1776349033.3868849277496337890625 HTTP/1.1" 404 13186 "-" "WordPress/6.9.1; https://elementalmill.com"
20.48.184.58 - - [16/Apr/2026:14:17:12 +0000] "GET /av.php HTTP/1.1" 404 66351 "-" "-"
85.208.96.209 - - [16/Apr/2026:14:17:14 +0000] "GET /shopping/products/1619949260 HTTP/1.1" 404 13186 "-" "Mozilla/5.0 (compatible; SemrushBot/7~bl; +http://www.semrush.com/bot.html)"
139.162.194.112 - - [16/Apr/2026:14:17:15 +0000] "POST /wp-cron.php?doing_wp_cron=1776349035.2280700206756591796875 HTTP/1.1" 404 13186 "-" "WordPress/6.9.1; https://elementalmill.com"
74.7.227.47 - - [16/Apr/2026:14:17:17 +0000] "GET /shop/pg/1314760 HTTP/1.1" 404 13206 "http://mail.elementalmill.com/shop/pg/16211689843" "Mozilla/5.0 AppleWebKit/537.36 (KHTML, like Gecko; compatible; GPTBot/1.3; +https://openai.com/gptbot)"
20.48.184.58 - - [16/Apr/2026:14:17:20 +0000] "GET /dragonshell.php HTTP/1.1" 404 66351 "-" "-"
85.208.96.202 - - [16/Apr/2026:14:17:22 +0000] "GET /shopping/products/1619958128 HTTP/1.1" 404 13186 "-" "Mozilla/5.0 (compatible; SemrushBot/7~bl; +http://www.semrush.com/bot.html)"
74.7.227.47 - - [16/Apr/2026:14:17:23 +0000] "GET /shop/pg/1311259 HTTP/1.1" 404 13206 "http://mail.elementalmill.com/shop/pg/16201094793" "Mozilla/5.0 AppleWebKit/537.36 (KHTML, like Gecko; compatible; GPTBot/1.3; +https://openai.com/gptbot)"
20.48.184.58 - - [16/Apr/2026:14:17:26 +0000] "GET /f35.php HTTP/1.1" 404 66351 "-" "-"
20.48.184.58 - - [16/Apr/2026:14:17:29 +0000] "GET /gg.php HTTP/1.1" 404 66351 "-" "-"
74.7.227.47 - - [16/Apr/2026:14:17:30 +0000] "GET /shop/pg/1524685 HTTP/1.1" 404 13206 "http://mail.elementalmill.com/shop/customer/bookmark.php?shopping/products/16211524685" "Mozilla/5.0 AppleWebKit/537.36 (KHTML, like Gecko; compatible; GPTBot/1.3; +https://openai.com/gptbot)"
74.7.243.209 - - [16/Apr/2026:14:17:30 +0000] "GET /shopping/products/16201351092 HTTP/1.1" 404 13206 "http://elementalmill.com.lab2454.com/shopping/products/16232639780" "Mozilla/5.0 AppleWebKit/537.36 (KHTML, like Gecko; compatible; GPTBot/1.3; +https://openai.com/gptbot)"
20.48.184.58 - - [16/Apr/2026:14:17:32 +0000] "GET /gifclass.php HTTP/1.1" 404 66351 "-" "-"
85.208.96.200 - - [16/Apr/2026:14:17:34 +0000] "GET /shopping/products/1619865142 HTTP/1.1" 404 13186 "-" "Mozilla/5.0 (compatible; SemrushBot/7~bl; +http://www.semrush.com/bot.html)"
20.48.184.58 - - [16/Apr/2026:14:17:35 +0000] "GET /sql.php HTTP/1.1" 404 66351 "-" "-"
74.7.227.47 - - [16/Apr/2026:14:17:36 +0000] "GET /shop/pg/1618309740 HTTP/1.1" 404 13186 "http://www.elementalmill.com" "Mozilla/5.0 AppleWebKit/537.36 (KHTML, like Gecko; compatible; GPTBot/1.3; +https://openai.com/gptbot)"
74.7.227.47 - - [16/Apr/2026:14:17:36 +0000] "GET /shop/pg/1104924 HTTP/1.1" 404 13206 "http://mail.elementalmill.com/shop/customer/bookmark.php?shopping/products/16201104924" "Mozilla/5.0 AppleWebKit/537.36 (KHTML, like Gecko; compatible; GPTBot/1.3; +https://openai.com/gptbot)"
20.48.184.58 - - [16/Apr/2026:14:17:38 +0000] "GET /up.php HTTP/1.1" 404 66351 "-" "-"
74.7.227.151 - - [16/Apr/2026:14:17:39 +0000] "GET /shop/pg/2051583 HTTP/1.1" 301 839 "http://www.elementalmill.com/shop/customer/bookmark.php?shopping/products/16222051583" "Mozilla/5.0 AppleWebKit/537.36 (KHTML, like Gecko; compatible; GPTBot/1.3; +https://openai.com/gptbot)"
85.208.96.201 - - [16/Apr/2026:14:17:40 +0000] "GET /shopping/products/1619910277 HTTP/1.1" 404 13186 "-" "Mozilla/5.0 (compatible; SemrushBot/7~bl; +http://www.semrush.com/bot.html)"
74.7.227.47 - - [16/Apr/2026:14:17:43 +0000] "GET /shop/pg/1825248 HTTP/1.1" 404 13206 "http://mail.elementalmill.com/shop/customer/bookmark.php?shopping/products/16211825248" "Mozilla/5.0 AppleWebKit/537.36 (KHTML, like Gecko; compatible; GPTBot/1.3; +https://openai.com/gptbot)"
40.77.167.36 - - [16/Apr/2026:14:17:46 +0000] "GET /shop/88953654337.html HTTP/1.1" 200 28168 "-" "Mozilla/5.0 AppleWebKit/537.36 (KHTML, like Gecko; compatible; bingbot/2.0; +http://www.bing.com/bingbot.htm) Chrome/116.0.1938.76 Safari/537.36"
20.48.184.58 - - [16/Apr/2026:14:17:46 +0000] "GET /wp-admin/css/colors/blue/index.php HTTP/1.1" 301 - "-" "-"
74.7.227.47 - - [16/Apr/2026:14:17:49 +0000] "GET /shop/pg/2042977 HTTP/1.1" 404 13206 "http://mail.elementalmill.com/shopping/products/16222042977" "Mozilla/5.0 AppleWebKit/537.36 (KHTML, like Gecko; compatible; GPTBot/1.3; +https://openai.com/gptbot)"
52.167.144.141 - - [16/Apr/2026:14:17:50 +0000] "GET /shop/88943419179.html HTTP/1.1" 200 27439 "-" "Mozilla/5.0 AppleWebKit/537.36 (KHTML, like Gecko; compatible; bingbot/2.0; +http://www.bing.com/bingbot.htm) Chrome/116.0.1938.76 Safari/537.36"
20.48.184.58 - - [16/Apr/2026:14:17:50 +0000] "GET /wp-admin/css/colors/blue/ HTTP/1.1" 404 58439 "-" "-"
20.48.184.58 - - [16/Apr/2026:14:17:55 +0000] "GET /wp-admin/js/index.php HTTP/1.1" 301 - "-" "-"
74.7.227.47 - - [16/Apr/2026:14:17:55 +0000] "GET /shop/pg/1703795 HTTP/1.1" 404 13206 "http://mail.elementalmill.com/shopping/products/16211703795" "Mozilla/5.0 AppleWebKit/537.36 (KHTML, like Gecko; compatible; GPTBot/1.3; +https://openai.com/gptbot)"
20.48.184.58 - - [16/Apr/2026:14:17:58 +0000] "GET /wp-admin/js/ HTTP/1.1" 404 58439 "-" "-"
185.191.171.16 - - [16/Apr/2026:14:17:59 +0000] "GET /shopping/products/1619940908 HTTP/1.1" 404 13186 "-" "Mozilla/5.0 (compatible; SemrushBot/7~bl; +http://www.semrush.com/bot.html)"
74.7.243.209 - - [16/Apr/2026:14:17:59 +0000] "GET /shopping/products/16211671035 HTTP/1.1" 404 13206 "http://elementalmill.com.lab2454.com/shopping/products/16201123180" "Mozilla/5.0 AppleWebKit/537.36 (KHTML, like Gecko; compatible; GPTBot/1.3; +https://openai.com/gptbot)"
40.77.167.149 - - [16/Apr/2026:14:18:01 +0000] "GET /shop/891011180912.html HTTP/1.1" 200 28937 "-" "Mozilla/5.0 AppleWebKit/537.36 (KHTML, like Gecko; compatible; bingbot/2.0; +http://www.bing.com/bingbot.htm) Chrome/116.0.1938.76 Safari/537.36"
74.7.227.47 - - [16/Apr/2026:14:18:01 +0000] "GET /shop/pg/1325780 HTTP/1.1" 404 13206 "http://mail.elementalmill.com/shopping/products/16201325780" "Mozilla/5.0 AppleWebKit/537.36 (KHTML, like Gecko; compatible; GPTBot/1.3; +https://openai.com/gptbot)"
74.7.227.47 - - [16/Apr/2026:14:18:03 +0000] "GET /shop/pg/1619885377 HTTP/1.1" 404 13186 "http://www.elementalmill.com" "Mozilla/5.0 AppleWebKit/537.36 (KHTML, like Gecko; compatible; GPTBot/1.3; +https://openai.com/gptbot)"
20.48.184.58 - - [16/Apr/2026:14:18:03 +0000] "GET /wp-p2r3q9c8k4.php HTTP/1.1" 404 66351 "-" "-"
20.48.184.58 - - [16/Apr/2026:14:18:06 +0000] "GET /admin.php HTTP/1.1" 404 66351 "-" "-"
74.7.227.47 - - [16/Apr/2026:14:18:08 +0000] "GET /shop/pg/1053216 HTTP/1.1" 404 13206 "http://mail.elementalmill.com/shop/pg/16232611426" "Mozilla/5.0 AppleWebKit/537.36 (KHTML, like Gecko; compatible; GPTBot/1.3; +https://openai.com/gptbot)"
20.48.184.58 - - [16/Apr/2026:14:18:10 +0000] "GET /inputs.php HTTP/1.1" 404 66351 "-" "-"
20.48.184.58 - - [16/Apr/2026:14:18:13 +0000] "GET /file.php HTTP/1.1" 404 66351 "-" "-"
74.7.227.47 - - [16/Apr/2026:14:18:14 +0000] "GET /shop/pg/1214330 HTTP/1.1" 404 13206 "http://mail.elementalmill.com/shop/pg/16211589417" "Mozilla/5.0 AppleWebKit/537.36 (KHTML, like Gecko; compatible; GPTBot/1.3; +https://openai.com/gptbot)"
139.162.194.112 - - [16/Apr/2026:14:18:15 +0000] "POST /wp-cron.php?doing_wp_cron=1776349095.8112580776214599609375 HTTP/1.1" 404 13186 "-" "WordPress/6.9.1; https://elementalmill.com"
139.162.194.112 - - [16/Apr/2026:14:18:16 +0000] "POST /wp-cron.php?doing_wp_cron=1776349096.7492508888244628906250 HTTP/1.1" 404 13186 "-" "WordPress/6.9.1; https://elementalmill.com"
20.48.184.58 - - [16/Apr/2026:14:18:17 +0000] "GET /goods.php HTTP/1.1" 404 66351 "-" "-"
74.7.227.151 - - [16/Apr/2026:14:18:20 +0000] "GET /shop/pg/1213369 HTTP/1.1" 301 839 "http://www.elementalmill.com/shopping/products/16201213369" "Mozilla/5.0 AppleWebKit/537.36 (KHTML, like Gecko; compatible; GPTBot/1.3; +https://openai.com/gptbot)"
74.7.227.47 - - [16/Apr/2026:14:18:20 +0000] "GET /shop/pg/1267962 HTTP/1.1" 404 13206 "http://mail.elementalmill.com/shop/pg/16201051513" "Mozilla/5.0 AppleWebKit/537.36 (KHTML, like Gecko; compatible; GPTBot/1.3; +https://openai.com/gptbot)"
20.48.184.58 - - [16/Apr/2026:14:18:21 +0000] "GET /ms-edit.php HTTP/1.1" 404 66351 "-" "-"
20.48.184.58 - - [16/Apr/2026:14:18:25 +0000] "GET /simple.php HTTP/1.1" 404 66351 "-" "-"
74.7.227.47 - - [16/Apr/2026:14:18:27 +0000] "GET /shop/pg/1573599 HTTP/1.1" 404 13206 "http://mail.elementalmill.com/shop/pg/16201357138" "Mozilla/5.0 AppleWebKit/537.36 (KHTML, like Gecko; compatible; GPTBot/1.3; +https://openai.com/gptbot)"
20.48.184.58 - - [16/Apr/2026:14:18:30 +0000] "GET /bgymj.php HTTP/1.1" 404 66351 "-" "-"
74.7.227.47 - - [16/Apr/2026:14:18:34 +0000] "GET /shop/pg/1130748 HTTP/1.1" 404 13206 "http://mail.elementalmill.com/shop/pg/16211505839" "Mozilla/5.0 AppleWebKit/537.36 (KHTML, like Gecko; compatible; GPTBot/1.3; +https://openai.com/gptbot)"
20.48.184.58 - - [16/Apr/2026:14:18:35 +0000] "GET /wp-content/plugins/twenty/login.php HTTP/1.1" 404 66351 "-" "-"
20.48.184.58 - - [16/Apr/2026:14:18:38 +0000] "GET /404.php HTTP/1.1" 404 66351 "-" "-"
74.7.227.151 - - [16/Apr/2026:14:18:42 +0000] "GET /shop/pg/1871899 HTTP/1.1" 301 839 "http://www.elementalmill.com/shop/customer/bookmark.php?shopping/products/16211871899" "Mozilla/5.0 AppleWebKit/537.36 (KHTML, like Gecko; compatible; GPTBot/1.3; +https://openai.com/gptbot)"
20.48.184.58 - - [16/Apr/2026:14:18:43 +0000] "GET /file3.php HTTP/1.1" 404 66351 "-" "-"
20.48.184.58 - - [16/Apr/2026:14:18:46 +0000] "GET /wp-mail.php HTTP/1.1" 404 66351 "-" "-"
74.7.227.47 - - [16/Apr/2026:14:18:47 +0000] "GET /shop/pg/1535304 HTTP/1.1" 404 13206 "http://mail.elementalmill.com/shopping/products/16211535304" "Mozilla/5.0 AppleWebKit/537.36 (KHTML, like Gecko; compatible; GPTBot/1.3; +https://openai.com/gptbot)"
20.48.184.58 - - [16/Apr/2026:14:18:51 +0000] "GET /about.php HTTP/1.1" 200 349 "-" "-"
185.191.171.19 - - [16/Apr/2026:14:18:50 +0000] "GET /shopping/products/1619925371 HTTP/1.1" 404 13186 "-" "Mozilla/5.0 (compatible; SemrushBot/7~bl; +http://www.semrush.com/bot.html)"
20.48.184.58 - - [16/Apr/2026:14:18:52 +0000] "GET /wp.php HTTP/1.1" 404 66351 "-" "-"
20.48.184.58 - - [16/Apr/2026:14:18:55 +0000] "GET /.dj/index.php HTTP/1.1" 301 1978 "-" "-"
85.208.96.202 - - [16/Apr/2026:14:18:55 +0000] "GET /shop/pg/303849 HTTP/1.1" 404 13186 "-" "Mozilla/5.0 (compatible; SemrushBot/7~bl; +http://www.semrush.com/bot.html)"
20.48.184.58 - - [16/Apr/2026:14:18:57 +0000] "GET /.dj/ HTTP/1.1" 404 66351 "-" "-"
85.208.96.211 - - [16/Apr/2026:14:18:59 +0000] "GET /shopping/products/1619986666 HTTP/1.1" 404 13186 "-" "Mozilla/5.0 (compatible; SemrushBot/7~bl; +http://www.semrush.com/bot.html)"
74.7.227.47 - - [16/Apr/2026:14:18:59 +0000] "GET /shop/pg/1761802 HTTP/1.1" 404 13206 "http://mail.elementalmill.com/shopping/products/16211761802" "Mozilla/5.0 AppleWebKit/537.36 (KHTML, like Gecko; compatible; GPTBot/1.3; +https://openai.com/gptbot)"
20.48.184.58 - - [16/Apr/2026:14:19:00 +0000] "GET /adminfuns.php HTTP/1.1" 404 66351 "-" "-"
20.48.184.58 - - [16/Apr/2026:14:19:03 +0000] "GET /php8.php HTTP/1.1" 404 66351 "-" "-"
185.191.171.13 - - [16/Apr/2026:14:19:05 +0000] "GET /shopping/products/1619916944 HTTP/1.1" 404 13186 "-" "Mozilla/5.0 (compatible; SemrushBot/7~bl; +http://www.semrush.com/bot.html)"
74.7.227.47 - - [16/Apr/2026:14:19:06 +0000] "GET /shop/pg/1688946 HTTP/1.1" 404 13206 "http://mail.elementalmill.com/shop/pg/16201472479" "Mozilla/5.0 AppleWebKit/537.36 (KHTML, like Gecko; compatible; GPTBot/1.3; +https://openai.com/gptbot)"
20.48.184.58 - - [16/Apr/2026:14:19:07 +0000] "GET /classwithtostring.php HTTP/1.1" 404 66351 "-" "-"
40.77.167.45 - - [16/Apr/2026:14:19:09 +0000] "GET /shop/889977461568.html HTTP/1.1" 200 27730 "-" "Mozilla/5.0 AppleWebKit/537.36 (KHTML, like Gecko; compatible; bingbot/2.0; +http://www.bing.com/bingbot.htm) Chrome/116.0.1938.76 Safari/537.36"
20.48.184.58 - - [16/Apr/2026:14:19:10 +0000] "GET /info.php HTTP/1.1" 404 66351 "-" "-"
74.7.227.47 - - [16/Apr/2026:14:19:12 +0000] "GET /shop/pg/1564547 HTTP/1.1" 404 13206 "http://mail.elementalmill.com/shop/pg/16201348085" "Mozilla/5.0 AppleWebKit/537.36 (KHTML, like Gecko; compatible; GPTBot/1.3; +https://openai.com/gptbot)"
20.48.184.58 - - [16/Apr/2026:14:19:15 +0000] "GET /ioxi-o.php HTTP/1.1" 404 66351 "-" "-"
139.162.194.112 - - [16/Apr/2026:14:19:17 +0000] "POST /wp-cron.php?doing_wp_cron=1776349157.7870049476623535156250 HTTP/1.1" 404 13186 "-" "WordPress/6.9.1; https://elementalmill.com"
74.7.227.47 - - [16/Apr/2026:14:19:18 +0000] "GET /shop/pg/1279788 HTTP/1.1" 404 13206 "http://mail.elementalmill.com/shopping/products/16201279788" "Mozilla/5.0 AppleWebKit/537.36 (KHTML, like Gecko; compatible; GPTBot/1.3; +https://openai.com/gptbot)"
20.48.184.58 - - [16/Apr/2026:14:19:20 +0000] "GET /011i.php HTTP/1.1" 404 66351 "-" "-"
20.48.184.58 - - [16/Apr/2026:14:19:23 +0000] "GET /edit.php HTTP/1.1" 404 66351 "-" "-"
74.7.227.47 - - [16/Apr/2026:14:19:24 +0000] "GET /shop/pg/2254065 HTTP/1.1" 404 13206 "http://mail.elementalmill.com/shopping/products/16222254065" "Mozilla/5.0 AppleWebKit/537.36 (KHTML, like Gecko; compatible; GPTBot/1.3; +https://openai.com/gptbot)"
20.48.184.58 - - [16/Apr/2026:14:19:26 +0000] "GET /sid3.php HTTP/1.1" 404 66351 "-" "-"
185.191.171.16 - - [16/Apr/2026:14:19:27 +0000] "GET /shopping/products/1619982066 HTTP/1.1" 404 13186 "-" "Mozilla/5.0 (compatible; SemrushBot/7~bl; +http://www.semrush.com/bot.html)"
20.48.184.58 - - [16/Apr/2026:14:19:29 +0000] "GET /load.php HTTP/1.1" 404 66351 "-" "-"
74.7.227.47 - - [16/Apr/2026:14:19:31 +0000] "GET /shop/pg/1490812 HTTP/1.1" 404 13206 "http://mail.elementalmill.com/shop/pg/16201274349" "Mozilla/5.0 AppleWebKit/537.36 (KHTML, like Gecko; compatible; GPTBot/1.3; +https://openai.com/gptbot)"
185.191.171.4 - - [16/Apr/2026:14:19:31 +0000] "GET /shop/pg/16222083163 HTTP/1.1" 404 13186 "-" "Mozilla/5.0 (compatible; SemrushBot/7~bl; +http://www.semrush.com/bot.html)"
20.48.184.58 - - [16/Apr/2026:14:19:33 +0000] "GET /166.php HTTP/1.1" 404 66351 "-" "-"
85.208.96.198 - - [16/Apr/2026:14:19:34 +0000] "GET /shopping/products/1619948737 HTTP/1.1" 404 13186 "-" "Mozilla/5.0 (compatible; SemrushBot/7~bl; +http://www.semrush.com/bot.html)"
20.48.184.58 - - [16/Apr/2026:14:19:36 +0000] "GET /leaf.php HTTP/1.1" 404 66351 "-" "-"
20.48.184.58 - - [16/Apr/2026:14:19:40 +0000] "GET /grsiuk.php HTTP/1.1" 404 66351 "-" "-"
20.48.184.58 - - [16/Apr/2026:14:19:43 +0000] "GET /8.php HTTP/1.1" 404 66351 "-" "-"
74.7.227.47 - - [16/Apr/2026:14:19:43 +0000] "GET /shop/pg/1427259 HTTP/1.1" 404 13206 "http://mail.elementalmill.com/shop/pg/16211802356" "Mozilla/5.0 AppleWebKit/537.36 (KHTML, like Gecko; compatible; GPTBot/1.3; +https://openai.com/gptbot)"
74.7.227.151 - - [16/Apr/2026:14:19:45 +0000] "GET /shop/pg/2136340 HTTP/1.1" 301 839 "http://www.elementalmill.com/shop/customer/bookmark.php?shopping/products/16222136340" "Mozilla/5.0 AppleWebKit/537.36 (KHTML, like Gecko; compatible; GPTBot/1.3; +https://openai.com/gptbot)"
20.48.184.58 - - [16/Apr/2026:14:19:46 +0000] "GET /fs.php HTTP/1.1" 404 66351 "-" "-"
20.48.184.58 - - [16/Apr/2026:14:19:49 +0000] "GET /ws38.php HTTP/1.1" 404 66351 "-" "-"
74.7.227.47 - - [16/Apr/2026:14:19:49 +0000] "GET /shop/pg/2203848 HTTP/1.1" 404 13206 "http://mail.elementalmill.com/shopping/products/16222203848" "Mozilla/5.0 AppleWebKit/537.36 (KHTML, like Gecko; compatible; GPTBot/1.3; +https://openai.com/gptbot)"
20.48.184.58 - - [16/Apr/2026:14:19:52 +0000] "GET /a7.php HTTP/1.1" 404 66351 "-" "-"
85.208.96.198 - - [16/Apr/2026:14:19:54 +0000] "GET /shopping/products/1619874399 HTTP/1.1" 404 13186 "-" "Mozilla/5.0 (compatible; SemrushBot/7~bl; +http://www.semrush.com/bot.html)"
20.48.184.58 - - [16/Apr/2026:14:19:55 +0000] "GET /classsmtps.php HTTP/1.1" 404 66351 "-" "-"
20.48.184.58 - - [16/Apr/2026:14:19:58 +0000] "GET /amax.php HTTP/1.1" 404 66351 "-" "-"
20.48.184.58 - - [16/Apr/2026:14:20:02 +0000] "GET /CDX1.php HTTP/1.1" 404 66351 "-" "-"
20.48.184.58 - - [16/Apr/2026:14:20:06 +0000] "GET /rip.php HTTP/1.1" 404 66351 "-" "-"
74.7.227.47 - - [16/Apr/2026:14:20:08 +0000] "GET /shop/pg/2422352 HTTP/1.1" 404 13206 "http://mail.elementalmill.com/shop/customer/bookmark.php?shopping/products/16222422352" "Mozilla/5.0 AppleWebKit/537.36 (KHTML, like Gecko; compatible; GPTBot/1.3; +https://openai.com/gptbot)"
20.48.184.58 - - [16/Apr/2026:14:20:09 +0000] "GET /1.php HTTP/1.1" 404 66351 "-" "-"
185.191.171.9 - - [16/Apr/2026:14:20:10 +0000] "GET /shopping/products/1619942494 HTTP/1.1" 404 13186 "-" "Mozilla/5.0 (compatible; SemrushBot/7~bl; +http://www.semrush.com/bot.html)"
52.167.144.141 - - [16/Apr/2026:14:20:12 +0000] "GET /shop/889862511096.html HTTP/1.1" 200 27125 "-" "Mozilla/5.0 AppleWebKit/537.36 (KHTML, like Gecko; compatible; bingbot/2.0; +http://www.bing.com/bingbot.htm) Chrome/116.0.1938.76 Safari/537.36"
20.48.184.58 - - [16/Apr/2026:14:20:12 +0000] "GET /chosen.php HTTP/1.1" 404 66351 "-" "-"
74.7.227.47 - - [16/Apr/2026:14:20:14 +0000] "GET /shop/pg/1387661 HTTP/1.1" 404 13206 "http://mail.elementalmill.com/shop/customer/bookmark.php?shopping/products/16201387661" "Mozilla/5.0 AppleWebKit/537.36 (KHTML, like Gecko; compatible; GPTBot/1.3; +https://openai.com/gptbot)"
20.48.184.58 - - [16/Apr/2026:14:20:15 +0000] "GET /css.php HTTP/1.1" 404 66351 "-" "-"
20.48.184.58 - - [16/Apr/2026:14:20:18 +0000] "GET /php.php HTTP/1.1" 404 66351 "-" "-"
139.162.194.112 - - [16/Apr/2026:14:20:20 +0000] "POST /wp-cron.php?doing_wp_cron=1776349220.5020630359649658203125 HTTP/1.1" 404 13186 "-" "WordPress/6.9.1; https://elementalmill.com"
74.7.227.47 - - [16/Apr/2026:14:20:20 +0000] "GET /shop/pg/1263969 HTTP/1.1" 404 13206 "http://mail.elementalmill.com/shop/pg/16201047514" "Mozilla/5.0 AppleWebKit/537.36 (KHTML, like Gecko; compatible; GPTBot/1.3; +https://openai.com/gptbot)"
20.48.184.58 - - [16/Apr/2026:14:20:22 +0000] "GET /wp-Blogs.php HTTP/1.1" 404 66351 "-" "-"
20.48.184.58 - - [16/Apr/2026:14:20:25 +0000] "GET /wp-content/index.php HTTP/1.1" 301 1978 "-" "-"
74.7.227.47 - - [16/Apr/2026:14:20:26 +0000] "GET /shop/pg/1847959 HTTP/1.1" 404 13206 "http://mail.elementalmill.com/shopping/products/16211847959" "Mozilla/5.0 AppleWebKit/537.36 (KHTML, like Gecko; compatible; GPTBot/1.3; +https://openai.com/gptbot)"
20.48.184.58 - - [16/Apr/2026:14:20:28 +0000] "GET /wp-content/ HTTP/1.1" 404 66351 "-" "-"
20.48.184.58 - - [16/Apr/2026:14:20:31 +0000] "GET /wp-content/plugins/beteng88/ws83.php HTTP/1.1" 404 66351 "-" "-"
185.191.171.6 - - [16/Apr/2026:14:20:33 +0000] "GET /shop/pg/16211955453 HTTP/1.1" 404 13186 "-" "Mozilla/5.0 (compatible; SemrushBot/7~bl; +http://www.semrush.com/bot.html)"
20.48.184.58 - - [16/Apr/2026:14:20:34 +0000] "GET /ws83.php HTTP/1.1" 404 66351 "-" "-"
52.167.144.141 - - [16/Apr/2026:14:20:36 +0000] "GET /shop/89016522791.html HTTP/1.1" 200 27234 "-" "Mozilla/5.0 AppleWebKit/537.36 (KHTML, like Gecko; compatible; bingbot/2.0; +http://www.bing.com/bingbot.htm) Chrome/116.0.1938.76 Safari/537.36"
20.48.184.58 - - [16/Apr/2026:14:20:38 +0000] "GET /file61.php HTTP/1.1" 404 66351 "-" "-"
74.7.227.47 - - [16/Apr/2026:14:20:39 +0000] "GET /shop/pg/1820583 HTTP/1.1" 404 13206 "http://mail.elementalmill.com/shop/customer/bookmark.php?shopping/products/16211820583" "Mozilla/5.0 AppleWebKit/537.36 (KHTML, like Gecko; compatible; GPTBot/1.3; +https://openai.com/gptbot)"
185.191.171.13 - - [16/Apr/2026:14:20:40 +0000] "GET /shopping/products/1619954622 HTTP/1.1" 404 13186 "-" "Mozilla/5.0 (compatible; SemrushBot/7~bl; +http://www.semrush.com/bot.html)"
74.7.227.47 - - [16/Apr/2026:14:20:41 +0000] "GET /shop/pg/1618310295 HTTP/1.1" 404 13186 "http://www.elementalmill.com" "Mozilla/5.0 AppleWebKit/537.36 (KHTML, like Gecko; compatible; GPTBot/1.3; +https://openai.com/gptbot)"
20.48.184.58 - - [16/Apr/2026:14:20:41 +0000] "GET /sadcut1.php HTTP/1.1" 404 66351 "-" "-"
20.48.184.58 - - [16/Apr/2026:14:20:45 +0000] "GET /y.php HTTP/1.1" 404 66351 "-" "-"
85.208.96.210 - - [16/Apr/2026:14:20:45 +0000] "GET /shopping/products/1619960941 HTTP/1.1" 404 13186 "-" "Mozilla/5.0 (compatible; SemrushBot/7~bl; +http://www.semrush.com/bot.html)"
74.7.227.47 - - [16/Apr/2026:14:20:46 +0000] "GET /shop/pg/1626093 HTTP/1.1" 404 13206 "http://mail.elementalmill.com/shop/pg/16201409629" "Mozilla/5.0 AppleWebKit/537.36 (KHTML, like Gecko; compatible; GPTBot/1.3; +https://openai.com/gptbot)"
20.48.184.58 - - [16/Apr/2026:14:20:49 +0000] "GET /akcc.php HTTP/1.1" 404 66351 "-" "-"
185.191.171.5 - - [16/Apr/2026:14:20:50 +0000] "GET /shop/pg/1618496001 HTTP/1.1" 404 13186 "-" "Mozilla/5.0 (compatible; SemrushBot/7~bl; +http://www.semrush.com/bot.html)"
20.48.184.58 - - [16/Apr/2026:14:20:52 +0000] "GET /wp-admin/user/12.php HTTP/1.1" 404 58439 "-" "-"
74.7.227.47 - - [16/Apr/2026:14:20:53 +0000] "GET /shop/pg/1031448 HTTP/1.1" 404 13206 "http://mail.elementalmill.com/shop/customer/bookmark.php?shopping/products/16201031448" "Mozilla/5.0 AppleWebKit/537.36 (KHTML, like Gecko; compatible; GPTBot/1.3; +https://openai.com/gptbot)"
85.208.96.202 - - [16/Apr/2026:14:20:54 +0000] "GET /shop/pg/911051 HTTP/1.1" 404 13186 "-" "Mozilla/5.0 (compatible; SemrushBot/7~bl; +http://www.semrush.com/bot.html)"
20.48.184.58 - - [16/Apr/2026:14:20:55 +0000] "GET /index/function.php HTTP/1.1" 404 66351 "-" "-"
20.48.184.58 - - [16/Apr/2026:14:20:59 +0000] "GET /term.php HTTP/1.1" 404 66351 "-" "-"
74.7.227.47 - - [16/Apr/2026:14:20:59 +0000] "GET /shop/pg/2154570 HTTP/1.1" 404 13206 "http://mail.elementalmill.com/shopping/products/16222154570" "Mozilla/5.0 AppleWebKit/537.36 (KHTML, like Gecko; compatible; GPTBot/1.3; +https://openai.com/gptbot)"
52.167.144.141 - - [16/Apr/2026:14:21:03 +0000] "GET /shop/891312829537.html HTTP/1.1" 200 27317 "-" "Mozilla/5.0 AppleWebKit/537.36 (KHTML, like Gecko; compatible; bingbot/2.0; +http://www.bing.com/bingbot.htm) Chrome/116.0.1938.76 Safari/537.36"
20.48.184.58 - - [16/Apr/2026:14:21:03 +0000] "GET /666.php HTTP/1.1" 404 66351 "-" "-"
74.7.227.47 - - [16/Apr/2026:14:21:06 +0000] "GET /shop/pg/1820925 HTTP/1.1" 404 13206 "http://mail.elementalmill.com/shop/pg/1619679767" "Mozilla/5.0 AppleWebKit/537.36 (KHTML, like Gecko; compatible; GPTBot/1.3; +https://openai.com/gptbot)"
74.7.227.47 - - [16/Apr/2026:14:21:06 +0000] "GET /shop/pg/1619960874 HTTP/1.1" 404 13186 "http://www.elementalmill.com" "Mozilla/5.0 AppleWebKit/537.36 (KHTML, like Gecko; compatible; GPTBot/1.3; +https://openai.com/gptbot)"
20.48.184.58 - - [16/Apr/2026:14:21:06 +0000] "GET /7.php HTTP/1.1" 404 66351 "-" "-"
20.48.184.58 - - [16/Apr/2026:14:21:10 +0000] "GET /wp-config-sample.php HTTP/1.1" 404 66351 "-" "-"
74.7.227.151 - - [16/Apr/2026:14:21:10 +0000] "GET /shop/pg/1869762 HTTP/1.1" 301 839 "http://www.elementalmill.com/shop/customer/bookmark.php?shopping/products/16211869762" "Mozilla/5.0 AppleWebKit/537.36 (KHTML, like Gecko; compatible; GPTBot/1.3; +https://openai.com/gptbot)"
185.191.171.14 - - [16/Apr/2026:14:21:12 +0000] "GET /shop/pg/455863 HTTP/1.1" 404 13186 "-" "Mozilla/5.0 (compatible; SemrushBot/7~bl; +http://www.semrush.com/bot.html)"
74.7.227.47 - - [16/Apr/2026:14:21:12 +0000] "GET /shop/pg/1539616 HTTP/1.1" 404 13206 "http://mail.elementalmill.com/shop/pg/16211914708" "Mozilla/5.0 AppleWebKit/537.36 (KHTML, like Gecko; compatible; GPTBot/1.3; +https://openai.com/gptbot)"
20.48.184.58 - - [16/Apr/2026:14:21:13 +0000] "GET /log.php HTTP/1.1" 404 66351 "-" "-"
20.48.184.58 - - [16/Apr/2026:14:21:17 +0000] "GET /a5.php HTTP/1.1" 404 66351 "-" "-"
74.7.227.47 - - [16/Apr/2026:14:21:19 +0000] "GET /shop/pg/1532809 HTTP/1.1" 404 13206 "http://mail.elementalmill.com/shopping/products/16211532809" "Mozilla/5.0 AppleWebKit/537.36 (KHTML, like Gecko; compatible; GPTBot/1.3; +https://openai.com/gptbot)"
20.48.184.58 - - [16/Apr/2026:14:21:20 +0000] "GET /aa.php HTTP/1.1" 404 66351 "-" "-"
139.162.194.112 - - [16/Apr/2026:14:21:22 +0000] "POST /wp-cron.php?doing_wp_cron=1776349282.2709429264068603515625 HTTP/1.1" 404 13186 "-" "WordPress/6.9.1; https://elementalmill.com"
139.162.194.112 - - [16/Apr/2026:14:21:23 +0000] "POST /wp-cron.php?doing_wp_cron=1776349283.0545969009399414062500 HTTP/1.1" 404 13186 "-" "WordPress/6.9.1; https://elementalmill.com"
85.208.96.199 - - [16/Apr/2026:14:21:25 +0000] "GET /shopping/products/1619916177 HTTP/1.1" 404 13186 "-" "Mozilla/5.0 (compatible; SemrushBot/7~bl; +http://www.semrush.com/bot.html)"
20.48.184.58 - - [16/Apr/2026:14:21:25 +0000] "GET /bolt.php HTTP/1.1" 404 66351 "-" "-"
74.7.227.47 - - [16/Apr/2026:14:21:26 +0000] "GET /shop/pg/2138510 HTTP/1.1" 404 13206 "http://mail.elementalmill.com/shopping/products/16222138510" "Mozilla/5.0 AppleWebKit/537.36 (KHTML, like Gecko; compatible; GPTBot/1.3; +https://openai.com/gptbot)"
85.208.96.209 - - [16/Apr/2026:14:21:29 +0000] "GET /shop/pg/693988 HTTP/1.1" 404 13186 "-" "Mozilla/5.0 (compatible; SemrushBot/7~bl; +http://www.semrush.com/bot.html)"
20.48.184.58 - - [16/Apr/2026:14:21:29 +0000] "GET /x.php HTTP/1.1" 404 66351 "-" "-"
74.7.227.47 - - [16/Apr/2026:14:21:32 +0000] "GET /shop/pg/1146192 HTTP/1.1" 404 13206 "http://mail.elementalmill.com/shopping/products/16201146192" "Mozilla/5.0 AppleWebKit/537.36 (KHTML, like Gecko; compatible; GPTBot/1.3; +https://openai.com/gptbot)"
20.48.184.58 - - [16/Apr/2026:14:21:33 +0000] "GET /jga.php HTTP/1.1" 404 66351 "-" "-"
20.48.184.58 - - [16/Apr/2026:14:21:36 +0000] "GET /k.php HTTP/1.1" 404 66351 "-" "-"
185.191.171.5 - - [16/Apr/2026:14:21:39 +0000] "GET /shopping/products/1619964373 HTTP/1.1" 404 13186 "-" "Mozilla/5.0 (compatible; SemrushBot/7~bl; +http://www.semrush.com/bot.html)"
74.7.227.47 - - [16/Apr/2026:14:21:39 +0000] "GET /shop/pg/1251483 HTTP/1.1" 404 13206 "http://mail.elementalmill.com/shop/customer/bookmark.php?shopping/products/16201251483" "Mozilla/5.0 AppleWebKit/537.36 (KHTML, like Gecko; compatible; GPTBot/1.3; +https://openai.com/gptbot)"
20.48.184.58 - - [16/Apr/2026:14:21:40 +0000] "GET /vx.php HTTP/1.1" 404 66351 "-" "-"
85.208.96.212 - - [16/Apr/2026:14:21:43 +0000] "GET /shop/pg/16222064885 HTTP/1.1" 404 13186 "-" "Mozilla/5.0 (compatible; SemrushBot/7~bl; +http://www.semrush.com/bot.html)"
20.48.184.58 - - [16/Apr/2026:14:21:44 +0000] "GET /ws77.php HTTP/1.1" 404 66351 "-" "-"
74.7.227.47 - - [16/Apr/2026:14:21:45 +0000] "GET /shop/pg/2367746 HTTP/1.1" 404 13206 "http://mail.elementalmill.com/shop/customer/bookmark.php?shopping/products/16222367746" "Mozilla/5.0 AppleWebKit/537.36 (KHTML, like Gecko; compatible; GPTBot/1.3; +https://openai.com/gptbot)"
20.48.184.58 - - [16/Apr/2026:14:21:48 +0000] "GET /2.php HTTP/1.1" 404 66351 "-" "-"
20.48.184.58 - - [16/Apr/2026:14:21:51 +0000] "GET /abcd.php HTTP/1.1" 404 66351 "-" "-"
74.7.227.47 - - [16/Apr/2026:14:21:51 +0000] "GET /shop/pg/1227348 HTTP/1.1" 404 13206 "http://mail.elementalmill.com/shop/pg/16211602451" "Mozilla/5.0 AppleWebKit/537.36 (KHTML, like Gecko; compatible; GPTBot/1.3; +https://openai.com/gptbot)"
74.7.227.151 - - [16/Apr/2026:14:21:54 +0000] "GET /shop/pg/1698578 HTTP/1.1" 301 839 "http://www.elementalmill.com/shopping/products/16211698578" "Mozilla/5.0 AppleWebKit/537.36 (KHTML, like Gecko; compatible; GPTBot/1.3; +https://openai.com/gptbot)"
20.48.184.58 - - [16/Apr/2026:14:21:54 +0000] "GET /wp-content/plugins/admin.php HTTP/1.1" 404 66351 "-" "-"
20.48.184.58 - - [16/Apr/2026:14:21:57 +0000] "GET /asd.php HTTP/1.1" 404 66351 "-" "-"
74.7.227.47 - - [16/Apr/2026:14:21:58 +0000] "GET /shop/pg/1239750 HTTP/1.1" 404 13206 "http://mail.elementalmill.com/shop/customer/bookmark.php?shopping/products/16201239750" "Mozilla/5.0 AppleWebKit/537.36 (KHTML, like Gecko; compatible; GPTBot/1.3; +https://openai.com/gptbot)"
185.191.171.4 - - [16/Apr/2026:14:21:59 +0000] "GET /shop/pg/1618445421 HTTP/1.1" 404 13186 "-" "Mozilla/5.0 (compatible; SemrushBot/7~bl; +http://www.semrush.com/bot.html)"
74.7.227.47 - - [16/Apr/2026:14:21:59 +0000] "GET /shop/pg/1619857625 HTTP/1.1" 404 13186 "http://www.elementalmill.com" "Mozilla/5.0 AppleWebKit/537.36 (KHTML, like Gecko; compatible; GPTBot/1.3; +https://openai.com/gptbot)"
20.48.184.58 - - [16/Apr/2026:14:22:01 +0000] "GET /default.php HTTP/1.1" 404 66351 "-" "-"
20.48.184.58 - - [16/Apr/2026:14:22:04 +0000] "GET /gettest.php HTTP/1.1" 404 66351 "-" "-"
74.7.227.47 - - [16/Apr/2026:14:22:05 +0000] "GET /shop/pg/1858753 HTTP/1.1" 404 13206 "http://mail.elementalmill.com/shop/customer/bookmark.php?shopping/products/16211858753" "Mozilla/5.0 AppleWebKit/537.36 (KHTML, like Gecko; compatible; GPTBot/1.3; +https://openai.com/gptbot)"
20.48.184.58 - - [16/Apr/2026:14:22:08 +0000] "GET /install.php HTTP/1.1" 404 66351 "-" "-"
20.48.184.58 - - [16/Apr/2026:14:22:11 +0000] "GET /tfm.php HTTP/1.1" 404 66351 "-" "-"
74.7.227.47 - - [16/Apr/2026:14:22:12 +0000] "GET /shop/pg/1348440 HTTP/1.1" 404 13206 "http://mail.elementalmill.com/shop/pg/16211723540" "Mozilla/5.0 AppleWebKit/537.36 (KHTML, like Gecko; compatible; GPTBot/1.3; +https://openai.com/gptbot)"
20.48.184.58 - - [16/Apr/2026:14:22:13 +0000] "GET /ws81.php HTTP/1.1" 404 66351 "-" "-"
20.48.184.58 - - [16/Apr/2026:14:22:16 +0000] "GET /222.php HTTP/1.1" 404 66351 "-" "-"
74.7.227.47 - - [16/Apr/2026:14:22:18 +0000] "GET /shop/pg/1230546 HTTP/1.1" 404 13206 "http://mail.elementalmill.com/shop/pg/16211605643" "Mozilla/5.0 AppleWebKit/537.36 (KHTML, like Gecko; compatible; GPTBot/1.3; +https://openai.com/gptbot)"
20.48.184.58 - - [16/Apr/2026:14:22:19 +0000] "GET /t.php HTTP/1.1" 404 66351 "-" "-"
20.48.184.58 - - [16/Apr/2026:14:22:22 +0000] "GET /wp-admin/maint/index.php HTTP/1.1" 301 - "-" "-"
139.162.194.112 - - [16/Apr/2026:14:22:24 +0000] "POST /wp-cron.php?doing_wp_cron=1776349344.1302928924560546875000 HTTP/1.1" 404 13186 "-" "WordPress/6.9.1; https://elementalmill.com"
20.48.184.58 - - [16/Apr/2026:14:22:25 +0000] "GET /wp-admin/maint/ HTTP/1.1" 404 58439 "-" "-"
20.48.184.58 - - [16/Apr/2026:14:22:28 +0000] "GET /6xBAm3vODE05BSzkJZRAws.php HTTP/1.1" 404 66351 "-" "-"
74.7.227.47 - - [16/Apr/2026:14:22:30 +0000] "GET /shop/pg/2080976 HTTP/1.1" 404 13206 "http://mail.elementalmill.com/shopping/products/16222080976" "Mozilla/5.0 AppleWebKit/537.36 (KHTML, like Gecko; compatible; GPTBot/1.3; +https://openai.com/gptbot)"
20.48.184.58 - - [16/Apr/2026:14:22:34 +0000] "GET /a.php HTTP/1.1" 404 66351 "-" "-"
74.7.227.151 - - [16/Apr/2026:14:22:35 +0000] "GET /shop/pg/2490948 HTTP/1.1" 301 839 "http://www.elementalmill.com/shopping/products/16222490948" "Mozilla/5.0 AppleWebKit/537.36 (KHTML, like Gecko; compatible; GPTBot/1.3; +https://openai.com/gptbot)"
20.48.184.58 - - [16/Apr/2026:14:22:39 +0000] "GET /a1.php HTTP/1.1" 404 66351 "-" "-"
20.48.184.58 - - [16/Apr/2026:14:22:42 +0000] "GET /onclickfuns.php HTTP/1.1" 404 66351 "-" "-"
74.7.227.47 - - [16/Apr/2026:14:22:43 +0000] "GET /shop/pg/1047191 HTTP/1.1" 404 13206 "http://mail.elementalmill.com/shop/pg/16232605403" "Mozilla/5.0 AppleWebKit/537.36 (KHTML, like Gecko; compatible; GPTBot/1.3; +https://openai.com/gptbot)"
20.48.184.58 - - [16/Apr/2026:14:22:45 +0000] "GET /w.php HTTP/1.1" 404 66351 "-" "-"
74.7.243.209 - - [16/Apr/2026:14:22:47 +0000] "GET /shopping/products/16232534620 HTTP/1.1" 404 13206 "http://elementalmill.com.lab2454.com/shop/pg/16222500990" "Mozilla/5.0 AppleWebKit/537.36 (KHTML, like Gecko; compatible; GPTBot/1.3; +https://openai.com/gptbot)"
20.48.184.58 - - [16/Apr/2026:14:22:48 +0000] "GET /wp-admin/maint/about.php HTTP/1.1" 404 58439 "-" "-"
74.7.227.47 - - [16/Apr/2026:14:22:49 +0000] "GET /shop/pg/2071945 HTTP/1.1" 404 13206 "http://mail.elementalmill.com/shopping/products/16222071945" "Mozilla/5.0 AppleWebKit/537.36 (KHTML, like Gecko; compatible; GPTBot/1.3; +https://openai.com/gptbot)"
185.191.171.5 - - [16/Apr/2026:14:22:50 +0000] "GET /shopping/products/1619953980 HTTP/1.1" 404 13186 "-" "Mozilla/5.0 (compatible; SemrushBot/7~bl; +http://www.semrush.com/bot.html)"
20.48.184.58 - - [16/Apr/2026:14:22:51 +0000] "GET /wp-content/plugins/index.php HTTP/1.1" 301 1978 "-" "-"
20.48.184.58 - - [16/Apr/2026:14:22:55 +0000] "GET /wp-content/plugins/ HTTP/1.1" 404 66351 "-" "-"
74.7.227.47 - - [16/Apr/2026:14:22:56 +0000] "GET /shop/pg/1639053 HTTP/1.1" 404 13206 "http://mail.elementalmill.com/shop/pg/16201422589" "Mozilla/5.0 AppleWebKit/537.36 (KHTML, like Gecko; compatible; GPTBot/1.3; +https://openai.com/gptbot)"
74.7.227.151 - - [16/Apr/2026:14:22:57 +0000] "GET /shop/pg/1706008 HTTP/1.1" 301 839 "http://www.elementalmill.com/shopping/products/16211706008" "Mozilla/5.0 AppleWebKit/537.36 (KHTML, like Gecko; compatible; GPTBot/1.3; +https://openai.com/gptbot)"
20.48.184.58 - - [16/Apr/2026:14:22:59 +0000] "GET /wp-good.php HTTP/1.1" 404 66351 "-" "-"
85.208.96.206 - - [16/Apr/2026:14:23:01 +0000] "GET /shopping/products/1619971002 HTTP/1.1" 404 13186 "-" "Mozilla/5.0 (compatible; SemrushBot/7~bl; +http://www.semrush.com/bot.html)"
74.7.227.47 - - [16/Apr/2026:14:23:02 +0000] "GET /shop/pg/1836291 HTTP/1.1" 404 13206 "http://mail.elementalmill.com/shopping/products/16211836291" "Mozilla/5.0 AppleWebKit/537.36 (KHTML, like Gecko; compatible; GPTBot/1.3; +https://openai.com/gptbot)"
20.48.184.58 - - [16/Apr/2026:14:23:02 +0000] "GET /.info.php HTTP/1.1" 404 66351 "-" "-"
20.48.184.58 - - [16/Apr/2026:14:23:07 +0000] "GET /config.php HTTP/1.1" 404 66351 "-" "-"
74.7.227.47 - - [16/Apr/2026:14:23:09 +0000] "GET /shop/pg/1492565 HTTP/1.1" 404 13206 "http://mail.elementalmill.com/shop/pg/16201276112" "Mozilla/5.0 AppleWebKit/537.36 (KHTML, like Gecko; compatible; GPTBot/1.3; +https://openai.com/gptbot)"
20.48.184.58 - - [16/Apr/2026:14:23:09 +0000] "GET /item.php HTTP/1.1" 404 66351 "-" "-"
20.48.184.58 - - [16/Apr/2026:14:23:12 +0000] "GET /m.php HTTP/1.1" 404 66351 "-" "-"
74.7.242.33 - - [16/Apr/2026:14:23:13 +0000] "GET /shop/pg/1212521 HTTP/1.1" 404 13206 "http://www.elementalmill.com.lab2454.com/shopping/products/16201212521" "Mozilla/5.0 AppleWebKit/537.36 (KHTML, like Gecko; compatible; GPTBot/1.3; +https://openai.com/gptbot)"
74.7.227.47 - - [16/Apr/2026:14:23:15 +0000] "GET /shop/pg/1757259 HTTP/1.1" 404 13206 "http://mail.elementalmill.com/shop/customer/bookmark.php?shopping/products/16211757259" "Mozilla/5.0 AppleWebKit/537.36 (KHTML, like Gecko; compatible; GPTBot/1.3; +https://openai.com/gptbot)"
20.48.184.58 - - [16/Apr/2026:14:23:15 +0000] "GET /rh.php HTTP/1.1" 404 66351 "-" "-"
74.7.227.47 - - [16/Apr/2026:14:23:15 +0000] "GET /shop/pg/1619560752 HTTP/1.1" 404 13186 "http://www.elementalmill.com" "Mozilla/5.0 AppleWebKit/537.36 (KHTML, like Gecko; compatible; GPTBot/1.3; +https://openai.com/gptbot)"
185.191.171.16 - - [16/Apr/2026:14:23:17 +0000] "GET /shop/pg/1618297723 HTTP/1.1" 404 13186 "-" "Mozilla/5.0 (compatible; SemrushBot/7~bl; +http://www.semrush.com/bot.html)"
85.208.96.196 - - [16/Apr/2026:14:23:21 +0000] "GET /shopping/products/1619945611 HTTP/1.1" 404 13186 "-" "Mozilla/5.0 (compatible; SemrushBot/7~bl; +http://www.semrush.com/bot.html)"
74.7.227.47 - - [16/Apr/2026:14:23:21 +0000] "GET /shop/pg/1220967 HTTP/1.1" 404 13206 "http://mail.elementalmill.com/shopping/products/16201220967" "Mozilla/5.0 AppleWebKit/537.36 (KHTML, like Gecko; compatible; GPTBot/1.3; +https://openai.com/gptbot)"
74.7.227.47 - - [16/Apr/2026:14:23:27 +0000] "GET /shop/pg/2021901 HTTP/1.1" 404 13206 "http://mail.elementalmill.com/shop/customer/bookmark.php?shopping/products/16222021901" "Mozilla/5.0 AppleWebKit/537.36 (KHTML, like Gecko; compatible; GPTBot/1.3; +https://openai.com/gptbot)"
85.208.96.208 - - [16/Apr/2026:14:23:29 +0000] "GET /shopping/products/1619989233 HTTP/1.1" 404 13186 "-" "Mozilla/5.0 (compatible; SemrushBot/7~bl; +http://www.semrush.com/bot.html)"
74.7.227.47 - - [16/Apr/2026:14:23:33 +0000] "GET /shop/pg/2265828 HTTP/1.1" 404 13206 "http://mail.elementalmill.com/shopping/products/16222265828" "Mozilla/5.0 AppleWebKit/537.36 (KHTML, like Gecko; compatible; GPTBot/1.3; +https://openai.com/gptbot)"
74.7.227.151 - - [16/Apr/2026:14:23:38 +0000] "GET /shop/pg/2380572 HTTP/1.1" 301 839 "http://www.elementalmill.com/shopping/products/16222380572" "Mozilla/5.0 AppleWebKit/537.36 (KHTML, like Gecko; compatible; GPTBot/1.3; +https://openai.com/gptbot)"
74.7.227.47 - - [16/Apr/2026:14:23:39 +0000] "GET /shop/pg/1416868 HTTP/1.1" 404 13206 "http://mail.elementalmill.com/shopping/products/16201416868" "Mozilla/5.0 AppleWebKit/537.36 (KHTML, like Gecko; compatible; GPTBot/1.3; +https://openai.com/gptbot)"
185.191.171.9 - - [16/Apr/2026:14:23:39 +0000] "GET /shop/pg/161816767 HTTP/1.1" 404 13186 "-" "Mozilla/5.0 (compatible; SemrushBot/7~bl; +http://www.semrush.com/bot.html)"
74.7.227.47 - - [16/Apr/2026:14:23:40 +0000] "GET /shop/pg/1618454803 HTTP/1.1" 404 13186 "http://www.elementalmill.com" "Mozilla/5.0 AppleWebKit/537.36 (KHTML, like Gecko; compatible; GPTBot/1.3; +https://openai.com/gptbot)"
74.7.227.47 - - [16/Apr/2026:14:23:46 +0000] "GET /shop/pg/1276485 HTTP/1.1" 404 13206 "http://mail.elementalmill.com/shopping/products/16201276485" "Mozilla/5.0 AppleWebKit/537.36 (KHTML, like Gecko; compatible; GPTBot/1.3; +https://openai.com/gptbot)"
85.208.96.207 - - [16/Apr/2026:14:23:51 +0000] "GET /shopping/products/1619997218 HTTP/1.1" 404 13186 "-" "Mozilla/5.0 (compatible; SemrushBot/7~bl; +http://www.semrush.com/bot.html)"
74.7.227.47 - - [16/Apr/2026:14:23:52 +0000] "GET /shop/pg/1714545 HTTP/1.1" 404 13206 "http://mail.elementalmill.com/shop/pg/16201498081" "Mozilla/5.0 AppleWebKit/537.36 (KHTML, like Gecko; compatible; GPTBot/1.3; +https://openai.com/gptbot)"
74.7.227.47 - - [16/Apr/2026:14:23:58 +0000] "GET /shop/pg/1560963 HTTP/1.1" 404 13206 "http://mail.elementalmill.com/shopping/products/16211560963" "Mozilla/5.0 AppleWebKit/537.36 (KHTML, like Gecko; compatible; GPTBot/1.3; +https://openai.com/gptbot)"
74.7.227.47 - - [16/Apr/2026:14:24:04 +0000] "GET /shop/pg/1760580 HTTP/1.1" 404 13206 "http://mail.elementalmill.com/shopping/products/16211760580" "Mozilla/5.0 AppleWebKit/537.36 (KHTML, like Gecko; compatible; GPTBot/1.3; +https://openai.com/gptbot)"
74.7.227.47 - - [16/Apr/2026:14:24:07 +0000] "GET /shop/pg/1618204789 HTTP/1.1" 404 13186 "http://www.elementalmill.com" "Mozilla/5.0 AppleWebKit/537.36 (KHTML, like Gecko; compatible; GPTBot/1.3; +https://openai.com/gptbot)"
85.208.96.205 - - [16/Apr/2026:14:24:10 +0000] "GET /shop/pg/1618469422 HTTP/1.1" 404 13186 "-" "Mozilla/5.0 (compatible; SemrushBot/7~bl; +http://www.semrush.com/bot.html)"
74.7.227.47 - - [16/Apr/2026:14:24:10 +0000] "GET /shop/pg/2247248 HTTP/1.1" 404 13206 "http://mail.elementalmill.com/shopping/products/16222247248" "Mozilla/5.0 AppleWebKit/537.36 (KHTML, like Gecko; compatible; GPTBot/1.3; +https://openai.com/gptbot)"
74.7.242.33 - - [16/Apr/2026:14:24:11 +0000] "GET /shop/pg/1611648 HTTP/1.1" 404 13206 "http://www.elementalmill.com.lab2454.com/shop/customer/bookmark.php?shopping/products/16211611648" "Mozilla/5.0 AppleWebKit/537.36 (KHTML, like Gecko; compatible; GPTBot/1.3; +https://openai.com/gptbot)"
185.191.171.13 - - [16/Apr/2026:14:24:14 +0000] "GET /shop/pg/1618472613 HTTP/1.1" 404 13186 "-" "Mozilla/5.0 (compatible; SemrushBot/7~bl; +http://www.semrush.com/bot.html)"
74.7.227.47 - - [16/Apr/2026:14:24:16 +0000] "GET /shop/pg/2454129 HTTP/1.1" 404 13206 "http://mail.elementalmill.com/shopping/products/16222454129" "Mozilla/5.0 AppleWebKit/537.36 (KHTML, like Gecko; compatible; GPTBot/1.3; +https://openai.com/gptbot)"
74.7.243.209 - - [16/Apr/2026:14:24:20 +0000] "GET /shopping/products/16201196842 HTTP/1.1" 404 13206 "http://elementalmill.com.lab2454.com/shopping/products/16211862375" "Mozilla/5.0 AppleWebKit/537.36 (KHTML, like Gecko; compatible; GPTBot/1.3; +https://openai.com/gptbot)"
74.7.227.47 - - [16/Apr/2026:14:24:22 +0000] "GET /shop/pg/1146224 HTTP/1.1" 404 13206 "http://mail.elementalmill.com/shop/pg/16211521326" "Mozilla/5.0 AppleWebKit/537.36 (KHTML, like Gecko; compatible; GPTBot/1.3; +https://openai.com/gptbot)"
74.7.227.47 - - [16/Apr/2026:14:24:28 +0000] "GET /shop/pg/1076390 HTTP/1.1" 404 13206 "http://mail.elementalmill.com/shop/pg/16232634587" "Mozilla/5.0 AppleWebKit/537.36 (KHTML, like Gecko; compatible; GPTBot/1.3; +https://openai.com/gptbot)"
139.162.194.112 - - [16/Apr/2026:14:24:30 +0000] "POST /wp-cron.php?doing_wp_cron=1776349470.6582190990447998046875 HTTP/1.1" 404 13186 "-" "WordPress/6.9.1; https://elementalmill.com"
185.191.171.10 - - [16/Apr/2026:14:24:31 +0000] "GET /robots.txt HTTP/1.1" 200 885 "-" "Mozilla/5.0 (compatible; SemrushBot/7~bl; +http://www.semrush.com/bot.html)"
74.7.227.47 - - [16/Apr/2026:14:24:33 +0000] "GET /shop/pg/1619580837 HTTP/1.1" 404 13186 "http://www.elementalmill.com" "Mozilla/5.0 AppleWebKit/537.36 (KHTML, like Gecko; compatible; GPTBot/1.3; +https://openai.com/gptbot)"
85.208.96.202 - - [16/Apr/2026:14:24:34 +0000] "GET /shop/pg/1618332667 HTTP/1.1" 404 13186 "-" "Mozilla/5.0 (compatible; SemrushBot/7~bl; +http://www.semrush.com/bot.html)"
74.7.227.47 - - [16/Apr/2026:14:24:34 +0000] "GET /shop/pg/1194055 HTTP/1.1" 404 13206 "http://mail.elementalmill.com/shopping/products/16201194055" "Mozilla/5.0 AppleWebKit/537.36 (KHTML, like Gecko; compatible; GPTBot/1.3; +https://openai.com/gptbot)"
85.208.96.205 - - [16/Apr/2026:14:24:40 +0000] "GET /shopping/products/1619970869 HTTP/1.1" 404 13186 "-" "Mozilla/5.0 (compatible; SemrushBot/7~bl; +http://www.semrush.com/bot.html)"
74.7.227.47 - - [16/Apr/2026:14:24:40 +0000] "GET /shop/pg/1163856 HTTP/1.1" 404 13206 "http://mail.elementalmill.com/shop/pg/16211538944" "Mozilla/5.0 AppleWebKit/537.36 (KHTML, like Gecko; compatible; GPTBot/1.3; +https://openai.com/gptbot)"
74.7.227.47 - - [16/Apr/2026:14:24:53 +0000] "GET /shop/pg/2426624 HTTP/1.1" 404 13206 "http://mail.elementalmill.com/shopping/products/16222426624" "Mozilla/5.0 AppleWebKit/537.36 (KHTML, like Gecko; compatible; GPTBot/1.3; +https://openai.com/gptbot)"
185.191.171.18 - - [16/Apr/2026:14:24:56 +0000] "GET /shop/pg/531002 HTTP/1.1" 404 13186 "-" "Mozilla/5.0 (compatible; SemrushBot/7~bl; +http://www.semrush.com/bot.html)"
74.7.227.47 - - [16/Apr/2026:14:24:59 +0000] "GET /shop/pg/1446801 HTTP/1.1" 404 13206 "http://mail.elementalmill.com/shop/pg/16211821901" "Mozilla/5.0 AppleWebKit/537.36 (KHTML, like Gecko; compatible; GPTBot/1.3; +https://openai.com/gptbot)"
185.191.171.5 - - [16/Apr/2026:14:25:02 +0000] "GET /shopping/products/1619943037 HTTP/1.1" 404 13186 "-" "Mozilla/5.0 (compatible; SemrushBot/7~bl; +http://www.semrush.com/bot.html)"
