74.7.243.209 - - [16/Apr/2026:15:58:23 +0000] "GET /shopping/products/16211599896 HTTP/1.1" 404 13197 "https://elementalmill.com.lab2454.com/shopping/products/16211947266" "Mozilla/5.0 AppleWebKit/537.36 (KHTML, like Gecko; compatible; GPTBot/1.3; +https://openai.com/gptbot)"
74.7.227.47 - - [16/Apr/2026:15:58:25 +0000] "GET /shop/pg/1619803447 HTTP/1.1" 404 13178 "https://www.elementalmill.com" "Mozilla/5.0 AppleWebKit/537.36 (KHTML, like Gecko; compatible; GPTBot/1.3; +https://openai.com/gptbot)"
74.7.242.33 - - [16/Apr/2026:15:58:27 +0000] "GET /shop/pg/1412485 HTTP/1.1" 404 13197 "https://www.elementalmill.com.lab2454.com/shop/pg/1411334" "Mozilla/5.0 AppleWebKit/537.36 (KHTML, like Gecko; compatible; GPTBot/1.3; +https://openai.com/gptbot)"
66.249.64.39 - - [16/Apr/2026:15:58:32 +0000] "GET /shop/customer/bookmark.php?shopping/products/1618376928 HTTP/1.1" 200 27406 "-" "Mozilla/5.0 (Linux; Android 6.0.1; Nexus 5X Build/MMB29P) AppleWebKit/537.36 (KHTML, like Gecko) Chrome/146.0.7680.177 Mobile Safari/537.36 (compatible; Googlebot/2.1; +http://www.google.com/bot.html)"
66.249.64.40 - - [16/Apr/2026:15:58:35 +0000] "GET /?shop/888829817.html HTTP/1.1" 200 27213 "-" "Mozilla/5.0 (Linux; Android 6.0.1; Nexus 5X Build/MMB29P) AppleWebKit/537.36 (KHTML, like Gecko) Chrome/146.0.7680.177 Mobile Safari/537.36 (compatible; Googlebot/2.1; +http://www.google.com/bot.html)"
74.7.227.151 - - [16/Apr/2026:15:58:34 +0000] "GET /shop/pg/1247181 HTTP/1.1" 301 839 "https://www.elementalmill.com/shopping/products/16201247181" "Mozilla/5.0 AppleWebKit/537.36 (KHTML, like Gecko; compatible; GPTBot/1.3; +https://openai.com/gptbot)"
66.249.64.39 - - [16/Apr/2026:15:58:36 +0000] "GET /?shop/88922430990.html HTTP/1.1" 200 27472 "-" "Mozilla/5.0 (Linux; Android 6.0.1; Nexus 5X Build/MMB29P) AppleWebKit/537.36 (KHTML, like Gecko) Chrome/146.0.7680.177 Mobile Safari/537.36 (compatible; Googlebot/2.1; +http://www.google.com/bot.html)"
74.7.242.33 - - [16/Apr/2026:15:58:35 +0000] "GET /shop/pg/1626924 HTTP/1.1" 404 13197 "https://www.elementalmill.com.lab2454.com/shop/pg/16201410472" "Mozilla/5.0 AppleWebKit/537.36 (KHTML, like Gecko; compatible; GPTBot/1.3; +https://openai.com/gptbot)"
170.106.143.6 - - [16/Apr/2026:15:58:40 +0000] "GET / HTTP/1.1" 200 19387 "http://www.elementalmill.com" "Mozilla/5.0 (iPhone; CPU iPhone OS 13_2_3 like Mac OS X) AppleWebKit/605.1.15 (KHTML, like Gecko) Version/13.0.3 Mobile/15E148 Safari/604.1"
139.162.194.112 - - [16/Apr/2026:15:58:44 +0000] "POST /wp-cron.php?doing_wp_cron=1776355124.0620250701904296875000 HTTP/1.1" 404 13168 "-" "WordPress/6.9.1; https://elementalmill.com"
74.7.242.33 - - [16/Apr/2026:15:58:45 +0000] "GET /shop/pg/2279295 HTTP/1.1" 404 13197 "https://www.elementalmill.com.lab2454.com/shopping/products/16222279295" "Mozilla/5.0 AppleWebKit/537.36 (KHTML, like Gecko; compatible; GPTBot/1.3; +https://openai.com/gptbot)"
66.249.64.41 - - [16/Apr/2026:15:58:53 +0000] "GET /shop/customer/bookmark.php?shop/8888294059.html HTTP/1.1" 200 26576 "-" "Mozilla/5.0 (Linux; Android 6.0.1; Nexus 5X Build/MMB29P) AppleWebKit/537.36 (KHTML, like Gecko) Chrome/146.0.7680.177 Mobile Safari/537.36 (compatible; Googlebot/2.1; +http://www.google.com/bot.html)"
74.7.227.47 - - [16/Apr/2026:15:58:52 +0000] "GET /shop/pg/1619850471 HTTP/1.1" 404 13178 "https://elementalmill.com/shop/customer/bookmark.php?shopping/products/1619843587" "Mozilla/5.0 AppleWebKit/537.36 (KHTML, like Gecko; compatible; GPTBot/1.3; +https://openai.com/gptbot)"
74.7.243.209 - - [16/Apr/2026:15:58:53 +0000] "GET /shopping/products/16211653195 HTTP/1.1" 404 13197 "https://elementalmill.com.lab2454.com/shopping/products/16201407135" "Mozilla/5.0 AppleWebKit/537.36 (KHTML, like Gecko; compatible; GPTBot/1.3; +https://openai.com/gptbot)"
74.7.242.33 - - [16/Apr/2026:15:58:55 +0000] "GET /shop/pg/1279320 HTTP/1.1" 404 13197 "https://www.elementalmill.com.lab2454.com/shop/pg/16211654420" "Mozilla/5.0 AppleWebKit/537.36 (KHTML, like Gecko; compatible; GPTBot/1.3; +https://openai.com/gptbot)"
74.7.242.33 - - [16/Apr/2026:15:59:04 +0000] "GET /shop/pg/1246567 HTTP/1.1" 404 13197 "https://www.elementalmill.com.lab2454.com/shop/pg/1245413" "Mozilla/5.0 AppleWebKit/537.36 (KHTML, like Gecko; compatible; GPTBot/1.3; +https://openai.com/gptbot)"
74.7.242.33 - - [16/Apr/2026:15:59:14 +0000] "GET /shop/pg/1373838 HTTP/1.1" 404 13197 "https://www.elementalmill.com.lab2454.com/shop/pg/16201157380" "Mozilla/5.0 AppleWebKit/537.36 (KHTML, like Gecko; compatible; GPTBot/1.3; +https://openai.com/gptbot)"
74.7.227.151 - - [16/Apr/2026:15:59:17 +0000] "GET /shop/pg/1206491 HTTP/1.1" 301 839 "https://www.elementalmill.com/shopping/products/16201206491" "Mozilla/5.0 AppleWebKit/537.36 (KHTML, like Gecko; compatible; GPTBot/1.3; +https://openai.com/gptbot)"
74.7.227.47 - - [16/Apr/2026:15:59:18 +0000] "GET /shop/pg/1619837289 HTTP/1.1" 404 13178 "https://www.elementalmill.com" "Mozilla/5.0 AppleWebKit/537.36 (KHTML, like Gecko; compatible; GPTBot/1.3; +https://openai.com/gptbot)"
74.7.242.33 - - [16/Apr/2026:15:59:24 +0000] "GET /shop/pg/1366260 HTTP/1.1" 404 13197 "https://www.elementalmill.com.lab2454.com/shop/pg/16201149793" "Mozilla/5.0 AppleWebKit/537.36 (KHTML, like Gecko; compatible; GPTBot/1.3; +https://openai.com/gptbot)"
74.7.243.209 - - [16/Apr/2026:15:59:26 +0000] "GET /shopping/products/16201147876 HTTP/1.1" 404 13197 "https://elementalmill.com.lab2454.com/shopping/products/16211948200" "Mozilla/5.0 AppleWebKit/537.36 (KHTML, like Gecko; compatible; GPTBot/1.3; +https://openai.com/gptbot)"
74.7.242.33 - - [16/Apr/2026:15:59:32 +0000] "GET /shop/pg/1445036 HTTP/1.1" 404 13197 "https://www.elementalmill.com.lab2454.com/shop/pg/16201228574" "Mozilla/5.0 AppleWebKit/537.36 (KHTML, like Gecko; compatible; GPTBot/1.3; +https://openai.com/gptbot)"
66.249.64.41 - - [16/Apr/2026:15:59:37 +0000] "GET /shop/customer/bookmark.php?shop/8888293968.html HTTP/1.1" 200 27576 "-" "Mozilla/5.0 (Linux; Android 6.0.1; Nexus 5X Build/MMB29P) AppleWebKit/537.36 (KHTML, like Gecko) Chrome/146.0.7680.177 Mobile Safari/537.36 (compatible; Googlebot/2.1; +http://www.google.com/bot.html)"
74.7.227.151 - - [16/Apr/2026:15:59:38 +0000] "GET /shop/pg/2211388 HTTP/1.1" 301 839 "https://www.elementalmill.com/shopping/products/16222211388" "Mozilla/5.0 AppleWebKit/537.36 (KHTML, like Gecko; compatible; GPTBot/1.3; +https://openai.com/gptbot)"
74.7.242.33 - - [16/Apr/2026:15:59:43 +0000] "GET /shop/pg/1681372 HTTP/1.1" 404 13197 "https://www.elementalmill.com.lab2454.com/shop/pg/1680215" "Mozilla/5.0 AppleWebKit/537.36 (KHTML, like Gecko; compatible; GPTBot/1.3; +https://openai.com/gptbot)"
139.162.194.112 - - [16/Apr/2026:15:59:45 +0000] "POST /wp-cron.php?doing_wp_cron=1776355185.9475340843200683593750 HTTP/1.1" 404 13178 "-" "WordPress/6.9.1; https://elementalmill.com"
74.7.242.33 - - [16/Apr/2026:15:59:51 +0000] "GET /shop/pg/1449703 HTTP/1.1" 404 13197 "https://www.elementalmill.com.lab2454.com/shop/pg/16201233252" "Mozilla/5.0 AppleWebKit/537.36 (KHTML, like Gecko; compatible; GPTBot/1.3; +https://openai.com/gptbot)"
74.7.243.209 - - [16/Apr/2026:15:59:56 +0000] "GET /shopping/products/16201070993 HTTP/1.1" 404 13197 "https://elementalmill.com.lab2454.com/shopping/products/16211920277" "Mozilla/5.0 AppleWebKit/537.36 (KHTML, like Gecko; compatible; GPTBot/1.3; +https://openai.com/gptbot)"
74.7.227.151 - - [16/Apr/2026:15:59:59 +0000] "GET /shop/pg/1621027 HTTP/1.1" 301 839 "https://www.elementalmill.com/shopping/products/16211621027" "Mozilla/5.0 AppleWebKit/537.36 (KHTML, like Gecko; compatible; GPTBot/1.3; +https://openai.com/gptbot)"
74.7.242.33 - - [16/Apr/2026:16:00:01 +0000] "GET /shop/pg/2445116 HTTP/1.1" 404 13197 "https://www.elementalmill.com.lab2454.com/shopping/products/16222445116" "Mozilla/5.0 AppleWebKit/537.36 (KHTML, like Gecko; compatible; GPTBot/1.3; +https://openai.com/gptbot)"
74.7.227.47 - - [16/Apr/2026:16:00:10 +0000] "GET /shop/pg/1618476332 HTTP/1.1" 404 13178 "https://www.elementalmill.com" "Mozilla/5.0 AppleWebKit/537.36 (KHTML, like Gecko; compatible; GPTBot/1.3; +https://openai.com/gptbot)"
74.7.242.33 - - [16/Apr/2026:16:00:10 +0000] "GET /shop/pg/1578971 HTTP/1.1" 404 13197 "https://www.elementalmill.com.lab2454.com/shop/pg/16201362515" "Mozilla/5.0 AppleWebKit/537.36 (KHTML, like Gecko; compatible; GPTBot/1.3; +https://openai.com/gptbot)"
74.7.175.173 - - [16/Apr/2026:16:00:14 +0000] "GET /robots.txt HTTP/1.1" 200 112 "-" "Mozilla/5.0 (Macintosh; Intel Mac OS X 10_15_7) AppleWebKit/537.36 (KHTML, like Gecko) Chrome/131.0.0.0 Safari/537.36; compatible; OAI-SearchBot/1.3; robots.txt; +https://openai.com/searchbot"
66.249.64.40 - - [16/Apr/2026:16:00:21 +0000] "GET /shop/customer/bookmark.php?shop/891413242037.html HTTP/1.1" 200 27375 "-" "Mozilla/5.0 (Linux; Android 6.0.1; Nexus 5X Build/MMB29P) AppleWebKit/537.36 (KHTML, like Gecko) Chrome/146.0.7680.177 Mobile Safari/537.36 (compatible; Googlebot/2.1; +http://www.google.com/bot.html)"
74.7.227.151 - - [16/Apr/2026:16:00:20 +0000] "GET /shop/pg/2051423 HTTP/1.1" 301 839 "https://www.elementalmill.com/shop/customer/bookmark.php?shopping/products/16222051423" "Mozilla/5.0 AppleWebKit/537.36 (KHTML, like Gecko; compatible; GPTBot/1.3; +https://openai.com/gptbot)"
74.7.242.33 - - [16/Apr/2026:16:00:20 +0000] "GET /shop/pg/1454600 HTTP/1.1" 404 13197 "https://www.elementalmill.com.lab2454.com/shop/pg/1453438" "Mozilla/5.0 AppleWebKit/537.36 (KHTML, like Gecko; compatible; GPTBot/1.3; +https://openai.com/gptbot)"
74.7.227.47 - - [16/Apr/2026:16:00:24 +0000] "GET /shop/pg/1699099 HTTP/1.1" 404 13197 "https://mail.elementalmill.com/shopping/products/16211699099" "Mozilla/5.0 AppleWebKit/537.36 (KHTML, like Gecko; compatible; GPTBot/1.3; +https://openai.com/gptbot)"
74.7.243.209 - - [16/Apr/2026:16:00:29 +0000] "GET /shopping/products/16201490594 HTTP/1.1" 404 13197 "https://elementalmill.com.lab2454.com/shopping/products/16201412467" "Mozilla/5.0 AppleWebKit/537.36 (KHTML, like Gecko; compatible; GPTBot/1.3; +https://openai.com/gptbot)"
74.7.242.33 - - [16/Apr/2026:16:00:29 +0000] "GET /shop/pg/2201672 HTTP/1.1" 404 13197 "https://www.elementalmill.com.lab2454.com/shopping/products/16222201672" "Mozilla/5.0 AppleWebKit/537.36 (KHTML, like Gecko; compatible; GPTBot/1.3; +https://openai.com/gptbot)"
74.7.227.47 - - [16/Apr/2026:16:00:35 +0000] "GET /shop/pg/1618432372 HTTP/1.1" 404 13178 "https://www.elementalmill.com" "Mozilla/5.0 AppleWebKit/537.36 (KHTML, like Gecko; compatible; GPTBot/1.3; +https://openai.com/gptbot)"
74.7.227.47 - - [16/Apr/2026:16:00:39 +0000] "GET /shop/pg/1857459 HTTP/1.1" 404 13197 "https://mail.elementalmill.com/?shopping/products/16211857459" "Mozilla/5.0 AppleWebKit/537.36 (KHTML, like Gecko; compatible; GPTBot/1.3; +https://openai.com/gptbot)"
74.7.242.33 - - [16/Apr/2026:16:00:40 +0000] "GET /shop/pg/1164194 HTTP/1.1" 404 13197 "https://www.elementalmill.com.lab2454.com/shop/pg/16211539284" "Mozilla/5.0 AppleWebKit/537.36 (KHTML, like Gecko; compatible; GPTBot/1.3; +https://openai.com/gptbot)"
74.7.227.151 - - [16/Apr/2026:16:00:42 +0000] "GET /shop/pg/1962432 HTTP/1.1" 301 839 "https://www.elementalmill.com/shopping/products/16211962432" "Mozilla/5.0 AppleWebKit/537.36 (KHTML, like Gecko; compatible; GPTBot/1.3; +https://openai.com/gptbot)"
74.7.242.33 - - [16/Apr/2026:16:00:48 +0000] "GET /shop/pg/1780699 HTTP/1.1" 404 13197 "https://www.elementalmill.com.lab2454.com/shopping/products/16211780699" "Mozilla/5.0 AppleWebKit/537.36 (KHTML, like Gecko; compatible; GPTBot/1.3; +https://openai.com/gptbot)"
74.7.227.47 - - [16/Apr/2026:16:00:52 +0000] "GET /shop/pg/1995968 HTTP/1.1" 404 13197 "https://mail.elementalmill.com/?shopping/products/16211995968" "Mozilla/5.0 AppleWebKit/537.36 (KHTML, like Gecko; compatible; GPTBot/1.3; +https://openai.com/gptbot)"
74.7.242.33 - - [16/Apr/2026:16:00:58 +0000] "GET /shop/pg/2402497 HTTP/1.1" 404 13197 "https://www.elementalmill.com.lab2454.com/shopping/products/16222402497" "Mozilla/5.0 AppleWebKit/537.36 (KHTML, like Gecko; compatible; GPTBot/1.3; +https://openai.com/gptbot)"
74.7.243.209 - - [16/Apr/2026:16:01:00 +0000] "GET /shopping/products/16201434817 HTTP/1.1" 404 13197 "https://elementalmill.com.lab2454.com/shopping/products/16204069371" "Mozilla/5.0 AppleWebKit/537.36 (KHTML, like Gecko; compatible; GPTBot/1.3; +https://openai.com/gptbot)"
74.7.227.47 - - [16/Apr/2026:16:01:02 +0000] "GET /shop/pg/1618250785 HTTP/1.1" 404 13178 "https://www.elementalmill.com" "Mozilla/5.0 AppleWebKit/537.36 (KHTML, like Gecko; compatible; GPTBot/1.3; +https://openai.com/gptbot)"
66.249.64.41 - - [16/Apr/2026:16:01:05 +0000] "GET /shop/customer/bookmark.php?shop/891413331620.html HTTP/1.1" 200 28687 "-" "Mozilla/5.0 (Linux; Android 6.0.1; Nexus 5X Build/MMB29P) AppleWebKit/537.36 (KHTML, like Gecko) Chrome/146.0.7680.177 Mobile Safari/537.36 (compatible; Googlebot/2.1; +http://www.google.com/bot.html)"
74.7.227.47 - - [16/Apr/2026:16:01:04 +0000] "GET /shop/pg/2347699 HTTP/1.1" 404 13197 "https://mail.elementalmill.com/?shopping/products/16222347699" "Mozilla/5.0 AppleWebKit/537.36 (KHTML, like Gecko; compatible; GPTBot/1.3; +https://openai.com/gptbot)"
74.7.242.33 - - [16/Apr/2026:16:01:07 +0000] "GET /shop/pg/1200308 HTTP/1.1" 404 13197 "https://www.elementalmill.com.lab2454.com/shop/pg/16211575395" "Mozilla/5.0 AppleWebKit/537.36 (KHTML, like Gecko; compatible; GPTBot/1.3; +https://openai.com/gptbot)"
74.7.242.33 - - [16/Apr/2026:16:01:16 +0000] "GET /shop/pg/1411674 HTTP/1.1" 404 13197 "https://www.elementalmill.com.lab2454.com/shop/pg/16201195216" "Mozilla/5.0 AppleWebKit/537.36 (KHTML, like Gecko; compatible; GPTBot/1.3; +https://openai.com/gptbot)"
74.7.227.47 - - [16/Apr/2026:16:01:23 +0000] "GET /shop/pg/1716031 HTTP/1.1" 404 13197 "https://mail.elementalmill.com/?shopping/products/16211716031" "Mozilla/5.0 AppleWebKit/537.36 (KHTML, like Gecko; compatible; GPTBot/1.3; +https://openai.com/gptbot)"
74.7.242.33 - - [16/Apr/2026:16:01:26 +0000] "GET /shop/pg/1516944 HTTP/1.1" 404 13197 "https://www.elementalmill.com.lab2454.com/shop/pg/16201300501" "Mozilla/5.0 AppleWebKit/537.36 (KHTML, like Gecko; compatible; GPTBot/1.3; +https://openai.com/gptbot)"
74.7.243.209 - - [16/Apr/2026:16:01:33 +0000] "GET /shopping/products/16201106442 HTTP/1.1" 404 13197 "https://elementalmill.com.lab2454.com/shopping/products/16211874740" "Mozilla/5.0 AppleWebKit/537.36 (KHTML, like Gecko; compatible; GPTBot/1.3; +https://openai.com/gptbot)"
209.87.169.176 - - [16/Apr/2026:16:01:37 +0000] "POST /wp-login.php HTTP/1.1" 200 10781 "-" "Mozilla/5.0"
74.7.227.151 - - [16/Apr/2026:16:01:43 +0000] "GET /shop/pg/1867165 HTTP/1.1" 301 839 "https://www.elementalmill.com/?shopping/products/16211867165" "Mozilla/5.0 AppleWebKit/537.36 (KHTML, like Gecko; compatible; GPTBot/1.3; +https://openai.com/gptbot)"
74.7.242.33 - - [16/Apr/2026:16:01:45 +0000] "GET /shop/pg/1685531 HTTP/1.1" 404 13197 "https://www.elementalmill.com.lab2454.com/shop/pg/16201469066" "Mozilla/5.0 AppleWebKit/537.36 (KHTML, like Gecko; compatible; GPTBot/1.3; +https://openai.com/gptbot)"
66.249.64.40 - - [16/Apr/2026:16:01:49 +0000] "GET /shop/customer/bookmark.php?shop/8888294031.html HTTP/1.1" 200 27694 "-" "Mozilla/5.0 (Linux; Android 6.0.1; Nexus 5X Build/MMB29P) AppleWebKit/537.36 (KHTML, like Gecko) Chrome/146.0.7680.177 Mobile Safari/537.36 (compatible; Googlebot/2.1; +http://www.google.com/bot.html)"
74.7.242.33 - - [16/Apr/2026:16:01:54 +0000] "GET /shop/pg/1595931 HTTP/1.1" 404 13197 "https://www.elementalmill.com.lab2454.com/shop/pg/16201379464" "Mozilla/5.0 AppleWebKit/537.36 (KHTML, like Gecko; compatible; GPTBot/1.3; +https://openai.com/gptbot)"
74.7.227.47 - - [16/Apr/2026:16:01:55 +0000] "GET /shop/pg/1619830489 HTTP/1.1" 404 13178 "https://www.elementalmill.com" "Mozilla/5.0 AppleWebKit/537.36 (KHTML, like Gecko; compatible; GPTBot/1.3; +https://openai.com/gptbot)"
74.7.227.47 - - [16/Apr/2026:16:02:03 +0000] "GET /shop/pg/2436094 HTTP/1.1" 404 13197 "https://mail.elementalmill.com/?shopping/products/16222436094" "Mozilla/5.0 AppleWebKit/537.36 (KHTML, like Gecko; compatible; GPTBot/1.3; +https://openai.com/gptbot)"
74.7.242.33 - - [16/Apr/2026:16:02:03 +0000] "GET /shop/pg/1366407 HTTP/1.1" 404 13197 "https://www.elementalmill.com.lab2454.com/shop/pg/16201149943" "Mozilla/5.0 AppleWebKit/537.36 (KHTML, like Gecko; compatible; GPTBot/1.3; +https://openai.com/gptbot)"
74.7.243.209 - - [16/Apr/2026:16:02:04 +0000] "GET /shopping/products/16211573616 HTTP/1.1" 404 13197 "https://elementalmill.com.lab2454.com/shopping/products/16211657735" "Mozilla/5.0 AppleWebKit/537.36 (KHTML, like Gecko; compatible; GPTBot/1.3; +https://openai.com/gptbot)"
74.7.242.33 - - [16/Apr/2026:16:02:13 +0000] "GET /shop/pg/1871576 HTTP/1.1" 404 13197 "https://www.elementalmill.com.lab2454.com/?shopping/products/16211871576" "Mozilla/5.0 AppleWebKit/537.36 (KHTML, like Gecko; compatible; GPTBot/1.3; +https://openai.com/gptbot)"
74.7.227.47 - - [16/Apr/2026:16:02:22 +0000] "GET /shop/pg/1618370230 HTTP/1.1" 404 13178 "https://www.elementalmill.com" "Mozilla/5.0 AppleWebKit/537.36 (KHTML, like Gecko; compatible; GPTBot/1.3; +https://openai.com/gptbot)"
74.7.242.33 - - [16/Apr/2026:16:02:22 +0000] "GET /shop/pg/1083292 HTTP/1.1" 404 13197 "https://www.elementalmill.com.lab2454.com/shop/pg/16232641494" "Mozilla/5.0 AppleWebKit/537.36 (KHTML, like Gecko; compatible; GPTBot/1.3; +https://openai.com/gptbot)"
74.7.227.151 - - [16/Apr/2026:16:02:24 +0000] "GET /shop/pg/2358154 HTTP/1.1" 301 839 "https://www.elementalmill.com/shopping/products/16222358154" "Mozilla/5.0 AppleWebKit/537.36 (KHTML, like Gecko; compatible; GPTBot/1.3; +https://openai.com/gptbot)"
66.249.64.39 - - [16/Apr/2026:16:02:32 +0000] "GET /shop/customer/bookmark.php?shop/8888294140.html HTTP/1.1" 200 26730 "-" "Mozilla/5.0 (Linux; Android 6.0.1; Nexus 5X Build/MMB29P) AppleWebKit/537.36 (KHTML, like Gecko) Chrome/146.0.7680.177 Mobile Safari/537.36 (compatible; Googlebot/2.1; +http://www.google.com/bot.html)"
74.7.243.209 - - [16/Apr/2026:16:02:36 +0000] "GET /shopping/products/16201411249 HTTP/1.1" 404 13197 "https://elementalmill.com.lab2454.com/shopping/products/16201455433" "Mozilla/5.0 AppleWebKit/537.36 (KHTML, like Gecko; compatible; GPTBot/1.3; +https://openai.com/gptbot)"
74.7.242.33 - - [16/Apr/2026:16:02:42 +0000] "GET /shop/pg/1399470 HTTP/1.1" 404 13197 "https://www.elementalmill.com.lab2454.com/shop/pg/1398297" "Mozilla/5.0 AppleWebKit/537.36 (KHTML, like Gecko; compatible; GPTBot/1.3; +https://openai.com/gptbot)"
74.7.227.47 - - [16/Apr/2026:16:02:50 +0000] "GET /shop/pg/1619603285 HTTP/1.1" 404 13178 "https://www.elementalmill.com" "Mozilla/5.0 AppleWebKit/537.36 (KHTML, like Gecko; compatible; GPTBot/1.3; +https://openai.com/gptbot)"
139.162.194.112 - - [16/Apr/2026:16:02:53 +0000] "POST /wp-cron.php?doing_wp_cron=1776355373.2695569992065429687500 HTTP/1.1" 404 13168 "-" "WordPress/6.9.1; https://elementalmill.com"
74.7.242.33 - - [16/Apr/2026:16:03:00 +0000] "GET /shop/pg/1646394 HTTP/1.1" 404 13197 "https://www.elementalmill.com.lab2454.com/?shopping/products/16211646394" "Mozilla/5.0 AppleWebKit/537.36 (KHTML, like Gecko; compatible; GPTBot/1.3; +https://openai.com/gptbot)"
74.7.243.209 - - [16/Apr/2026:16:03:05 +0000] "GET /shopping/products/16211983426 HTTP/1.1" 404 13197 "https://elementalmill.com.lab2454.com/shopping/products/16201454694" "Mozilla/5.0 AppleWebKit/537.36 (KHTML, like Gecko; compatible; GPTBot/1.3; +https://openai.com/gptbot)"
74.7.227.151 - - [16/Apr/2026:16:03:07 +0000] "GET /shop/pg/1715990 HTTP/1.1" 301 839 "https://www.elementalmill.com/shopping/products/16211715990" "Mozilla/5.0 AppleWebKit/537.36 (KHTML, like Gecko; compatible; GPTBot/1.3; +https://openai.com/gptbot)"
74.7.242.33 - - [16/Apr/2026:16:03:09 +0000] "GET /shop/pg/1559494 HTTP/1.1" 404 13197 "https://www.elementalmill.com.lab2454.com/shop/pg/16201343043" "Mozilla/5.0 AppleWebKit/537.36 (KHTML, like Gecko; compatible; GPTBot/1.3; +https://openai.com/gptbot)"
74.7.227.47 - - [16/Apr/2026:16:03:14 +0000] "GET /shop/pg/1619587035 HTTP/1.1" 404 13178 "https://www.elementalmill.com" "Mozilla/5.0 AppleWebKit/537.36 (KHTML, like Gecko; compatible; GPTBot/1.3; +https://openai.com/gptbot)"
66.249.64.41 - - [16/Apr/2026:16:03:17 +0000] "GET /etc/alcohol.html HTTP/1.1" 200 28142 "-" "Mozilla/5.0 (Linux; Android 6.0.1; Nexus 5X Build/MMB29P) AppleWebKit/537.36 (KHTML, like Gecko) Chrome/146.0.7680.177 Mobile Safari/537.36 (compatible; Googlebot/2.1; +http://www.google.com/bot.html)"
74.7.242.33 - - [16/Apr/2026:16:03:18 +0000] "GET /shop/pg/1386427 HTTP/1.1" 404 13197 "https://www.elementalmill.com.lab2454.com/shop/pg/16201169961" "Mozilla/5.0 AppleWebKit/537.36 (KHTML, like Gecko; compatible; GPTBot/1.3; +https://openai.com/gptbot)"
74.7.227.151 - - [16/Apr/2026:16:03:28 +0000] "GET /shop/pg/2196035 HTTP/1.1" 301 839 "https://www.elementalmill.com/shopping/products/16222196035" "Mozilla/5.0 AppleWebKit/537.36 (KHTML, like Gecko; compatible; GPTBot/1.3; +https://openai.com/gptbot)"
74.7.242.33 - - [16/Apr/2026:16:03:28 +0000] "GET /shop/pg/1319466 HTTP/1.1" 404 13197 "https://www.elementalmill.com.lab2454.com/shop/pg/1318299" "Mozilla/5.0 AppleWebKit/537.36 (KHTML, like Gecko; compatible; GPTBot/1.3; +https://openai.com/gptbot)"
74.7.243.209 - - [16/Apr/2026:16:03:36 +0000] "GET /shopping/products/16201400995 HTTP/1.1" 404 13197 "https://elementalmill.com.lab2454.com/shopping/products/16201400803" "Mozilla/5.0 AppleWebKit/537.36 (KHTML, like Gecko; compatible; GPTBot/1.3; +https://openai.com/gptbot)"
74.7.242.33 - - [16/Apr/2026:16:03:37 +0000] "GET /shop/pg/1623518 HTTP/1.1" 404 13197 "https://www.elementalmill.com.lab2454.com/shop/pg/16201407059" "Mozilla/5.0 AppleWebKit/537.36 (KHTML, like Gecko; compatible; GPTBot/1.3; +https://openai.com/gptbot)"
74.7.242.33 - - [16/Apr/2026:16:03:46 +0000] "GET /shop/pg/1718560 HTTP/1.1" 404 13197 "https://www.elementalmill.com.lab2454.com/shop/pg/1717394" "Mozilla/5.0 AppleWebKit/537.36 (KHTML, like Gecko; compatible; GPTBot/1.3; +https://openai.com/gptbot)"
74.7.227.151 - - [16/Apr/2026:16:03:49 +0000] "GET /shop/pg/2012197 HTTP/1.1" 301 839 "https://www.elementalmill.com/?shopping/products/16222012197" "Mozilla/5.0 AppleWebKit/537.36 (KHTML, like Gecko; compatible; GPTBot/1.3; +https://openai.com/gptbot)"
66.249.64.41 - - [16/Apr/2026:16:04:00 +0000] "GET /kaisya/index.html HTTP/1.1" 200 28423 "-" "Mozilla/5.0 (Linux; Android 6.0.1; Nexus 5X Build/MMB29P) AppleWebKit/537.36 (KHTML, like Gecko) Chrome/146.0.7680.177 Mobile Safari/537.36 (compatible; Googlebot/2.1; +http://www.google.com/bot.html)"
74.7.242.33 - - [16/Apr/2026:16:03:56 +0000] "GET /shop/pg/1332308 HTTP/1.1" 404 13197 "https://www.elementalmill.com.lab2454.com/shop/pg/16211707410" "Mozilla/5.0 AppleWebKit/537.36 (KHTML, like Gecko; compatible; GPTBot/1.3; +https://openai.com/gptbot)"
139.162.194.112 - - [16/Apr/2026:16:04:01 +0000] "POST /wp-cron.php?doing_wp_cron=1776355441.3771469593048095703125 HTTP/1.1" 404 13168 "-" "WordPress/6.9.1; https://elementalmill.com"
74.7.242.33 - - [16/Apr/2026:16:04:05 +0000] "GET /shop/pg/1643889 HTTP/1.1" 404 13197 "https://www.elementalmill.com.lab2454.com/shop/pg/16201427428" "Mozilla/5.0 AppleWebKit/537.36 (KHTML, like Gecko; compatible; GPTBot/1.3; +https://openai.com/gptbot)"
74.7.227.47 - - [16/Apr/2026:16:04:07 +0000] "GET /shop/pg/1618235724 HTTP/1.1" 404 13178 "https://www.elementalmill.com" "Mozilla/5.0 AppleWebKit/537.36 (KHTML, like Gecko; compatible; GPTBot/1.3; +https://openai.com/gptbot)"
74.7.243.209 - - [16/Apr/2026:16:04:09 +0000] "GET /shopping/products/16211991455 HTTP/1.1" 404 13197 "https://elementalmill.com.lab2454.com/shopping/products/16201180854" "Mozilla/5.0 AppleWebKit/537.36 (KHTML, like Gecko; compatible; GPTBot/1.3; +https://openai.com/gptbot)"
74.7.227.47 - - [16/Apr/2026:16:04:10 +0000] "GET /shop/pg/2572054 HTTP/1.1" 404 13197 "https://mail.elementalmill.com/?shopping/products/16232572054" "Mozilla/5.0 AppleWebKit/537.36 (KHTML, like Gecko; compatible; GPTBot/1.3; +https://openai.com/gptbot)"
74.7.242.33 - - [16/Apr/2026:16:04:15 +0000] "GET /shop/pg/1316250 HTTP/1.1" 404 13197 "https://www.elementalmill.com.lab2454.com/shop/pg/16211691344" "Mozilla/5.0 AppleWebKit/537.36 (KHTML, like Gecko; compatible; GPTBot/1.3; +https://openai.com/gptbot)"
213.180.203.82 - - [16/Apr/2026:16:04:19 +0000] "GET /shopping/products/16211961777 HTTP/1.1" 404 13178 "-" "Mozilla/5.0 (compatible; YandexBot/3.0; +http://yandex.com/bots)"
74.7.242.33 - - [16/Apr/2026:16:04:24 +0000] "GET /shop/pg/1313675 HTTP/1.1" 404 13197 "https://www.elementalmill.com.lab2454.com/shop/pg/1312519" "Mozilla/5.0 AppleWebKit/537.36 (KHTML, like Gecko; compatible; GPTBot/1.3; +https://openai.com/gptbot)"
74.7.242.33 - - [16/Apr/2026:16:04:34 +0000] "GET /shop/pg/1348781 HTTP/1.1" 404 13197 "https://www.elementalmill.com.lab2454.com/shop/pg/16211723868" "Mozilla/5.0 AppleWebKit/537.36 (KHTML, like Gecko; compatible; GPTBot/1.3; +https://openai.com/gptbot)"
66.249.64.39 - - [16/Apr/2026:16:04:45 +0000] "GET /csr/index.html HTTP/1.1" 200 27126 "-" "Mozilla/5.0 (Linux; Android 6.0.1; Nexus 5X Build/MMB29P) AppleWebKit/537.36 (KHTML, like Gecko) Chrome/146.0.7680.177 Mobile Safari/537.36 (compatible; Googlebot/2.1; +http://www.google.com/bot.html)"
74.7.242.33 - - [16/Apr/2026:16:04:44 +0000] "GET /shop/pg/1152355 HTTP/1.1" 404 13197 "https://www.elementalmill.com.lab2454.com/shop/pg/16211527447" "Mozilla/5.0 AppleWebKit/537.36 (KHTML, like Gecko; compatible; GPTBot/1.3; +https://openai.com/gptbot)"
74.7.227.151 - - [16/Apr/2026:16:04:51 +0000] "GET /shop/pg/2394486 HTTP/1.1" 301 839 "https://www.elementalmill.com/?shopping/products/16222394486" "Mozilla/5.0 AppleWebKit/537.36 (KHTML, like Gecko; compatible; GPTBot/1.3; +https://openai.com/gptbot)"
74.7.242.33 - - [16/Apr/2026:16:04:53 +0000] "GET /shop/pg/1360579 HTTP/1.1" 404 13197 "https://www.elementalmill.com.lab2454.com/shop/pg/16201144131" "Mozilla/5.0 AppleWebKit/537.36 (KHTML, like Gecko; compatible; GPTBot/1.3; +https://openai.com/gptbot)"
74.7.242.33 - - [16/Apr/2026:16:05:03 +0000] "GET /shop/pg/1415960 HTTP/1.1" 404 13197 "https://www.elementalmill.com.lab2454.com/shop/pg/16201199501" "Mozilla/5.0 AppleWebKit/537.36 (KHTML, like Gecko; compatible; GPTBot/1.3; +https://openai.com/gptbot)"
74.7.227.151 - - [16/Apr/2026:16:05:12 +0000] "GET /shop/pg/1690486 HTTP/1.1" 301 839 "https://www.elementalmill.com/?shopping/products/16211690486" "Mozilla/5.0 AppleWebKit/537.36 (KHTML, like Gecko; compatible; GPTBot/1.3; +https://openai.com/gptbot)"
74.7.242.33 - - [16/Apr/2026:16:05:12 +0000] "GET /shop/pg/1383963 HTTP/1.1" 404 13197 "https://www.elementalmill.com.lab2454.com/shop/pg/16201167496" "Mozilla/5.0 AppleWebKit/537.36 (KHTML, like Gecko; compatible; GPTBot/1.3; +https://openai.com/gptbot)"
74.7.242.33 - - [16/Apr/2026:16:05:21 +0000] "GET /shop/pg/1715252 HTTP/1.1" 404 13197 "https://www.elementalmill.com.lab2454.com/shop/pg/16201498781" "Mozilla/5.0 AppleWebKit/537.36 (KHTML, like Gecko; compatible; GPTBot/1.3; +https://openai.com/gptbot)"
74.7.227.47 - - [16/Apr/2026:16:05:25 +0000] "GET /shop/pg/1618293487 HTTP/1.1" 404 13178 "https://www.elementalmill.com" "Mozilla/5.0 AppleWebKit/537.36 (KHTML, like Gecko; compatible; GPTBot/1.3; +https://openai.com/gptbot)"
66.249.64.41 - - [16/Apr/2026:16:05:29 +0000] "GET /iqr/refitInputView/ HTTP/1.1" 200 27120 "-" "Mozilla/5.0 (Linux; Android 6.0.1; Nexus 5X Build/MMB29P) AppleWebKit/537.36 (KHTML, like Gecko) Chrome/146.0.7680.177 Mobile Safari/537.36 (compatible; Googlebot/2.1; +http://www.google.com/bot.html)"
74.7.227.47 - - [16/Apr/2026:16:05:29 +0000] "GET /shop/pg/2118705 HTTP/1.1" 404 13197 "https://mail.elementalmill.com/?shopping/products/16222118705" "Mozilla/5.0 AppleWebKit/537.36 (KHTML, like Gecko; compatible; GPTBot/1.3; +https://openai.com/gptbot)"
74.7.242.33 - - [16/Apr/2026:16:05:30 +0000] "GET /shop/pg/1391934 HTTP/1.1" 404 13197 "https://www.elementalmill.com.lab2454.com/shop/pg/16201175473" "Mozilla/5.0 AppleWebKit/537.36 (KHTML, like Gecko; compatible; GPTBot/1.3; +https://openai.com/gptbot)"
74.7.242.33 - - [16/Apr/2026:16:05:40 +0000] "GET /shop/pg/1923669 HTTP/1.1" 404 13197 "https://www.elementalmill.com.lab2454.com/?shopping/products/16211923669" "Mozilla/5.0 AppleWebKit/537.36 (KHTML, like Gecko; compatible; GPTBot/1.3; +https://openai.com/gptbot)"
74.7.243.209 - - [16/Apr/2026:16:05:41 +0000] "GET /shopping/products/16211760950 HTTP/1.1" 404 13197 "https://elementalmill.com.lab2454.com/shopping/products/16201075149" "Mozilla/5.0 AppleWebKit/537.36 (KHTML, like Gecko; compatible; GPTBot/1.3; +https://openai.com/gptbot)"
74.7.242.33 - - [16/Apr/2026:16:05:49 +0000] "GET /shop/pg/1678323 HTTP/1.1" 404 13197 "https://www.elementalmill.com.lab2454.com/shop/pg/16201461862" "Mozilla/5.0 AppleWebKit/537.36 (KHTML, like Gecko; compatible; GPTBot/1.3; +https://openai.com/gptbot)"
74.7.227.47 - - [16/Apr/2026:16:05:52 +0000] "GET /shop/pg/1619557782 HTTP/1.1" 404 13178 "https://elementalmill.com/?shopping/products/1619553553" "Mozilla/5.0 AppleWebKit/537.36 (KHTML, like Gecko; compatible; GPTBot/1.3; +https://openai.com/gptbot)"
74.7.227.151 - - [16/Apr/2026:16:05:54 +0000] "GET /shop/pg/2522721 HTTP/1.1" 301 839 "https://www.elementalmill.com/shop/customer/bookmark.php?shopping/products/16232522721" "Mozilla/5.0 AppleWebKit/537.36 (KHTML, like Gecko; compatible; GPTBot/1.3; +https://openai.com/gptbot)"
74.7.242.33 - - [16/Apr/2026:16:05:58 +0000] "GET /shop/pg/1489252 HTTP/1.1" 404 13197 "https://www.elementalmill.com.lab2454.com/shop/pg/16222455893" "Mozilla/5.0 AppleWebKit/537.36 (KHTML, like Gecko; compatible; GPTBot/1.3; +https://openai.com/gptbot)"
66.249.64.39 - - [16/Apr/2026:16:06:12 +0000] "GET /categoryindex/a/ HTTP/1.1" 200 27239 "-" "Mozilla/5.0 (Linux; Android 6.0.1; Nexus 5X Build/MMB29P) AppleWebKit/537.36 (KHTML, like Gecko) Chrome/146.0.7680.177 Mobile Safari/537.36 (compatible; Googlebot/2.1; +http://www.google.com/bot.html)"
74.7.243.209 - - [16/Apr/2026:16:06:13 +0000] "GET /shopping/products/16201445806 HTTP/1.1" 404 13197 "https://elementalmill.com.lab2454.com/shopping/products/16201445603" "Mozilla/5.0 AppleWebKit/537.36 (KHTML, like Gecko; compatible; GPTBot/1.3; +https://openai.com/gptbot)"
74.7.227.151 - - [16/Apr/2026:16:06:16 +0000] "GET /shop/pg/1409817 HTTP/1.1" 301 839 "https://www.elementalmill.com/?shopping/products/16201409817" "Mozilla/5.0 AppleWebKit/537.36 (KHTML, like Gecko; compatible; GPTBot/1.3; +https://openai.com/gptbot)"
74.7.242.33 - - [16/Apr/2026:16:06:17 +0000] "GET /shop/pg/1230833 HTTP/1.1" 404 13197 "https://www.elementalmill.com.lab2454.com/shop/pg/16211605926" "Mozilla/5.0 AppleWebKit/537.36 (KHTML, like Gecko; compatible; GPTBot/1.3; +https://openai.com/gptbot)"
74.7.227.47 - - [16/Apr/2026:16:06:19 +0000] "GET /shop/pg/1618277439 HTTP/1.1" 404 13178 "https://www.elementalmill.com" "Mozilla/5.0 AppleWebKit/537.36 (KHTML, like Gecko; compatible; GPTBot/1.3; +https://openai.com/gptbot)"
74.7.227.47 - - [16/Apr/2026:16:06:21 +0000] "GET /shop/pg/1944811 HTTP/1.1" 404 13197 "https://mail.elementalmill.com/?shopping/products/16211944811" "Mozilla/5.0 AppleWebKit/537.36 (KHTML, like Gecko; compatible; GPTBot/1.3; +https://openai.com/gptbot)"
74.7.242.33 - - [16/Apr/2026:16:06:27 +0000] "GET /shop/pg/1235127 HTTP/1.1" 404 13197 "https://www.elementalmill.com.lab2454.com/shop/pg/16211610233" "Mozilla/5.0 AppleWebKit/537.36 (KHTML, like Gecko; compatible; GPTBot/1.3; +https://openai.com/gptbot)"
74.7.242.33 - - [16/Apr/2026:16:06:36 +0000] "GET /shop/pg/1151279 HTTP/1.1" 404 13197 "https://www.elementalmill.com.lab2454.com/shop/pg/16211526369" "Mozilla/5.0 AppleWebKit/537.36 (KHTML, like Gecko; compatible; GPTBot/1.3; +https://openai.com/gptbot)"
74.7.243.209 - - [16/Apr/2026:16:06:44 +0000] "GET /shopping/products/16201494352 HTTP/1.1" 404 13197 "https://elementalmill.com.lab2454.com/shopping/products/16201184172" "Mozilla/5.0 AppleWebKit/537.36 (KHTML, like Gecko; compatible; GPTBot/1.3; +https://openai.com/gptbot)"
52.169.206.229 - - [16/Apr/2026:16:06:48 +0000] "GET /wp-content/plugins/hellopress/wp_filemanager.php HTTP/1.1" 200 37423 "-" "-"
52.169.206.229 - - [16/Apr/2026:16:06:48 +0000] "GET /file6.php HTTP/1.1" 200 37384 "-" "-"
52.169.206.229 - - [16/Apr/2026:16:06:48 +0000] "GET /wp-xme.php HTTP/1.1" 200 37385 "-" "-"
52.169.206.229 - - [16/Apr/2026:16:06:49 +0000] "GET /il.php HTTP/1.1" 200 37381 "-" "-"
74.7.242.33 - - [16/Apr/2026:16:06:46 +0000] "GET /shop/pg/1280741 HTTP/1.1" 404 13197 "https://www.elementalmill.com.lab2454.com/shop/pg/16211655828" "Mozilla/5.0 AppleWebKit/537.36 (KHTML, like Gecko; compatible; GPTBot/1.3; +https://openai.com/gptbot)"
52.169.206.229 - - [16/Apr/2026:16:06:49 +0000] "GET /adminer.php HTTP/1.1" 200 37386 "-" "-"
52.169.206.229 - - [16/Apr/2026:16:06:49 +0000] "GET /.well-known/adminer.php HTTP/1.1" 200 37398 "-" "-"
52.169.206.229 - - [16/Apr/2026:16:06:50 +0000] "GET /ypp.php HTTP/1.1" 200 37382 "-" "-"
52.169.206.229 - - [16/Apr/2026:16:06:50 +0000] "GET /2468.php HTTP/1.1" 200 37383 "-" "-"
52.169.206.229 - - [16/Apr/2026:16:06:50 +0000] "GET /eterezrezt.php HTTP/1.1" 200 37389 "-" "-"
52.169.206.229 - - [16/Apr/2026:16:06:50 +0000] "GET /wp-admin/js/index.php HTTP/1.1" 200 37396 "-" "-"
52.169.206.229 - - [16/Apr/2026:16:06:50 +0000] "GET /dx.php HTTP/1.1" 200 37381 "-" "-"
52.169.206.229 - - [16/Apr/2026:16:06:51 +0000] "GET /amdin.php HTTP/1.1" 200 37384 "-" "-"
52.169.206.229 - - [16/Apr/2026:16:06:51 +0000] "GET /huya.php HTTP/1.1" 200 37383 "-" "-"
52.169.206.229 - - [16/Apr/2026:16:06:51 +0000] "GET /puc.php HTTP/1.1" 200 37382 "-" "-"
52.169.206.229 - - [16/Apr/2026:16:06:51 +0000] "GET /themes.php HTTP/1.1" 200 37385 "-" "-"
52.169.206.229 - - [16/Apr/2026:16:06:51 +0000] "GET /ewp.php HTTP/1.1" 200 37382 "-" "-"
52.169.206.229 - - [16/Apr/2026:16:06:52 +0000] "GET /kikikoko.php HTTP/1.1" 200 37387 "-" "-"
52.169.206.229 - - [16/Apr/2026:16:06:52 +0000] "GET /nwflm.php HTTP/1.1" 200 37384 "-" "-"
52.169.206.229 - - [16/Apr/2026:16:06:52 +0000] "GET /dx.php HTTP/1.1" 200 37381 "-" "-"
52.169.206.229 - - [16/Apr/2026:16:06:52 +0000] "GET /xff.php HTTP/1.1" 200 37382 "-" "-"
52.169.206.229 - - [16/Apr/2026:16:06:53 +0000] "GET /lupo.php HTTP/1.1" 200 37383 "-" "-"
52.169.206.229 - - [16/Apr/2026:16:06:53 +0000] "GET /awa.php HTTP/1.1" 200 37382 "-" "-"
52.169.206.229 - - [16/Apr/2026:16:06:53 +0000] "GET /popo.php HTTP/1.1" 200 37383 "-" "-"
52.169.206.229 - - [16/Apr/2026:16:06:53 +0000] "GET /13.php HTTP/1.1" 200 37381 "-" "-"
52.169.206.229 - - [16/Apr/2026:16:06:54 +0000] "GET /11.php HTTP/1.1" 200 37381 "-" "-"
52.169.206.229 - - [16/Apr/2026:16:06:54 +0000] "GET /p.php HTTP/1.1" 200 37380 "-" "-"
52.169.206.229 - - [16/Apr/2026:16:06:54 +0000] "GET /wp-includes/Requests/ HTTP/1.1" 200 37396 "-" "-"
52.169.206.229 - - [16/Apr/2026:16:06:55 +0000] "GET /bthil.php HTTP/1.1" 200 37384 "-" "-"
52.169.206.229 - - [16/Apr/2026:16:06:55 +0000] "GET /shell.php HTTP/1.1" 200 37384 "-" "-"
52.169.206.229 - - [16/Apr/2026:16:06:56 +0000] "GET /tea.php HTTP/1.1" 200 37382 "-" "-"
52.169.206.229 - - [16/Apr/2026:16:06:57 +0000] "GET /seo.php HTTP/1.1" 200 37382 "-" "-"
66.249.64.39 - - [16/Apr/2026:16:06:56 +0000] "GET /e/01/ HTTP/1.1" 200 28122 "-" "Mozilla/5.0 (Linux; Android 6.0.1; Nexus 5X Build/MMB29P) AppleWebKit/537.36 (KHTML, like Gecko) Chrome/146.0.7680.177 Mobile Safari/537.36 (compatible; Googlebot/2.1; +http://www.google.com/bot.html)"
52.169.206.229 - - [16/Apr/2026:16:06:57 +0000] "GET /7.php HTTP/1.1" 200 37380 "-" "-"
52.169.206.229 - - [16/Apr/2026:16:06:58 +0000] "GET /8.php HTTP/1.1" 200 37380 "-" "-"
52.169.206.229 - - [16/Apr/2026:16:06:58 +0000] "GET /1.php HTTP/1.1" 200 37380 "-" "-"
74.7.242.33 - - [16/Apr/2026:16:06:55 +0000] "GET /shop/pg/1453163 HTTP/1.1" 404 13197 "https://www.elementalmill.com.lab2454.com/shop/pg/16201236710" "Mozilla/5.0 AppleWebKit/537.36 (KHTML, like Gecko; compatible; GPTBot/1.3; +https://openai.com/gptbot)"
52.169.206.229 - - [16/Apr/2026:16:06:59 +0000] "GET /2.php HTTP/1.1" 200 37380 "-" "-"
52.169.206.229 - - [16/Apr/2026:16:07:00 +0000] "GET /3.php HTTP/1.1" 200 37380 "-" "-"
52.169.206.229 - - [16/Apr/2026:16:07:00 +0000] "GET /4.php HTTP/1.1" 200 37380 "-" "-"
52.169.206.229 - - [16/Apr/2026:16:07:01 +0000] "GET /5.php HTTP/1.1" 200 37380 "-" "-"
74.7.227.151 - - [16/Apr/2026:16:06:59 +0000] "GET /shop/pg/1662817 HTTP/1.1" 301 839 "https://www.elementalmill.com/shopping/products/16211662817" "Mozilla/5.0 AppleWebKit/537.36 (KHTML, like Gecko; compatible; GPTBot/1.3; +https://openai.com/gptbot)"
52.169.206.229 - - [16/Apr/2026:16:07:01 +0000] "GET /6.php HTTP/1.1" 200 37380 "-" "-"
52.169.206.229 - - [16/Apr/2026:16:07:01 +0000] "GET /9.php HTTP/1.1" 200 37380 "-" "-"
52.169.206.229 - - [16/Apr/2026:16:07:02 +0000] "GET /10.php HTTP/1.1" 200 37381 "-" "-"
52.169.206.229 - - [16/Apr/2026:16:07:03 +0000] "GET /.well-known/nastar.php HTTP/1.1" 200 37397 "-" "-"
52.169.206.229 - - [16/Apr/2026:16:07:03 +0000] "GET /f35_S.php HTTP/1.1" 200 37384 "-" "-"
52.169.206.229 - - [16/Apr/2026:16:07:03 +0000] "GET /2026w.php HTTP/1.1" 200 37384 "-" "-"
52.169.206.229 - - [16/Apr/2026:16:07:04 +0000] "GET /111.php HTTP/1.1" 200 37382 "-" "-"
52.169.206.229 - - [16/Apr/2026:16:07:04 +0000] "GET /wp1.php HTTP/1.1" 200 37382 "-" "-"
52.169.206.229 - - [16/Apr/2026:16:07:04 +0000] "GET /aligk.php HTTP/1.1" 200 37384 "-" "-"
52.169.206.229 - - [16/Apr/2026:16:07:05 +0000] "GET /byrgo.php HTTP/1.1" 200 37384 "-" "-"
52.169.206.229 - - [16/Apr/2026:16:07:05 +0000] "GET /xwpg.php HTTP/1.1" 200 37383 "-" "-"
52.169.206.229 - - [16/Apr/2026:16:07:06 +0000] "GET /ass.php HTTP/1.1" 200 37382 "-" "-"
52.169.206.229 - - [16/Apr/2026:16:07:06 +0000] "GET /about.php HTTP/1.1" 200 37384 "-" "-"
52.169.206.229 - - [16/Apr/2026:16:07:06 +0000] "GET /no18.php HTTP/1.1" 200 37383 "-" "-"
52.169.206.229 - - [16/Apr/2026:16:07:07 +0000] "GET /fine.php HTTP/1.1" 200 37383 "-" "-"
52.169.206.229 - - [16/Apr/2026:16:07:07 +0000] "GET /hplfuns.php HTTP/1.1" 200 37386 "-" "-"
52.169.206.229 - - [16/Apr/2026:16:07:08 +0000] "GET /xa.php HTTP/1.1" 200 37381 "-" "-"
52.169.206.229 - - [16/Apr/2026:16:07:08 +0000] "GET /admin.php HTTP/1.1" 200 37384 "-" "-"
52.169.206.229 - - [16/Apr/2026:16:07:08 +0000] "GET /inege.php HTTP/1.1" 200 37384 "-" "-"
74.7.242.33 - - [16/Apr/2026:16:07:04 +0000] "GET /shop/pg/1722090 HTTP/1.1" 404 13197 "https://www.elementalmill.com.lab2454.com/shop/pg/1619580944" "Mozilla/5.0 AppleWebKit/537.36 (KHTML, like Gecko; compatible; GPTBot/1.3; +https://openai.com/gptbot)"
52.169.206.229 - - [16/Apr/2026:16:07:09 +0000] "GET /fe5.php HTTP/1.1" 200 37382 "-" "-"
52.169.206.229 - - [16/Apr/2026:16:07:09 +0000] "GET /uuu.php HTTP/1.1" 200 37382 "-" "-"
52.169.206.229 - - [16/Apr/2026:16:07:10 +0000] "GET /no1.php HTTP/1.1" 200 37382 "-" "-"
52.169.206.229 - - [16/Apr/2026:16:07:10 +0000] "GET /w2025.php HTTP/1.1" 200 37384 "-" "-"
52.169.206.229 - - [16/Apr/2026:16:07:10 +0000] "GET /fvvff.php HTTP/1.1" 200 37384 "-" "-"
139.162.194.112 - - [16/Apr/2026:16:07:08 +0000] "POST /wp-cron.php?doing_wp_cron=1776355628.0114419460296630859375 HTTP/1.1" 404 13168 "-" "WordPress/6.9.1; https://elementalmill.com"
52.169.206.229 - - [16/Apr/2026:16:07:10 +0000] "GET /a2.php HTTP/1.1" 200 37381 "-" "-"
52.169.206.229 - - [16/Apr/2026:16:07:11 +0000] "GET /edit.php HTTP/1.1" 200 37383 "-" "-"
52.169.206.229 - - [16/Apr/2026:16:07:11 +0000] "GET /ioxi-o.php HTTP/1.1" 200 37385 "-" "-"
52.169.206.229 - - [16/Apr/2026:16:07:11 +0000] "GET /wp-content/admin.php HTTP/1.1" 200 37395 "-" "-"
52.169.206.229 - - [16/Apr/2026:16:07:11 +0000] "GET /66.php HTTP/1.1" 200 37381 "-" "-"
52.169.206.229 - - [16/Apr/2026:16:07:11 +0000] "GET /a5.php HTTP/1.1" 200 37381 "-" "-"
52.169.206.229 - - [16/Apr/2026:16:07:11 +0000] "GET /ol.php HTTP/1.1" 200 37381 "-" "-"
52.169.206.229 - - [16/Apr/2026:16:07:12 +0000] "GET /f6.php HTTP/1.1" 200 37381 "-" "-"
52.169.206.229 - - [16/Apr/2026:16:07:12 +0000] "GET /inputs.php HTTP/1.1" 200 37385 "-" "-"
52.169.206.229 - - [16/Apr/2026:16:07:12 +0000] "GET /style.php HTTP/1.1" 200 37384 "-" "-"
52.169.206.229 - - [16/Apr/2026:16:07:13 +0000] "GET /aa.php HTTP/1.1" 200 37381 "-" "-"
74.7.227.47 - - [16/Apr/2026:16:07:11 +0000] "GET /shop/pg/1618224557 HTTP/1.1" 404 13178 "https://elementalmill.com/index.php?shopping/products/1618219419" "Mozilla/5.0 AppleWebKit/537.36 (KHTML, like Gecko; compatible; GPTBot/1.3; +https://openai.com/gptbot)"
52.169.206.229 - - [16/Apr/2026:16:07:13 +0000] "GET /av.php HTTP/1.1" 200 37381 "-" "-"
52.169.206.229 - - [16/Apr/2026:16:07:14 +0000] "GET /wp-admin/css/bolt.php HTTP/1.1" 200 37396 "-" "-"
52.169.206.229 - - [16/Apr/2026:16:07:14 +0000] "GET /bless4.php HTTP/1.1" 200 37385 "-" "-"
52.169.206.229 - - [16/Apr/2026:16:07:14 +0000] "GET /wp-act.php HTTP/1.1" 200 37385 "-" "-"
52.169.206.229 - - [16/Apr/2026:16:07:15 +0000] "GET /xqq.php HTTP/1.1" 200 37382 "-" "-"
52.169.206.229 - - [16/Apr/2026:16:07:15 +0000] "GET /plss3.php HTTP/1.1" 200 37384 "-" "-"
52.169.206.229 - - [16/Apr/2026:16:07:16 +0000] "GET /aaa.php?p= HTTP/1.1" 200 37385 "-" "-"
74.7.242.33 - - [16/Apr/2026:16:07:14 +0000] "GET /shop/pg/1214490 HTTP/1.1" 404 13197 "https://www.elementalmill.com.lab2454.com/shop/pg/16211589569" "Mozilla/5.0 AppleWebKit/537.36 (KHTML, like Gecko; compatible; GPTBot/1.3; +https://openai.com/gptbot)"
52.169.206.229 - - [16/Apr/2026:16:07:17 +0000] "GET /classwithtostring.php?p= HTTP/1.1" 200 37399 "-" "-"
52.169.206.229 - - [16/Apr/2026:16:07:17 +0000] "GET /wp-content/themes/index.php HTTP/1.1" 200 37402 "-" "-"
52.169.206.229 - - [16/Apr/2026:16:07:17 +0000] "GET /tinyfilemanager.php?p= HTTP/1.1" 200 37397 "-" "-"
52.169.206.229 - - [16/Apr/2026:16:07:17 +0000] "GET /wp-update.php HTTP/1.1" 200 37388 "-" "-"
52.169.206.229 - - [16/Apr/2026:16:07:18 +0000] "GET /sbhu.php HTTP/1.1" 200 37383 "-" "-"
52.169.206.229 - - [16/Apr/2026:16:07:18 +0000] "GET /wp-blog.php HTTP/1.1" 200 37386 "-" "-"
52.169.206.229 - - [16/Apr/2026:16:07:19 +0000] "GET /wp-includes/js/jquery/ HTTP/1.1" 200 37397 "-" "-"
74.7.243.209 - - [16/Apr/2026:16:07:16 +0000] "GET /shopping/products/16211957692 HTTP/1.1" 404 13197 "https://elementalmill.com.lab2454.com/shopping/products/16211947024" "Mozilla/5.0 AppleWebKit/537.36 (KHTML, like Gecko; compatible; GPTBot/1.3; +https://openai.com/gptbot)"
52.169.206.229 - - [16/Apr/2026:16:07:19 +0000] "GET /wp-content/admin.php HTTP/1.1" 200 37395 "-" "-"
52.169.206.229 - - [16/Apr/2026:16:07:19 +0000] "GET /ms-edit.php HTTP/1.1" 200 37386 "-" "-"
52.169.206.229 - - [16/Apr/2026:16:07:19 +0000] "GET /adminfuns.php HTTP/1.1" 200 37388 "-" "-"
52.169.206.229 - - [16/Apr/2026:16:07:20 +0000] "GET /goods.php HTTP/1.1" 200 37384 "-" "-"
52.169.206.229 - - [16/Apr/2026:16:07:20 +0000] "GET /ms-edit.php HTTP/1.1" 200 37386 "-" "-"
52.169.206.229 - - [16/Apr/2026:16:07:20 +0000] "GET /222.php HTTP/1.1" 200 37382 "-" "-"
52.169.206.229 - - [16/Apr/2026:16:07:21 +0000] "GET /cgi-bin/index.php HTTP/1.1" 200 37392 "-" "-"
52.169.206.229 - - [16/Apr/2026:16:07:21 +0000] "GET /fff.php HTTP/1.1" 200 37382 "-" "-"
52.169.206.229 - - [16/Apr/2026:16:07:22 +0000] "GET /wp-content/ HTTP/1.1" 200 37386 "-" "-"
74.7.227.151 - - [16/Apr/2026:16:07:20 +0000] "GET /shop/pg/1244917 HTTP/1.1" 301 839 "https://www.elementalmill.com/shopping/products/16201244917" "Mozilla/5.0 AppleWebKit/537.36 (KHTML, like Gecko; compatible; GPTBot/1.3; +https://openai.com/gptbot)"
52.169.206.229 - - [16/Apr/2026:16:07:22 +0000] "GET /we.php HTTP/1.1" 200 37381 "-" "-"
52.169.206.229 - - [16/Apr/2026:16:07:22 +0000] "GET /alpha.php HTTP/1.1" 200 37384 "-" "-"
52.169.206.229 - - [16/Apr/2026:16:07:22 +0000] "GET /makeasmtp.php?p= HTTP/1.1" 200 37391 "-" "-"
52.169.206.229 - - [16/Apr/2026:16:07:23 +0000] "GET /wp-michan.php HTTP/1.1" 200 37388 "-" "-"
52.169.206.229 - - [16/Apr/2026:16:07:23 +0000] "GET /admin1.php HTTP/1.1" 200 37385 "-" "-"
52.169.206.229 - - [16/Apr/2026:16:07:23 +0000] "GET /wp-includes/css/dist/ HTTP/1.1" 200 37396 "-" "-"
52.169.206.229 - - [16/Apr/2026:16:07:24 +0000] "GET /BDKR28WP.php HTTP/1.1" 200 37387 "-" "-"
52.169.206.229 - - [16/Apr/2026:16:07:24 +0000] "GET /wp-includes/l10n/ HTTP/1.1" 200 37392 "-" "-"
52.169.206.229 - - [16/Apr/2026:16:07:24 +0000] "GET /wen.php HTTP/1.1" 200 37382 "-" "-"
52.169.206.229 - - [16/Apr/2026:16:07:24 +0000] "GET /wp.php HTTP/1.1" 200 37381 "-" "-"
52.169.206.229 - - [16/Apr/2026:16:07:25 +0000] "GET /wp-admin/js/fi.php HTTP/1.1" 200 37393 "-" "-"
52.169.206.229 - - [16/Apr/2026:16:07:25 +0000] "GET /fe5.php HTTP/1.1" 200 37382 "-" "-"
52.169.206.229 - - [16/Apr/2026:16:07:25 +0000] "GET /wp-content/uploads/2021/02/index.php HTTP/1.1" 200 37411 "-" "-"
52.169.206.229 - - [16/Apr/2026:16:07:25 +0000] "GET /av.php HTTP/1.1" 200 37381 "-" "-"
52.169.206.229 - - [16/Apr/2026:16:07:26 +0000] "GET /abcd.php HTTP/1.1" 200 37383 "-" "-"
74.7.242.33 - - [16/Apr/2026:16:07:24 +0000] "GET /shop/pg/2292028 HTTP/1.1" 404 13197 "https://www.elementalmill.com.lab2454.com/shopping/products/16222292028" "Mozilla/5.0 AppleWebKit/537.36 (KHTML, like Gecko; compatible; GPTBot/1.3; +https://openai.com/gptbot)"
52.169.206.229 - - [16/Apr/2026:16:07:26 +0000] "GET /fi.php HTTP/1.1" 200 37381 "-" "-"
52.169.206.229 - - [16/Apr/2026:16:07:26 +0000] "GET /a1.php HTTP/1.1" 200 37381 "-" "-"
52.169.206.229 - - [16/Apr/2026:16:07:27 +0000] "GET /update/f35.php HTTP/1.1" 200 37389 "-" "-"
52.169.206.229 - - [16/Apr/2026:16:07:27 +0000] "GET /wp-includes/Text/Diff/Engine/about.php HTTP/1.1" 200 37413 "-" "-"
52.169.206.229 - - [16/Apr/2026:16:07:27 +0000] "GET /f35.php HTTP/1.1" 200 37382 "-" "-"
52.169.206.229 - - [16/Apr/2026:16:07:27 +0000] "GET /wp-includes/css/index.php?p= HTTP/1.1" 200 37403 "-" "-"
52.169.206.229 - - [16/Apr/2026:16:07:27 +0000] "GET /wp-includes/SimplePie/ HTTP/1.1" 200 37397 "-" "-"
52.169.206.229 - - [16/Apr/2026:16:07:28 +0000] "GET /wp-content/plugins/wp-file-manager/admin/ HTTP/1.1" 200 37416 "-" "-"
52.169.206.229 - - [16/Apr/2026:16:07:28 +0000] "GET /k.php HTTP/1.1" 200 37380 "-" "-"
52.169.206.229 - - [16/Apr/2026:16:07:28 +0000] "GET /dev.php HTTP/1.1" 200 37382 "-" "-"
52.169.206.229 - - [16/Apr/2026:16:07:28 +0000] "GET /bal.php HTTP/1.1" 200 37382 "-" "-"
52.169.206.229 - - [16/Apr/2026:16:07:29 +0000] "GET /in.php HTTP/1.1" 200 37381 "-" "-"
52.169.206.229 - - [16/Apr/2026:16:07:29 +0000] "GET /gssdd.php HTTP/1.1" 200 37384 "-" "-"
52.169.206.229 - - [16/Apr/2026:16:07:29 +0000] "GET /cgi-bin/admin.php HTTP/1.1" 200 37392 "-" "-"
52.169.206.229 - - [16/Apr/2026:16:07:29 +0000] "GET /bs1.php HTTP/1.1" 200 37382 "-" "-"
52.169.206.229 - - [16/Apr/2026:16:07:30 +0000] "GET /bengi.php HTTP/1.1" 200 37384 "-" "-"
52.169.206.229 - - [16/Apr/2026:16:07:30 +0000] "GET /wp-content/plugins/pwnd/as.php HTTP/1.1" 200 37405 "-" "-"
52.169.206.229 - - [16/Apr/2026:16:07:30 +0000] "GET /axx.php HTTP/1.1" 200 37382 "-" "-"
52.169.206.229 - - [16/Apr/2026:16:07:31 +0000] "GET /alfashell.php HTTP/1.1" 200 37388 "-" "-"
52.169.206.229 - - [16/Apr/2026:16:07:31 +0000] "GET /gettest.php HTTP/1.1" 200 37386 "-" "-"
52.169.206.229 - - [16/Apr/2026:16:07:31 +0000] "GET /acp.php HTTP/1.1" 200 37382 "-" "-"
52.169.206.229 - - [16/Apr/2026:16:07:31 +0000] "GET /file48.php HTTP/1.1" 200 37385 "-" "-"
52.169.206.229 - - [16/Apr/2026:16:07:32 +0000] "GET /g.php HTTP/1.1" 200 37380 "-" "-"
52.169.206.229 - - [16/Apr/2026:16:07:32 +0000] "GET /wp-content/ HTTP/1.1" 200 37386 "-" "-"
52.169.206.229 - - [16/Apr/2026:16:07:32 +0000] "GET /simple.php HTTP/1.1" 200 37385 "-" "-"
52.169.206.229 - - [16/Apr/2026:16:07:33 +0000] "GET /ew.php HTTP/1.1" 200 37381 "-" "-"
52.169.206.229 - - [16/Apr/2026:16:07:33 +0000] "GET /file21.php HTTP/1.1" 200 37385 "-" "-"
52.169.206.229 - - [16/Apr/2026:16:07:33 +0000] "GET /hypo.php HTTP/1.1" 200 37383 "-" "-"
52.169.206.229 - - [16/Apr/2026:16:07:34 +0000] "GET /file18.php HTTP/1.1" 200 37385 "-" "-"
52.169.206.229 - - [16/Apr/2026:16:07:34 +0000] "GET /vee.php HTTP/1.1" 200 37382 "-" "-"
52.169.206.229 - - [16/Apr/2026:16:07:34 +0000] "GET /cabs.php HTTP/1.1" 200 37383 "-" "-"
52.169.206.229 - - [16/Apr/2026:16:07:34 +0000] "GET /xwx1.php HTTP/1.1" 200 37383 "-" "-"
52.169.206.229 - - [16/Apr/2026:16:07:35 +0000] "GET /x1da.php HTTP/1.1" 200 37383 "-" "-"
52.169.206.229 - - [16/Apr/2026:16:07:35 +0000] "GET /jp.php HTTP/1.1" 200 37381 "-" "-"
74.7.242.33 - - [16/Apr/2026:16:07:33 +0000] "GET /shop/pg/1141635 HTTP/1.1" 404 13197 "https://www.elementalmill.com.lab2454.com/shop/pg/16211516732" "Mozilla/5.0 AppleWebKit/537.36 (KHTML, like Gecko; compatible; GPTBot/1.3; +https://openai.com/gptbot)"
52.169.206.229 - - [16/Apr/2026:16:07:35 +0000] "GET /chosen.php HTTP/1.1" 200 37385 "-" "-"
66.249.64.40 - - [16/Apr/2026:16:07:38 +0000] "GET /?shop/891011259787.html HTTP/1.1" 200 27517 "-" "Mozilla/5.0 (Linux; Android 6.0.1; Nexus 5X Build/MMB29P) AppleWebKit/537.36 (KHTML, like Gecko) Chrome/146.0.7680.177 Mobile Safari/537.36 (compatible; Googlebot/2.1; +http://www.google.com/bot.html)"
66.249.64.41 - - [16/Apr/2026:16:07:40 +0000] "GET /etc/drugRules.html HTTP/1.1" 200 27378 "-" "Mozilla/5.0 (Linux; Android 6.0.1; Nexus 5X Build/MMB29P) AppleWebKit/537.36 (KHTML, like Gecko) Chrome/146.0.7680.177 Mobile Safari/537.36 (compatible; Googlebot/2.1; +http://www.google.com/bot.html)"
74.7.242.33 - - [16/Apr/2026:16:07:42 +0000] "GET /shop/pg/1703906 HTTP/1.1" 404 13197 "https://www.elementalmill.com.lab2454.com/shop/customer/bookmark.php?shopping/products/16211703906" "Mozilla/5.0 AppleWebKit/537.36 (KHTML, like Gecko; compatible; GPTBot/1.3; +https://openai.com/gptbot)"
74.7.227.47 - - [16/Apr/2026:16:07:46 +0000] "GET /shop/pg/1180301 HTTP/1.1" 404 13197 "https://mail.elementalmill.com/?shopping/products/16201180301" "Mozilla/5.0 AppleWebKit/537.36 (KHTML, like Gecko; compatible; GPTBot/1.3; +https://openai.com/gptbot)"
