74.7.242.33 - - [16/Apr/2026:15:33:47 +0000] "GET /shop/pg/1711035 HTTP/1.1" 404 13197 "https://www.elementalmill.com.lab2454.com/shop/pg/1709865" "Mozilla/5.0 AppleWebKit/537.36 (KHTML, like Gecko; compatible; GPTBot/1.3; +https://openai.com/gptbot)"
139.162.194.112 - - [16/Apr/2026:15:33:50 +0000] "POST /wp-cron.php?doing_wp_cron=1776353630.9043960571289062500000 HTTP/1.1" 404 13168 "-" "WordPress/6.9.1; https://elementalmill.com"
74.7.227.47 - - [16/Apr/2026:15:33:50 +0000] "GET /shop/pg/1619607852 HTTP/1.1" 404 13178 "https://www.elementalmill.com" "Mozilla/5.0 AppleWebKit/537.36 (KHTML, like Gecko; compatible; GPTBot/1.3; +https://openai.com/gptbot)"
74.7.242.33 - - [16/Apr/2026:15:33:55 +0000] "GET /shop/pg/1285995 HTTP/1.1" 404 13197 "https://www.elementalmill.com.lab2454.com/shop/pg/16211661092" "Mozilla/5.0 AppleWebKit/537.36 (KHTML, like Gecko; compatible; GPTBot/1.3; +https://openai.com/gptbot)"
74.7.227.151 - - [16/Apr/2026:15:34:00 +0000] "GET /shop/pg/1756456 HTTP/1.1" 301 839 "https://www.elementalmill.com/?shopping/products/16211756456" "Mozilla/5.0 AppleWebKit/537.36 (KHTML, like Gecko; compatible; GPTBot/1.3; +https://openai.com/gptbot)"
66.249.64.39 - - [16/Apr/2026:15:34:01 +0000] "GET /shigotoba HTTP/1.1" 200 26554 "-" "Mozilla/5.0 (Linux; Android 6.0.1; Nexus 5X Build/MMB29P) AppleWebKit/537.36 (KHTML, like Gecko) Chrome/146.0.7680.177 Mobile Safari/537.36 (compatible; Googlebot/2.1; +http://www.google.com/bot.html)"
74.7.242.33 - - [16/Apr/2026:15:34:05 +0000] "GET /shop/pg/1473629 HTTP/1.1" 404 13197 "https://www.elementalmill.com.lab2454.com/shop/pg/1472470" "Mozilla/5.0 AppleWebKit/537.36 (KHTML, like Gecko; compatible; GPTBot/1.3; +https://openai.com/gptbot)"
74.7.243.209 - - [16/Apr/2026:15:34:08 +0000] "GET /shopping/products/16211502034 HTTP/1.1" 404 13197 "https://elementalmill.com.lab2454.com/shopping/products/16211886042" "Mozilla/5.0 AppleWebKit/537.36 (KHTML, like Gecko; compatible; GPTBot/1.3; +https://openai.com/gptbot)"
74.7.242.33 - - [16/Apr/2026:15:34:14 +0000] "GET /shop/pg/1671639 HTTP/1.1" 404 13197 "https://www.elementalmill.com.lab2454.com/shop/pg/16201455181" "Mozilla/5.0 AppleWebKit/537.36 (KHTML, like Gecko; compatible; GPTBot/1.3; +https://openai.com/gptbot)"
74.7.227.151 - - [16/Apr/2026:15:34:22 +0000] "GET /shop/pg/1447571 HTTP/1.1" 301 839 "https://www.elementalmill.com/?shopping/products/16201447571" "Mozilla/5.0 AppleWebKit/537.36 (KHTML, like Gecko; compatible; GPTBot/1.3; +https://openai.com/gptbot)"
74.7.242.33 - - [16/Apr/2026:15:34:24 +0000] "GET /shop/pg/1400663 HTTP/1.1" 404 13197 "https://www.elementalmill.com.lab2454.com/shop/pg/1399492" "Mozilla/5.0 AppleWebKit/537.36 (KHTML, like Gecko; compatible; GPTBot/1.3; +https://openai.com/gptbot)"
74.7.227.47 - - [16/Apr/2026:15:34:24 +0000] "GET /shop/pg/2181007 HTTP/1.1" 404 13197 "https://mail.elementalmill.com/?shopping/products/16222181007" "Mozilla/5.0 AppleWebKit/537.36 (KHTML, like Gecko; compatible; GPTBot/1.3; +https://openai.com/gptbot)"
66.249.64.39 - - [16/Apr/2026:15:34:44 +0000] "GET /green/ HTTP/1.1" 200 26623 "-" "Mozilla/5.0 (Linux; Android 6.0.1; Nexus 5X Build/MMB29P) AppleWebKit/537.36 (KHTML, like Gecko) Chrome/146.0.7680.177 Mobile Safari/537.36 (compatible; Googlebot/2.1; +http://www.google.com/bot.html)"
74.7.243.209 - - [16/Apr/2026:15:34:41 +0000] "GET /shopping/products/16232536969 HTTP/1.1" 404 13197 "https://elementalmill.com.lab2454.com/shopping/products/16201352580" "Mozilla/5.0 AppleWebKit/537.36 (KHTML, like Gecko; compatible; GPTBot/1.3; +https://openai.com/gptbot)"
74.7.227.151 - - [16/Apr/2026:15:34:44 +0000] "GET /shop/pg/2379531 HTTP/1.1" 301 839 "https://www.elementalmill.com/?shopping/products/16222379531" "Mozilla/5.0 AppleWebKit/537.36 (KHTML, like Gecko; compatible; GPTBot/1.3; +https://openai.com/gptbot)"
74.7.227.47 - - [16/Apr/2026:15:34:44 +0000] "GET /shop/pg/1619835030 HTTP/1.1" 404 13178 "https://elementalmill.com/?shopping/products/1619830804" "Mozilla/5.0 AppleWebKit/537.36 (KHTML, like Gecko; compatible; GPTBot/1.3; +https://openai.com/gptbot)"
74.7.242.33 - - [16/Apr/2026:15:34:46 +0000] "GET /shop/pg/1702998 HTTP/1.1" 404 13197 "https://www.elementalmill.com.lab2454.com/shop/pg/16201486534" "Mozilla/5.0 AppleWebKit/537.36 (KHTML, like Gecko; compatible; GPTBot/1.3; +https://openai.com/gptbot)"
74.7.242.33 - - [16/Apr/2026:15:34:52 +0000] "GET /shop/pg/1369925 HTTP/1.1" 404 13197 "https://www.elementalmill.com.lab2454.com/shopping/products/16201369925" "Mozilla/5.0 AppleWebKit/537.36 (KHTML, like Gecko; compatible; GPTBot/1.3; +https://openai.com/gptbot)"
74.7.227.47 - - [16/Apr/2026:15:34:56 +0000] "GET /shop/pg/1380713 HTTP/1.1" 404 13197 "https://mail.elementalmill.com/?shopping/products/16201380713" "Mozilla/5.0 AppleWebKit/537.36 (KHTML, like Gecko; compatible; GPTBot/1.3; +https://openai.com/gptbot)"
74.7.242.33 - - [16/Apr/2026:15:35:02 +0000] "GET /shop/pg/1598951 HTTP/1.1" 404 13197 "https://www.elementalmill.com.lab2454.com/shop/pg/16201382486" "Mozilla/5.0 AppleWebKit/537.36 (KHTML, like Gecko; compatible; GPTBot/1.3; +https://openai.com/gptbot)"
74.7.227.151 - - [16/Apr/2026:15:35:04 +0000] "GET /shop/pg/2019488 HTTP/1.1" 301 839 "https://www.elementalmill.com/shopping/products/16222019488" "Mozilla/5.0 AppleWebKit/537.36 (KHTML, like Gecko; compatible; GPTBot/1.3; +https://openai.com/gptbot)"
74.7.227.47 - - [16/Apr/2026:15:35:08 +0000] "GET /shop/pg/1619786304 HTTP/1.1" 404 13178 "https://elementalmill.com/shop/customer/bookmark.php?shopping/products/1619779423" "Mozilla/5.0 AppleWebKit/537.36 (KHTML, like Gecko; compatible; GPTBot/1.3; +https://openai.com/gptbot)"
74.7.242.33 - - [16/Apr/2026:15:35:12 +0000] "GET /shop/pg/1258751 HTTP/1.1" 404 13197 "https://www.elementalmill.com.lab2454.com/shop/pg/16211633844" "Mozilla/5.0 AppleWebKit/537.36 (KHTML, like Gecko; compatible; GPTBot/1.3; +https://openai.com/gptbot)"
74.7.243.209 - - [16/Apr/2026:15:35:13 +0000] "GET /shopping/products/16211830510 HTTP/1.1" 404 13197 "https://elementalmill.com.lab2454.com/shopping/products/16211598278" "Mozilla/5.0 AppleWebKit/537.36 (KHTML, like Gecko; compatible; GPTBot/1.3; +https://openai.com/gptbot)"
74.7.242.33 - - [16/Apr/2026:15:35:23 +0000] "GET /shop/pg/1173460 HTTP/1.1" 404 13197 "https://www.elementalmill.com.lab2454.com/shop/pg/16211548552" "Mozilla/5.0 AppleWebKit/537.36 (KHTML, like Gecko; compatible; GPTBot/1.3; +https://openai.com/gptbot)"
74.7.227.151 - - [16/Apr/2026:15:35:28 +0000] "GET /shop/pg/1675176 HTTP/1.1" 301 839 "https://www.elementalmill.com/shop/customer/bookmark.php?shopping/products/16211675176" "Mozilla/5.0 AppleWebKit/537.36 (KHTML, like Gecko; compatible; GPTBot/1.3; +https://openai.com/gptbot)"
74.7.242.33 - - [16/Apr/2026:15:35:35 +0000] "GET /shop/pg/1235504 HTTP/1.1" 404 13197 "https://www.elementalmill.com.lab2454.com/shop/pg/16211610606" "Mozilla/5.0 AppleWebKit/537.36 (KHTML, like Gecko; compatible; GPTBot/1.3; +https://openai.com/gptbot)"
74.7.227.47 - - [16/Apr/2026:15:35:38 +0000] "GET /shop/pg/1619730065 HTTP/1.1" 404 13178 "https://www.elementalmill.com" "Mozilla/5.0 AppleWebKit/537.36 (KHTML, like Gecko; compatible; GPTBot/1.3; +https://openai.com/gptbot)"
74.7.242.33 - - [16/Apr/2026:15:35:43 +0000] "GET /shop/pg/1331644 HTTP/1.1" 404 13197 "https://www.elementalmill.com.lab2454.com/shop/pg/1330490" "Mozilla/5.0 AppleWebKit/537.36 (KHTML, like Gecko; compatible; GPTBot/1.3; +https://openai.com/gptbot)"
74.7.243.209 - - [16/Apr/2026:15:35:44 +0000] "GET /shopping/products/16232541464 HTTP/1.1" 404 13197 "https://elementalmill.com.lab2454.com/shopping/products/16201237807" "Mozilla/5.0 AppleWebKit/537.36 (KHTML, like Gecko; compatible; GPTBot/1.3; +https://openai.com/gptbot)"
74.7.227.151 - - [16/Apr/2026:15:35:48 +0000] "GET /shop/pg/1979456 HTTP/1.1" 301 839 "https://www.elementalmill.com/shopping/products/16211979456" "Mozilla/5.0 AppleWebKit/537.36 (KHTML, like Gecko; compatible; GPTBot/1.3; +https://openai.com/gptbot)"
74.7.242.33 - - [16/Apr/2026:15:35:53 +0000] "GET /shop/pg/1716608 HTTP/1.1" 404 13197 "https://www.elementalmill.com.lab2454.com/shop/pg/16201500161" "Mozilla/5.0 AppleWebKit/537.36 (KHTML, like Gecko; compatible; GPTBot/1.3; +https://openai.com/gptbot)"
139.162.194.112 - - [16/Apr/2026:15:35:56 +0000] "POST /wp-cron.php?doing_wp_cron=1776353756.7677330970764160156250 HTTP/1.1" 404 13168 "-" "WordPress/6.9.1; https://elementalmill.com"
74.7.242.33 - - [16/Apr/2026:15:36:02 +0000] "GET /shop/pg/1286129 HTTP/1.1" 404 13197 "https://www.elementalmill.com.lab2454.com/shop/pg/16211661231" "Mozilla/5.0 AppleWebKit/537.36 (KHTML, like Gecko; compatible; GPTBot/1.3; +https://openai.com/gptbot)"
66.249.64.41 - - [16/Apr/2026:15:36:09 +0000] "GET /search/ HTTP/1.1" 200 26828 "-" "Mozilla/5.0 (Linux; Android 6.0.1; Nexus 5X Build/MMB29P) AppleWebKit/537.36 (KHTML, like Gecko) Chrome/146.0.7680.177 Mobile Safari/537.36 (compatible; Googlebot/2.1; +http://www.google.com/bot.html)"
74.7.227.151 - - [16/Apr/2026:15:36:08 +0000] "GET /shop/pg/1843587 HTTP/1.1" 301 839 "https://www.elementalmill.com/?shopping/products/16211843587" "Mozilla/5.0 AppleWebKit/537.36 (KHTML, like Gecko; compatible; GPTBot/1.3; +https://openai.com/gptbot)"
66.249.64.39 - - [16/Apr/2026:15:36:12 +0000] "GET /usf/ HTTP/1.1" 200 28363 "-" "Mozilla/5.0 (Linux; Android 6.0.1; Nexus 5X Build/MMB29P) AppleWebKit/537.36 (KHTML, like Gecko) Chrome/146.0.7680.177 Mobile Safari/537.36 (compatible; Googlebot/2.1; +http://www.google.com/bot.html)"
74.7.242.33 - - [16/Apr/2026:15:36:11 +0000] "GET /shop/pg/1612943 HTTP/1.1" 404 13197 "https://www.elementalmill.com.lab2454.com/shop/pg/16201396475" "Mozilla/5.0 AppleWebKit/537.36 (KHTML, like Gecko; compatible; GPTBot/1.3; +https://openai.com/gptbot)"
74.7.242.33 - - [16/Apr/2026:15:36:20 +0000] "GET /shop/pg/1375460 HTTP/1.1" 404 13197 "https://www.elementalmill.com.lab2454.com/shop/pg/1374295" "Mozilla/5.0 AppleWebKit/537.36 (KHTML, like Gecko; compatible; GPTBot/1.3; +https://openai.com/gptbot)"
74.7.227.47 - - [16/Apr/2026:15:36:28 +0000] "GET /shop/pg/1619974500 HTTP/1.1" 404 13178 "https://www.elementalmill.com" "Mozilla/5.0 AppleWebKit/537.36 (KHTML, like Gecko; compatible; GPTBot/1.3; +https://openai.com/gptbot)"
74.7.227.151 - - [16/Apr/2026:15:36:31 +0000] "GET /shop/pg/2338102 HTTP/1.1" 301 839 "https://www.elementalmill.com/?shopping/products/16222338102" "Mozilla/5.0 AppleWebKit/537.36 (KHTML, like Gecko; compatible; GPTBot/1.3; +https://openai.com/gptbot)"
74.7.242.33 - - [16/Apr/2026:15:36:40 +0000] "GET /shop/pg/1279919 HTTP/1.1" 404 13197 "https://www.elementalmill.com.lab2454.com/shop/pg/16211655021" "Mozilla/5.0 AppleWebKit/537.36 (KHTML, like Gecko; compatible; GPTBot/1.3; +https://openai.com/gptbot)"
74.7.243.209 - - [16/Apr/2026:15:36:47 +0000] "GET /shopping/products/16201275501 HTTP/1.1" 404 13197 "https://elementalmill.com.lab2454.com/shopping/products/16201097250" "Mozilla/5.0 AppleWebKit/537.36 (KHTML, like Gecko; compatible; GPTBot/1.3; +https://openai.com/gptbot)"
74.7.242.33 - - [16/Apr/2026:15:36:49 +0000] "GET /shop/pg/1180010 HTTP/1.1" 404 13197 "https://www.elementalmill.com.lab2454.com/shop/pg/1178839" "Mozilla/5.0 AppleWebKit/537.36 (KHTML, like Gecko; compatible; GPTBot/1.3; +https://openai.com/gptbot)"
74.7.227.151 - - [16/Apr/2026:15:36:51 +0000] "GET /shop/pg/1394108 HTTP/1.1" 301 839 "https://www.elementalmill.com/?shopping/products/16201394108" "Mozilla/5.0 AppleWebKit/537.36 (KHTML, like Gecko; compatible; GPTBot/1.3; +https://openai.com/gptbot)"
66.249.64.39 - - [16/Apr/2026:15:36:54 +0000] "GET /?shop/89006277646.html HTTP/1.1" 200 27424 "-" "Mozilla/5.0 (Linux; Android 6.0.1; Nexus 5X Build/MMB29P) AppleWebKit/537.36 (KHTML, like Gecko) Chrome/146.0.7680.177 Mobile Safari/537.36 (compatible; Googlebot/2.1; +http://www.google.com/bot.html)"
66.249.64.40 - - [16/Apr/2026:15:36:57 +0000] "GET /?shop/891614158728.html HTTP/1.1" 200 27982 "-" "Mozilla/5.0 (Linux; Android 6.0.1; Nexus 5X Build/MMB29P) AppleWebKit/537.36 (KHTML, like Gecko) Chrome/146.0.7680.177 Mobile Safari/537.36 (compatible; Googlebot/2.1; +http://www.google.com/bot.html)"
66.249.64.39 - - [16/Apr/2026:15:36:59 +0000] "GET /jadma HTTP/1.1" 200 26941 "-" "Mozilla/5.0 (Linux; Android 6.0.1; Nexus 5X Build/MMB29P) AppleWebKit/537.36 (KHTML, like Gecko) Chrome/146.0.7680.177 Mobile Safari/537.36 (compatible; Googlebot/2.1; +http://www.google.com/bot.html)"
74.7.242.33 - - [16/Apr/2026:15:36:58 +0000] "GET /shop/pg/1372629 HTTP/1.1" 404 13197 "https://www.elementalmill.com.lab2454.com/shop/pg/16201156168" "Mozilla/5.0 AppleWebKit/537.36 (KHTML, like Gecko; compatible; GPTBot/1.3; +https://openai.com/gptbot)"
74.7.227.47 - - [16/Apr/2026:15:36:58 +0000] "GET /shop/pg/1878123 HTTP/1.1" 404 13197 "https://mail.elementalmill.com/?shopping/products/16211878123" "Mozilla/5.0 AppleWebKit/537.36 (KHTML, like Gecko; compatible; GPTBot/1.3; +https://openai.com/gptbot)"
139.162.194.112 - - [16/Apr/2026:15:37:00 +0000] "POST /wp-cron.php?doing_wp_cron=1776353820.3634850978851318359375 HTTP/1.1" 404 13168 "-" "WordPress/6.9.1; https://elementalmill.com"
139.162.194.112 - - [16/Apr/2026:15:37:01 +0000] "POST /wp-cron.php?doing_wp_cron=1776353821.1558530330657958984375 HTTP/1.1" 404 13178 "-" "WordPress/6.9.1; https://elementalmill.com"
74.7.242.33 - - [16/Apr/2026:15:37:07 +0000] "GET /shop/pg/1347309 HTTP/1.1" 404 13197 "https://www.elementalmill.com.lab2454.com/shop/pg/16211722412" "Mozilla/5.0 AppleWebKit/537.36 (KHTML, like Gecko; compatible; GPTBot/1.3; +https://openai.com/gptbot)"
66.249.64.39 - - [16/Apr/2026:15:37:14 +0000] "GET /?shop/89069317783.html HTTP/1.1" 200 27115 "-" "Mozilla/5.0 (Linux; Android 6.0.1; Nexus 5X Build/MMB29P) AppleWebKit/537.36 (KHTML, like Gecko) Chrome/146.0.7680.177 Mobile Safari/537.36 (compatible; Googlebot/2.1; +http://www.google.com/bot.html)"
74.7.242.33 - - [16/Apr/2026:15:37:16 +0000] "GET /shop/pg/1529218 HTTP/1.1" 404 13197 "https://www.elementalmill.com.lab2454.com/shop/pg/16201312758" "Mozilla/5.0 AppleWebKit/537.36 (KHTML, like Gecko; compatible; GPTBot/1.3; +https://openai.com/gptbot)"
74.7.227.47 - - [16/Apr/2026:15:37:17 +0000] "GET /shop/pg/2361857 HTTP/1.1" 404 13197 "https://mail.elementalmill.com/shopping/products/16222361857" "Mozilla/5.0 AppleWebKit/537.36 (KHTML, like Gecko; compatible; GPTBot/1.3; +https://openai.com/gptbot)"
74.7.243.209 - - [16/Apr/2026:15:37:19 +0000] "GET /shopping/products/16201194409 HTTP/1.1" 404 13197 "https://elementalmill.com.lab2454.com/shopping/products/16201195549" "Mozilla/5.0 AppleWebKit/537.36 (KHTML, like Gecko; compatible; GPTBot/1.3; +https://openai.com/gptbot)"
74.7.227.47 - - [16/Apr/2026:15:37:22 +0000] "GET /shop/pg/1618427293 HTTP/1.1" 404 13178 "https://elementalmill.com/index.php?shopping/products/1618422163" "Mozilla/5.0 AppleWebKit/537.36 (KHTML, like Gecko; compatible; GPTBot/1.3; +https://openai.com/gptbot)"
74.7.242.33 - - [16/Apr/2026:15:37:26 +0000] "GET /shop/pg/1378450 HTTP/1.1" 404 13197 "https://www.elementalmill.com.lab2454.com/shop/pg/16201161990" "Mozilla/5.0 AppleWebKit/537.36 (KHTML, like Gecko; compatible; GPTBot/1.3; +https://openai.com/gptbot)"
74.7.242.33 - - [16/Apr/2026:15:37:37 +0000] "GET /shop/pg/1657265 HTTP/1.1" 404 13197 "https://www.elementalmill.com.lab2454.com/shop/pg/1656106" "Mozilla/5.0 AppleWebKit/537.36 (KHTML, like Gecko; compatible; GPTBot/1.3; +https://openai.com/gptbot)"
66.249.64.39 - - [16/Apr/2026:15:37:40 +0000] "GET /shop/customer/bookmark.php?shop/891413283383.html HTTP/1.1" 200 27539 "-" "Mozilla/5.0 (Linux; Android 6.0.1; Nexus 5X Build/MMB29P) AppleWebKit/537.36 (KHTML, like Gecko) Chrome/146.0.7680.177 Mobile Safari/537.36 (compatible; Googlebot/2.1; +http://www.google.com/bot.html)"
74.7.242.33 - - [16/Apr/2026:15:37:46 +0000] "GET /shop/pg/1305545 HTTP/1.1" 404 13197 "https://www.elementalmill.com.lab2454.com/shop/pg/16211680641" "Mozilla/5.0 AppleWebKit/537.36 (KHTML, like Gecko; compatible; GPTBot/1.3; +https://openai.com/gptbot)"
74.7.243.209 - - [16/Apr/2026:15:37:54 +0000] "GET /shopping/products/16201399189 HTTP/1.1" 404 13197 "https://elementalmill.com.lab2454.com/shopping/products/16201416407" "Mozilla/5.0 AppleWebKit/537.36 (KHTML, like Gecko; compatible; GPTBot/1.3; +https://openai.com/gptbot)"
74.7.242.33 - - [16/Apr/2026:15:37:57 +0000] "GET /shop/pg/1705144 HTTP/1.1" 404 13197 "https://www.elementalmill.com.lab2454.com/shop/pg/1703981" "Mozilla/5.0 AppleWebKit/537.36 (KHTML, like Gecko; compatible; GPTBot/1.3; +https://openai.com/gptbot)"
5.255.231.179 - - [16/Apr/2026:15:37:58 +0000] "GET /robots.txt HTTP/1.1" 200 2045 "-" "Mozilla/5.0 (compatible; YandexBot/3.0; +http://yandex.com/bots)"
95.108.213.250 - - [16/Apr/2026:15:38:03 +0000] "GET /shopping/products/161845978 HTTP/1.1" 404 13178 "-" "Mozilla/5.0 (compatible; YandexBot/3.0; +http://yandex.com/bots)"
74.7.242.33 - - [16/Apr/2026:15:38:04 +0000] "GET /shop/pg/1431262 HTTP/1.1" 404 13197 "https://www.elementalmill.com.lab2454.com/shop/customer/bookmark.php?shopping/products/16201431262" "Mozilla/5.0 AppleWebKit/537.36 (KHTML, like Gecko; compatible; GPTBot/1.3; +https://openai.com/gptbot)"
139.162.194.112 - - [16/Apr/2026:15:38:06 +0000] "POST /wp-cron.php?doing_wp_cron=1776353886.4093461036682128906250 HTTP/1.1" 404 13168 "-" "WordPress/6.9.1; https://elementalmill.com"
74.7.227.47 - - [16/Apr/2026:15:38:09 +0000] "GET /shop/pg/1416280 HTTP/1.1" 404 13197 "https://mail.elementalmill.com/?shopping/products/16201416280" "Mozilla/5.0 AppleWebKit/537.36 (KHTML, like Gecko; compatible; GPTBot/1.3; +https://openai.com/gptbot)"
74.7.242.33 - - [16/Apr/2026:15:38:13 +0000] "GET /shop/pg/1252838 HTTP/1.1" 404 13197 "https://www.elementalmill.com.lab2454.com/shop/pg/16201036382" "Mozilla/5.0 AppleWebKit/537.36 (KHTML, like Gecko; compatible; GPTBot/1.3; +https://openai.com/gptbot)"
74.7.227.47 - - [16/Apr/2026:15:38:14 +0000] "GET /shop/pg/1618425927 HTTP/1.1" 404 13178 "https://www.elementalmill.com" "Mozilla/5.0 AppleWebKit/537.36 (KHTML, like Gecko; compatible; GPTBot/1.3; +https://openai.com/gptbot)"
66.249.64.39 - - [16/Apr/2026:15:38:23 +0000] "GET /shop/customer/bookmark.php?shop/891413338511.html HTTP/1.1" 200 27222 "-" "Mozilla/5.0 (Linux; Android 6.0.1; Nexus 5X Build/MMB29P) AppleWebKit/537.36 (KHTML, like Gecko) Chrome/146.0.7680.177 Mobile Safari/537.36 (compatible; Googlebot/2.1; +http://www.google.com/bot.html)"
74.7.243.209 - - [16/Apr/2026:15:38:22 +0000] "GET /shopping/products/16211903266 HTTP/1.1" 404 13197 "https://elementalmill.com.lab2454.com/shopping/products/16211958768" "Mozilla/5.0 AppleWebKit/537.36 (KHTML, like Gecko; compatible; GPTBot/1.3; +https://openai.com/gptbot)"
74.7.242.33 - - [16/Apr/2026:15:38:23 +0000] "GET /shop/pg/1157598 HTTP/1.1" 404 13197 "https://www.elementalmill.com.lab2454.com/shop/pg/16211532692" "Mozilla/5.0 AppleWebKit/537.36 (KHTML, like Gecko; compatible; GPTBot/1.3; +https://openai.com/gptbot)"
74.7.242.33 - - [16/Apr/2026:15:38:33 +0000] "GET /shop/pg/1537256 HTTP/1.1" 404 13197 "https://www.elementalmill.com.lab2454.com/shop/pg/1536103" "Mozilla/5.0 AppleWebKit/537.36 (KHTML, like Gecko; compatible; GPTBot/1.3; +https://openai.com/gptbot)"
74.7.227.151 - - [16/Apr/2026:15:38:37 +0000] "GET /shop/pg/1211096 HTTP/1.1" 301 839 "https://www.elementalmill.com/shop/customer/bookmark.php?shopping/products/16201211096" "Mozilla/5.0 AppleWebKit/537.36 (KHTML, like Gecko; compatible; GPTBot/1.3; +https://openai.com/gptbot)"
74.7.227.47 - - [16/Apr/2026:15:38:44 +0000] "GET /shop/pg/1618247697 HTTP/1.1" 404 13178 "https://elementalmill.com/shop/customer/bookmark.php?shopping/products/1618240831" "Mozilla/5.0 AppleWebKit/537.36 (KHTML, like Gecko; compatible; GPTBot/1.3; +https://openai.com/gptbot)"
74.7.242.33 - - [16/Apr/2026:15:38:43 +0000] "GET /shop/pg/1300889 HTTP/1.1" 404 13197 "https://www.elementalmill.com.lab2454.com/shop/pg/16211675973" "Mozilla/5.0 AppleWebKit/537.36 (KHTML, like Gecko; compatible; GPTBot/1.3; +https://openai.com/gptbot)"
74.7.242.33 - - [16/Apr/2026:15:38:52 +0000] "GET /shop/pg/1701416 HTTP/1.1" 404 13197 "https://www.elementalmill.com.lab2454.com/shop/pg/16201484951" "Mozilla/5.0 AppleWebKit/537.36 (KHTML, like Gecko; compatible; GPTBot/1.3; +https://openai.com/gptbot)"
74.7.243.209 - - [16/Apr/2026:15:38:54 +0000] "GET /shopping/products/16211550851 HTTP/1.1" 404 13197 "https://elementalmill.com.lab2454.com/shopping/products/16201419904" "Mozilla/5.0 AppleWebKit/537.36 (KHTML, like Gecko; compatible; GPTBot/1.3; +https://openai.com/gptbot)"
74.7.227.151 - - [16/Apr/2026:15:38:56 +0000] "GET /shop/pg/1350277 HTTP/1.1" 301 839 "https://www.elementalmill.com/shopping/products/16201350277" "Mozilla/5.0 AppleWebKit/537.36 (KHTML, like Gecko; compatible; GPTBot/1.3; +https://openai.com/gptbot)"
74.7.242.33 - - [16/Apr/2026:15:39:01 +0000] "GET /shop/pg/1131008 HTTP/1.1" 404 13197 "https://www.elementalmill.com.lab2454.com/shop/pg/16211506113" "Mozilla/5.0 AppleWebKit/537.36 (KHTML, like Gecko; compatible; GPTBot/1.3; +https://openai.com/gptbot)"
66.249.64.40 - - [16/Apr/2026:15:39:08 +0000] "GET /shop/customer/bookmark.php?shop/89048234999.html HTTP/1.1" 200 27571 "-" "Mozilla/5.0 (Linux; Android 6.0.1; Nexus 5X Build/MMB29P) AppleWebKit/537.36 (KHTML, like Gecko) Chrome/146.0.7680.177 Mobile Safari/537.36 (compatible; Googlebot/2.1; +http://www.google.com/bot.html)"
74.7.242.33 - - [16/Apr/2026:15:39:10 +0000] "GET /shop/pg/1590722 HTTP/1.1" 404 13197 "https://www.elementalmill.com.lab2454.com/shop/pg/1589548" "Mozilla/5.0 AppleWebKit/537.36 (KHTML, like Gecko; compatible; GPTBot/1.3; +https://openai.com/gptbot)"
74.7.227.151 - - [16/Apr/2026:15:39:17 +0000] "GET /shop/pg/1979342 HTTP/1.1" 301 839 "https://www.elementalmill.com/?shopping/products/16211979342" "Mozilla/5.0 AppleWebKit/537.36 (KHTML, like Gecko; compatible; GPTBot/1.3; +https://openai.com/gptbot)"
74.7.242.33 - - [16/Apr/2026:15:39:20 +0000] "GET /shop/pg/1255916 HTTP/1.1" 404 13197 "https://www.elementalmill.com.lab2454.com/shop/pg/16211631018" "Mozilla/5.0 AppleWebKit/537.36 (KHTML, like Gecko; compatible; GPTBot/1.3; +https://openai.com/gptbot)"
74.7.243.209 - - [16/Apr/2026:15:39:24 +0000] "GET /shopping/products/16232546649 HTTP/1.1" 404 13197 "https://elementalmill.com.lab2454.com/shopping/products/16232535981" "Mozilla/5.0 AppleWebKit/537.36 (KHTML, like Gecko; compatible; GPTBot/1.3; +https://openai.com/gptbot)"
74.7.227.47 - - [16/Apr/2026:15:39:29 +0000] "GET /shop/pg/1784678 HTTP/1.1" 404 13197 "https://mail.elementalmill.com/?shopping/products/16211784678" "Mozilla/5.0 AppleWebKit/537.36 (KHTML, like Gecko; compatible; GPTBot/1.3; +https://openai.com/gptbot)"
74.7.242.33 - - [16/Apr/2026:15:39:29 +0000] "GET /shop/pg/1338735 HTTP/1.1" 404 13197 "https://www.elementalmill.com.lab2454.com/shop/pg/16211713832" "Mozilla/5.0 AppleWebKit/537.36 (KHTML, like Gecko; compatible; GPTBot/1.3; +https://openai.com/gptbot)"
74.7.227.47 - - [16/Apr/2026:15:39:34 +0000] "GET /shop/pg/1618345603 HTTP/1.1" 404 13178 "https://www.elementalmill.com" "Mozilla/5.0 AppleWebKit/537.36 (KHTML, like Gecko; compatible; GPTBot/1.3; +https://openai.com/gptbot)"
74.7.227.151 - - [16/Apr/2026:15:39:39 +0000] "GET /shop/pg/1508685 HTTP/1.1" 301 839 "https://www.elementalmill.com/shopping/products/16211508685" "Mozilla/5.0 AppleWebKit/537.36 (KHTML, like Gecko; compatible; GPTBot/1.3; +https://openai.com/gptbot)"
74.7.242.33 - - [16/Apr/2026:15:39:40 +0000] "GET /shop/pg/1163958 HTTP/1.1" 404 13197 "https://www.elementalmill.com.lab2454.com/shop/pg/16211539049" "Mozilla/5.0 AppleWebKit/537.36 (KHTML, like Gecko; compatible; GPTBot/1.3; +https://openai.com/gptbot)"
74.7.227.47 - - [16/Apr/2026:15:39:43 +0000] "GET /shop/pg/1956321 HTTP/1.1" 404 13197 "https://mail.elementalmill.com/?shopping/products/16211956321" "Mozilla/5.0 AppleWebKit/537.36 (KHTML, like Gecko; compatible; GPTBot/1.3; +https://openai.com/gptbot)"
74.7.242.33 - - [16/Apr/2026:15:39:48 +0000] "GET /shop/pg/1271720 HTTP/1.1" 404 13197 "https://www.elementalmill.com.lab2454.com/shop/pg/16211646813" "Mozilla/5.0 AppleWebKit/537.36 (KHTML, like Gecko; compatible; GPTBot/1.3; +https://openai.com/gptbot)"
66.249.64.40 - - [16/Apr/2026:15:39:52 +0000] "GET /shop/customer/bookmark.php?shop/891413269601.html HTTP/1.1" 200 28359 "-" "Mozilla/5.0 (Linux; Android 6.0.1; Nexus 5X Build/MMB29P) AppleWebKit/537.36 (KHTML, like Gecko) Chrome/146.0.7680.177 Mobile Safari/537.36 (compatible; Googlebot/2.1; +http://www.google.com/bot.html)"
74.7.242.33 - - [16/Apr/2026:15:39:57 +0000] "GET /shop/pg/1644135 HTTP/1.1" 404 13197 "https://www.elementalmill.com.lab2454.com/shop/pg/1642971" "Mozilla/5.0 AppleWebKit/537.36 (KHTML, like Gecko; compatible; GPTBot/1.3; +https://openai.com/gptbot)"
74.7.227.47 - - [16/Apr/2026:15:40:01 +0000] "GET /shop/pg/1618497521 HTTP/1.1" 404 13178 "https://elementalmill.com/shop/customer/bookmark.php?shopping/products/1618490645" "Mozilla/5.0 AppleWebKit/537.36 (KHTML, like Gecko; compatible; GPTBot/1.3; +https://openai.com/gptbot)"
74.7.227.47 - - [16/Apr/2026:15:40:03 +0000] "GET /shop/pg/1209077 HTTP/1.1" 404 13197 "https://mail.elementalmill.com/?shopping/products/16201209077" "Mozilla/5.0 AppleWebKit/537.36 (KHTML, like Gecko; compatible; GPTBot/1.3; +https://openai.com/gptbot)"
74.7.242.33 - - [16/Apr/2026:15:40:06 +0000] "GET /shop/pg/2211387 HTTP/1.1" 404 13197 "https://www.elementalmill.com.lab2454.com/shop/customer/bookmark.php?shopping/products/16222211387" "Mozilla/5.0 AppleWebKit/537.36 (KHTML, like Gecko; compatible; GPTBot/1.3; +https://openai.com/gptbot)"
139.162.194.112 - - [16/Apr/2026:15:40:09 +0000] "POST /wp-cron.php?doing_wp_cron=1776354009.0346651077270507812500 HTTP/1.1" 404 13168 "-" "WordPress/6.9.1; https://elementalmill.com"
74.7.242.33 - - [16/Apr/2026:15:40:16 +0000] "GET /shop/pg/1235766 HTTP/1.1" 404 13197 "https://www.elementalmill.com.lab2454.com/shop/pg/16211610863" "Mozilla/5.0 AppleWebKit/537.36 (KHTML, like Gecko; compatible; GPTBot/1.3; +https://openai.com/gptbot)"
74.7.227.47 - - [16/Apr/2026:15:40:21 +0000] "GET /shop/pg/1728619 HTTP/1.1" 404 13197 "https://mail.elementalmill.com/?shopping/products/16211728619" "Mozilla/5.0 AppleWebKit/537.36 (KHTML, like Gecko; compatible; GPTBot/1.3; +https://openai.com/gptbot)"
173.239.214.16 - - [16/Apr/2026:15:40:24 +0000] "POST /wp-login.php HTTP/1.1" 200 10781 "-" "Mozilla/5.0"
74.7.242.33 - - [16/Apr/2026:15:40:26 +0000] "GET /shop/pg/1426851 HTTP/1.1" 404 13197 "https://www.elementalmill.com.lab2454.com/shop/pg/16201210405" "Mozilla/5.0 AppleWebKit/537.36 (KHTML, like Gecko; compatible; GPTBot/1.3; +https://openai.com/gptbot)"
74.7.227.47 - - [16/Apr/2026:15:40:27 +0000] "GET /shop/pg/1603095 HTTP/1.1" 404 13197 "https://mail.elementalmill.com/?shopping/products/16211603095" "Mozilla/5.0 AppleWebKit/537.36 (KHTML, like Gecko; compatible; GPTBot/1.3; +https://openai.com/gptbot)"
66.249.64.39 - - [16/Apr/2026:15:40:31 +0000] "GET /?shop/891513657226.html HTTP/1.1" 200 27943 "-" "Mozilla/5.0 (Linux; Android 6.0.1; Nexus 5X Build/MMB29P) AppleWebKit/537.36 (KHTML, like Gecko) Chrome/146.0.7680.177 Mobile Safari/537.36 (compatible; Googlebot/2.1; +http://www.google.com/bot.html)"
74.7.243.209 - - [16/Apr/2026:15:40:30 +0000] "GET /shopping/products/16211639981 HTTP/1.1" 404 13197 "https://elementalmill.com.lab2454.com/shopping/products/16201046368" "Mozilla/5.0 AppleWebKit/537.36 (KHTML, like Gecko; compatible; GPTBot/1.3; +https://openai.com/gptbot)"
66.249.64.40 - - [16/Apr/2026:15:40:36 +0000] "GET /shop/customer/bookmark.php?shop/89048236745.html HTTP/1.1" 200 27613 "-" "Mozilla/5.0 (Linux; Android 6.0.1; Nexus 5X Build/MMB29P) AppleWebKit/537.36 (KHTML, like Gecko) Chrome/146.0.7680.177 Mobile Safari/537.36 (compatible; Googlebot/2.1; +http://www.google.com/bot.html)"
74.7.242.33 - - [16/Apr/2026:15:40:35 +0000] "GET /shop/pg/1479613 HTTP/1.1" 404 13197 "https://www.elementalmill.com.lab2454.com/shop/pg/16201263156" "Mozilla/5.0 AppleWebKit/537.36 (KHTML, like Gecko; compatible; GPTBot/1.3; +https://openai.com/gptbot)"
74.7.227.151 - - [16/Apr/2026:15:40:42 +0000] "GET /shop/pg/1139009 HTTP/1.1" 301 839 "https://www.elementalmill.com/shopping/products/16201139009" "Mozilla/5.0 AppleWebKit/537.36 (KHTML, like Gecko; compatible; GPTBot/1.3; +https://openai.com/gptbot)"
74.7.242.33 - - [16/Apr/2026:15:40:45 +0000] "GET /shop/pg/1712084 HTTP/1.1" 404 13197 "https://www.elementalmill.com.lab2454.com/shop/pg/16201495622" "Mozilla/5.0 AppleWebKit/537.36 (KHTML, like Gecko; compatible; GPTBot/1.3; +https://openai.com/gptbot)"
74.7.227.47 - - [16/Apr/2026:15:40:52 +0000] "GET /shop/pg/1619807683 HTTP/1.1" 404 13178 "https://elementalmill.com/index.php?shopping/products/1619802550" "Mozilla/5.0 AppleWebKit/537.36 (KHTML, like Gecko; compatible; GPTBot/1.3; +https://openai.com/gptbot)"
74.7.242.33 - - [16/Apr/2026:15:40:54 +0000] "GET /shop/pg/1583225 HTTP/1.1" 404 13197 "https://www.elementalmill.com.lab2454.com/shop/pg/16201366757" "Mozilla/5.0 AppleWebKit/537.36 (KHTML, like Gecko; compatible; GPTBot/1.3; +https://openai.com/gptbot)"
74.7.243.209 - - [16/Apr/2026:15:41:00 +0000] "GET /shopping/products/16211748733 HTTP/1.1" 404 13197 "https://elementalmill.com.lab2454.com/shopping/products/16211983872" "Mozilla/5.0 AppleWebKit/537.36 (KHTML, like Gecko; compatible; GPTBot/1.3; +https://openai.com/gptbot)"
74.7.227.151 - - [16/Apr/2026:15:41:03 +0000] "GET /shop/pg/2298506 HTTP/1.1" 301 839 "https://www.elementalmill.com/?shopping/products/16222298506" "Mozilla/5.0 AppleWebKit/537.36 (KHTML, like Gecko; compatible; GPTBot/1.3; +https://openai.com/gptbot)"
74.7.242.33 - - [16/Apr/2026:15:41:04 +0000] "GET /shop/pg/1979973 HTTP/1.1" 404 13197 "https://www.elementalmill.com.lab2454.com/?shopping/products/16211979973" "Mozilla/5.0 AppleWebKit/537.36 (KHTML, like Gecko; compatible; GPTBot/1.3; +https://openai.com/gptbot)"
74.7.242.33 - - [16/Apr/2026:15:41:13 +0000] "GET /shop/pg/1605052 HTTP/1.1" 404 13197 "https://www.elementalmill.com.lab2454.com/shop/customer/bookmark.php?shopping/products/16211605052" "Mozilla/5.0 AppleWebKit/537.36 (KHTML, like Gecko; compatible; GPTBot/1.3; +https://openai.com/gptbot)"
66.249.64.39 - - [16/Apr/2026:15:41:19 +0000] "GET /shop/customer/bookmark.php?shop/891413310947.html HTTP/1.1" 200 28382 "-" "Mozilla/5.0 (Linux; Android 6.0.1; Nexus 5X Build/MMB29P) AppleWebKit/537.36 (KHTML, like Gecko) Chrome/146.0.7680.177 Mobile Safari/537.36 (compatible; Googlebot/2.1; +http://www.google.com/bot.html)"
74.7.242.33 - - [16/Apr/2026:15:41:23 +0000] "GET /shop/pg/1454199 HTTP/1.1" 404 13197 "https://www.elementalmill.com.lab2454.com/shop/customer/bookmark.php?shopping/products/16201454199" "Mozilla/5.0 AppleWebKit/537.36 (KHTML, like Gecko; compatible; GPTBot/1.3; +https://openai.com/gptbot)"
74.7.227.151 - - [16/Apr/2026:15:41:25 +0000] "GET /shop/pg/1561090 HTTP/1.1" 301 839 "https://www.elementalmill.com/shop/customer/bookmark.php?shopping/products/16211561090" "Mozilla/5.0 AppleWebKit/537.36 (KHTML, like Gecko; compatible; GPTBot/1.3; +https://openai.com/gptbot)"
74.7.227.47 - - [16/Apr/2026:15:41:29 +0000] "GET /shop/pg/2150724 HTTP/1.1" 404 13197 "https://mail.elementalmill.com/shopping/products/16222150724" "Mozilla/5.0 AppleWebKit/537.36 (KHTML, like Gecko; compatible; GPTBot/1.3; +https://openai.com/gptbot)"
74.7.242.33 - - [16/Apr/2026:15:41:34 +0000] "GET /shop/pg/1193866 HTTP/1.1" 404 13197 "https://www.elementalmill.com.lab2454.com/shop/pg/1192706" "Mozilla/5.0 AppleWebKit/537.36 (KHTML, like Gecko; compatible; GPTBot/1.3; +https://openai.com/gptbot)"
74.7.243.209 - - [16/Apr/2026:15:41:34 +0000] "GET /shopping/products/16201036832 HTTP/1.1" 404 13197 "https://elementalmill.com.lab2454.com/shopping/products/16211834591" "Mozilla/5.0 AppleWebKit/537.36 (KHTML, like Gecko; compatible; GPTBot/1.3; +https://openai.com/gptbot)"
74.7.242.33 - - [16/Apr/2026:15:41:44 +0000] "GET /shop/pg/1272213 HTTP/1.1" 404 13197 "https://www.elementalmill.com.lab2454.com/shop/pg/16211647307" "Mozilla/5.0 AppleWebKit/537.36 (KHTML, like Gecko; compatible; GPTBot/1.3; +https://openai.com/gptbot)"
74.7.227.151 - - [16/Apr/2026:15:41:48 +0000] "GET /shop/pg/2391772 HTTP/1.1" 301 839 "https://www.elementalmill.com/shopping/products/16222391772" "Mozilla/5.0 AppleWebKit/537.36 (KHTML, like Gecko; compatible; GPTBot/1.3; +https://openai.com/gptbot)"
66.249.64.41 - - [16/Apr/2026:15:42:04 +0000] "GET /shop/customer/bookmark.php?shop/8888293918.html HTTP/1.1" 200 27689 "-" "Mozilla/5.0 (Linux; Android 6.0.1; Nexus 5X Build/MMB29P) AppleWebKit/537.36 (KHTML, like Gecko) Chrome/146.0.7680.177 Mobile Safari/537.36 (compatible; Googlebot/2.1; +http://www.google.com/bot.html)"
74.7.242.33 - - [16/Apr/2026:15:42:02 +0000] "GET /shop/pg/1602837 HTTP/1.1" 404 13197 "https://www.elementalmill.com.lab2454.com/shop/pg/16211977922" "Mozilla/5.0 AppleWebKit/537.36 (KHTML, like Gecko; compatible; GPTBot/1.3; +https://openai.com/gptbot)"
74.7.243.209 - - [16/Apr/2026:15:42:05 +0000] "GET /shopping/products/16211698486 HTTP/1.1" 404 13197 "https://elementalmill.com.lab2454.com/shopping/products/16211706996" "Mozilla/5.0 AppleWebKit/537.36 (KHTML, like Gecko; compatible; GPTBot/1.3; +https://openai.com/gptbot)"
74.7.227.47 - - [16/Apr/2026:15:42:11 +0000] "GET /shop/pg/1619854323 HTTP/1.1" 404 13178 "https://www.elementalmill.com" "Mozilla/5.0 AppleWebKit/537.36 (KHTML, like Gecko; compatible; GPTBot/1.3; +https://openai.com/gptbot)"
74.7.242.33 - - [16/Apr/2026:15:42:12 +0000] "GET /shop/pg/1143775 HTTP/1.1" 404 13197 "https://www.elementalmill.com.lab2454.com/shop/pg/1142618" "Mozilla/5.0 AppleWebKit/537.36 (KHTML, like Gecko; compatible; GPTBot/1.3; +https://openai.com/gptbot)"
139.162.194.112 - - [16/Apr/2026:15:42:14 +0000] "POST /wp-cron.php?doing_wp_cron=1776354134.1686680316925048828125 HTTP/1.1" 404 13178 "-" "WordPress/6.9.1; https://elementalmill.com"
139.162.194.112 - - [16/Apr/2026:15:42:15 +0000] "POST /wp-cron.php?doing_wp_cron=1776354135.2864110469818115234375 HTTP/1.1" 404 13168 "-" "WordPress/6.9.1; https://elementalmill.com"
74.7.242.33 - - [16/Apr/2026:15:42:21 +0000] "GET /shop/pg/1299403 HTTP/1.1" 404 13197 "https://www.elementalmill.com.lab2454.com/shop/pg/16211674501" "Mozilla/5.0 AppleWebKit/537.36 (KHTML, like Gecko; compatible; GPTBot/1.3; +https://openai.com/gptbot)"
74.7.243.209 - - [16/Apr/2026:15:42:36 +0000] "GET /shopping/products/16201257546 HTTP/1.1" 404 13197 "https://elementalmill.com.lab2454.com/shopping/products/16201385815" "Mozilla/5.0 AppleWebKit/537.36 (KHTML, like Gecko; compatible; GPTBot/1.3; +https://openai.com/gptbot)"
74.7.242.33 - - [16/Apr/2026:15:42:41 +0000] "GET /shop/pg/1505123 HTTP/1.1" 404 13197 "https://www.elementalmill.com.lab2454.com/shopping/products/16211505123" "Mozilla/5.0 AppleWebKit/537.36 (KHTML, like Gecko; compatible; GPTBot/1.3; +https://openai.com/gptbot)"
66.249.64.40 - - [16/Apr/2026:15:42:47 +0000] "GET /shop/customer/bookmark.php?shop/89048226269.html HTTP/1.1" 200 28439 "-" "Mozilla/5.0 (Linux; Android 6.0.1; Nexus 5X Build/MMB29P) AppleWebKit/537.36 (KHTML, like Gecko) Chrome/146.0.7680.177 Mobile Safari/537.36 (compatible; Googlebot/2.1; +http://www.google.com/bot.html)"
74.7.227.151 - - [16/Apr/2026:15:42:46 +0000] "GET /shop/pg/1766569 HTTP/1.1" 301 839 "https://www.elementalmill.com/?shopping/products/16211766569" "Mozilla/5.0 AppleWebKit/537.36 (KHTML, like Gecko; compatible; GPTBot/1.3; +https://openai.com/gptbot)"
74.7.242.33 - - [16/Apr/2026:15:42:50 +0000] "GET /shop/pg/1529373 HTTP/1.1" 404 13197 "https://www.elementalmill.com.lab2454.com/shop/pg/16201312921" "Mozilla/5.0 AppleWebKit/537.36 (KHTML, like Gecko; compatible; GPTBot/1.3; +https://openai.com/gptbot)"
74.7.242.33 - - [16/Apr/2026:15:42:59 +0000] "GET /shop/pg/1632421 HTTP/1.1" 404 13197 "https://www.elementalmill.com.lab2454.com/shop/pg/16201415961" "Mozilla/5.0 AppleWebKit/537.36 (KHTML, like Gecko; compatible; GPTBot/1.3; +https://openai.com/gptbot)"
74.7.227.47 - - [16/Apr/2026:15:43:06 +0000] "GET /shop/pg/1590129 HTTP/1.1" 404 13197 "https://mail.elementalmill.com/?shopping/products/16211590129" "Mozilla/5.0 AppleWebKit/537.36 (KHTML, like Gecko; compatible; GPTBot/1.3; +https://openai.com/gptbot)"
74.7.243.209 - - [16/Apr/2026:15:43:08 +0000] "GET /shopping/products/16201425696 HTTP/1.1" 404 13197 "https://elementalmill.com.lab2454.com/shopping/products/16201353828" "Mozilla/5.0 AppleWebKit/537.36 (KHTML, like Gecko; compatible; GPTBot/1.3; +https://openai.com/gptbot)"
74.7.227.151 - - [16/Apr/2026:15:43:08 +0000] "GET /shop/pg/1062217 HTTP/1.1" 301 839 "https://www.elementalmill.com/shopping/products/16201062217" "Mozilla/5.0 AppleWebKit/537.36 (KHTML, like Gecko; compatible; GPTBot/1.3; +https://openai.com/gptbot)"
74.7.242.33 - - [16/Apr/2026:15:43:09 +0000] "GET /shop/pg/1386478 HTTP/1.1" 404 13197 "https://www.elementalmill.com.lab2454.com/shop/pg/16201170027" "Mozilla/5.0 AppleWebKit/537.36 (KHTML, like Gecko; compatible; GPTBot/1.3; +https://openai.com/gptbot)"
74.7.242.33 - - [16/Apr/2026:15:43:18 +0000] "GET /shop/pg/1701958 HTTP/1.1" 404 13197 "https://www.elementalmill.com.lab2454.com/shop/pg/1700804" "Mozilla/5.0 AppleWebKit/537.36 (KHTML, like Gecko; compatible; GPTBot/1.3; +https://openai.com/gptbot)"
66.249.64.40 - - [16/Apr/2026:15:43:31 +0000] "GET /shop/customer/bookmark.php?shop/89048224523.html HTTP/1.1" 200 27652 "-" "Mozilla/5.0 (Linux; Android 6.0.1; Nexus 5X Build/MMB29P) AppleWebKit/537.36 (KHTML, like Gecko) Chrome/146.0.7680.177 Mobile Safari/537.36 (compatible; Googlebot/2.1; +http://www.google.com/bot.html)"
74.7.227.47 - - [16/Apr/2026:15:43:30 +0000] "GET /shop/pg/1618230538 HTTP/1.1" 404 13178 "https://www.elementalmill.com" "Mozilla/5.0 AppleWebKit/537.36 (KHTML, like Gecko; compatible; GPTBot/1.3; +https://openai.com/gptbot)"
74.7.227.47 - - [16/Apr/2026:15:43:31 +0000] "GET /shop/pg/1757868 HTTP/1.1" 404 13197 "https://mail.elementalmill.com/?shopping/products/16211757868" "Mozilla/5.0 AppleWebKit/537.36 (KHTML, like Gecko; compatible; GPTBot/1.3; +https://openai.com/gptbot)"
74.7.242.33 - - [16/Apr/2026:15:43:38 +0000] "GET /shop/pg/1553740 HTTP/1.1" 404 13197 "https://www.elementalmill.com.lab2454.com/shop/pg/1552580" "Mozilla/5.0 AppleWebKit/537.36 (KHTML, like Gecko; compatible; GPTBot/1.3; +https://openai.com/gptbot)"
74.7.243.209 - - [16/Apr/2026:15:43:40 +0000] "GET /shopping/products/16201323441 HTTP/1.1" 404 13197 "https://elementalmill.com.lab2454.com/shopping/products/16211725805" "Mozilla/5.0 AppleWebKit/537.36 (KHTML, like Gecko; compatible; GPTBot/1.3; +https://openai.com/gptbot)"
74.7.242.33 - - [16/Apr/2026:15:43:47 +0000] "GET /shop/pg/1710365 HTTP/1.1" 404 13197 "https://www.elementalmill.com.lab2454.com/shop/pg/16201493894" "Mozilla/5.0 AppleWebKit/537.36 (KHTML, like Gecko; compatible; GPTBot/1.3; +https://openai.com/gptbot)"
74.7.227.47 - - [16/Apr/2026:15:43:55 +0000] "GET /shop/pg/1184780 HTTP/1.1" 404 13197 "https://mail.elementalmill.com/?shopping/products/16201184780" "Mozilla/5.0 AppleWebKit/537.36 (KHTML, like Gecko; compatible; GPTBot/1.3; +https://openai.com/gptbot)"
74.7.227.47 - - [16/Apr/2026:15:43:56 +0000] "GET /shop/pg/1618234732 HTTP/1.1" 404 13178 "https://www.elementalmill.com" "Mozilla/5.0 AppleWebKit/537.36 (KHTML, like Gecko; compatible; GPTBot/1.3; +https://openai.com/gptbot)"
74.7.242.33 - - [16/Apr/2026:15:43:57 +0000] "GET /shop/pg/1479062 HTTP/1.1" 404 13197 "https://www.elementalmill.com.lab2454.com/shop/pg/16201262606" "Mozilla/5.0 AppleWebKit/537.36 (KHTML, like Gecko; compatible; GPTBot/1.3; +https://openai.com/gptbot)"
74.7.243.209 - - [16/Apr/2026:15:44:11 +0000] "GET /shopping/products/16211744169 HTTP/1.1" 404 13197 "https://elementalmill.com.lab2454.com/shopping/products/16211766369" "Mozilla/5.0 AppleWebKit/537.36 (KHTML, like Gecko; compatible; GPTBot/1.3; +https://openai.com/gptbot)"
74.7.227.151 - - [16/Apr/2026:15:44:12 +0000] "GET /shop/pg/2010824 HTTP/1.1" 301 839 "https://www.elementalmill.com/shopping/products/16222010824" "Mozilla/5.0 AppleWebKit/537.36 (KHTML, like Gecko; compatible; GPTBot/1.3; +https://openai.com/gptbot)"
66.249.64.39 - - [16/Apr/2026:15:44:16 +0000] "GET /shop/customer/bookmark.php?shop/8888294072.html HTTP/1.1" 200 27621 "-" "Mozilla/5.0 (Linux; Android 6.0.1; Nexus 5X Build/MMB29P) AppleWebKit/537.36 (KHTML, like Gecko) Chrome/146.0.7680.177 Mobile Safari/537.36 (compatible; Googlebot/2.1; +http://www.google.com/bot.html)"
74.7.242.33 - - [16/Apr/2026:15:44:15 +0000] "GET /shop/pg/1585348 HTTP/1.1" 404 13197 "https://www.elementalmill.com.lab2454.com/shop/pg/16201368876" "Mozilla/5.0 AppleWebKit/537.36 (KHTML, like Gecko; compatible; GPTBot/1.3; +https://openai.com/gptbot)"
139.162.194.112 - - [16/Apr/2026:15:44:18 +0000] "POST /wp-cron.php?doing_wp_cron=1776354258.7942929267883300781250 HTTP/1.1" 404 13168 "-" "WordPress/6.9.1; https://elementalmill.com"
74.7.227.47 - - [16/Apr/2026:15:44:22 +0000] "GET /shop/pg/1618254724 HTTP/1.1" 404 13178 "https://www.elementalmill.com" "Mozilla/5.0 AppleWebKit/537.36 (KHTML, like Gecko; compatible; GPTBot/1.3; +https://openai.com/gptbot)"
74.7.242.33 - - [16/Apr/2026:15:44:25 +0000] "GET /shop/pg/1601696 HTTP/1.1" 404 13197 "https://www.elementalmill.com.lab2454.com/shop/pg/16201385240" "Mozilla/5.0 AppleWebKit/537.36 (KHTML, like Gecko; compatible; GPTBot/1.3; +https://openai.com/gptbot)"
74.7.227.151 - - [16/Apr/2026:15:44:33 +0000] "GET /shop/pg/2508051 HTTP/1.1" 301 839 "https://www.elementalmill.com/?shopping/products/16232508051" "Mozilla/5.0 AppleWebKit/537.36 (KHTML, like Gecko; compatible; GPTBot/1.3; +https://openai.com/gptbot)"
74.7.242.33 - - [16/Apr/2026:15:44:34 +0000] "GET /shop/pg/1706026 HTTP/1.1" 404 13197 "https://www.elementalmill.com.lab2454.com/shop/pg/16201489560" "Mozilla/5.0 AppleWebKit/537.36 (KHTML, like Gecko; compatible; GPTBot/1.3; +https://openai.com/gptbot)"
74.7.243.209 - - [16/Apr/2026:15:44:42 +0000] "GET /shopping/products/16201322504 HTTP/1.1" 404 13197 "https://elementalmill.com.lab2454.com/shopping/products/16201320945" "Mozilla/5.0 AppleWebKit/537.36 (KHTML, like Gecko; compatible; GPTBot/1.3; +https://openai.com/gptbot)"
74.7.242.33 - - [16/Apr/2026:15:44:43 +0000] "GET /shop/pg/1217636 HTTP/1.1" 404 13197 "https://www.elementalmill.com.lab2454.com/shop/pg/16211592726" "Mozilla/5.0 AppleWebKit/537.36 (KHTML, like Gecko; compatible; GPTBot/1.3; +https://openai.com/gptbot)"
74.7.227.47 - - [16/Apr/2026:15:44:47 +0000] "GET /shop/pg/1619578208 HTTP/1.1" 404 13178 "https://www.elementalmill.com" "Mozilla/5.0 AppleWebKit/537.36 (KHTML, like Gecko; compatible; GPTBot/1.3; +https://openai.com/gptbot)"
74.7.242.33 - - [16/Apr/2026:15:44:53 +0000] "GET /shop/pg/1204694 HTTP/1.1" 404 13197 "https://www.elementalmill.com.lab2454.com/shop/pg/16211579775" "Mozilla/5.0 AppleWebKit/537.36 (KHTML, like Gecko; compatible; GPTBot/1.3; +https://openai.com/gptbot)"
66.249.64.39 - - [16/Apr/2026:15:44:59 +0000] "GET /shop/customer/bookmark.php?shop/8888294153.html HTTP/1.1" 200 28598 "-" "Mozilla/5.0 (Linux; Android 6.0.1; Nexus 5X Build/MMB29P) AppleWebKit/537.36 (KHTML, like Gecko) Chrome/146.0.7680.177 Mobile Safari/537.36 (compatible; Googlebot/2.1; +http://www.google.com/bot.html)"
74.7.242.33 - - [16/Apr/2026:15:45:02 +0000] "GET /shop/pg/1331340 HTTP/1.1" 404 13197 "https://www.elementalmill.com.lab2454.com/shop/pg/16211706440" "Mozilla/5.0 AppleWebKit/537.36 (KHTML, like Gecko; compatible; GPTBot/1.3; +https://openai.com/gptbot)"
74.7.242.33 - - [16/Apr/2026:15:45:11 +0000] "GET /shop/pg/1148442 HTTP/1.1" 404 13197 "https://www.elementalmill.com.lab2454.com/shop/pg/16211523542" "Mozilla/5.0 AppleWebKit/537.36 (KHTML, like Gecko; compatible; GPTBot/1.3; +https://openai.com/gptbot)"
74.7.227.47 - - [16/Apr/2026:15:45:13 +0000] "GET /shop/pg/1618283007 HTTP/1.1" 404 13178 "https://elementalmill.com/shop/customer/bookmark.php?shopping/products/1618276135" "Mozilla/5.0 AppleWebKit/537.36 (KHTML, like Gecko; compatible; GPTBot/1.3; +https://openai.com/gptbot)"
74.7.243.209 - - [16/Apr/2026:15:45:14 +0000] "GET /shopping/products/16211728455 HTTP/1.1" 404 13197 "https://elementalmill.com.lab2454.com/shopping/products/16211893627" "Mozilla/5.0 AppleWebKit/537.36 (KHTML, like Gecko; compatible; GPTBot/1.3; +https://openai.com/gptbot)"
74.7.227.151 - - [16/Apr/2026:15:45:16 +0000] "GET /shop/pg/2147051 HTTP/1.1" 301 839 "https://www.elementalmill.com/shopping/products/16222147051" "Mozilla/5.0 AppleWebKit/537.36 (KHTML, like Gecko; compatible; GPTBot/1.3; +https://openai.com/gptbot)"
74.7.242.33 - - [16/Apr/2026:15:45:20 +0000] "GET /shop/pg/1277893 HTTP/1.1" 404 13197 "https://www.elementalmill.com.lab2454.com/shop/pg/16211652982" "Mozilla/5.0 AppleWebKit/537.36 (KHTML, like Gecko; compatible; GPTBot/1.3; +https://openai.com/gptbot)"
74.7.242.33 - - [16/Apr/2026:15:45:30 +0000] "GET /shop/pg/1597230 HTTP/1.1" 404 13197 "https://www.elementalmill.com.lab2454.com/shop/pg/16201380766" "Mozilla/5.0 AppleWebKit/537.36 (KHTML, like Gecko; compatible; GPTBot/1.3; +https://openai.com/gptbot)"
66.249.64.39 - - [16/Apr/2026:15:45:38 +0000] "GET /?shop/8889872121.html HTTP/1.1" 200 27438 "-" "Mozilla/5.0 (Linux; Android 6.0.1; Nexus 5X Build/MMB29P) AppleWebKit/537.36 (KHTML, like Gecko) Chrome/146.0.7680.177 Mobile Safari/537.36 (compatible; Googlebot/2.1; +http://www.google.com/bot.html)"
74.7.227.47 - - [16/Apr/2026:15:45:38 +0000] "GET /shop/pg/1618263799 HTTP/1.1" 404 13178 "https://elementalmill.com/index.php?shopping/products/1618258660" "Mozilla/5.0 AppleWebKit/537.36 (KHTML, like Gecko; compatible; GPTBot/1.3; +https://openai.com/gptbot)"
74.7.242.33 - - [16/Apr/2026:15:45:40 +0000] "GET /shop/pg/1664027 HTTP/1.1" 404 13197 "https://www.elementalmill.com.lab2454.com/shop/pg/16201447559" "Mozilla/5.0 AppleWebKit/537.36 (KHTML, like Gecko; compatible; GPTBot/1.3; +https://openai.com/gptbot)"
66.249.64.39 - - [16/Apr/2026:15:45:43 +0000] "GET /shop/customer/bookmark.php?shop/8888294095.html HTTP/1.1" 200 27093 "-" "Mozilla/5.0 (Linux; Android 6.0.1; Nexus 5X Build/MMB29P) AppleWebKit/537.36 (KHTML, like Gecko) Chrome/146.0.7680.177 Mobile Safari/537.36 (compatible; Googlebot/2.1; +http://www.google.com/bot.html)"
74.7.243.209 - - [16/Apr/2026:15:45:47 +0000] "GET /shopping/products/16211734618 HTTP/1.1" 404 13197 "https://elementalmill.com.lab2454.com/shopping/products/16201005425" "Mozilla/5.0 AppleWebKit/537.36 (KHTML, like Gecko; compatible; GPTBot/1.3; +https://openai.com/gptbot)"
74.7.242.33 - - [16/Apr/2026:15:45:49 +0000] "GET /shop/pg/1574274 HTTP/1.1" 404 13197 "https://www.elementalmill.com.lab2454.com/shop/pg/16201357813" "Mozilla/5.0 AppleWebKit/537.36 (KHTML, like Gecko; compatible; GPTBot/1.3; +https://openai.com/gptbot)"
66.249.64.39 - - [16/Apr/2026:15:45:53 +0000] "GET /shop/customer/bookmark.php?shopping/products/1619719886 HTTP/1.1" 200 28203 "-" "Mozilla/5.0 (Linux; Android 6.0.1; Nexus 5X Build/MMB29P) AppleWebKit/537.36 (KHTML, like Gecko) Chrome/146.0.7680.177 Mobile Safari/537.36 (compatible; Googlebot/2.1; +http://www.google.com/bot.html)"
74.7.227.47 - - [16/Apr/2026:15:45:56 +0000] "GET /shop/pg/1650343 HTTP/1.1" 404 13197 "https://mail.elementalmill.com/?shopping/products/16211650343" "Mozilla/5.0 AppleWebKit/537.36 (KHTML, like Gecko; compatible; GPTBot/1.3; +https://openai.com/gptbot)"
74.7.227.151 - - [16/Apr/2026:15:45:58 +0000] "GET /shop/pg/2396160 HTTP/1.1" 301 839 "https://www.elementalmill.com/?shopping/products/16222396160" "Mozilla/5.0 AppleWebKit/537.36 (KHTML, like Gecko; compatible; GPTBot/1.3; +https://openai.com/gptbot)"
74.7.242.33 - - [16/Apr/2026:15:45:59 +0000] "GET /shop/pg/1652600 HTTP/1.1" 404 13197 "https://www.elementalmill.com.lab2454.com/shop/pg/16201436144" "Mozilla/5.0 AppleWebKit/537.36 (KHTML, like Gecko; compatible; GPTBot/1.3; +https://openai.com/gptbot)"
74.7.227.47 - - [16/Apr/2026:15:46:04 +0000] "GET /shop/pg/1619731284 HTTP/1.1" 404 13178 "https://www.elementalmill.com" "Mozilla/5.0 AppleWebKit/537.36 (KHTML, like Gecko; compatible; GPTBot/1.3; +https://openai.com/gptbot)"
74.7.242.33 - - [16/Apr/2026:15:46:08 +0000] "GET /shop/pg/1263527 HTTP/1.1" 404 13197 "https://www.elementalmill.com.lab2454.com/shop/pg/16211638617" "Mozilla/5.0 AppleWebKit/537.36 (KHTML, like Gecko; compatible; GPTBot/1.3; +https://openai.com/gptbot)"
66.249.64.39 - - [16/Apr/2026:15:46:19 +0000] "GET /shop/customer/bookmark.php?shopping/products/1619955344 HTTP/1.1" 200 27352 "-" "Mozilla/5.0 (Linux; Android 6.0.1; Nexus 5X Build/MMB29P) AppleWebKit/537.36 (KHTML, like Gecko) Chrome/146.0.7680.177 Mobile Safari/537.36 (compatible; Googlebot/2.1; +http://www.google.com/bot.html)"
74.7.242.33 - - [16/Apr/2026:15:46:17 +0000] "GET /shop/pg/1574186 HTTP/1.1" 404 13197 "https://www.elementalmill.com.lab2454.com/shop/pg/16211949273" "Mozilla/5.0 AppleWebKit/537.36 (KHTML, like Gecko; compatible; GPTBot/1.3; +https://openai.com/gptbot)"
74.7.227.151 - - [16/Apr/2026:15:46:19 +0000] "GET /shop/pg/1715490 HTTP/1.1" 301 839 "https://www.elementalmill.com/?shopping/products/16211715490" "Mozilla/5.0 AppleWebKit/537.36 (KHTML, like Gecko; compatible; GPTBot/1.3; +https://openai.com/gptbot)"
139.162.194.112 - - [16/Apr/2026:15:46:21 +0000] "POST /wp-cron.php?doing_wp_cron=1776354381.9602699279785156250000 HTTP/1.1" 404 13178 "-" "WordPress/6.9.1; https://elementalmill.com"
66.249.64.39 - - [16/Apr/2026:15:46:26 +0000] "GET /shop/customer/bookmark.php?shop/8888293904.html HTTP/1.1" 200 26984 "-" "Mozilla/5.0 (Linux; Android 6.0.1; Nexus 5X Build/MMB29P) AppleWebKit/537.36 (KHTML, like Gecko) Chrome/146.0.7680.177 Mobile Safari/537.36 (compatible; Googlebot/2.1; +http://www.google.com/bot.html)"
74.7.242.33 - - [16/Apr/2026:15:46:27 +0000] "GET /shop/pg/1179672 HTTP/1.1" 404 13197 "https://www.elementalmill.com.lab2454.com/shop/pg/16211554763" "Mozilla/5.0 AppleWebKit/537.36 (KHTML, like Gecko; compatible; GPTBot/1.3; +https://openai.com/gptbot)"
