74.7.243.209 - - [16/Apr/2026:16:07:47 +0000] "GET /shopping/products/16201432905 HTTP/1.1" 404 13197 "https://elementalmill.com.lab2454.com/shopping/products/16211716945" "Mozilla/5.0 AppleWebKit/537.36 (KHTML, like Gecko; compatible; GPTBot/1.3; +https://openai.com/gptbot)"
74.7.242.33 - - [16/Apr/2026:16:07:52 +0000] "GET /shop/pg/1654231 HTTP/1.1" 404 13197 "https://www.elementalmill.com.lab2454.com/shop/pg/1653068" "Mozilla/5.0 AppleWebKit/537.36 (KHTML, like Gecko; compatible; GPTBot/1.3; +https://openai.com/gptbot)"
74.7.227.47 - - [16/Apr/2026:16:07:59 +0000] "GET /shop/pg/2234930 HTTP/1.1" 404 13197 "https://mail.elementalmill.com/shopping/products/16222234930" "Mozilla/5.0 AppleWebKit/537.36 (KHTML, like Gecko; compatible; GPTBot/1.3; +https://openai.com/gptbot)"
74.7.227.151 - - [16/Apr/2026:16:08:01 +0000] "GET /shop/pg/1908013 HTTP/1.1" 301 839 "https://www.elementalmill.com/?shopping/products/16211908013" "Mozilla/5.0 AppleWebKit/537.36 (KHTML, like Gecko; compatible; GPTBot/1.3; +https://openai.com/gptbot)"
74.7.227.47 - - [16/Apr/2026:16:08:04 +0000] "GET /shop/pg/1619933578 HTTP/1.1" 404 13178 "https://www.elementalmill.com" "Mozilla/5.0 AppleWebKit/537.36 (KHTML, like Gecko; compatible; GPTBot/1.3; +https://openai.com/gptbot)"
74.7.242.33 - - [16/Apr/2026:16:08:11 +0000] "GET /shop/pg/1177610 HTTP/1.1" 404 13197 "https://www.elementalmill.com.lab2454.com/shop/pg/16211552706" "Mozilla/5.0 AppleWebKit/537.36 (KHTML, like Gecko; compatible; GPTBot/1.3; +https://openai.com/gptbot)"
74.7.227.47 - - [16/Apr/2026:16:08:12 +0000] "GET /shop/pg/1223450 HTTP/1.1" 404 13197 "https://mail.elementalmill.com/?shopping/products/16201223450" "Mozilla/5.0 AppleWebKit/537.36 (KHTML, like Gecko; compatible; GPTBot/1.3; +https://openai.com/gptbot)"
139.162.194.112 - - [16/Apr/2026:16:08:13 +0000] "POST /wp-cron.php?doing_wp_cron=1776355693.9438819885253906250000 HTTP/1.1" 404 13168 "-" "WordPress/6.9.1; https://elementalmill.com"
139.162.194.112 - - [16/Apr/2026:16:08:15 +0000] "POST /wp-cron.php?doing_wp_cron=1776355695.0393669605255126953125 HTTP/1.1" 404 13168 "-" "WordPress/6.9.1; https://elementalmill.com"
74.7.243.209 - - [16/Apr/2026:16:08:19 +0000] "GET /shopping/products/16198461671 HTTP/1.1" 404 13197 "https://elementalmill.com.lab2454.com/sitemap771.xml" "Mozilla/5.0 AppleWebKit/537.36 (KHTML, like Gecko; compatible; GPTBot/1.3; +https://openai.com/gptbot)"
74.7.242.33 - - [16/Apr/2026:16:08:21 +0000] "GET /shop/pg/1325657 HTTP/1.1" 404 13197 "https://www.elementalmill.com.lab2454.com/?shopping/products/16201325657" "Mozilla/5.0 AppleWebKit/537.36 (KHTML, like Gecko; compatible; GPTBot/1.3; +https://openai.com/gptbot)"
74.7.227.151 - - [16/Apr/2026:16:08:21 +0000] "GET /shop/pg/2541661 HTTP/1.1" 301 839 "https://www.elementalmill.com/shopping/products/16232541661" "Mozilla/5.0 AppleWebKit/537.36 (KHTML, like Gecko; compatible; GPTBot/1.3; +https://openai.com/gptbot)"
66.249.64.39 - - [16/Apr/2026:16:08:24 +0000] "GET /e/09/ HTTP/1.1" 200 27185 "-" "Mozilla/5.0 (Linux; Android 6.0.1; Nexus 5X Build/MMB29P) AppleWebKit/537.36 (KHTML, like Gecko) Chrome/146.0.7680.177 Mobile Safari/537.36 (compatible; Googlebot/2.1; +http://www.google.com/bot.html)"
74.7.227.47 - - [16/Apr/2026:16:08:29 +0000] "GET /shop/pg/1619643788 HTTP/1.1" 404 13178 "https://www.elementalmill.com" "Mozilla/5.0 AppleWebKit/537.36 (KHTML, like Gecko; compatible; GPTBot/1.3; +https://openai.com/gptbot)"
74.7.242.33 - - [16/Apr/2026:16:08:30 +0000] "GET /shop/pg/1714804 HTTP/1.1" 404 13197 "https://www.elementalmill.com.lab2454.com/?shopping/products/16211714804" "Mozilla/5.0 AppleWebKit/537.36 (KHTML, like Gecko; compatible; GPTBot/1.3; +https://openai.com/gptbot)"
74.7.227.47 - - [16/Apr/2026:16:08:37 +0000] "GET /shop/pg/2182662 HTTP/1.1" 404 13197 "https://mail.elementalmill.com/shopping/products/16222182662" "Mozilla/5.0 AppleWebKit/537.36 (KHTML, like Gecko; compatible; GPTBot/1.3; +https://openai.com/gptbot)"
66.249.64.40 - - [16/Apr/2026:16:08:39 +0000] "GET /shop/customer/bookmark.php?shopping/products/1618239700 HTTP/1.1" 200 27144 "-" "Mozilla/5.0 (Linux; Android 6.0.1; Nexus 5X Build/MMB29P) AppleWebKit/537.36 (KHTML, like Gecko) Chrome/146.0.7680.177 Mobile Safari/537.36 (compatible; Googlebot/2.1; +http://www.google.com/bot.html)"
74.7.242.33 - - [16/Apr/2026:16:08:40 +0000] "GET /shop/pg/1177486 HTTP/1.1" 404 13197 "https://www.elementalmill.com.lab2454.com/shop/pg/16211552581" "Mozilla/5.0 AppleWebKit/537.36 (KHTML, like Gecko; compatible; GPTBot/1.3; +https://openai.com/gptbot)"
74.7.227.151 - - [16/Apr/2026:16:08:42 +0000] "GET /shop/pg/1261520 HTTP/1.1" 301 839 "https://www.elementalmill.com/shopping/products/16201261520" "Mozilla/5.0 AppleWebKit/537.36 (KHTML, like Gecko; compatible; GPTBot/1.3; +https://openai.com/gptbot)"
74.7.227.47 - - [16/Apr/2026:16:08:43 +0000] "GET /shop/pg/1895269 HTTP/1.1" 404 13197 "https://mail.elementalmill.com/?shopping/products/16211895269" "Mozilla/5.0 AppleWebKit/537.36 (KHTML, like Gecko; compatible; GPTBot/1.3; +https://openai.com/gptbot)"
74.7.243.209 - - [16/Apr/2026:16:08:52 +0000] "GET /shopping/products/16201355026 HTTP/1.1" 404 13197 "https://elementalmill.com.lab2454.com/shopping/products/16201349692" "Mozilla/5.0 AppleWebKit/537.36 (KHTML, like Gecko; compatible; GPTBot/1.3; +https://openai.com/gptbot)"
74.7.227.47 - - [16/Apr/2026:16:08:55 +0000] "GET /shop/pg/1619700578 HTTP/1.1" 404 13178 "https://elementalmill.com/shop/customer/bookmark.php?shopping/products/1619693693" "Mozilla/5.0 AppleWebKit/537.36 (KHTML, like Gecko; compatible; GPTBot/1.3; +https://openai.com/gptbot)"
74.7.227.47 - - [16/Apr/2026:16:08:56 +0000] "GET /shop/pg/1242218 HTTP/1.1" 404 13197 "https://mail.elementalmill.com/?shopping/products/16201242218" "Mozilla/5.0 AppleWebKit/537.36 (KHTML, like Gecko; compatible; GPTBot/1.3; +https://openai.com/gptbot)"
74.7.242.33 - - [16/Apr/2026:16:08:59 +0000] "GET /shop/pg/1551900 HTTP/1.1" 404 13197 "https://www.elementalmill.com.lab2454.com/shop/pg/16201335439" "Mozilla/5.0 AppleWebKit/537.36 (KHTML, like Gecko; compatible; GPTBot/1.3; +https://openai.com/gptbot)"
66.249.64.40 - - [16/Apr/2026:16:09:08 +0000] "GET /e/03/ HTTP/1.1" 200 26737 "-" "Mozilla/5.0 (Linux; Android 6.0.1; Nexus 5X Build/MMB29P) AppleWebKit/537.36 (KHTML, like Gecko) Chrome/146.0.7680.177 Mobile Safari/537.36 (compatible; Googlebot/2.1; +http://www.google.com/bot.html)"
74.7.242.33 - - [16/Apr/2026:16:09:08 +0000] "GET /shop/pg/1091369 HTTP/1.1" 404 13197 "https://www.elementalmill.com.lab2454.com/shop/pg/1090216" "Mozilla/5.0 AppleWebKit/537.36 (KHTML, like Gecko; compatible; GPTBot/1.3; +https://openai.com/gptbot)"
66.249.64.40 - - [16/Apr/2026:16:09:11 +0000] "GET /f/services/ HTTP/1.1" 200 26940 "-" "Mozilla/5.0 (Linux; Android 6.0.1; Nexus 5X Build/MMB29P) AppleWebKit/537.36 (KHTML, like Gecko) Chrome/146.0.7680.177 Mobile Safari/537.36 (compatible; Googlebot/2.1; +http://www.google.com/bot.html)"
66.249.64.39 - - [16/Apr/2026:16:09:13 +0000] "GET /e/02/ HTTP/1.1" 200 27113 "-" "Mozilla/5.0 (Linux; Android 6.0.1; Nexus 5X Build/MMB29P) AppleWebKit/537.36 (KHTML, like Gecko) Chrome/146.0.7680.177 Mobile Safari/537.36 (compatible; Googlebot/2.1; +http://www.google.com/bot.html)"
66.249.64.40 - - [16/Apr/2026:16:09:14 +0000] "GET /e/26/ HTTP/1.1" 200 27799 "-" "Mozilla/5.0 (Linux; Android 6.0.1; Nexus 5X Build/MMB29P) AppleWebKit/537.36 (KHTML, like Gecko) Chrome/146.0.7680.177 Mobile Safari/537.36 (compatible; Googlebot/2.1; +http://www.google.com/bot.html)"
66.249.64.40 - - [16/Apr/2026:16:09:16 +0000] "GET /f/special/ HTTP/1.1" 200 27311 "-" "Mozilla/5.0 (Linux; Android 6.0.1; Nexus 5X Build/MMB29P) AppleWebKit/537.36 (KHTML, like Gecko) Chrome/146.0.7680.177 Mobile Safari/537.36 (compatible; Googlebot/2.1; +http://www.google.com/bot.html)"
74.7.227.47 - - [16/Apr/2026:16:09:14 +0000] "GET /shop/pg/2406100 HTTP/1.1" 404 13197 "https://mail.elementalmill.com/shopping/products/16222406100" "Mozilla/5.0 AppleWebKit/537.36 (KHTML, like Gecko; compatible; GPTBot/1.3; +https://openai.com/gptbot)"
66.249.64.39 - - [16/Apr/2026:16:09:17 +0000] "GET /e/21/ HTTP/1.1" 200 27223 "-" "Mozilla/5.0 (Linux; Android 6.0.1; Nexus 5X Build/MMB29P) AppleWebKit/537.36 (KHTML, like Gecko) Chrome/146.0.7680.177 Mobile Safari/537.36 (compatible; Googlebot/2.1; +http://www.google.com/bot.html)"
139.162.194.112 - - [16/Apr/2026:16:09:17 +0000] "POST /wp-cron.php?doing_wp_cron=1776355757.0014770030975341796875 HTTP/1.1" 404 13178 "-" "WordPress/6.9.1; https://elementalmill.com"
74.7.242.33 - - [16/Apr/2026:16:09:17 +0000] "GET /shop/pg/2279316 HTTP/1.1" 404 13197 "https://www.elementalmill.com.lab2454.com/shop/customer/bookmark.php?shopping/products/16222279316" "Mozilla/5.0 AppleWebKit/537.36 (KHTML, like Gecko; compatible; GPTBot/1.3; +https://openai.com/gptbot)"
66.249.64.39 - - [16/Apr/2026:16:09:19 +0000] "GET /e/19/ HTTP/1.1" 200 27532 "-" "Mozilla/5.0 (Linux; Android 6.0.1; Nexus 5X Build/MMB29P) AppleWebKit/537.36 (KHTML, like Gecko) Chrome/146.0.7680.177 Mobile Safari/537.36 (compatible; Googlebot/2.1; +http://www.google.com/bot.html)"
66.249.64.39 - - [16/Apr/2026:16:09:20 +0000] "GET /mbr/companyInfoView/ HTTP/1.1" 200 27007 "-" "Mozilla/5.0 (Linux; Android 6.0.1; Nexus 5X Build/MMB29P) AppleWebKit/537.36 (KHTML, like Gecko) Chrome/146.0.7680.177 Mobile Safari/537.36 (compatible; Googlebot/2.1; +http://www.google.com/bot.html)"
74.7.227.47 - - [16/Apr/2026:16:09:20 +0000] "GET /shop/pg/2053369 HTTP/1.1" 404 13197 "https://mail.elementalmill.com/?shopping/products/16222053369" "Mozilla/5.0 AppleWebKit/537.36 (KHTML, like Gecko; compatible; GPTBot/1.3; +https://openai.com/gptbot)"
66.249.64.39 - - [16/Apr/2026:16:09:22 +0000] "GET /iqr/inquiryInputView/?inquiryId=IQR0002 HTTP/1.1" 200 27339 "-" "Mozilla/5.0 (Linux; Android 6.0.1; Nexus 5X Build/MMB29P) AppleWebKit/537.36 (KHTML, like Gecko) Chrome/146.0.7680.177 Mobile Safari/537.36 (compatible; Googlebot/2.1; +http://www.google.com/bot.html)"
66.249.64.39 - - [16/Apr/2026:16:09:23 +0000] "GET /e/25/ HTTP/1.1" 200 27774 "-" "Mozilla/5.0 (Linux; Android 6.0.1; Nexus 5X Build/MMB29P) AppleWebKit/537.36 (KHTML, like Gecko) Chrome/146.0.7680.177 Mobile Safari/537.36 (compatible; Googlebot/2.1; +http://www.google.com/bot.html)"
66.249.64.39 - - [16/Apr/2026:16:09:25 +0000] "GET /guide/hajimete/ HTTP/1.1" 200 27282 "-" "Mozilla/5.0 (Linux; Android 6.0.1; Nexus 5X Build/MMB29P) AppleWebKit/537.36 (KHTML, like Gecko) Chrome/146.0.7680.177 Mobile Safari/537.36 (compatible; Googlebot/2.1; +http://www.google.com/bot.html)"
74.7.243.209 - - [16/Apr/2026:16:09:24 +0000] "GET /shopping/products/16201466781 HTTP/1.1" 404 13197 "https://elementalmill.com.lab2454.com/shopping/products/16201467381" "Mozilla/5.0 AppleWebKit/537.36 (KHTML, like Gecko; compatible; GPTBot/1.3; +https://openai.com/gptbot)"
74.7.227.151 - - [16/Apr/2026:16:09:24 +0000] "GET /shop/pg/1375870 HTTP/1.1" 301 839 "https://www.elementalmill.com/shopping/products/16201375870" "Mozilla/5.0 AppleWebKit/537.36 (KHTML, like Gecko; compatible; GPTBot/1.3; +https://openai.com/gptbot)"
66.249.64.39 - - [16/Apr/2026:16:09:26 +0000] "GET /e/34/ HTTP/1.1" 200 27822 "-" "Mozilla/5.0 (Linux; Android 6.0.1; Nexus 5X Build/MMB29P) AppleWebKit/537.36 (KHTML, like Gecko) Chrome/146.0.7680.177 Mobile Safari/537.36 (compatible; Googlebot/2.1; +http://www.google.com/bot.html)"
66.249.64.40 - - [16/Apr/2026:16:09:28 +0000] "GET /e/06/ HTTP/1.1" 200 26927 "-" "Mozilla/5.0 (Linux; Android 6.0.1; Nexus 5X Build/MMB29P) AppleWebKit/537.36 (KHTML, like Gecko) Chrome/146.0.7680.177 Mobile Safari/537.36 (compatible; Googlebot/2.1; +http://www.google.com/bot.html)"
74.7.227.47 - - [16/Apr/2026:16:09:27 +0000] "GET /shop/pg/1918539 HTTP/1.1" 404 13197 "https://mail.elementalmill.com/?shopping/products/16211918539" "Mozilla/5.0 AppleWebKit/537.36 (KHTML, like Gecko; compatible; GPTBot/1.3; +https://openai.com/gptbot)"
74.7.242.33 - - [16/Apr/2026:16:09:27 +0000] "GET /shop/pg/1344236 HTTP/1.1" 404 13197 "https://www.elementalmill.com.lab2454.com/shop/pg/16211719332" "Mozilla/5.0 AppleWebKit/537.36 (KHTML, like Gecko; compatible; GPTBot/1.3; +https://openai.com/gptbot)"
66.249.64.39 - - [16/Apr/2026:16:09:29 +0000] "GET /e/22/ HTTP/1.1" 200 27064 "-" "Mozilla/5.0 (Linux; Android 6.0.1; Nexus 5X Build/MMB29P) AppleWebKit/537.36 (KHTML, like Gecko) Chrome/146.0.7680.177 Mobile Safari/537.36 (compatible; Googlebot/2.1; +http://www.google.com/bot.html)"
66.249.64.40 - - [16/Apr/2026:16:09:31 +0000] "GET /e/13/ HTTP/1.1" 200 27129 "-" "Mozilla/5.0 (Linux; Android 6.0.1; Nexus 5X Build/MMB29P) AppleWebKit/537.36 (KHTML, like Gecko) Chrome/146.0.7680.177 Mobile Safari/537.36 (compatible; Googlebot/2.1; +http://www.google.com/bot.html)"
66.249.64.40 - - [16/Apr/2026:16:09:33 +0000] "GET /brand/3101/ HTTP/1.1" 200 26994 "-" "Mozilla/5.0 (Linux; Android 6.0.1; Nexus 5X Build/MMB29P) AppleWebKit/537.36 (KHTML, like Gecko) Chrome/146.0.7680.177 Mobile Safari/537.36 (compatible; Googlebot/2.1; +http://www.google.com/bot.html)"
66.249.64.40 - - [16/Apr/2026:16:09:34 +0000] "GET /e/10/ HTTP/1.1" 200 27229 "-" "Mozilla/5.0 (Linux; Android 6.0.1; Nexus 5X Build/MMB29P) AppleWebKit/537.36 (KHTML, like Gecko) Chrome/146.0.7680.177 Mobile Safari/537.36 (compatible; Googlebot/2.1; +http://www.google.com/bot.html)"
66.249.64.39 - - [16/Apr/2026:16:09:35 +0000] "GET /etc/disclaimer.html HTTP/1.1" 200 26489 "-" "Mozilla/5.0 (Linux; Android 6.0.1; Nexus 5X Build/MMB29P) AppleWebKit/537.36 (KHTML, like Gecko) Chrome/146.0.7680.177 Mobile Safari/537.36 (compatible; Googlebot/2.1; +http://www.google.com/bot.html)"
66.249.64.39 - - [16/Apr/2026:16:09:37 +0000] "GET /f/help/ HTTP/1.1" 200 26841 "-" "Mozilla/5.0 (Linux; Android 6.0.1; Nexus 5X Build/MMB29P) AppleWebKit/537.36 (KHTML, like Gecko) Chrome/146.0.7680.177 Mobile Safari/537.36 (compatible; Googlebot/2.1; +http://www.google.com/bot.html)"
74.7.242.33 - - [16/Apr/2026:16:09:36 +0000] "GET /shop/pg/1576129 HTTP/1.1" 404 13197 "https://www.elementalmill.com.lab2454.com/shop/pg/16211951230" "Mozilla/5.0 AppleWebKit/537.36 (KHTML, like Gecko; compatible; GPTBot/1.3; +https://openai.com/gptbot)"
66.249.64.39 - - [16/Apr/2026:16:09:38 +0000] "GET /e/24/ HTTP/1.1" 200 28038 "-" "Mozilla/5.0 (Linux; Android 6.0.1; Nexus 5X Build/MMB29P) AppleWebKit/537.36 (KHTML, like Gecko) Chrome/146.0.7680.177 Mobile Safari/537.36 (compatible; Googlebot/2.1; +http://www.google.com/bot.html)"
66.249.64.40 - - [16/Apr/2026:16:09:41 +0000] "GET /e/23/ HTTP/1.1" 200 26849 "-" "Mozilla/5.0 (Linux; Android 6.0.1; Nexus 5X Build/MMB29P) AppleWebKit/537.36 (KHTML, like Gecko) Chrome/146.0.7680.177 Mobile Safari/537.36 (compatible; Googlebot/2.1; +http://www.google.com/bot.html)"
66.249.64.39 - - [16/Apr/2026:16:09:42 +0000] "GET /iqr/inquiryInputView/?inquiryId=IQR0015 HTTP/1.1" 200 27537 "-" "Mozilla/5.0 (Linux; Android 6.0.1; Nexus 5X Build/MMB29P) AppleWebKit/537.36 (KHTML, like Gecko) Chrome/146.0.7680.177 Mobile Safari/537.36 (compatible; Googlebot/2.1; +http://www.google.com/bot.html)"
66.249.64.40 - - [16/Apr/2026:16:09:44 +0000] "GET /shop/customer/bookmark.php?shop/891413366075.html HTTP/1.1" 200 27798 "-" "Mozilla/5.0 (Linux; Android 6.0.1; Nexus 5X Build/MMB29P) AppleWebKit/537.36 (KHTML, like Gecko) Chrome/146.0.7680.177 Mobile Safari/537.36 (compatible; Googlebot/2.1; +http://www.google.com/bot.html)"
66.249.64.39 - - [16/Apr/2026:16:09:45 +0000] "GET /shop/customer/bookmark.php?shop/8888294071.html HTTP/1.1" 200 27117 "-" "Mozilla/5.0 (Linux; Android 6.0.1; Nexus 5X Build/MMB29P) AppleWebKit/537.36 (KHTML, like Gecko) Chrome/146.0.7680.177 Mobile Safari/537.36 (compatible; Googlebot/2.1; +http://www.google.com/bot.html)"
66.249.64.39 - - [16/Apr/2026:16:09:46 +0000] "GET /shop/customer/bookmark.php?shop/8888294135.html HTTP/1.1" 200 27549 "-" "Mozilla/5.0 (Linux; Android 6.0.1; Nexus 5X Build/MMB29P) AppleWebKit/537.36 (KHTML, like Gecko) Chrome/146.0.7680.177 Mobile Safari/537.36 (compatible; Googlebot/2.1; +http://www.google.com/bot.html)"
74.7.242.33 - - [16/Apr/2026:16:09:46 +0000] "GET /shop/pg/2180653 HTTP/1.1" 404 13197 "https://www.elementalmill.com.lab2454.com/shop/customer/bookmark.php?shopping/products/16222180653" "Mozilla/5.0 AppleWebKit/537.36 (KHTML, like Gecko; compatible; GPTBot/1.3; +https://openai.com/gptbot)"
66.249.64.41 - - [16/Apr/2026:16:09:48 +0000] "GET /shop/customer/bookmark.php?shop/891413359184.html HTTP/1.1" 200 27455 "-" "Mozilla/5.0 (Linux; Android 6.0.1; Nexus 5X Build/MMB29P) AppleWebKit/537.36 (KHTML, like Gecko) Chrome/146.0.7680.177 Mobile Safari/537.36 (compatible; Googlebot/2.1; +http://www.google.com/bot.html)"
74.7.227.47 - - [16/Apr/2026:16:09:47 +0000] "GET /shop/pg/1619872832 HTTP/1.1" 404 13178 "https://www.elementalmill.com" "Mozilla/5.0 AppleWebKit/537.36 (KHTML, like Gecko; compatible; GPTBot/1.3; +https://openai.com/gptbot)"
66.249.64.40 - - [16/Apr/2026:16:09:49 +0000] "GET /shop/customer/bookmark.php?shop/89048238491.html HTTP/1.1" 200 28228 "-" "Mozilla/5.0 (Linux; Android 6.0.1; Nexus 5X Build/MMB29P) AppleWebKit/537.36 (KHTML, like Gecko) Chrome/146.0.7680.177 Mobile Safari/537.36 (compatible; Googlebot/2.1; +http://www.google.com/bot.html)"
66.249.64.40 - - [16/Apr/2026:16:09:50 +0000] "GET /shop/customer/bookmark.php?shop/8888293940.html HTTP/1.1" 200 27815 "-" "Mozilla/5.0 (Linux; Android 6.0.1; Nexus 5X Build/MMB29P) AppleWebKit/537.36 (KHTML, like Gecko) Chrome/146.0.7680.177 Mobile Safari/537.36 (compatible; Googlebot/2.1; +http://www.google.com/bot.html)"
66.249.64.39 - - [16/Apr/2026:16:09:52 +0000] "GET /shop/customer/bookmark.php?shop/8888294047.html HTTP/1.1" 200 27297 "-" "Mozilla/5.0 (Linux; Android 6.0.1; Nexus 5X Build/MMB29P) AppleWebKit/537.36 (KHTML, like Gecko) Chrome/146.0.7680.177 Mobile Safari/537.36 (compatible; Googlebot/2.1; +http://www.google.com/bot.html)"
66.249.64.39 - - [16/Apr/2026:16:09:53 +0000] "GET /shop/customer/bookmark.php?shop/891413255819.html HTTP/1.1" 200 27462 "-" "Mozilla/5.0 (Linux; Android 6.0.1; Nexus 5X Build/MMB29P) AppleWebKit/537.36 (KHTML, like Gecko) Chrome/146.0.7680.177 Mobile Safari/537.36 (compatible; Googlebot/2.1; +http://www.google.com/bot.html)"
66.249.64.40 - - [16/Apr/2026:16:09:54 +0000] "GET /889910113 HTTP/1.1" 200 27695 "-" "Mozilla/5.0 (Linux; Android 6.0.1; Nexus 5X Build/MMB29P) AppleWebKit/537.36 (KHTML, like Gecko) Chrome/146.0.7680.177 Mobile Safari/537.36 (compatible; Googlebot/2.1; +http://www.google.com/bot.html)"
66.249.64.39 - - [16/Apr/2026:16:09:56 +0000] "GET /shop/customer/bookmark.php?shop/89048212863.html HTTP/1.1" 200 27446 "-" "Mozilla/5.0 (Linux; Android 6.0.1; Nexus 5X Build/MMB29P) AppleWebKit/537.36 (KHTML, like Gecko) Chrome/146.0.7680.177 Mobile Safari/537.36 (compatible; Googlebot/2.1; +http://www.google.com/bot.html)"
74.7.242.33 - - [16/Apr/2026:16:09:55 +0000] "GET /shop/pg/2029849 HTTP/1.1" 404 13197 "https://www.elementalmill.com.lab2454.com/shopping/products/16222029849" "Mozilla/5.0 AppleWebKit/537.36 (KHTML, like Gecko; compatible; GPTBot/1.3; +https://openai.com/gptbot)"
66.249.64.41 - - [16/Apr/2026:16:09:57 +0000] "GET /shop/customer/bookmark.php?shop/89069042237.html HTTP/1.1" 200 27911 "-" "Mozilla/5.0 (Linux; Android 6.0.1; Nexus 5X Build/MMB29P) AppleWebKit/537.36 (KHTML, like Gecko) Chrome/146.0.7680.177 Mobile Safari/537.36 (compatible; Googlebot/2.1; +http://www.google.com/bot.html)"
66.249.64.40 - - [16/Apr/2026:16:09:59 +0000] "GET /shop/customer/bookmark.php?shop/8888384316.html HTTP/1.1" 200 24944 "-" "Mozilla/5.0 (Linux; Android 6.0.1; Nexus 5X Build/MMB29P) AppleWebKit/537.36 (KHTML, like Gecko) Chrome/146.0.7680.177 Mobile Safari/537.36 (compatible; Googlebot/2.1; +http://www.google.com/bot.html)"
66.249.64.41 - - [16/Apr/2026:16:10:00 +0000] "GET /shop/customer/bookmark.php?shop/8888384262.html HTTP/1.1" 200 27034 "-" "Mozilla/5.0 (Linux; Android 6.0.1; Nexus 5X Build/MMB29P) AppleWebKit/537.36 (KHTML, like Gecko) Chrome/146.0.7680.177 Mobile Safari/537.36 (compatible; Googlebot/2.1; +http://www.google.com/bot.html)"
66.249.64.39 - - [16/Apr/2026:16:10:02 +0000] "GET /shop/customer/bookmark.php?shop/8888384479.html HTTP/1.1" 200 28029 "-" "Mozilla/5.0 (Linux; Android 6.0.1; Nexus 5X Build/MMB29P) AppleWebKit/537.36 (KHTML, like Gecko) Chrome/146.0.7680.177 Mobile Safari/537.36 (compatible; Googlebot/2.1; +http://www.google.com/bot.html)"
66.249.64.41 - - [16/Apr/2026:16:10:03 +0000] "GET /shop/customer/bookmark.php?shop/8888384269.html HTTP/1.1" 200 27168 "-" "Mozilla/5.0 (Linux; Android 6.0.1; Nexus 5X Build/MMB29P) AppleWebKit/537.36 (KHTML, like Gecko) Chrome/146.0.7680.177 Mobile Safari/537.36 (compatible; Googlebot/2.1; +http://www.google.com/bot.html)"
66.249.64.41 - - [16/Apr/2026:16:10:05 +0000] "GET /shop/customer/bookmark.php?shop/89069076612.html HTTP/1.1" 200 27596 "-" "Mozilla/5.0 (Linux; Android 6.0.1; Nexus 5X Build/MMB29P) AppleWebKit/537.36 (KHTML, like Gecko) Chrome/146.0.7680.177 Mobile Safari/537.36 (compatible; Googlebot/2.1; +http://www.google.com/bot.html)"
74.7.227.47 - - [16/Apr/2026:16:10:04 +0000] "GET /shop/pg/2274978 HTTP/1.1" 404 13197 "https://mail.elementalmill.com/shop/customer/bookmark.php?shopping/products/16222274978" "Mozilla/5.0 AppleWebKit/537.36 (KHTML, like Gecko; compatible; GPTBot/1.3; +https://openai.com/gptbot)"
66.249.64.40 - - [16/Apr/2026:16:10:06 +0000] "GET /shop/customer/bookmark.php?shop/89048207625.html HTTP/1.1" 200 27979 "-" "Mozilla/5.0 (Linux; Android 6.0.1; Nexus 5X Build/MMB29P) AppleWebKit/537.36 (KHTML, like Gecko) Chrome/146.0.7680.177 Mobile Safari/537.36 (compatible; Googlebot/2.1; +http://www.google.com/bot.html)"
74.7.242.33 - - [16/Apr/2026:16:10:05 +0000] "GET /shop/pg/1445156 HTTP/1.1" 404 13197 "https://www.elementalmill.com.lab2454.com/shop/pg/1443991" "Mozilla/5.0 AppleWebKit/537.36 (KHTML, like Gecko; compatible; GPTBot/1.3; +https://openai.com/gptbot)"
66.249.64.39 - - [16/Apr/2026:16:10:08 +0000] "GET /shop/customer/bookmark.php?shop/8888384408.html HTTP/1.1" 200 28194 "-" "Mozilla/5.0 (Linux; Android 6.0.1; Nexus 5X Build/MMB29P) AppleWebKit/537.36 (KHTML, like Gecko) Chrome/146.0.7680.177 Mobile Safari/537.36 (compatible; Googlebot/2.1; +http://www.google.com/bot.html)"
74.7.227.151 - - [16/Apr/2026:16:10:08 +0000] "GET /shop/pg/1738963 HTTP/1.1" 301 839 "https://www.elementalmill.com/shopping/products/16211738963" "Mozilla/5.0 AppleWebKit/537.36 (KHTML, like Gecko; compatible; GPTBot/1.3; +https://openai.com/gptbot)"
66.249.64.40 - - [16/Apr/2026:16:10:09 +0000] "GET /shop/customer/bookmark.php?shop/89069049112.html HTTP/1.1" 200 28196 "-" "Mozilla/5.0 (Linux; Android 6.0.1; Nexus 5X Build/MMB29P) AppleWebKit/537.36 (KHTML, like Gecko) Chrome/146.0.7680.177 Mobile Safari/537.36 (compatible; Googlebot/2.1; +http://www.google.com/bot.html)"
66.249.64.40 - - [16/Apr/2026:16:10:11 +0000] "GET /shop/customer/bookmark.php?shop/89069083487.html HTTP/1.1" 200 27917 "-" "Mozilla/5.0 (Linux; Android 6.0.1; Nexus 5X Build/MMB29P) AppleWebKit/537.36 (KHTML, like Gecko) Chrome/146.0.7680.177 Mobile Safari/537.36 (compatible; Googlebot/2.1; +http://www.google.com/bot.html)"
66.249.64.39 - - [16/Apr/2026:16:10:13 +0000] "GET /shop/customer/bookmark.php?shop/89069007862.html HTTP/1.1" 200 27538 "-" "Mozilla/5.0 (Linux; Android 6.0.1; Nexus 5X Build/MMB29P) AppleWebKit/537.36 (KHTML, like Gecko) Chrome/146.0.7680.177 Mobile Safari/537.36 (compatible; Googlebot/2.1; +http://www.google.com/bot.html)"
66.249.64.39 - - [16/Apr/2026:16:10:14 +0000] "GET /shop/customer/bookmark.php?shop/8888384230.html HTTP/1.1" 200 27518 "-" "Mozilla/5.0 (Linux; Android 6.0.1; Nexus 5X Build/MMB29P) AppleWebKit/537.36 (KHTML, like Gecko) Chrome/146.0.7680.177 Mobile Safari/537.36 (compatible; Googlebot/2.1; +http://www.google.com/bot.html)"
74.7.227.47 - - [16/Apr/2026:16:10:13 +0000] "GET /shop/pg/1619807430 HTTP/1.1" 404 13178 "https://www.elementalmill.com" "Mozilla/5.0 AppleWebKit/537.36 (KHTML, like Gecko; compatible; GPTBot/1.3; +https://openai.com/gptbot)"
74.7.242.33 - - [16/Apr/2026:16:10:14 +0000] "GET /shop/pg/1564966 HTTP/1.1" 404 13197 "https://www.elementalmill.com.lab2454.com/shop/pg/16201348506" "Mozilla/5.0 AppleWebKit/537.36 (KHTML, like Gecko; compatible; GPTBot/1.3; +https://openai.com/gptbot)"
66.249.64.39 - - [16/Apr/2026:16:10:16 +0000] "GET /shop/customer/bookmark.php?shop/8888384360.html HTTP/1.1" 200 28181 "-" "Mozilla/5.0 (Linux; Android 6.0.1; Nexus 5X Build/MMB29P) AppleWebKit/537.36 (KHTML, like Gecko) Chrome/146.0.7680.177 Mobile Safari/537.36 (compatible; Googlebot/2.1; +http://www.google.com/bot.html)"
66.249.64.40 - - [16/Apr/2026:16:10:17 +0000] "GET /shop/customer/bookmark.php?shop/8888384293.html HTTP/1.1" 200 27060 "-" "Mozilla/5.0 (Linux; Android 6.0.1; Nexus 5X Build/MMB29P) AppleWebKit/537.36 (KHTML, like Gecko) Chrome/146.0.7680.177 Mobile Safari/537.36 (compatible; Googlebot/2.1; +http://www.google.com/bot.html)"
66.249.64.39 - - [16/Apr/2026:16:10:19 +0000] "GET /shop/customer/bookmark.php?shop/89048200641.html HTTP/1.1" 200 27187 "-" "Mozilla/5.0 (Linux; Android 6.0.1; Nexus 5X Build/MMB29P) AppleWebKit/537.36 (KHTML, like Gecko) Chrome/146.0.7680.177 Mobile Safari/537.36 (compatible; Googlebot/2.1; +http://www.google.com/bot.html)"
66.249.64.39 - - [16/Apr/2026:16:10:20 +0000] "GET /shop/customer/bookmark.php?shop/8888384339.html HTTP/1.1" 200 27695 "-" "Mozilla/5.0 (Linux; Android 6.0.1; Nexus 5X Build/MMB29P) AppleWebKit/537.36 (KHTML, like Gecko) Chrome/146.0.7680.177 Mobile Safari/537.36 (compatible; Googlebot/2.1; +http://www.google.com/bot.html)"
66.249.64.40 - - [16/Apr/2026:16:10:21 +0000] "GET /shop/customer/bookmark.php?shop/8888384453.html HTTP/1.1" 200 27758 "-" "Mozilla/5.0 (Linux; Android 6.0.1; Nexus 5X Build/MMB29P) AppleWebKit/537.36 (KHTML, like Gecko) Chrome/146.0.7680.177 Mobile Safari/537.36 (compatible; Googlebot/2.1; +http://www.google.com/bot.html)"
66.249.64.39 - - [16/Apr/2026:16:10:23 +0000] "GET /shop/customer/bookmark.php?shop/89069097237.html HTTP/1.1" 200 27977 "-" "Mozilla/5.0 (Linux; Android 6.0.1; Nexus 5X Build/MMB29P) AppleWebKit/537.36 (KHTML, like Gecko) Chrome/146.0.7680.177 Mobile Safari/537.36 (compatible; Googlebot/2.1; +http://www.google.com/bot.html)"
66.249.64.39 - - [16/Apr/2026:16:10:25 +0000] "GET /shop/customer/bookmark.php?shop/89069055987.html HTTP/1.1" 200 27306 "-" "Mozilla/5.0 (Linux; Android 6.0.1; Nexus 5X Build/MMB29P) AppleWebKit/537.36 (KHTML, like Gecko) Chrome/146.0.7680.177 Mobile Safari/537.36 (compatible; Googlebot/2.1; +http://www.google.com/bot.html)"
74.7.242.33 - - [16/Apr/2026:16:10:24 +0000] "GET /shop/pg/1168208 HTTP/1.1" 404 13197 "https://www.elementalmill.com.lab2454.com/shop/pg/16211543298" "Mozilla/5.0 AppleWebKit/537.36 (KHTML, like Gecko; compatible; GPTBot/1.3; +https://openai.com/gptbot)"
66.249.64.39 - - [16/Apr/2026:16:10:26 +0000] "GET /shop/customer/bookmark.php?shop/89069069737.html HTTP/1.1" 200 28172 "-" "Mozilla/5.0 (Linux; Android 6.0.1; Nexus 5X Build/MMB29P) AppleWebKit/537.36 (KHTML, like Gecko) Chrome/146.0.7680.177 Mobile Safari/537.36 (compatible; Googlebot/2.1; +http://www.google.com/bot.html)"
66.249.64.39 - - [16/Apr/2026:16:10:28 +0000] "GET /shop/customer/bookmark.php?shop/8888384432.html HTTP/1.1" 200 27193 "-" "Mozilla/5.0 (Linux; Android 6.0.1; Nexus 5X Build/MMB29P) AppleWebKit/537.36 (KHTML, like Gecko) Chrome/146.0.7680.177 Mobile Safari/537.36 (compatible; Googlebot/2.1; +http://www.google.com/bot.html)"
66.249.64.39 - - [16/Apr/2026:16:10:29 +0000] "GET /shop/customer/bookmark.php?shop/8888384418.html HTTP/1.1" 200 28383 "-" "Mozilla/5.0 (Linux; Android 6.0.1; Nexus 5X Build/MMB29P) AppleWebKit/537.36 (KHTML, like Gecko) Chrome/146.0.7680.177 Mobile Safari/537.36 (compatible; Googlebot/2.1; +http://www.google.com/bot.html)"
66.249.64.41 - - [16/Apr/2026:16:10:31 +0000] "GET /shop/customer/bookmark.php?shop/89069110987.html HTTP/1.1" 200 27281 "-" "Mozilla/5.0 (Linux; Android 6.0.1; Nexus 5X Build/MMB29P) AppleWebKit/537.36 (KHTML, like Gecko) Chrome/146.0.7680.177 Mobile Safari/537.36 (compatible; Googlebot/2.1; +http://www.google.com/bot.html)"
74.7.227.151 - - [16/Apr/2026:16:10:30 +0000] "GET /shop/pg/1045835 HTTP/1.1" 301 839 "https://www.elementalmill.com/shop/pg/16232604050" "Mozilla/5.0 AppleWebKit/537.36 (KHTML, like Gecko; compatible; GPTBot/1.3; +https://openai.com/gptbot)"
66.249.64.39 - - [16/Apr/2026:16:10:32 +0000] "GET /shop/customer/bookmark.php?shop/89068994112.html HTTP/1.1" 200 27745 "-" "Mozilla/5.0 (Linux; Android 6.0.1; Nexus 5X Build/MMB29P) AppleWebKit/537.36 (KHTML, like Gecko) Chrome/146.0.7680.177 Mobile Safari/537.36 (compatible; Googlebot/2.1; +http://www.google.com/bot.html)"
66.249.64.41 - - [16/Apr/2026:16:10:34 +0000] "GET /shop/customer/bookmark.php?shop/89048216355.html HTTP/1.1" 200 28066 "-" "Mozilla/5.0 (Linux; Android 6.0.1; Nexus 5X Build/MMB29P) AppleWebKit/537.36 (KHTML, like Gecko) Chrome/146.0.7680.177 Mobile Safari/537.36 (compatible; Googlebot/2.1; +http://www.google.com/bot.html)"
74.7.242.33 - - [16/Apr/2026:16:10:33 +0000] "GET /shop/pg/1460362 HTTP/1.1" 404 13197 "https://www.elementalmill.com.lab2454.com/shop/pg/16201243896" "Mozilla/5.0 AppleWebKit/537.36 (KHTML, like Gecko; compatible; GPTBot/1.3; +https://openai.com/gptbot)"
66.249.64.39 - - [16/Apr/2026:16:10:35 +0000] "GET /shop/customer/bookmark.php?shop/8888384311.html HTTP/1.1" 200 27073 "-" "Mozilla/5.0 (Linux; Android 6.0.1; Nexus 5X Build/MMB29P) AppleWebKit/537.36 (KHTML, like Gecko) Chrome/146.0.7680.177 Mobile Safari/537.36 (compatible; Googlebot/2.1; +http://www.google.com/bot.html)"
66.249.64.41 - - [16/Apr/2026:16:10:37 +0000] "GET /shop/customer/bookmark.php?shop/89069035362.html HTTP/1.1" 200 27874 "-" "Mozilla/5.0 (Linux; Android 6.0.1; Nexus 5X Build/MMB29P) AppleWebKit/537.36 (KHTML, like Gecko) Chrome/146.0.7680.177 Mobile Safari/537.36 (compatible; Googlebot/2.1; +http://www.google.com/bot.html)"
66.249.64.39 - - [16/Apr/2026:16:10:38 +0000] "GET /shop/customer/bookmark.php?shop/8888384377.html HTTP/1.1" 200 26603 "-" "Mozilla/5.0 (Linux; Android 6.0.1; Nexus 5X Build/MMB29P) AppleWebKit/537.36 (KHTML, like Gecko) Chrome/146.0.7680.177 Mobile Safari/537.36 (compatible; Googlebot/2.1; +http://www.google.com/bot.html)"
66.249.64.40 - - [16/Apr/2026:16:10:40 +0000] "GET /shop/customer/bookmark.php?shop/89048202387.html HTTP/1.1" 200 28522 "-" "Mozilla/5.0 (Linux; Android 6.0.1; Nexus 5X Build/MMB29P) AppleWebKit/537.36 (KHTML, like Gecko) Chrome/146.0.7680.177 Mobile Safari/537.36 (compatible; Googlebot/2.1; +http://www.google.com/bot.html)"
66.249.64.41 - - [16/Apr/2026:16:10:41 +0000] "GET /shop/customer/bookmark.php?shop/89069090362.html HTTP/1.1" 200 27277 "-" "Mozilla/5.0 (Linux; Android 6.0.1; Nexus 5X Build/MMB29P) AppleWebKit/537.36 (KHTML, like Gecko) Chrome/146.0.7680.177 Mobile Safari/537.36 (compatible; Googlebot/2.1; +http://www.google.com/bot.html)"
66.249.64.40 - - [16/Apr/2026:16:10:43 +0000] "GET /shop/customer/bookmark.php?shop/89069014737.html HTTP/1.1" 200 27568 "-" "Mozilla/5.0 (Linux; Android 6.0.1; Nexus 5X Build/MMB29P) AppleWebKit/537.36 (KHTML, like Gecko) Chrome/146.0.7680.177 Mobile Safari/537.36 (compatible; Googlebot/2.1; +http://www.google.com/bot.html)"
74.7.242.33 - - [16/Apr/2026:16:10:42 +0000] "GET /shop/pg/1485056 HTTP/1.1" 404 13197 "https://www.elementalmill.com.lab2454.com/shop/pg/1483885" "Mozilla/5.0 AppleWebKit/537.36 (KHTML, like Gecko; compatible; GPTBot/1.3; +https://openai.com/gptbot)"
66.249.64.39 - - [16/Apr/2026:16:10:44 +0000] "GET /shop/customer/bookmark.php?shop/89069028487.html HTTP/1.1" 200 28088 "-" "Mozilla/5.0 (Linux; Android 6.0.1; Nexus 5X Build/MMB29P) AppleWebKit/537.36 (KHTML, like Gecko) Chrome/146.0.7680.177 Mobile Safari/537.36 (compatible; Googlebot/2.1; +http://www.google.com/bot.html)"
66.249.64.40 - - [16/Apr/2026:16:10:46 +0000] "GET /shop/customer/bookmark.php?shop/89048205879.html HTTP/1.1" 200 28103 "-" "Mozilla/5.0 (Linux; Android 6.0.1; Nexus 5X Build/MMB29P) AppleWebKit/537.36 (KHTML, like Gecko) Chrome/146.0.7680.177 Mobile Safari/537.36 (compatible; Googlebot/2.1; +http://www.google.com/bot.html)"
66.249.64.39 - - [16/Apr/2026:16:10:47 +0000] "GET /shop/customer/bookmark.php?shop/89048211117.html HTTP/1.1" 200 27314 "-" "Mozilla/5.0 (Linux; Android 6.0.1; Nexus 5X Build/MMB29P) AppleWebKit/537.36 (KHTML, like Gecko) Chrome/146.0.7680.177 Mobile Safari/537.36 (compatible; Googlebot/2.1; +http://www.google.com/bot.html)"
74.7.227.47 - - [16/Apr/2026:16:10:46 +0000] "GET /shop/pg/2623053 HTTP/1.1" 404 13197 "https://mail.elementalmill.com/shopping/products/16232623053" "Mozilla/5.0 AppleWebKit/537.36 (KHTML, like Gecko; compatible; GPTBot/1.3; +https://openai.com/gptbot)"
66.249.64.41 - - [16/Apr/2026:16:10:49 +0000] "GET /shop/customer/bookmark.php?shop/89048214609.html HTTP/1.1" 200 28376 "-" "Mozilla/5.0 (Linux; Android 6.0.1; Nexus 5X Build/MMB29P) AppleWebKit/537.36 (KHTML, like Gecko) Chrome/146.0.7680.177 Mobile Safari/537.36 (compatible; Googlebot/2.1; +http://www.google.com/bot.html)"
66.249.64.40 - - [16/Apr/2026:16:10:50 +0000] "GET /shop/customer/bookmark.php?shop/89048209371.html HTTP/1.1" 200 27631 "-" "Mozilla/5.0 (Linux; Android 6.0.1; Nexus 5X Build/MMB29P) AppleWebKit/537.36 (KHTML, like Gecko) Chrome/146.0.7680.177 Mobile Safari/537.36 (compatible; Googlebot/2.1; +http://www.google.com/bot.html)"
66.249.64.39 - - [16/Apr/2026:16:10:52 +0000] "GET /shop/customer/bookmark.php?shop/89069021612.html HTTP/1.1" 200 28204 "-" "Mozilla/5.0 (Linux; Android 6.0.1; Nexus 5X Build/MMB29P) AppleWebKit/537.36 (KHTML, like Gecko) Chrome/146.0.7680.177 Mobile Safari/537.36 (compatible; Googlebot/2.1; +http://www.google.com/bot.html)"
74.7.227.151 - - [16/Apr/2026:16:10:51 +0000] "GET /shop/pg/2638037 HTTP/1.1" 301 839 "https://www.elementalmill.com/shop/pg/2636866" "Mozilla/5.0 AppleWebKit/537.36 (KHTML, like Gecko; compatible; GPTBot/1.3; +https://openai.com/gptbot)"
66.249.64.40 - - [16/Apr/2026:16:10:53 +0000] "GET /shop/customer/bookmark.php?shop/89069000987.html HTTP/1.1" 200 27844 "-" "Mozilla/5.0 (Linux; Android 6.0.1; Nexus 5X Build/MMB29P) AppleWebKit/537.36 (KHTML, like Gecko) Chrome/146.0.7680.177 Mobile Safari/537.36 (compatible; Googlebot/2.1; +http://www.google.com/bot.html)"
74.7.242.33 - - [16/Apr/2026:16:10:52 +0000] "GET /shop/pg/2233599 HTTP/1.1" 404 13197 "https://www.elementalmill.com.lab2454.com/shopping/products/16222233599" "Mozilla/5.0 AppleWebKit/537.36 (KHTML, like Gecko; compatible; GPTBot/1.3; +https://openai.com/gptbot)"
66.249.64.41 - - [16/Apr/2026:16:10:54 +0000] "GET /shop/customer/bookmark.php?shop/89069104112.html HTTP/1.1" 200 28662 "-" "Mozilla/5.0 (Linux; Android 6.0.1; Nexus 5X Build/MMB29P) AppleWebKit/537.36 (KHTML, like Gecko) Chrome/146.0.7680.177 Mobile Safari/537.36 (compatible; Googlebot/2.1; +http://www.google.com/bot.html)"
66.249.64.42 - - [16/Apr/2026:16:10:57 +0000] "GET /shop/customer/bookmark.php?shop/89069117862.html HTTP/1.1" 200 28804 "-" "Mozilla/5.0 (Linux; Android 6.0.1; Nexus 5X Build/MMB29P) AppleWebKit/537.36 (KHTML, like Gecko) Chrome/146.0.7680.177 Mobile Safari/537.36 (compatible; Googlebot/2.1; +http://www.google.com/bot.html)"
74.7.243.209 - - [16/Apr/2026:16:10:57 +0000] "GET /shopping/products/16211723982 HTTP/1.1" 404 13197 "https://elementalmill.com.lab2454.com/shopping/products/16211873231" "Mozilla/5.0 AppleWebKit/537.36 (KHTML, like Gecko; compatible; GPTBot/1.3; +https://openai.com/gptbot)"
66.249.64.41 - - [16/Apr/2026:16:10:59 +0000] "GET /shop/customer/bookmark.php?shop/8888384450.html HTTP/1.1" 200 27552 "-" "Mozilla/5.0 (Linux; Android 6.0.1; Nexus 5X Build/MMB29P) AppleWebKit/537.36 (KHTML, like Gecko) Chrome/146.0.7680.177 Mobile Safari/537.36 (compatible; Googlebot/2.1; +http://www.google.com/bot.html)"
66.249.64.40 - - [16/Apr/2026:16:11:00 +0000] "GET /shop/customer/bookmark.php?shop/8888384469.html HTTP/1.1" 200 27580 "-" "Mozilla/5.0 (Linux; Android 6.0.1; Nexus 5X Build/MMB29P) AppleWebKit/537.36 (KHTML, like Gecko) Chrome/146.0.7680.177 Mobile Safari/537.36 (compatible; Googlebot/2.1; +http://www.google.com/bot.html)"
74.7.227.47 - - [16/Apr/2026:16:10:59 +0000] "GET /shop/pg/1841478 HTTP/1.1" 404 13197 "https://mail.elementalmill.com/?shopping/products/16211841478" "Mozilla/5.0 AppleWebKit/537.36 (KHTML, like Gecko; compatible; GPTBot/1.3; +https://openai.com/gptbot)"
66.249.64.39 - - [16/Apr/2026:16:11:01 +0000] "GET /shop/customer/bookmark.php?shop/8888384231.html HTTP/1.1" 200 27478 "-" "Mozilla/5.0 (Linux; Android 6.0.1; Nexus 5X Build/MMB29P) AppleWebKit/537.36 (KHTML, like Gecko) Chrome/146.0.7680.177 Mobile Safari/537.36 (compatible; Googlebot/2.1; +http://www.google.com/bot.html)"
66.249.64.41 - - [16/Apr/2026:16:11:03 +0000] "GET /shopping/?sc_e=shp_askul HTTP/1.1" 200 27103 "-" "Mozilla/5.0 (Linux; Android 6.0.1; Nexus 5X Build/MMB29P) AppleWebKit/537.36 (KHTML, like Gecko) Chrome/146.0.7680.177 Mobile Safari/537.36 (compatible; Googlebot/2.1; +http://www.google.com/bot.html)"
74.7.242.33 - - [16/Apr/2026:16:11:02 +0000] "GET /shop/pg/1509455 HTTP/1.1" 404 13197 "https://www.elementalmill.com.lab2454.com/shopping/products/16211509455" "Mozilla/5.0 AppleWebKit/537.36 (KHTML, like Gecko; compatible; GPTBot/1.3; +https://openai.com/gptbot)"
66.249.64.40 - - [16/Apr/2026:16:11:04 +0000] "GET /shop/customer/bookmark.php?shop/8888384325.html HTTP/1.1" 200 26791 "-" "Mozilla/5.0 (Linux; Android 6.0.1; Nexus 5X Build/MMB29P) AppleWebKit/537.36 (KHTML, like Gecko) Chrome/146.0.7680.177 Mobile Safari/537.36 (compatible; Googlebot/2.1; +http://www.google.com/bot.html)"
66.249.64.40 - - [16/Apr/2026:16:11:05 +0000] "GET /compare/ HTTP/1.1" 200 27638 "-" "Mozilla/5.0 (Linux; Android 6.0.1; Nexus 5X Build/MMB29P) AppleWebKit/537.36 (KHTML, like Gecko) Chrome/146.0.7680.177 Mobile Safari/537.36 (compatible; Googlebot/2.1; +http://www.google.com/bot.html)"
74.7.227.47 - - [16/Apr/2026:16:11:05 +0000] "GET /shop/pg/1618273427 HTTP/1.1" 404 13178 "https://elementalmill.com/?shopping/products/1618269203" "Mozilla/5.0 AppleWebKit/537.36 (KHTML, like Gecko; compatible; GPTBot/1.3; +https://openai.com/gptbot)"
74.7.227.47 - - [16/Apr/2026:16:11:06 +0000] "GET /shop/pg/2543535 HTTP/1.1" 404 13197 "https://mail.elementalmill.com/?shopping/products/16232543535" "Mozilla/5.0 AppleWebKit/537.36 (KHTML, like Gecko; compatible; GPTBot/1.3; +https://openai.com/gptbot)"
66.249.64.40 - - [16/Apr/2026:16:11:07 +0000] "GET /swp/pointTopView/ HTTP/1.1" 200 27946 "-" "Mozilla/5.0 (Linux; Android 6.0.1; Nexus 5X Build/MMB29P) AppleWebKit/537.36 (KHTML, like Gecko) Chrome/146.0.7680.177 Mobile Safari/537.36 (compatible; Googlebot/2.1; +http://www.google.com/bot.html)"
66.249.64.40 - - [16/Apr/2026:16:11:08 +0000] "GET /maker/4001/ HTTP/1.1" 200 28448 "-" "Mozilla/5.0 (Linux; Android 6.0.1; Nexus 5X Build/MMB29P) AppleWebKit/537.36 (KHTML, like Gecko) Chrome/146.0.7680.177 Mobile Safari/537.36 (compatible; Googlebot/2.1; +http://www.google.com/bot.html)"
66.249.64.39 - - [16/Apr/2026:16:11:10 +0000] "GET /etc/secondhand.html HTTP/1.1" 200 27102 "-" "Mozilla/5.0 (Linux; Android 6.0.1; Nexus 5X Build/MMB29P) AppleWebKit/537.36 (KHTML, like Gecko) Chrome/146.0.7680.177 Mobile Safari/537.36 (compatible; Googlebot/2.1; +http://www.google.com/bot.html)"
66.249.64.39 - - [16/Apr/2026:16:11:11 +0000] "GET /e/15/ HTTP/1.1" 200 27507 "-" "Mozilla/5.0 (Linux; Android 6.0.1; Nexus 5X Build/MMB29P) AppleWebKit/537.36 (KHTML, like Gecko) Chrome/146.0.7680.177 Mobile Safari/537.36 (compatible; Googlebot/2.1; +http://www.google.com/bot.html)"
74.7.242.33 - - [16/Apr/2026:16:11:11 +0000] "GET /shop/pg/1418499 HTTP/1.1" 404 13197 "https://www.elementalmill.com.lab2454.com/shop/pg/16211793584" "Mozilla/5.0 AppleWebKit/537.36 (KHTML, like Gecko; compatible; GPTBot/1.3; +https://openai.com/gptbot)"
74.7.227.151 - - [16/Apr/2026:16:11:13 +0000] "GET /shop/pg/1511475 HTTP/1.1" 301 839 "https://www.elementalmill.com/shop/customer/bookmark.php?shopping/products/16211511475" "Mozilla/5.0 AppleWebKit/537.36 (KHTML, like Gecko; compatible; GPTBot/1.3; +https://openai.com/gptbot)"
66.249.64.39 - - [16/Apr/2026:16:11:14 +0000] "GET /e/14/ HTTP/1.1" 200 27949 "-" "Mozilla/5.0 (Linux; Android 6.0.1; Nexus 5X Build/MMB29P) AppleWebKit/537.36 (KHTML, like Gecko) Chrome/146.0.7680.177 Mobile Safari/537.36 (compatible; Googlebot/2.1; +http://www.google.com/bot.html)"
66.249.64.39 - - [16/Apr/2026:16:11:16 +0000] "GET /guide/policy/browser/setting.html HTTP/1.1" 200 27110 "-" "Mozilla/5.0 (Linux; Android 6.0.1; Nexus 5X Build/MMB29P) AppleWebKit/537.36 (KHTML, like Gecko) Chrome/146.0.7680.177 Mobile Safari/537.36 (compatible; Googlebot/2.1; +http://www.google.com/bot.html)"
66.249.64.39 - - [16/Apr/2026:16:11:17 +0000] "GET /sf/new_products/00/0/ HTTP/1.1" 200 26937 "-" "Mozilla/5.0 (Linux; Android 6.0.1; Nexus 5X Build/MMB29P) AppleWebKit/537.36 (KHTML, like Gecko) Chrome/146.0.7680.177 Mobile Safari/537.36 (compatible; Googlebot/2.1; +http://www.google.com/bot.html)"
66.249.64.39 - - [16/Apr/2026:16:11:19 +0000] "GET /buyer/view/a010/DAA01010.html HTTP/1.1" 200 27733 "-" "Mozilla/5.0 (Linux; Android 6.0.1; Nexus 5X Build/MMB29P) AppleWebKit/537.36 (KHTML, like Gecko) Chrome/146.0.7680.177 Mobile Safari/537.36 (compatible; Googlebot/2.1; +http://www.google.com/bot.html)"
66.249.64.40 - - [16/Apr/2026:16:11:20 +0000] "GET /webapp/shops-club/servlet/YLogonSSLView?transitionURL= HTTP/1.1" 200 28014 "-" "Mozilla/5.0 (Linux; Android 6.0.1; Nexus 5X Build/MMB29P) AppleWebKit/537.36 (KHTML, like Gecko) Chrome/146.0.7680.177 Mobile Safari/537.36 (compatible; Googlebot/2.1; +http://www.google.com/bot.html)"
66.249.64.39 - - [16/Apr/2026:16:11:22 +0000] "GET /m2/askulcorporation/ubox/page?mbox=club_f_storage_storage05&mboxDefault=http%3A%2F%2Fwww.askul.co.jp%2Ff%2Fstorage%2Fstorage05%2F HTTP/1.1" 200 27007 "-" "Mozilla/5.0 (Linux; Android 6.0.1; Nexus 5X Build/MMB29P) AppleWebKit/537.36 (KHTML, like Gecko) Chrome/146.0.7680.177 Mobile Safari/537.36 (compatible; Googlebot/2.1; +http://www.google.com/bot.html)"
74.7.242.33 - - [16/Apr/2026:16:11:21 +0000] "GET /shop/pg/1638918 HTTP/1.1" 404 13197 "https://www.elementalmill.com.lab2454.com/shop/pg/16201422463" "Mozilla/5.0 AppleWebKit/537.36 (KHTML, like Gecko; compatible; GPTBot/1.3; +https://openai.com/gptbot)"
66.249.64.39 - - [16/Apr/2026:16:11:23 +0000] "GET /f/services/anpi/safetylink24/ HTTP/1.1" 200 27027 "-" "Mozilla/5.0 (Linux; Android 6.0.1; Nexus 5X Build/MMB29P) AppleWebKit/537.36 (KHTML, like Gecko) Chrome/146.0.7680.177 Mobile Safari/537.36 (compatible; Googlebot/2.1; +http://www.google.com/bot.html)"
66.249.64.39 - - [16/Apr/2026:16:11:26 +0000] "GET /webapp/shops-club/servlet/YLogonSSLView?byStockAddSetModal=1&transitionURL= HTTP/1.1" 200 26857 "-" "Mozilla/5.0 (Linux; Android 6.0.1; Nexus 5X Build/MMB29P) AppleWebKit/537.36 (KHTML, like Gecko) Chrome/146.0.7680.177 Mobile Safari/537.36 (compatible; Googlebot/2.1; +http://www.google.com/bot.html)"
66.249.64.40 - - [16/Apr/2026:16:11:27 +0000] "GET /sf/outlet/outlet_00/0/ HTTP/1.1" 200 26551 "-" "Mozilla/5.0 (Linux; Android 6.0.1; Nexus 5X Build/MMB29P) AppleWebKit/537.36 (KHTML, like Gecko) Chrome/146.0.7680.177 Mobile Safari/537.36 (compatible; Googlebot/2.1; +http://www.google.com/bot.html)"
66.249.64.40 - - [16/Apr/2026:16:11:29 +0000] "GET /f/services/furniture/ HTTP/1.1" 200 26787 "-" "Mozilla/5.0 (Linux; Android 6.0.1; Nexus 5X Build/MMB29P) AppleWebKit/537.36 (KHTML, like Gecko) Chrome/146.0.7680.177 Mobile Safari/537.36 (compatible; Googlebot/2.1; +http://www.google.com/bot.html)"
66.249.64.39 - - [16/Apr/2026:16:11:30 +0000] "GET /f/special/postit/ HTTP/1.1" 200 26903 "-" "Mozilla/5.0 (Linux; Android 6.0.1; Nexus 5X Build/MMB29P) AppleWebKit/537.36 (KHTML, like Gecko) Chrome/146.0.7680.177 Mobile Safari/537.36 (compatible; Googlebot/2.1; +http://www.google.com/bot.html)"
74.7.243.209 - - [16/Apr/2026:16:11:30 +0000] "GET /shopping/products/16211772709 HTTP/1.1" 404 13197 "https://elementalmill.com.lab2454.com/shopping/products/16201287523" "Mozilla/5.0 AppleWebKit/537.36 (KHTML, like Gecko; compatible; GPTBot/1.3; +https://openai.com/gptbot)"
74.7.242.33 - - [16/Apr/2026:16:11:30 +0000] "GET /shop/pg/1559301 HTTP/1.1" 404 13197 "https://www.elementalmill.com.lab2454.com/shop/pg/1558137" "Mozilla/5.0 AppleWebKit/537.36 (KHTML, like Gecko; compatible; GPTBot/1.3; +https://openai.com/gptbot)"
66.249.64.41 - - [16/Apr/2026:16:11:32 +0000] "GET /f/cardboard/cardboard00/ HTTP/1.1" 200 26783 "-" "Mozilla/5.0 (Linux; Android 6.0.1; Nexus 5X Build/MMB29P) AppleWebKit/537.36 (KHTML, like Gecko) Chrome/146.0.7680.177 Mobile Safari/537.36 (compatible; Googlebot/2.1; +http://www.google.com/bot.html)"
66.249.64.39 - - [16/Apr/2026:16:11:33 +0000] "GET /kaisya/ir/index.html HTTP/1.1" 200 27074 "-" "Mozilla/5.0 (Linux; Android 6.0.1; Nexus 5X Build/MMB29P) AppleWebKit/537.36 (KHTML, like Gecko) Chrome/146.0.7680.177 Mobile Safari/537.36 (compatible; Googlebot/2.1; +http://www.google.com/bot.html)"
74.7.227.151 - - [16/Apr/2026:16:11:34 +0000] "GET /shop/pg/1031623 HTTP/1.1" 301 839 "https://www.elementalmill.com/shopping/products/16201031623" "Mozilla/5.0 AppleWebKit/537.36 (KHTML, like Gecko; compatible; GPTBot/1.3; +https://openai.com/gptbot)"
66.249.64.39 - - [16/Apr/2026:16:11:35 +0000] "GET /odr/order/autoOrderListView/ HTTP/1.1" 200 27422 "-" "Mozilla/5.0 (Linux; Android 6.0.1; Nexus 5X Build/MMB29P) AppleWebKit/537.36 (KHTML, like Gecko) Chrome/146.0.7680.177 Mobile Safari/537.36 (compatible; Googlebot/2.1; +http://www.google.com/bot.html)"
66.249.64.39 - - [16/Apr/2026:16:11:36 +0000] "GET /f/special/isetan/ HTTP/1.1" 200 26592 "-" "Mozilla/5.0 (Linux; Android 6.0.1; Nexus 5X Build/MMB29P) AppleWebKit/537.36 (KHTML, like Gecko) Chrome/146.0.7680.177 Mobile Safari/537.36 (compatible; Googlebot/2.1; +http://www.google.com/bot.html)"
66.249.64.40 - - [16/Apr/2026:16:11:38 +0000] "GET /guide/knowledge/exchange.html HTTP/1.1" 200 26917 "-" "Mozilla/5.0 (Linux; Android 6.0.1; Nexus 5X Build/MMB29P) AppleWebKit/537.36 (KHTML, like Gecko) Chrome/146.0.7680.177 Mobile Safari/537.36 (compatible; Googlebot/2.1; +http://www.google.com/bot.html)"
66.249.64.40 - - [16/Apr/2026:16:11:39 +0000] "GET /odr/order/quickOrderView/ HTTP/1.1" 200 27491 "-" "Mozilla/5.0 (Linux; Android 6.0.1; Nexus 5X Build/MMB29P) AppleWebKit/537.36 (KHTML, like Gecko) Chrome/146.0.7680.177 Mobile Safari/537.36 (compatible; Googlebot/2.1; +http://www.google.com/bot.html)"
66.249.64.39 - - [16/Apr/2026:16:11:41 +0000] "GET /f/laminate/laminate00/ HTTP/1.1" 200 27156 "-" "Mozilla/5.0 (Linux; Android 6.0.1; Nexus 5X Build/MMB29P) AppleWebKit/537.36 (KHTML, like Gecko) Chrome/146.0.7680.177 Mobile Safari/537.36 (compatible; Googlebot/2.1; +http://www.google.com/bot.html)"
74.7.242.33 - - [16/Apr/2026:16:11:40 +0000] "GET /shop/pg/1093865 HTTP/1.1" 404 13197 "https://www.elementalmill.com.lab2454.com/shop/pg/16232652068" "Mozilla/5.0 AppleWebKit/537.36 (KHTML, like Gecko; compatible; GPTBot/1.3; +https://openai.com/gptbot)"
66.249.64.39 - - [16/Apr/2026:16:11:42 +0000] "GET /shopping/products/16211865628 HTTP/1.1" 200 27279 "-" "Mozilla/5.0 (Linux; Android 6.0.1; Nexus 5X Build/MMB29P) AppleWebKit/537.36 (KHTML, like Gecko) Chrome/146.0.7680.177 Mobile Safari/537.36 (compatible; Googlebot/2.1; +http://www.google.com/bot.html)"
74.7.227.47 - - [16/Apr/2026:16:11:42 +0000] "GET /shop/pg/1030699 HTTP/1.1" 404 13197 "https://mail.elementalmill.com/?shopping/products/16201030699" "Mozilla/5.0 AppleWebKit/537.36 (KHTML, like Gecko; compatible; GPTBot/1.3; +https://openai.com/gptbot)"
66.249.64.41 - - [16/Apr/2026:16:11:43 +0000] "GET /mbr/reminder/loginIdPasswordInquiryView/ HTTP/1.1" 200 27011 "-" "Mozilla/5.0 (Linux; Android 6.0.1; Nexus 5X Build/MMB29P) AppleWebKit/537.36 (KHTML, like Gecko) Chrome/146.0.7680.177 Mobile Safari/537.36 (compatible; Googlebot/2.1; +http://www.google.com/bot.html)"
66.249.64.40 - - [16/Apr/2026:16:11:45 +0000] "GET /before_login/koto/edenpo/ HTTP/1.1" 200 26874 "-" "Mozilla/5.0 (Linux; Android 6.0.1; Nexus 5X Build/MMB29P) AppleWebKit/537.36 (KHTML, like Gecko) Chrome/146.0.7680.177 Mobile Safari/537.36 (compatible; Googlebot/2.1; +http://www.google.com/bot.html)"
66.249.64.41 - - [16/Apr/2026:16:11:46 +0000] "GET /mbr/catalog/createAccountView/ HTTP/1.1" 200 27355 "-" "Mozilla/5.0 (Linux; Android 6.0.1; Nexus 5X Build/MMB29P) AppleWebKit/537.36 (KHTML, like Gecko) Chrome/146.0.7680.177 Mobile Safari/537.36 (compatible; Googlebot/2.1; +http://www.google.com/bot.html)"
66.249.64.41 - - [16/Apr/2026:16:11:48 +0000] "GET /f/towel/towel00/ HTTP/1.1" 200 27244 "-" "Mozilla/5.0 (Linux; Android 6.0.1; Nexus 5X Build/MMB29P) AppleWebKit/537.36 (KHTML, like Gecko) Chrome/146.0.7680.177 Mobile Safari/537.36 (compatible; Googlebot/2.1; +http://www.google.com/bot.html)"
66.249.64.40 - - [16/Apr/2026:16:11:49 +0000] "GET /f/special/hakui/ HTTP/1.1" 200 27977 "-" "Mozilla/5.0 (Linux; Android 6.0.1; Nexus 5X Build/MMB29P) AppleWebKit/537.36 (KHTML, like Gecko) Chrome/146.0.7680.177 Mobile Safari/537.36 (compatible; Googlebot/2.1; +http://www.google.com/bot.html)"
66.249.64.39 - - [16/Apr/2026:16:11:51 +0000] "GET /f/special/shuunou/ HTTP/1.1" 200 27283 "-" "Mozilla/5.0 (Linux; Android 6.0.1; Nexus 5X Build/MMB29P) AppleWebKit/537.36 (KHTML, like Gecko) Chrome/146.0.7680.177 Mobile Safari/537.36 (compatible; Googlebot/2.1; +http://www.google.com/bot.html)"
74.7.242.33 - - [16/Apr/2026:16:11:49 +0000] "GET /shop/pg/1597280 HTTP/1.1" 404 13197 "https://www.elementalmill.com.lab2454.com/shop/pg/1596121" "Mozilla/5.0 AppleWebKit/537.36 (KHTML, like Gecko; compatible; GPTBot/1.3; +https://openai.com/gptbot)"
