74.7.227.47 - - [16/Apr/2026:15:46:30 +0000] "GET /shop/pg/1618255639 HTTP/1.1" 404 13178 "https://www.elementalmill.com" "Mozilla/5.0 AppleWebKit/537.36 (KHTML, like Gecko; compatible; GPTBot/1.3; +https://openai.com/gptbot)"
74.7.227.47 - - [16/Apr/2026:15:46:35 +0000] "GET /shop/pg/1686326 HTTP/1.1" 404 13197 "https://mail.elementalmill.com/?shopping/products/16211686326" "Mozilla/5.0 AppleWebKit/537.36 (KHTML, like Gecko; compatible; GPTBot/1.3; +https://openai.com/gptbot)"
74.7.242.33 - - [16/Apr/2026:15:46:36 +0000] "GET /shop/pg/1394751 HTTP/1.1" 404 13197 "https://www.elementalmill.com.lab2454.com/shop/pg/1393584" "Mozilla/5.0 AppleWebKit/537.36 (KHTML, like Gecko; compatible; GPTBot/1.3; +https://openai.com/gptbot)"
74.7.227.151 - - [16/Apr/2026:15:46:41 +0000] "GET /shop/pg/1820664 HTTP/1.1" 301 839 "https://www.elementalmill.com/shopping/products/16211820664" "Mozilla/5.0 AppleWebKit/537.36 (KHTML, like Gecko; compatible; GPTBot/1.3; +https://openai.com/gptbot)"
74.7.242.33 - - [16/Apr/2026:15:46:46 +0000] "GET /shop/pg/1651724 HTTP/1.1" 404 13197 "https://www.elementalmill.com.lab2454.com/shop/pg/16201435265" "Mozilla/5.0 AppleWebKit/537.36 (KHTML, like Gecko; compatible; GPTBot/1.3; +https://openai.com/gptbot)"
74.7.243.209 - - [16/Apr/2026:15:46:49 +0000] "GET /shopping/products/16232542137 HTTP/1.1" 404 13197 "https://elementalmill.com.lab2454.com/shopping/products/16211778427" "Mozilla/5.0 AppleWebKit/537.36 (KHTML, like Gecko; compatible; GPTBot/1.3; +https://openai.com/gptbot)"
74.7.242.33 - - [16/Apr/2026:15:46:56 +0000] "GET /shop/pg/1398383 HTTP/1.1" 404 13197 "https://www.elementalmill.com.lab2454.com/shop/pg/1397218" "Mozilla/5.0 AppleWebKit/537.36 (KHTML, like Gecko; compatible; GPTBot/1.3; +https://openai.com/gptbot)"
74.7.227.151 - - [16/Apr/2026:15:47:01 +0000] "GET /shop/pg/1657170 HTTP/1.1" 301 839 "https://www.elementalmill.com/?shopping/products/16211657170" "Mozilla/5.0 AppleWebKit/537.36 (KHTML, like Gecko; compatible; GPTBot/1.3; +https://openai.com/gptbot)"
74.7.242.33 - - [16/Apr/2026:15:47:05 +0000] "GET /shop/pg/1587006 HTTP/1.1" 404 13197 "https://www.elementalmill.com.lab2454.com/shop/pg/16201370551" "Mozilla/5.0 AppleWebKit/537.36 (KHTML, like Gecko; compatible; GPTBot/1.3; +https://openai.com/gptbot)"
74.7.227.47 - - [16/Apr/2026:15:47:06 +0000] "GET /shop/pg/1618476 HTTP/1.1" 404 13197 "https://mail.elementalmill.com/?shopping/products/16211618476" "Mozilla/5.0 AppleWebKit/537.36 (KHTML, like Gecko; compatible; GPTBot/1.3; +https://openai.com/gptbot)"
66.249.64.41 - - [16/Apr/2026:15:47:11 +0000] "GET /shop/customer/bookmark.php?shop/89048240237.html HTTP/1.1" 200 27562 "-" "Mozilla/5.0 (Linux; Android 6.0.1; Nexus 5X Build/MMB29P) AppleWebKit/537.36 (KHTML, like Gecko) Chrome/146.0.7680.177 Mobile Safari/537.36 (compatible; Googlebot/2.1; +http://www.google.com/bot.html)"
74.7.242.33 - - [16/Apr/2026:15:47:14 +0000] "GET /shop/pg/1982611 HTTP/1.1" 404 13197 "https://www.elementalmill.com.lab2454.com/shopping/products/16211982611" "Mozilla/5.0 AppleWebKit/537.36 (KHTML, like Gecko; compatible; GPTBot/1.3; +https://openai.com/gptbot)"
74.7.227.47 - - [16/Apr/2026:15:47:19 +0000] "GET /shop/pg/2425660 HTTP/1.1" 404 13197 "https://mail.elementalmill.com/?shopping/products/16222425660" "Mozilla/5.0 AppleWebKit/537.36 (KHTML, like Gecko; compatible; GPTBot/1.3; +https://openai.com/gptbot)"
74.7.243.209 - - [16/Apr/2026:15:47:19 +0000] "GET /shopping/products/16211693786 HTTP/1.1" 404 13197 "https://elementalmill.com.lab2454.com/shopping/products/16232508104" "Mozilla/5.0 AppleWebKit/537.36 (KHTML, like Gecko; compatible; GPTBot/1.3; +https://openai.com/gptbot)"
74.7.227.151 - - [16/Apr/2026:15:47:22 +0000] "GET /shop/pg/1863015 HTTP/1.1" 301 839 "https://www.elementalmill.com/?shopping/products/16211863015" "Mozilla/5.0 AppleWebKit/537.36 (KHTML, like Gecko; compatible; GPTBot/1.3; +https://openai.com/gptbot)"
74.7.227.47 - - [16/Apr/2026:15:47:23 +0000] "GET /shop/pg/1619580496 HTTP/1.1" 404 13178 "https://elementalmill.com/shop/customer/bookmark.php?shopping/products/1619573622" "Mozilla/5.0 AppleWebKit/537.36 (KHTML, like Gecko; compatible; GPTBot/1.3; +https://openai.com/gptbot)"
74.7.242.33 - - [16/Apr/2026:15:47:24 +0000] "GET /shop/pg/1637264 HTTP/1.1" 404 13197 "https://www.elementalmill.com.lab2454.com/shop/pg/16201420808" "Mozilla/5.0 AppleWebKit/537.36 (KHTML, like Gecko; compatible; GPTBot/1.3; +https://openai.com/gptbot)"
139.162.194.112 - - [16/Apr/2026:15:47:24 +0000] "POST /wp-cron.php?doing_wp_cron=1776354444.7628479003906250000000 HTTP/1.1" 404 13178 "-" "WordPress/6.9.1; https://elementalmill.com"
139.162.194.112 - - [16/Apr/2026:15:47:25 +0000] "POST /wp-cron.php?doing_wp_cron=1776354445.7428510189056396484375 HTTP/1.1" 404 13168 "-" "WordPress/6.9.1; https://elementalmill.com"
74.7.227.47 - - [16/Apr/2026:15:47:31 +0000] "GET /shop/pg/1756977 HTTP/1.1" 404 13197 "https://mail.elementalmill.com/?shopping/products/16211756977" "Mozilla/5.0 AppleWebKit/537.36 (KHTML, like Gecko; compatible; GPTBot/1.3; +https://openai.com/gptbot)"
74.7.242.33 - - [16/Apr/2026:15:47:34 +0000] "GET /shop/pg/1581156 HTTP/1.1" 404 13197 "https://www.elementalmill.com.lab2454.com/shop/pg/16201364692" "Mozilla/5.0 AppleWebKit/537.36 (KHTML, like Gecko; compatible; GPTBot/1.3; +https://openai.com/gptbot)"
74.7.227.151 - - [16/Apr/2026:15:47:42 +0000] "GET /shop/pg/2176110 HTTP/1.1" 301 839 "https://www.elementalmill.com/shop/customer/bookmark.php?shopping/products/16222176110" "Mozilla/5.0 AppleWebKit/537.36 (KHTML, like Gecko; compatible; GPTBot/1.3; +https://openai.com/gptbot)"
74.7.242.33 - - [16/Apr/2026:15:47:43 +0000] "GET /shop/pg/1662944 HTTP/1.1" 404 13197 "https://www.elementalmill.com.lab2454.com/shop/pg/16201446482" "Mozilla/5.0 AppleWebKit/537.36 (KHTML, like Gecko; compatible; GPTBot/1.3; +https://openai.com/gptbot)"
74.7.227.47 - - [16/Apr/2026:15:47:49 +0000] "GET /shop/pg/1618467553 HTTP/1.1" 404 13178 "https://elementalmill.com/?shopping/products/1618463331" "Mozilla/5.0 AppleWebKit/537.36 (KHTML, like Gecko; compatible; GPTBot/1.3; +https://openai.com/gptbot)"
74.7.227.47 - - [16/Apr/2026:15:47:50 +0000] "GET /shop/pg/1160725 HTTP/1.1" 404 13197 "https://mail.elementalmill.com/?shopping/products/16201160725" "Mozilla/5.0 AppleWebKit/537.36 (KHTML, like Gecko; compatible; GPTBot/1.3; +https://openai.com/gptbot)"
74.7.243.209 - - [16/Apr/2026:15:47:52 +0000] "GET /shopping/products/16232588372 HTTP/1.1" 404 13197 "https://elementalmill.com.lab2454.com/shopping/products/16201212928" "Mozilla/5.0 AppleWebKit/537.36 (KHTML, like Gecko; compatible; GPTBot/1.3; +https://openai.com/gptbot)"
74.7.242.33 - - [16/Apr/2026:15:47:52 +0000] "GET /shop/pg/1594029 HTTP/1.1" 404 13197 "https://www.elementalmill.com.lab2454.com/?shopping/products/16211594029" "Mozilla/5.0 AppleWebKit/537.36 (KHTML, like Gecko; compatible; GPTBot/1.3; +https://openai.com/gptbot)"
66.249.64.39 - - [16/Apr/2026:15:47:54 +0000] "GET /shop/customer/bookmark.php?shop/8888293952.html HTTP/1.1" 200 27136 "-" "Mozilla/5.0 (Linux; Android 6.0.1; Nexus 5X Build/MMB29P) AppleWebKit/537.36 (KHTML, like Gecko) Chrome/146.0.7680.177 Mobile Safari/537.36 (compatible; Googlebot/2.1; +http://www.google.com/bot.html)"
74.7.227.47 - - [16/Apr/2026:15:47:56 +0000] "GET /shop/pg/1745011 HTTP/1.1" 404 13197 "https://mail.elementalmill.com/?shopping/products/16211745011" "Mozilla/5.0 AppleWebKit/537.36 (KHTML, like Gecko; compatible; GPTBot/1.3; +https://openai.com/gptbot)"
74.7.242.33 - - [16/Apr/2026:15:48:02 +0000] "GET /shop/pg/1667714 HTTP/1.1" 404 13197 "https://www.elementalmill.com.lab2454.com/shop/pg/16201451261" "Mozilla/5.0 AppleWebKit/537.36 (KHTML, like Gecko; compatible; GPTBot/1.3; +https://openai.com/gptbot)"
74.7.227.151 - - [16/Apr/2026:15:48:03 +0000] "GET /shop/pg/1014224 HTTP/1.1" 301 839 "https://www.elementalmill.com/?shopping/products/16201014224" "Mozilla/5.0 AppleWebKit/537.36 (KHTML, like Gecko; compatible; GPTBot/1.3; +https://openai.com/gptbot)"
74.7.242.33 - - [16/Apr/2026:15:48:11 +0000] "GET /shop/pg/1171409 HTTP/1.1" 404 13197 "https://www.elementalmill.com.lab2454.com/shop/pg/16211546496" "Mozilla/5.0 AppleWebKit/537.36 (KHTML, like Gecko; compatible; GPTBot/1.3; +https://openai.com/gptbot)"
74.7.227.47 - - [16/Apr/2026:15:48:16 +0000] "GET /shop/pg/1618334625 HTTP/1.1" 404 13178 "https://elementalmill.com/shop/customer/bookmark.php?shopping/products/1618327747" "Mozilla/5.0 AppleWebKit/537.36 (KHTML, like Gecko; compatible; GPTBot/1.3; +https://openai.com/gptbot)"
74.7.242.33 - - [16/Apr/2026:15:48:21 +0000] "GET /shop/pg/1244804 HTTP/1.1" 404 13197 "https://www.elementalmill.com.lab2454.com/shop/pg/16211619900" "Mozilla/5.0 AppleWebKit/537.36 (KHTML, like Gecko; compatible; GPTBot/1.3; +https://openai.com/gptbot)"
74.7.227.151 - - [16/Apr/2026:15:48:23 +0000] "GET /shop/pg/2178956 HTTP/1.1" 301 839 "https://www.elementalmill.com/shopping/products/16222178956" "Mozilla/5.0 AppleWebKit/537.36 (KHTML, like Gecko; compatible; GPTBot/1.3; +https://openai.com/gptbot)"
74.7.243.209 - - [16/Apr/2026:15:48:24 +0000] "GET /shopping/products/16201275718 HTTP/1.1" 404 13197 "https://elementalmill.com.lab2454.com/shopping/products/16201200559" "Mozilla/5.0 AppleWebKit/537.36 (KHTML, like Gecko; compatible; GPTBot/1.3; +https://openai.com/gptbot)"
139.162.194.112 - - [16/Apr/2026:15:48:26 +0000] "POST /wp-cron.php?doing_wp_cron=1776354506.3442420959472656250000 HTTP/1.1" 404 13168 "-" "WordPress/6.9.1; https://elementalmill.com"
139.162.194.112 - - [16/Apr/2026:15:48:26 +0000] "POST /wp-cron.php?doing_wp_cron=1776354506.7537100315093994140625 HTTP/1.1" 404 13168 "-" "WordPress/6.9.1; https://elementalmill.com"
74.7.242.33 - - [16/Apr/2026:15:48:30 +0000] "GET /shop/pg/1728939 HTTP/1.1" 404 13197 "https://www.elementalmill.com.lab2454.com/shop/pg/1619587784" "Mozilla/5.0 AppleWebKit/537.36 (KHTML, like Gecko; compatible; GPTBot/1.3; +https://openai.com/gptbot)"
74.7.227.47 - - [16/Apr/2026:15:48:31 +0000] "GET /shop/pg/2050139 HTTP/1.1" 404 13197 "https://mail.elementalmill.com/shopping/products/16222050139" "Mozilla/5.0 AppleWebKit/537.36 (KHTML, like Gecko; compatible; GPTBot/1.3; +https://openai.com/gptbot)"
66.249.64.40 - - [16/Apr/2026:15:48:39 +0000] "GET /shop/customer/bookmark.php?shop/8888294044.html HTTP/1.1" 200 27952 "-" "Mozilla/5.0 (Linux; Android 6.0.1; Nexus 5X Build/MMB29P) AppleWebKit/537.36 (KHTML, like Gecko) Chrome/146.0.7680.177 Mobile Safari/537.36 (compatible; Googlebot/2.1; +http://www.google.com/bot.html)"
74.7.242.33 - - [16/Apr/2026:15:48:39 +0000] "GET /shop/pg/1130080 HTTP/1.1" 404 13197 "https://www.elementalmill.com.lab2454.com/shop/pg/16211505181" "Mozilla/5.0 AppleWebKit/537.36 (KHTML, like Gecko; compatible; GPTBot/1.3; +https://openai.com/gptbot)"
74.7.227.47 - - [16/Apr/2026:15:48:41 +0000] "GET /shop/pg/1619945835 HTTP/1.1" 404 13178 "https://www.elementalmill.com" "Mozilla/5.0 AppleWebKit/537.36 (KHTML, like Gecko; compatible; GPTBot/1.3; +https://openai.com/gptbot)"
74.7.242.33 - - [16/Apr/2026:15:48:48 +0000] "GET /shop/pg/1683658 HTTP/1.1" 404 13197 "https://www.elementalmill.com.lab2454.com/shop/pg/1682501" "Mozilla/5.0 AppleWebKit/537.36 (KHTML, like Gecko; compatible; GPTBot/1.3; +https://openai.com/gptbot)"
95.108.213.238 - - [16/Apr/2026:15:48:49 +0000] "GET /robots.txt HTTP/1.1" 200 2045 "-" "Mozilla/5.0 (compatible; YandexBot/3.0; +http://yandex.com/bots)"
87.250.224.94 - - [16/Apr/2026:15:48:53 +0000] "GET /shopping/products/1618168369 HTTP/1.1" 404 13178 "-" "Mozilla/5.0 (compatible; YandexBot/3.0; +http://yandex.com/bots)"
74.7.243.209 - - [16/Apr/2026:15:48:55 +0000] "GET /shopping/products/16211643763 HTTP/1.1" 404 13197 "https://elementalmill.com.lab2454.com/shopping/products/16211768229" "Mozilla/5.0 AppleWebKit/537.36 (KHTML, like Gecko; compatible; GPTBot/1.3; +https://openai.com/gptbot)"
74.7.242.33 - - [16/Apr/2026:15:48:58 +0000] "GET /shop/pg/1545304 HTTP/1.1" 404 13197 "https://www.elementalmill.com.lab2454.com/shop/pg/16201328838" "Mozilla/5.0 AppleWebKit/537.36 (KHTML, like Gecko; compatible; GPTBot/1.3; +https://openai.com/gptbot)"
66.249.64.39 - - [16/Apr/2026:15:49:01 +0000] "GET /?shop/88911953090.html HTTP/1.1" 200 27306 "-" "Mozilla/5.0 (Linux; Android 6.0.1; Nexus 5X Build/MMB29P) AppleWebKit/537.36 (KHTML, like Gecko) Chrome/146.0.7680.177 Mobile Safari/537.36 (compatible; Googlebot/2.1; +http://www.google.com/bot.html)"
74.7.242.33 - - [16/Apr/2026:15:49:08 +0000] "GET /shop/pg/1175185 HTTP/1.1" 404 13197 "https://www.elementalmill.com.lab2454.com/shop/pg/16211550283" "Mozilla/5.0 AppleWebKit/537.36 (KHTML, like Gecko; compatible; GPTBot/1.3; +https://openai.com/gptbot)"
74.7.242.33 - - [16/Apr/2026:15:49:17 +0000] "GET /shop/pg/1906210 HTTP/1.1" 404 13197 "https://www.elementalmill.com.lab2454.com/shopping/products/16211906210" "Mozilla/5.0 AppleWebKit/537.36 (KHTML, like Gecko; compatible; GPTBot/1.3; +https://openai.com/gptbot)"
66.249.64.40 - - [16/Apr/2026:15:49:23 +0000] "GET /shop/customer/bookmark.php?shop/89048233253.html HTTP/1.1" 200 28526 "-" "Mozilla/5.0 (Linux; Android 6.0.1; Nexus 5X Build/MMB29P) AppleWebKit/537.36 (KHTML, like Gecko) Chrome/146.0.7680.177 Mobile Safari/537.36 (compatible; Googlebot/2.1; +http://www.google.com/bot.html)"
74.7.242.33 - - [16/Apr/2026:15:49:26 +0000] "GET /shop/pg/1034989 HTTP/1.1" 404 13197 "https://www.elementalmill.com.lab2454.com/shop/pg/16232593191" "Mozilla/5.0 AppleWebKit/537.36 (KHTML, like Gecko; compatible; GPTBot/1.3; +https://openai.com/gptbot)"
74.7.227.151 - - [16/Apr/2026:15:49:27 +0000] "GET /shop/pg/1033252 HTTP/1.1" 301 839 "https://www.elementalmill.com/?shopping/products/16201033252" "Mozilla/5.0 AppleWebKit/537.36 (KHTML, like Gecko; compatible; GPTBot/1.3; +https://openai.com/gptbot)"
74.7.243.209 - - [16/Apr/2026:15:49:27 +0000] "GET /shopping/products/16201101865 HTTP/1.1" 404 13197 "https://elementalmill.com.lab2454.com/shopping/products/16211916520" "Mozilla/5.0 AppleWebKit/537.36 (KHTML, like Gecko; compatible; GPTBot/1.3; +https://openai.com/gptbot)"
139.162.194.112 - - [16/Apr/2026:15:49:28 +0000] "POST /wp-cron.php?doing_wp_cron=1776354568.8912398815155029296875 HTTP/1.1" 404 13168 "-" "WordPress/6.9.1; https://elementalmill.com"
139.162.194.112 - - [16/Apr/2026:15:49:29 +0000] "POST /wp-cron.php?doing_wp_cron=1776354569.4548950195312500000000 HTTP/1.1" 404 13168 "-" "WordPress/6.9.1; https://elementalmill.com"
139.162.194.112 - - [16/Apr/2026:15:49:29 +0000] "POST /wp-cron.php?doing_wp_cron=1776354569.7074840068817138671875 HTTP/1.1" 404 13178 "-" "WordPress/6.9.1; https://elementalmill.com"
74.7.227.47 - - [16/Apr/2026:15:49:34 +0000] "GET /shop/pg/1619822384 HTTP/1.1" 404 13178 "https://www.elementalmill.com" "Mozilla/5.0 AppleWebKit/537.36 (KHTML, like Gecko; compatible; GPTBot/1.3; +https://openai.com/gptbot)"
74.7.242.33 - - [16/Apr/2026:15:49:35 +0000] "GET /shop/pg/1569685 HTTP/1.1" 404 13197 "https://www.elementalmill.com.lab2454.com/shop/pg/16201353228" "Mozilla/5.0 AppleWebKit/537.36 (KHTML, like Gecko; compatible; GPTBot/1.3; +https://openai.com/gptbot)"
74.7.227.47 - - [16/Apr/2026:15:49:37 +0000] "GET /shop/pg/2614603 HTTP/1.1" 404 13197 "https://mail.elementalmill.com/?shopping/products/16232614603" "Mozilla/5.0 AppleWebKit/537.36 (KHTML, like Gecko; compatible; GPTBot/1.3; +https://openai.com/gptbot)"
74.7.242.33 - - [16/Apr/2026:15:49:45 +0000] "GET /shop/pg/1175988 HTTP/1.1" 404 13197 "https://www.elementalmill.com.lab2454.com/shop/pg/16211551085" "Mozilla/5.0 AppleWebKit/537.36 (KHTML, like Gecko; compatible; GPTBot/1.3; +https://openai.com/gptbot)"
74.7.227.151 - - [16/Apr/2026:15:49:47 +0000] "GET /shop/pg/1338188 HTTP/1.1" 301 839 "https://www.elementalmill.com/shop/customer/bookmark.php?shopping/products/16201338188" "Mozilla/5.0 AppleWebKit/537.36 (KHTML, like Gecko; compatible; GPTBot/1.3; +https://openai.com/gptbot)"
74.7.242.33 - - [16/Apr/2026:15:49:55 +0000] "GET /shop/pg/1491733 HTTP/1.1" 404 13197 "https://www.elementalmill.com.lab2454.com/shop/pg/16201275273" "Mozilla/5.0 AppleWebKit/537.36 (KHTML, like Gecko; compatible; GPTBot/1.3; +https://openai.com/gptbot)"
103.110.101.153 - - [16/Apr/2026:15:49:57 +0000] "POST /wp-comments-post.php HTTP/1.1" 404 13178 "-" "Mozilla/5.0 (Windows NT 10.0; Win64; x64) AppleWebKit/537.36 (KHTML, like Gecko) Chrome/120.0.0.0 Safari/537.36"
74.7.243.209 - - [16/Apr/2026:15:50:00 +0000] "GET /shopping/products/16232529841 HTTP/1.1" 404 13197 "https://elementalmill.com.lab2454.com/shopping/products/16232524507" "Mozilla/5.0 AppleWebKit/537.36 (KHTML, like Gecko; compatible; GPTBot/1.3; +https://openai.com/gptbot)"
74.7.227.47 - - [16/Apr/2026:15:50:02 +0000] "GET /shop/pg/1618336705 HTTP/1.1" 404 13178 "https://www.elementalmill.com" "Mozilla/5.0 AppleWebKit/537.36 (KHTML, like Gecko; compatible; GPTBot/1.3; +https://openai.com/gptbot)"
103.110.101.153 - - [16/Apr/2026:15:50:02 +0000] "POST /wp-comments-post.php HTTP/1.1" 404 13178 "-" "Mozilla/5.0 (Windows NT 10.0; Win64; x64) AppleWebKit/537.36 (KHTML, like Gecko) Chrome/120.0.0.0 Safari/537.36"
66.249.64.39 - - [16/Apr/2026:15:50:06 +0000] "GET /shop/customer/bookmark.php?shop/891413248928.html HTTP/1.1" 200 25534 "-" "Mozilla/5.0 (Linux; Android 6.0.1; Nexus 5X Build/MMB29P) AppleWebKit/537.36 (KHTML, like Gecko) Chrome/146.0.7680.177 Mobile Safari/537.36 (compatible; Googlebot/2.1; +http://www.google.com/bot.html)"
74.7.242.33 - - [16/Apr/2026:15:50:05 +0000] "GET /shop/pg/1217414 HTTP/1.1" 404 13197 "https://www.elementalmill.com.lab2454.com/shop/pg/16211592498" "Mozilla/5.0 AppleWebKit/537.36 (KHTML, like Gecko; compatible; GPTBot/1.3; +https://openai.com/gptbot)"
103.110.101.153 - - [16/Apr/2026:15:50:06 +0000] "POST /wp-comments-post.php HTTP/1.1" 404 13178 "-" "Mozilla/5.0 (Windows NT 10.0; Win64; x64) AppleWebKit/537.36 (KHTML, like Gecko) Chrome/120.0.0.0 Safari/537.36"
74.7.242.33 - - [16/Apr/2026:15:50:13 +0000] "GET /shop/pg/1958525 HTTP/1.1" 404 13197 "https://www.elementalmill.com.lab2454.com/shop/customer/bookmark.php?shopping/products/16211958525" "Mozilla/5.0 AppleWebKit/537.36 (KHTML, like Gecko; compatible; GPTBot/1.3; +https://openai.com/gptbot)"
74.7.242.33 - - [16/Apr/2026:15:50:23 +0000] "GET /shop/pg/1527552 HTTP/1.1" 404 13197 "https://www.elementalmill.com.lab2454.com/shop/pg/16211902646" "Mozilla/5.0 AppleWebKit/537.36 (KHTML, like Gecko; compatible; GPTBot/1.3; +https://openai.com/gptbot)"
74.7.227.151 - - [16/Apr/2026:15:50:28 +0000] "GET /shop/pg/1087504 HTTP/1.1" 301 839 "https://www.elementalmill.com/shopping/products/16201087504" "Mozilla/5.0 AppleWebKit/537.36 (KHTML, like Gecko; compatible; GPTBot/1.3; +https://openai.com/gptbot)"
139.162.194.112 - - [16/Apr/2026:15:50:31 +0000] "POST /wp-cron.php?doing_wp_cron=1776354631.4062640666961669921875 HTTP/1.1" 404 13168 "-" "WordPress/6.9.1; https://elementalmill.com"
74.7.243.209 - - [16/Apr/2026:15:50:31 +0000] "GET /shopping/products/16201193904 HTTP/1.1" 404 13197 "https://elementalmill.com.lab2454.com/shopping/products/16201404619" "Mozilla/5.0 AppleWebKit/537.36 (KHTML, like Gecko; compatible; GPTBot/1.3; +https://openai.com/gptbot)"
74.7.242.33 - - [16/Apr/2026:15:50:32 +0000] "GET /shop/pg/1941700 HTTP/1.1" 404 13197 "https://www.elementalmill.com.lab2454.com/shop/customer/bookmark.php?shopping/products/16211941700" "Mozilla/5.0 AppleWebKit/537.36 (KHTML, like Gecko; compatible; GPTBot/1.3; +https://openai.com/gptbot)"
74.7.242.33 - - [16/Apr/2026:15:50:41 +0000] "GET /shop/pg/1426141 HTTP/1.1" 404 13197 "https://www.elementalmill.com.lab2454.com/shop/customer/bookmark.php?shopping/products/16201426141" "Mozilla/5.0 AppleWebKit/537.36 (KHTML, like Gecko; compatible; GPTBot/1.3; +https://openai.com/gptbot)"
66.249.64.40 - - [16/Apr/2026:15:50:50 +0000] "GET /shop/customer/bookmark.php?shop/891413317838.html HTTP/1.1" 200 27440 "-" "Mozilla/5.0 (Linux; Android 6.0.1; Nexus 5X Build/MMB29P) AppleWebKit/537.36 (KHTML, like Gecko) Chrome/146.0.7680.177 Mobile Safari/537.36 (compatible; Googlebot/2.1; +http://www.google.com/bot.html)"
74.7.227.151 - - [16/Apr/2026:15:50:49 +0000] "GET /shop/pg/2522537 HTTP/1.1" 301 839 "https://www.elementalmill.com/shop/customer/bookmark.php?shopping/products/16232522537" "Mozilla/5.0 AppleWebKit/537.36 (KHTML, like Gecko; compatible; GPTBot/1.3; +https://openai.com/gptbot)"
74.7.242.33 - - [16/Apr/2026:15:50:50 +0000] "GET /shop/pg/2289199 HTTP/1.1" 404 13197 "https://www.elementalmill.com.lab2454.com/shop/customer/bookmark.php?shopping/products/16222289199" "Mozilla/5.0 AppleWebKit/537.36 (KHTML, like Gecko; compatible; GPTBot/1.3; +https://openai.com/gptbot)"
74.7.227.47 - - [16/Apr/2026:15:50:53 +0000] "GET /shop/pg/1619938474 HTTP/1.1" 404 13178 "https://elementalmill.com/index.php?shopping/products/1619933335" "Mozilla/5.0 AppleWebKit/537.36 (KHTML, like Gecko; compatible; GPTBot/1.3; +https://openai.com/gptbot)"
74.7.227.47 - - [16/Apr/2026:15:50:58 +0000] "GET /shop/pg/1397002 HTTP/1.1" 404 13197 "https://mail.elementalmill.com/?shopping/products/16201397002" "Mozilla/5.0 AppleWebKit/537.36 (KHTML, like Gecko; compatible; GPTBot/1.3; +https://openai.com/gptbot)"
74.7.242.33 - - [16/Apr/2026:15:51:00 +0000] "GET /shop/pg/1314929 HTTP/1.1" 404 13197 "https://www.elementalmill.com.lab2454.com/shop/pg/16211690031" "Mozilla/5.0 AppleWebKit/537.36 (KHTML, like Gecko; compatible; GPTBot/1.3; +https://openai.com/gptbot)"
66.249.64.39 - - [16/Apr/2026:15:51:02 +0000] "GET /?shop/89089928412.html HTTP/1.1" 200 27878 "-" "Mozilla/5.0 (Linux; Android 6.0.1; Nexus 5X Build/MMB29P) AppleWebKit/537.36 (KHTML, like Gecko) Chrome/146.0.7680.177 Mobile Safari/537.36 (compatible; Googlebot/2.1; +http://www.google.com/bot.html)"
74.7.243.209 - - [16/Apr/2026:15:51:04 +0000] "GET /shopping/products/16201125164 HTTP/1.1" 404 13197 "https://elementalmill.com.lab2454.com/shopping/products/16211667388" "Mozilla/5.0 AppleWebKit/537.36 (KHTML, like Gecko; compatible; GPTBot/1.3; +https://openai.com/gptbot)"
74.7.227.47 - - [16/Apr/2026:15:51:05 +0000] "GET /shop/pg/2150031 HTTP/1.1" 404 13197 "https://mail.elementalmill.com/shopping/products/16222150031" "Mozilla/5.0 AppleWebKit/537.36 (KHTML, like Gecko; compatible; GPTBot/1.3; +https://openai.com/gptbot)"
74.7.242.33 - - [16/Apr/2026:15:51:10 +0000] "GET /shop/pg/1165675 HTTP/1.1" 404 13197 "https://www.elementalmill.com.lab2454.com/shop/pg/1164521" "Mozilla/5.0 AppleWebKit/537.36 (KHTML, like Gecko; compatible; GPTBot/1.3; +https://openai.com/gptbot)"
74.7.227.151 - - [16/Apr/2026:15:51:11 +0000] "GET /shop/pg/1192127 HTTP/1.1" 301 839 "https://www.elementalmill.com/?shopping/products/16201192127" "Mozilla/5.0 AppleWebKit/537.36 (KHTML, like Gecko; compatible; GPTBot/1.3; +https://openai.com/gptbot)"
74.7.227.47 - - [16/Apr/2026:15:51:20 +0000] "GET /shop/pg/1618430934 HTTP/1.1" 404 13178 "https://www.elementalmill.com" "Mozilla/5.0 AppleWebKit/537.36 (KHTML, like Gecko; compatible; GPTBot/1.3; +https://openai.com/gptbot)"
74.7.242.33 - - [16/Apr/2026:15:51:19 +0000] "GET /shop/pg/1453133 HTTP/1.1" 404 13197 "https://www.elementalmill.com.lab2454.com/shop/pg/1451971" "Mozilla/5.0 AppleWebKit/537.36 (KHTML, like Gecko; compatible; GPTBot/1.3; +https://openai.com/gptbot)"
74.7.227.151 - - [16/Apr/2026:15:51:32 +0000] "GET /shop/pg/1580886 HTTP/1.1" 301 839 "https://www.elementalmill.com/shopping/products/16211580886" "Mozilla/5.0 AppleWebKit/537.36 (KHTML, like Gecko; compatible; GPTBot/1.3; +https://openai.com/gptbot)"
66.249.64.40 - - [16/Apr/2026:15:51:34 +0000] "GET /shop/customer/bookmark.php?shop/891413297165.html HTTP/1.1" 200 27957 "-" "Mozilla/5.0 (Linux; Android 6.0.1; Nexus 5X Build/MMB29P) AppleWebKit/537.36 (KHTML, like Gecko) Chrome/146.0.7680.177 Mobile Safari/537.36 (compatible; Googlebot/2.1; +http://www.google.com/bot.html)"
74.7.243.209 - - [16/Apr/2026:15:51:35 +0000] "GET /shopping/products/16211886757 HTTP/1.1" 404 13197 "https://elementalmill.com.lab2454.com/shopping/products/16201495988" "Mozilla/5.0 AppleWebKit/537.36 (KHTML, like Gecko; compatible; GPTBot/1.3; +https://openai.com/gptbot)"
74.7.227.47 - - [16/Apr/2026:15:51:35 +0000] "GET /shop/pg/1875831 HTTP/1.1" 404 13197 "https://mail.elementalmill.com/?shopping/products/16211875831" "Mozilla/5.0 AppleWebKit/537.36 (KHTML, like Gecko; compatible; GPTBot/1.3; +https://openai.com/gptbot)"
74.7.242.33 - - [16/Apr/2026:15:51:39 +0000] "GET /shop/pg/1560541 HTTP/1.1" 404 13197 "https://www.elementalmill.com.lab2454.com/shop/pg/1559369" "Mozilla/5.0 AppleWebKit/537.36 (KHTML, like Gecko; compatible; GPTBot/1.3; +https://openai.com/gptbot)"
74.7.227.47 - - [16/Apr/2026:15:51:47 +0000] "GET /shop/pg/1618424673 HTTP/1.1" 404 13178 "https://www.elementalmill.com" "Mozilla/5.0 AppleWebKit/537.36 (KHTML, like Gecko; compatible; GPTBot/1.3; +https://openai.com/gptbot)"
74.7.242.33 - - [16/Apr/2026:15:51:48 +0000] "GET /shop/pg/2133627 HTTP/1.1" 404 13197 "https://www.elementalmill.com.lab2454.com/shop/pg/2132472" "Mozilla/5.0 AppleWebKit/537.36 (KHTML, like Gecko; compatible; GPTBot/1.3; +https://openai.com/gptbot)"
74.7.227.151 - - [16/Apr/2026:15:51:52 +0000] "GET /shop/pg/1055799 HTTP/1.1" 301 839 "https://www.elementalmill.com/?shopping/products/16201055799" "Mozilla/5.0 AppleWebKit/537.36 (KHTML, like Gecko; compatible; GPTBot/1.3; +https://openai.com/gptbot)"
181.214.206.11 - - [16/Apr/2026:15:51:57 +0000] "GET / HTTP/1.0" 200 107163 "https://elementalmill.com/" "Mozilla/5.0 (Windows NT 10.0; Win64; x64) AppleWebKit/537.36 (KHTML, like Gecko) Chrome/131.0.0.0 Safari/537.36 Avast/131.0.0.0"
74.7.242.33 - - [16/Apr/2026:15:51:57 +0000] "GET /shop/pg/1662761 HTTP/1.1" 404 13197 "https://www.elementalmill.com.lab2454.com/shop/pg/16201446296" "Mozilla/5.0 AppleWebKit/537.36 (KHTML, like Gecko; compatible; GPTBot/1.3; +https://openai.com/gptbot)"
181.214.206.11 - - [16/Apr/2026:15:52:01 +0000] "GET /about-us/contact-us/ HTTP/1.0" 200 76820 "https://elementalmill.com/about-us/contact-us/" "Mozilla/5.0 (Windows NT 10.0; Win64; x64) AppleWebKit/537.36 (KHTML, like Gecko) Chrome/131.0.0.0 Safari/537.36 Avast/131.0.0.0"
181.214.206.11 - - [16/Apr/2026:15:52:05 +0000] "POST /wp-json/contact-form-7/v1/contact-forms/492/feedback HTTP/1.0" 200 233 "https://elementalmill.com/about-us/contact-us/" "Mozilla/5.0 (Windows NT 10.0; Win64; x64) AppleWebKit/537.36 (KHTML, like Gecko) Chrome/131.0.0.0 Safari/537.36 Avast/131.0.0.0"
74.7.243.209 - - [16/Apr/2026:15:52:06 +0000] "GET /shopping/products/16232558705 HTTP/1.1" 404 13197 "https://elementalmill.com.lab2454.com/shopping/products/16232556038" "Mozilla/5.0 AppleWebKit/537.36 (KHTML, like Gecko; compatible; GPTBot/1.3; +https://openai.com/gptbot)"
74.7.242.33 - - [16/Apr/2026:15:52:07 +0000] "GET /shop/pg/1477315 HTTP/1.1" 404 13197 "https://www.elementalmill.com.lab2454.com/shop/pg/16201260855" "Mozilla/5.0 AppleWebKit/537.36 (KHTML, like Gecko; compatible; GPTBot/1.3; +https://openai.com/gptbot)"
66.249.64.41 - - [16/Apr/2026:15:52:18 +0000] "GET /shop/customer/bookmark.php?shop/8888294002.html HTTP/1.1" 200 28001 "-" "Mozilla/5.0 (Linux; Android 6.0.1; Nexus 5X Build/MMB29P) AppleWebKit/537.36 (KHTML, like Gecko) Chrome/146.0.7680.177 Mobile Safari/537.36 (compatible; Googlebot/2.1; +http://www.google.com/bot.html)"
74.7.242.33 - - [16/Apr/2026:15:52:17 +0000] "GET /shop/pg/1579469 HTTP/1.1" 404 13197 "https://www.elementalmill.com.lab2454.com/shop/pg/1578310" "Mozilla/5.0 AppleWebKit/537.36 (KHTML, like Gecko; compatible; GPTBot/1.3; +https://openai.com/gptbot)"
74.7.227.47 - - [16/Apr/2026:15:52:17 +0000] "GET /shop/pg/1665114 HTTP/1.1" 404 13197 "https://mail.elementalmill.com/?shopping/products/16211665114" "Mozilla/5.0 AppleWebKit/537.36 (KHTML, like Gecko; compatible; GPTBot/1.3; +https://openai.com/gptbot)"
74.7.227.47 - - [16/Apr/2026:15:52:24 +0000] "GET /shop/pg/1425442 HTTP/1.1" 404 13197 "https://mail.elementalmill.com/?shopping/products/16201425442" "Mozilla/5.0 AppleWebKit/537.36 (KHTML, like Gecko; compatible; GPTBot/1.3; +https://openai.com/gptbot)"
74.7.242.33 - - [16/Apr/2026:15:52:26 +0000] "GET /shop/pg/1392388 HTTP/1.1" 404 13197 "https://www.elementalmill.com.lab2454.com/shop/pg/1391228" "Mozilla/5.0 AppleWebKit/537.36 (KHTML, like Gecko; compatible; GPTBot/1.3; +https://openai.com/gptbot)"
74.7.242.33 - - [16/Apr/2026:15:52:36 +0000] "GET /shop/pg/1201508 HTTP/1.1" 404 13197 "https://www.elementalmill.com.lab2454.com/shop/pg/16211576589" "Mozilla/5.0 AppleWebKit/537.36 (KHTML, like Gecko; compatible; GPTBot/1.3; +https://openai.com/gptbot)"
74.7.227.47 - - [16/Apr/2026:15:52:40 +0000] "GET /shop/pg/1619850371 HTTP/1.1" 404 13178 "https://elementalmill.com/shop/customer/bookmark.php?shopping/products/1619843492" "Mozilla/5.0 AppleWebKit/537.36 (KHTML, like Gecko; compatible; GPTBot/1.3; +https://openai.com/gptbot)"
74.7.227.47 - - [16/Apr/2026:15:52:41 +0000] "GET /shop/pg/2008326 HTTP/1.1" 404 13197 "https://mail.elementalmill.com/shopping/products/16222008326" "Mozilla/5.0 AppleWebKit/537.36 (KHTML, like Gecko; compatible; GPTBot/1.3; +https://openai.com/gptbot)"
74.7.242.33 - - [16/Apr/2026:15:52:45 +0000] "GET /shop/pg/1160127 HTTP/1.1" 404 13197 "https://www.elementalmill.com.lab2454.com/shop/pg/1158957" "Mozilla/5.0 AppleWebKit/537.36 (KHTML, like Gecko; compatible; GPTBot/1.3; +https://openai.com/gptbot)"
74.7.227.47 - - [16/Apr/2026:15:52:47 +0000] "GET /shop/pg/2639697 HTTP/1.1" 404 13197 "https://mail.elementalmill.com/?shopping/products/16232639697" "Mozilla/5.0 AppleWebKit/537.36 (KHTML, like Gecko; compatible; GPTBot/1.3; +https://openai.com/gptbot)"
74.7.242.33 - - [16/Apr/2026:15:52:54 +0000] "GET /shop/pg/1552498 HTTP/1.1" 404 13197 "https://www.elementalmill.com.lab2454.com/shop/pg/16201336044" "Mozilla/5.0 AppleWebKit/537.36 (KHTML, like Gecko; compatible; GPTBot/1.3; +https://openai.com/gptbot)"
74.7.227.151 - - [16/Apr/2026:15:52:55 +0000] "GET /shop/pg/2368325 HTTP/1.1" 301 839 "https://www.elementalmill.com/?shopping/products/16222368325" "Mozilla/5.0 AppleWebKit/537.36 (KHTML, like Gecko; compatible; GPTBot/1.3; +https://openai.com/gptbot)"
66.249.64.40 - - [16/Apr/2026:15:53:01 +0000] "GET /shop/customer/bookmark.php?shop/8888293997.html HTTP/1.1" 200 28201 "-" "Mozilla/5.0 (Linux; Android 6.0.1; Nexus 5X Build/MMB29P) AppleWebKit/537.36 (KHTML, like Gecko) Chrome/146.0.7680.177 Mobile Safari/537.36 (compatible; Googlebot/2.1; +http://www.google.com/bot.html)"
74.7.227.47 - - [16/Apr/2026:15:53:06 +0000] "GET /shop/pg/1619698075 HTTP/1.1" 404 13178 "https://www.elementalmill.com" "Mozilla/5.0 AppleWebKit/537.36 (KHTML, like Gecko; compatible; GPTBot/1.3; +https://openai.com/gptbot)"
74.7.243.209 - - [16/Apr/2026:15:53:09 +0000] "GET /shopping/products/16211934304 HTTP/1.1" 404 13197 "https://elementalmill.com.lab2454.com/shopping/products/16232526467" "Mozilla/5.0 AppleWebKit/537.36 (KHTML, like Gecko; compatible; GPTBot/1.3; +https://openai.com/gptbot)"
74.7.242.33 - - [16/Apr/2026:15:53:13 +0000] "GET /shop/pg/2214140 HTTP/1.1" 404 13197 "https://www.elementalmill.com.lab2454.com/?shopping/products/16222214140" "Mozilla/5.0 AppleWebKit/537.36 (KHTML, like Gecko; compatible; GPTBot/1.3; +https://openai.com/gptbot)"
74.7.227.151 - - [16/Apr/2026:15:53:16 +0000] "GET /shop/pg/1841423 HTTP/1.1" 301 839 "https://www.elementalmill.com/shopping/products/16211841423" "Mozilla/5.0 AppleWebKit/537.36 (KHTML, like Gecko; compatible; GPTBot/1.3; +https://openai.com/gptbot)"
74.7.242.33 - - [16/Apr/2026:15:53:22 +0000] "GET /shop/pg/1462461 HTTP/1.1" 404 13197 "https://www.elementalmill.com.lab2454.com/shop/pg/16201245994" "Mozilla/5.0 AppleWebKit/537.36 (KHTML, like Gecko; compatible; GPTBot/1.3; +https://openai.com/gptbot)"
74.7.242.33 - - [16/Apr/2026:15:53:32 +0000] "GET /shop/pg/1285724 HTTP/1.1" 404 13197 "https://www.elementalmill.com.lab2454.com/shop/pg/16211660817" "Mozilla/5.0 AppleWebKit/537.36 (KHTML, like Gecko; compatible; GPTBot/1.3; +https://openai.com/gptbot)"
139.162.194.112 - - [16/Apr/2026:15:53:35 +0000] "POST /wp-cron.php?doing_wp_cron=1776354815.1745069026947021484375 HTTP/1.1" 404 13168 "-" "WordPress/6.9.1; https://elementalmill.com"
74.7.243.209 - - [16/Apr/2026:15:53:40 +0000] "GET /shopping/products/16201299780 HTTP/1.1" 404 13197 "https://elementalmill.com.lab2454.com/shopping/products/16201185085" "Mozilla/5.0 AppleWebKit/537.36 (KHTML, like Gecko; compatible; GPTBot/1.3; +https://openai.com/gptbot)"
74.7.242.33 - - [16/Apr/2026:15:53:42 +0000] "GET /shop/pg/1265107 HTTP/1.1" 404 13197 "https://www.elementalmill.com.lab2454.com/shop/pg/1263944" "Mozilla/5.0 AppleWebKit/537.36 (KHTML, like Gecko; compatible; GPTBot/1.3; +https://openai.com/gptbot)"
66.249.64.40 - - [16/Apr/2026:15:53:46 +0000] "GET /shop/customer/bookmark.php?shop/891413304056.html HTTP/1.1" 200 28900 "-" "Mozilla/5.0 (Linux; Android 6.0.1; Nexus 5X Build/MMB29P) AppleWebKit/537.36 (KHTML, like Gecko) Chrome/146.0.7680.177 Mobile Safari/537.36 (compatible; Googlebot/2.1; +http://www.google.com/bot.html)"
5.255.231.128 - - [16/Apr/2026:15:53:45 +0000] "GET /shopping/products/1618102528 HTTP/1.1" 404 13178 "-" "Mozilla/5.0 (compatible; YandexBot/3.0; +http://yandex.com/bots)"
74.7.242.33 - - [16/Apr/2026:15:53:52 +0000] "GET /shop/pg/1554312 HTTP/1.1" 404 13197 "https://www.elementalmill.com.lab2454.com/shop/pg/16201337851" "Mozilla/5.0 AppleWebKit/537.36 (KHTML, like Gecko; compatible; GPTBot/1.3; +https://openai.com/gptbot)"
74.7.227.151 - - [16/Apr/2026:15:53:59 +0000] "GET /shop/pg/1432986 HTTP/1.1" 301 839 "https://www.elementalmill.com/?shopping/products/16201432986" "Mozilla/5.0 AppleWebKit/537.36 (KHTML, like Gecko; compatible; GPTBot/1.3; +https://openai.com/gptbot)"
74.7.242.33 - - [16/Apr/2026:15:54:01 +0000] "GET /shop/pg/1229686 HTTP/1.1" 404 13197 "https://www.elementalmill.com.lab2454.com/shop/pg/16211604781" "Mozilla/5.0 AppleWebKit/537.36 (KHTML, like Gecko; compatible; GPTBot/1.3; +https://openai.com/gptbot)"
74.7.227.47 - - [16/Apr/2026:15:54:07 +0000] "GET /shop/pg/1693672 HTTP/1.1" 404 13197 "https://mail.elementalmill.com/?shopping/products/16211693672" "Mozilla/5.0 AppleWebKit/537.36 (KHTML, like Gecko; compatible; GPTBot/1.3; +https://openai.com/gptbot)"
74.7.243.209 - - [16/Apr/2026:15:54:11 +0000] "GET /shopping/products/16201133215 HTTP/1.1" 404 13197 "https://elementalmill.com.lab2454.com/shopping/products/16211681724" "Mozilla/5.0 AppleWebKit/537.36 (KHTML, like Gecko; compatible; GPTBot/1.3; +https://openai.com/gptbot)"
74.7.242.33 - - [16/Apr/2026:15:54:11 +0000] "GET /shop/pg/1453039 HTTP/1.1" 404 13197 "https://www.elementalmill.com.lab2454.com/shop/pg/16201236576" "Mozilla/5.0 AppleWebKit/537.36 (KHTML, like Gecko; compatible; GPTBot/1.3; +https://openai.com/gptbot)"
74.7.227.151 - - [16/Apr/2026:15:54:20 +0000] "GET /shop/pg/1231770 HTTP/1.1" 301 839 "https://www.elementalmill.com/shopping/products/16201231770" "Mozilla/5.0 AppleWebKit/537.36 (KHTML, like Gecko; compatible; GPTBot/1.3; +https://openai.com/gptbot)"
74.7.242.33 - - [16/Apr/2026:15:54:20 +0000] "GET /shop/pg/2190972 HTTP/1.1" 404 13197 "https://www.elementalmill.com.lab2454.com/shopping/products/16222190972" "Mozilla/5.0 AppleWebKit/537.36 (KHTML, like Gecko; compatible; GPTBot/1.3; +https://openai.com/gptbot)"
74.7.227.47 - - [16/Apr/2026:15:54:26 +0000] "GET /shop/pg/1618295305 HTTP/1.1" 404 13178 "https://www.elementalmill.com" "Mozilla/5.0 AppleWebKit/537.36 (KHTML, like Gecko; compatible; GPTBot/1.3; +https://openai.com/gptbot)"
66.249.64.39 - - [16/Apr/2026:15:54:30 +0000] "GET /shop/customer/bookmark.php?shop/8888294034.html HTTP/1.1" 200 27379 "-" "Mozilla/5.0 (Linux; Android 6.0.1; Nexus 5X Build/MMB29P) AppleWebKit/537.36 (KHTML, like Gecko) Chrome/146.0.7680.177 Mobile Safari/537.36 (compatible; Googlebot/2.1; +http://www.google.com/bot.html)"
74.7.242.33 - - [16/Apr/2026:15:54:30 +0000] "GET /shop/pg/1608144 HTTP/1.1" 404 13197 "https://www.elementalmill.com.lab2454.com/shop/customer/bookmark.php?shopping/products/16211608144" "Mozilla/5.0 AppleWebKit/537.36 (KHTML, like Gecko; compatible; GPTBot/1.3; +https://openai.com/gptbot)"
74.7.242.33 - - [16/Apr/2026:15:54:39 +0000] "GET /shop/pg/1269879 HTTP/1.1" 404 13197 "https://www.elementalmill.com.lab2454.com/shop/pg/16201053430" "Mozilla/5.0 AppleWebKit/537.36 (KHTML, like Gecko; compatible; GPTBot/1.3; +https://openai.com/gptbot)"
74.7.243.209 - - [16/Apr/2026:15:54:43 +0000] "GET /shopping/products/16201438538 HTTP/1.1" 404 13197 "https://elementalmill.com.lab2454.com/shopping/products/16201361089" "Mozilla/5.0 AppleWebKit/537.36 (KHTML, like Gecko; compatible; GPTBot/1.3; +https://openai.com/gptbot)"
74.7.242.33 - - [16/Apr/2026:15:54:48 +0000] "GET /shop/pg/1492933 HTTP/1.1" 404 13197 "https://www.elementalmill.com.lab2454.com/shop/pg/16201276467" "Mozilla/5.0 AppleWebKit/537.36 (KHTML, like Gecko; compatible; GPTBot/1.3; +https://openai.com/gptbot)"
74.7.242.33 - - [16/Apr/2026:15:54:57 +0000] "GET /shop/pg/1361413 HTTP/1.1" 404 13197 "https://www.elementalmill.com.lab2454.com/shop/pg/16201144953" "Mozilla/5.0 AppleWebKit/537.36 (KHTML, like Gecko; compatible; GPTBot/1.3; +https://openai.com/gptbot)"
74.7.227.47 - - [16/Apr/2026:15:54:58 +0000] "GET /shop/pg/1577902 HTTP/1.1" 404 13197 "https://mail.elementalmill.com/?shopping/products/16211577902" "Mozilla/5.0 AppleWebKit/537.36 (KHTML, like Gecko; compatible; GPTBot/1.3; +https://openai.com/gptbot)"
74.7.227.151 - - [16/Apr/2026:15:55:02 +0000] "GET /shop/pg/1227051 HTTP/1.1" 301 839 "https://www.elementalmill.com/shopping/products/16201227051" "Mozilla/5.0 AppleWebKit/537.36 (KHTML, like Gecko; compatible; GPTBot/1.3; +https://openai.com/gptbot)"
74.7.242.33 - - [16/Apr/2026:15:55:07 +0000] "GET /shop/pg/1587737 HTTP/1.1" 404 13197 "https://www.elementalmill.com.lab2454.com/shop/pg/16201371281" "Mozilla/5.0 AppleWebKit/537.36 (KHTML, like Gecko; compatible; GPTBot/1.3; +https://openai.com/gptbot)"
66.249.64.39 - - [16/Apr/2026:15:55:13 +0000] "GET /shop/customer/bookmark.php?shop/891413290274.html HTTP/1.1" 200 27464 "-" "Mozilla/5.0 (Linux; Android 6.0.1; Nexus 5X Build/MMB29P) AppleWebKit/537.36 (KHTML, like Gecko) Chrome/146.0.7680.177 Mobile Safari/537.36 (compatible; Googlebot/2.1; +http://www.google.com/bot.html)"
74.7.243.209 - - [16/Apr/2026:15:55:15 +0000] "GET /shopping/products/16211680721 HTTP/1.1" 404 13197 "https://elementalmill.com.lab2454.com/shopping/products/16201093859" "Mozilla/5.0 AppleWebKit/537.36 (KHTML, like Gecko; compatible; GPTBot/1.3; +https://openai.com/gptbot)"
74.7.242.33 - - [16/Apr/2026:15:55:16 +0000] "GET /shop/pg/1446685 HTTP/1.1" 404 13197 "https://www.elementalmill.com.lab2454.com/shop/pg/16201230240" "Mozilla/5.0 AppleWebKit/537.36 (KHTML, like Gecko; compatible; GPTBot/1.3; +https://openai.com/gptbot)"
74.7.227.47 - - [16/Apr/2026:15:55:20 +0000] "GET /shop/pg/1618103475 HTTP/1.1" 404 13178 "https://elementalmill.com/?shopping/products/161899300" "Mozilla/5.0 AppleWebKit/537.36 (KHTML, like Gecko; compatible; GPTBot/1.3; +https://openai.com/gptbot)"
74.7.242.33 - - [16/Apr/2026:15:55:36 +0000] "GET /shop/pg/1690527 HTTP/1.1" 404 13197 "https://www.elementalmill.com.lab2454.com/?shopping/products/16211690527" "Mozilla/5.0 AppleWebKit/537.36 (KHTML, like Gecko; compatible; GPTBot/1.3; +https://openai.com/gptbot)"
139.162.194.112 - - [16/Apr/2026:15:55:38 +0000] "POST /wp-cron.php?doing_wp_cron=1776354938.3198928833007812500000 HTTP/1.1" 404 13178 "-" "WordPress/6.9.1; https://elementalmill.com"
74.7.242.33 - - [16/Apr/2026:15:55:44 +0000] "GET /shop/pg/1684370 HTTP/1.1" 404 13197 "https://www.elementalmill.com.lab2454.com/shop/pg/16201467905" "Mozilla/5.0 AppleWebKit/537.36 (KHTML, like Gecko; compatible; GPTBot/1.3; +https://openai.com/gptbot)"
74.7.227.47 - - [16/Apr/2026:15:55:45 +0000] "GET /shop/pg/1503368 HTTP/1.1" 404 13197 "https://mail.elementalmill.com/?shopping/products/16211503368" "Mozilla/5.0 AppleWebKit/537.36 (KHTML, like Gecko; compatible; GPTBot/1.3; +https://openai.com/gptbot)"
74.7.227.47 - - [16/Apr/2026:15:55:46 +0000] "GET /shop/pg/1618447652 HTTP/1.1" 404 13178 "https://www.elementalmill.com" "Mozilla/5.0 AppleWebKit/537.36 (KHTML, like Gecko; compatible; GPTBot/1.3; +https://openai.com/gptbot)"
74.7.243.209 - - [16/Apr/2026:15:55:47 +0000] "GET /shopping/products/16201356152 HTTP/1.1" 404 13197 "https://elementalmill.com.lab2454.com/shopping/products/16211903922" "Mozilla/5.0 AppleWebKit/537.36 (KHTML, like Gecko; compatible; GPTBot/1.3; +https://openai.com/gptbot)"
74.7.242.33 - - [16/Apr/2026:15:55:53 +0000] "GET /shop/pg/1243082 HTTP/1.1" 404 13197 "https://www.elementalmill.com.lab2454.com/shop/pg/16211618175" "Mozilla/5.0 AppleWebKit/537.36 (KHTML, like Gecko; compatible; GPTBot/1.3; +https://openai.com/gptbot)"
66.249.64.39 - - [16/Apr/2026:15:55:58 +0000] "GET /shop/customer/bookmark.php?shop/891413352293.html HTTP/1.1" 200 28340 "-" "Mozilla/5.0 (Linux; Android 6.0.1; Nexus 5X Build/MMB29P) AppleWebKit/537.36 (KHTML, like Gecko) Chrome/146.0.7680.177 Mobile Safari/537.36 (compatible; Googlebot/2.1; +http://www.google.com/bot.html)"
74.7.242.33 - - [16/Apr/2026:15:56:02 +0000] "GET /shop/pg/1650836 HTTP/1.1" 404 13197 "https://www.elementalmill.com.lab2454.com/shop/pg/16201434380" "Mozilla/5.0 AppleWebKit/537.36 (KHTML, like Gecko; compatible; GPTBot/1.3; +https://openai.com/gptbot)"
74.7.227.151 - - [16/Apr/2026:15:56:06 +0000] "GET /shop/pg/2465979 HTTP/1.1" 301 839 "https://www.elementalmill.com/shopping/products/16222465979" "Mozilla/5.0 AppleWebKit/537.36 (KHTML, like Gecko; compatible; GPTBot/1.3; +https://openai.com/gptbot)"
74.7.227.47 - - [16/Apr/2026:15:56:12 +0000] "GET /shop/pg/1619832527 HTTP/1.1" 404 13178 "https://elementalmill.com/?shopping/products/1619828288" "Mozilla/5.0 AppleWebKit/537.36 (KHTML, like Gecko; compatible; GPTBot/1.3; +https://openai.com/gptbot)"
74.7.243.209 - - [16/Apr/2026:15:56:18 +0000] "GET /shopping/products/16211510399 HTTP/1.1" 404 13197 "https://elementalmill.com.lab2454.com/shopping/products/16201300187" "Mozilla/5.0 AppleWebKit/537.36 (KHTML, like Gecko; compatible; GPTBot/1.3; +https://openai.com/gptbot)"
74.7.242.33 - - [16/Apr/2026:15:56:22 +0000] "GET /shop/pg/1136512 HTTP/1.1" 404 13197 "https://www.elementalmill.com.lab2454.com/shop/pg/1135355" "Mozilla/5.0 AppleWebKit/537.36 (KHTML, like Gecko; compatible; GPTBot/1.3; +https://openai.com/gptbot)"
74.7.242.33 - - [16/Apr/2026:15:56:32 +0000] "GET /shop/pg/2148821 HTTP/1.1" 404 13197 "https://www.elementalmill.com.lab2454.com/shop/customer/bookmark.php?shopping/products/16222148821" "Mozilla/5.0 AppleWebKit/537.36 (KHTML, like Gecko; compatible; GPTBot/1.3; +https://openai.com/gptbot)"
66.249.64.40 - - [16/Apr/2026:15:56:41 +0000] "GET /shop/customer/bookmark.php?shop/891413276492.html HTTP/1.1" 200 27686 "-" "Mozilla/5.0 (Linux; Android 6.0.1; Nexus 5X Build/MMB29P) AppleWebKit/537.36 (KHTML, like Gecko) Chrome/146.0.7680.177 Mobile Safari/537.36 (compatible; Googlebot/2.1; +http://www.google.com/bot.html)"
74.7.242.33 - - [16/Apr/2026:15:56:41 +0000] "GET /shop/pg/1406373 HTTP/1.1" 404 13197 "https://www.elementalmill.com.lab2454.com/shop/pg/16201189906" "Mozilla/5.0 AppleWebKit/537.36 (KHTML, like Gecko; compatible; GPTBot/1.3; +https://openai.com/gptbot)"
74.7.227.47 - - [16/Apr/2026:15:56:42 +0000] "GET /shop/pg/1075617 HTTP/1.1" 404 13197 "https://mail.elementalmill.com/?shopping/products/16201075617" "Mozilla/5.0 AppleWebKit/537.36 (KHTML, like Gecko; compatible; GPTBot/1.3; +https://openai.com/gptbot)"
74.7.227.47 - - [16/Apr/2026:15:56:48 +0000] "GET /shop/pg/1285267 HTTP/1.1" 404 13197 "https://mail.elementalmill.com/?shopping/products/16201285267" "Mozilla/5.0 AppleWebKit/537.36 (KHTML, like Gecko; compatible; GPTBot/1.3; +https://openai.com/gptbot)"
74.7.243.209 - - [16/Apr/2026:15:56:49 +0000] "GET /shopping/products/16211870070 HTTP/1.1" 404 13197 "https://elementalmill.com.lab2454.com/shopping/products/16211803693" "Mozilla/5.0 AppleWebKit/537.36 (KHTML, like Gecko; compatible; GPTBot/1.3; +https://openai.com/gptbot)"
74.7.242.33 - - [16/Apr/2026:15:56:51 +0000] "GET /shop/pg/1259413 HTTP/1.1" 404 13197 "https://www.elementalmill.com.lab2454.com/shop/pg/1258253" "Mozilla/5.0 AppleWebKit/537.36 (KHTML, like Gecko; compatible; GPTBot/1.3; +https://openai.com/gptbot)"
74.7.227.47 - - [16/Apr/2026:15:56:54 +0000] "GET /shop/pg/2327456 HTTP/1.1" 404 13197 "https://mail.elementalmill.com/shop/customer/bookmark.php?shopping/products/16222327456" "Mozilla/5.0 AppleWebKit/537.36 (KHTML, like Gecko; compatible; GPTBot/1.3; +https://openai.com/gptbot)"
74.7.242.33 - - [16/Apr/2026:15:57:00 +0000] "GET /shop/pg/1229760 HTTP/1.1" 404 13197 "https://www.elementalmill.com.lab2454.com/shop/pg/16201013314" "Mozilla/5.0 AppleWebKit/537.36 (KHTML, like Gecko; compatible; GPTBot/1.3; +https://openai.com/gptbot)"
74.7.227.47 - - [16/Apr/2026:15:57:05 +0000] "GET /shop/pg/1619762008 HTTP/1.1" 404 13178 "https://www.elementalmill.com" "Mozilla/5.0 AppleWebKit/537.36 (KHTML, like Gecko; compatible; GPTBot/1.3; +https://openai.com/gptbot)"
74.7.242.33 - - [16/Apr/2026:15:57:10 +0000] "GET /shop/pg/1282692 HTTP/1.1" 404 13197 "https://www.elementalmill.com.lab2454.com/shop/pg/16211657780" "Mozilla/5.0 AppleWebKit/537.36 (KHTML, like Gecko; compatible; GPTBot/1.3; +https://openai.com/gptbot)"
74.7.227.47 - - [16/Apr/2026:15:57:14 +0000] "GET /shop/pg/1699074 HTTP/1.1" 404 13197 "https://mail.elementalmill.com/?shopping/products/16211699074" "Mozilla/5.0 AppleWebKit/537.36 (KHTML, like Gecko; compatible; GPTBot/1.3; +https://openai.com/gptbot)"
74.7.242.33 - - [16/Apr/2026:15:57:19 +0000] "GET /shop/pg/1626067 HTTP/1.1" 404 13197 "https://www.elementalmill.com.lab2454.com/shop/pg/16201409607" "Mozilla/5.0 AppleWebKit/537.36 (KHTML, like Gecko; compatible; GPTBot/1.3; +https://openai.com/gptbot)"
66.249.64.41 - - [16/Apr/2026:15:57:26 +0000] "GET /shop/customer/bookmark.php?shop/8888293898.html HTTP/1.1" 200 26912 "-" "Mozilla/5.0 (Linux; Android 6.0.1; Nexus 5X Build/MMB29P) AppleWebKit/537.36 (KHTML, like Gecko) Chrome/146.0.7680.177 Mobile Safari/537.36 (compatible; Googlebot/2.1; +http://www.google.com/bot.html)"
74.7.242.33 - - [16/Apr/2026:15:57:29 +0000] "GET /shop/pg/1523193 HTTP/1.1" 404 13197 "https://www.elementalmill.com.lab2454.com/shop/pg/1522038" "Mozilla/5.0 AppleWebKit/537.36 (KHTML, like Gecko; compatible; GPTBot/1.3; +https://openai.com/gptbot)"
74.7.227.151 - - [16/Apr/2026:15:57:31 +0000] "GET /shop/pg/1960216 HTTP/1.1" 301 839 "https://www.elementalmill.com/?shopping/products/16211960216" "Mozilla/5.0 AppleWebKit/537.36 (KHTML, like Gecko; compatible; GPTBot/1.3; +https://openai.com/gptbot)"
74.7.227.47 - - [16/Apr/2026:15:57:31 +0000] "GET /shop/pg/1618435289 HTTP/1.1" 404 13178 "https://www.elementalmill.com" "Mozilla/5.0 AppleWebKit/537.36 (KHTML, like Gecko; compatible; GPTBot/1.3; +https://openai.com/gptbot)"
74.7.242.33 - - [16/Apr/2026:15:57:38 +0000] "GET /shop/pg/1304083 HTTP/1.1" 404 13197 "https://www.elementalmill.com.lab2454.com/shop/pg/1302926" "Mozilla/5.0 AppleWebKit/537.36 (KHTML, like Gecko; compatible; GPTBot/1.3; +https://openai.com/gptbot)"
74.7.227.47 - - [16/Apr/2026:15:57:46 +0000] "GET /shop/pg/2532623 HTTP/1.1" 404 13197 "https://mail.elementalmill.com/shop/customer/bookmark.php?shopping/products/16232532623" "Mozilla/5.0 AppleWebKit/537.36 (KHTML, like Gecko; compatible; GPTBot/1.3; +https://openai.com/gptbot)"
74.7.242.33 - - [16/Apr/2026:15:57:48 +0000] "GET /shop/pg/2477665 HTTP/1.1" 404 13197 "https://www.elementalmill.com.lab2454.com/shopping/products/16222477665" "Mozilla/5.0 AppleWebKit/537.36 (KHTML, like Gecko; compatible; GPTBot/1.3; +https://openai.com/gptbot)"
74.7.227.151 - - [16/Apr/2026:15:57:52 +0000] "GET /shop/pg/1547607 HTTP/1.1" 301 839 "https://www.elementalmill.com/shopping/products/16211547607" "Mozilla/5.0 AppleWebKit/537.36 (KHTML, like Gecko; compatible; GPTBot/1.3; +https://openai.com/gptbot)"
74.7.243.209 - - [16/Apr/2026:15:57:53 +0000] "GET /shopping/products/16232559328 HTTP/1.1" 404 13197 "https://elementalmill.com.lab2454.com/shopping/products/16232553994" "Mozilla/5.0 AppleWebKit/537.36 (KHTML, like Gecko; compatible; GPTBot/1.3; +https://openai.com/gptbot)"
74.7.242.33 - - [16/Apr/2026:15:57:57 +0000] "GET /shop/pg/1430982 HTTP/1.1" 404 13197 "https://www.elementalmill.com.lab2454.com/shop/pg/16201214527" "Mozilla/5.0 AppleWebKit/537.36 (KHTML, like Gecko; compatible; GPTBot/1.3; +https://openai.com/gptbot)"
74.7.242.33 - - [16/Apr/2026:15:58:07 +0000] "GET /shop/pg/1442379 HTTP/1.1" 404 13197 "https://www.elementalmill.com.lab2454.com/shop/pg/16201225918" "Mozilla/5.0 AppleWebKit/537.36 (KHTML, like Gecko; compatible; GPTBot/1.3; +https://openai.com/gptbot)"
66.249.64.41 - - [16/Apr/2026:15:58:09 +0000] "GET /shop/customer/bookmark.php?shop/891413262710.html HTTP/1.1" 200 27427 "-" "Mozilla/5.0 (Linux; Android 6.0.1; Nexus 5X Build/MMB29P) AppleWebKit/537.36 (KHTML, like Gecko) Chrome/146.0.7680.177 Mobile Safari/537.36 (compatible; Googlebot/2.1; +http://www.google.com/bot.html)"
74.7.227.47 - - [16/Apr/2026:15:58:11 +0000] "GET /shop/pg/1305500 HTTP/1.1" 404 13197 "https://mail.elementalmill.com/?shopping/products/16201305500" "Mozilla/5.0 AppleWebKit/537.36 (KHTML, like Gecko; compatible; GPTBot/1.3; +https://openai.com/gptbot)"
74.7.227.151 - - [16/Apr/2026:15:58:13 +0000] "GET /shop/pg/1127960 HTTP/1.1" 301 839 "https://www.elementalmill.com/?shopping/products/16201127960" "Mozilla/5.0 AppleWebKit/537.36 (KHTML, like Gecko; compatible; GPTBot/1.3; +https://openai.com/gptbot)"
74.7.242.33 - - [16/Apr/2026:15:58:17 +0000] "GET /shop/pg/1480585 HTTP/1.1" 404 13197 "https://www.elementalmill.com.lab2454.com/shop/pg/16201264128" "Mozilla/5.0 AppleWebKit/537.36 (KHTML, like Gecko; compatible; GPTBot/1.3; +https://openai.com/gptbot)"
