66.249.64.40 - - [16/Apr/2026:17:56:31 +0000] "GET /?shop/88932693313.html HTTP/1.1" 200 27236 "-" "Mozilla/5.0 (Linux; Android 6.0.1; Nexus 5X Build/MMB29P) AppleWebKit/537.36 (KHTML, like Gecko) Chrome/146.0.7680.177 Mobile Safari/537.36 (compatible; Googlebot/2.1; +http://www.google.com/bot.html)"
52.243.57.116 - - [16/Apr/2026:17:56:30 +0000] "GET /atomlib.php HTTP/1.1" 404 13178 "-" "Mozilla/5.0 (Windows NT 10.0; Win64; x64) AppleWebKit/537.36 (KHTML, like Gecko) Chrome/120.0.0.0 Safari/537.36"
20.220.15.7 - - [16/Apr/2026:17:56:36 +0000] "GET /lib/setup.php HTTP/1.1" 200 37400 "-" "-"
139.162.194.112 - - [16/Apr/2026:17:56:33 +0000] "POST /wp-cron.php?doing_wp_cron=1776362193.6514270305633544921875 HTTP/1.1" 404 13168 "-" "WordPress/6.9.1; https://elementalmill.com"
74.7.242.33 - - [16/Apr/2026:17:56:33 +0000] "GET /shop/pg/1293269 HTTP/1.1" 404 13197 "https://www.elementalmill.com.lab2454.com/shop/pg/16201076807" "Mozilla/5.0 AppleWebKit/537.36 (KHTML, like Gecko; compatible; GPTBot/1.3; +https://openai.com/gptbot)"
52.243.57.116 - - [16/Apr/2026:17:56:35 +0000] "GET /fm.php HTTP/1.1" 404 13178 "-" "Mozilla/5.0 (Windows NT 10.0; Win64; x64) AppleWebKit/537.36 (KHTML, like Gecko) Chrome/120.0.0.0 Safari/537.36"
20.220.15.7 - - [16/Apr/2026:17:56:40 +0000] "GET /version.php HTTP/1.1" 200 37398 "-" "-"
52.243.57.116 - - [16/Apr/2026:17:56:40 +0000] "GET /themes.php HTTP/1.1" 404 13178 "-" "Mozilla/5.0 (Windows NT 10.0; Win64; x64) AppleWebKit/537.36 (KHTML, like Gecko) Chrome/120.0.0.0 Safari/537.36"
20.220.15.7 - - [16/Apr/2026:17:56:44 +0000] "GET /auth/oauth2/lib.php HTTP/1.1" 200 37406 "-" "-"
74.7.242.33 - - [16/Apr/2026:17:56:43 +0000] "GET /shop/pg/1446682 HTTP/1.1" 404 13197 "https://www.elementalmill.com.lab2454.com/shop/pg/16201230234" "Mozilla/5.0 AppleWebKit/537.36 (KHTML, like Gecko; compatible; GPTBot/1.3; +https://openai.com/gptbot)"
52.243.57.116 - - [16/Apr/2026:17:56:44 +0000] "GET /wp-blog.php HTTP/1.1" 404 13178 "-" "Mozilla/5.0 (Windows NT 10.0; Win64; x64) AppleWebKit/537.36 (KHTML, like Gecko) Chrome/120.0.0.0 Safari/537.36"
20.220.15.7 - - [16/Apr/2026:17:56:48 +0000] "GET /cgiag/mycgia/lib/weblib.php HTTP/1.1" 200 37414 "-" "-"
74.7.227.151 - - [16/Apr/2026:17:56:47 +0000] "GET /shop/pg/1414692 HTTP/1.1" 301 839 "https://www.elementalmill.com/shopping/products/16201414692" "Mozilla/5.0 AppleWebKit/537.36 (KHTML, like Gecko; compatible; GPTBot/1.3; +https://openai.com/gptbot)"
52.243.57.116 - - [16/Apr/2026:17:56:48 +0000] "GET /wp-the.php HTTP/1.1" 404 13178 "-" "Mozilla/5.0 (Windows NT 10.0; Win64; x64) AppleWebKit/537.36 (KHTML, like Gecko) Chrome/120.0.0.0 Safari/537.36"
74.7.227.47 - - [16/Apr/2026:17:56:50 +0000] "GET /shop/pg/1619906832 HTTP/1.1" 404 13178 "https://www.elementalmill.com" "Mozilla/5.0 AppleWebKit/537.36 (KHTML, like Gecko; compatible; GPTBot/1.3; +https://openai.com/gptbot)"
52.243.57.116 - - [16/Apr/2026:17:56:52 +0000] "GET /CDX2.php HTTP/1.1" 404 13178 "-" "Mozilla/5.0 (Windows NT 10.0; Win64; x64) AppleWebKit/537.36 (KHTML, like Gecko) Chrome/120.0.0.0 Safari/537.36"
20.220.15.7 - - [16/Apr/2026:17:56:56 +0000] "GET /bless.php HTTP/1.1" 200 37396 "-" "-"
52.243.57.116 - - [16/Apr/2026:17:56:55 +0000] "GET /profile.php HTTP/1.1" 404 13178 "-" "Mozilla/5.0 (Windows NT 10.0; Win64; x64) AppleWebKit/537.36 (KHTML, like Gecko) Chrome/120.0.0.0 Safari/537.36"
52.243.57.116 - - [16/Apr/2026:17:56:59 +0000] "GET /wp-content/themes/admin.php HTTP/1.1" 404 13178 "-" "Mozilla/5.0 (Windows NT 10.0; Win64; x64) AppleWebKit/537.36 (KHTML, like Gecko) Chrome/120.0.0.0 Safari/537.36"
20.220.15.7 - - [16/Apr/2026:17:57:03 +0000] "GET /admin.php. HTTP/1.1" 200 37397 "-" "-"
74.7.242.33 - - [16/Apr/2026:17:57:02 +0000] "GET /shop/pg/1162467 HTTP/1.1" 404 13197 "https://www.elementalmill.com.lab2454.com/shop/pg/16211537561" "Mozilla/5.0 AppleWebKit/537.36 (KHTML, like Gecko; compatible; GPTBot/1.3; +https://openai.com/gptbot)"
52.243.57.116 - - [16/Apr/2026:17:57:03 +0000] "GET /ws80.php HTTP/1.1" 404 13178 "-" "Mozilla/5.0 (Windows NT 10.0; Win64; x64) AppleWebKit/537.36 (KHTML, like Gecko) Chrome/120.0.0.0 Safari/537.36"
20.220.15.7 - - [16/Apr/2026:17:57:09 +0000] "GET /flower.php HTTP/1.1" 200 37397 "-" "-"
74.7.227.47 - - [16/Apr/2026:17:57:07 +0000] "GET /shop/pg/1672552 HTTP/1.1" 404 13197 "https://mail.elementalmill.com/?shopping/products/16211672552" "Mozilla/5.0 AppleWebKit/537.36 (KHTML, like Gecko; compatible; GPTBot/1.3; +https://openai.com/gptbot)"
74.7.243.209 - - [16/Apr/2026:17:57:07 +0000] "GET /shopping/products/16201371866 HTTP/1.1" 404 13197 "https://elementalmill.com.lab2454.com/shopping/products/16201358531" "Mozilla/5.0 AppleWebKit/537.36 (KHTML, like Gecko; compatible; GPTBot/1.3; +https://openai.com/gptbot)"
52.243.57.116 - - [16/Apr/2026:17:57:08 +0000] "GET /403.php HTTP/1.1" 404 13178 "-" "Mozilla/5.0 (Windows NT 10.0; Win64; x64) AppleWebKit/537.36 (KHTML, like Gecko) Chrome/120.0.0.0 Safari/537.36"
74.7.242.33 - - [16/Apr/2026:17:57:12 +0000] "GET /shop/pg/1196811 HTTP/1.1" 404 13197 "https://www.elementalmill.com.lab2454.com/shop/pg/16211571896" "Mozilla/5.0 AppleWebKit/537.36 (KHTML, like Gecko; compatible; GPTBot/1.3; +https://openai.com/gptbot)"
52.243.57.116 - - [16/Apr/2026:17:57:13 +0000] "GET /a4.php HTTP/1.1" 404 13178 "-" "Mozilla/5.0 (Windows NT 10.0; Win64; x64) AppleWebKit/537.36 (KHTML, like Gecko) Chrome/120.0.0.0 Safari/537.36"
20.220.15.7 - - [16/Apr/2026:17:57:17 +0000] "GET /ioxi-o.php HTTP/1.1" 200 37397 "-" "-"
74.7.227.47 - - [16/Apr/2026:17:57:17 +0000] "GET /shop/pg/1619785253 HTTP/1.1" 404 13178 "https://www.elementalmill.com" "Mozilla/5.0 AppleWebKit/537.36 (KHTML, like Gecko; compatible; GPTBot/1.3; +https://openai.com/gptbot)"
52.243.57.116 - - [16/Apr/2026:17:57:17 +0000] "GET /app.php HTTP/1.1" 404 13178 "-" "Mozilla/5.0 (Windows NT 10.0; Win64; x64) AppleWebKit/537.36 (KHTML, like Gecko) Chrome/120.0.0.0 Safari/537.36"
20.220.15.7 - - [16/Apr/2026:17:57:21 +0000] "GET /adminfuns.php HTTP/1.1" 200 37400 "-" "-"
74.7.242.33 - - [16/Apr/2026:17:57:20 +0000] "GET /shop/pg/1641627 HTTP/1.1" 404 13197 "https://www.elementalmill.com.lab2454.com/shop/pg/1640466" "Mozilla/5.0 AppleWebKit/537.36 (KHTML, like Gecko; compatible; GPTBot/1.3; +https://openai.com/gptbot)"
52.243.57.116 - - [16/Apr/2026:17:57:21 +0000] "GET /buy.php HTTP/1.1" 404 13178 "-" "Mozilla/5.0 (Windows NT 10.0; Win64; x64) AppleWebKit/537.36 (KHTML, like Gecko) Chrome/120.0.0.0 Safari/537.36"
20.220.15.7 - - [16/Apr/2026:17:57:27 +0000] "GET /wp-content/admin.php HTTP/1.1" 200 37407 "-" "-"
52.243.57.116 - - [16/Apr/2026:17:57:25 +0000] "GET /core.php HTTP/1.1" 404 13178 "-" "Mozilla/5.0 (Windows NT 10.0; Win64; x64) AppleWebKit/537.36 (KHTML, like Gecko) Chrome/120.0.0.0 Safari/537.36"
20.220.15.7 - - [16/Apr/2026:17:57:29 +0000] "GET /xmrlpc.php HTTP/1.1" 200 37397 "-" "-"
52.243.57.116 - - [16/Apr/2026:17:57:29 +0000] "GET /lock360.php HTTP/1.1" 404 13178 "-" "Mozilla/5.0 (Windows NT 10.0; Win64; x64) AppleWebKit/537.36 (KHTML, like Gecko) Chrome/120.0.0.0 Safari/537.36"
74.7.242.33 - - [16/Apr/2026:17:57:30 +0000] "GET /shop/pg/1372582 HTTP/1.1" 404 13197 "https://www.elementalmill.com.lab2454.com/shop/pg/16201156131" "Mozilla/5.0 AppleWebKit/537.36 (KHTML, like Gecko; compatible; GPTBot/1.3; +https://openai.com/gptbot)"
20.220.15.7 - - [16/Apr/2026:17:57:32 +0000] "GET /class.php HTTP/1.1" 200 37396 "-" "-"
52.243.57.116 - - [16/Apr/2026:17:57:32 +0000] "GET /wp-block.php HTTP/1.1" 404 13178 "-" "Mozilla/5.0 (Windows NT 10.0; Win64; x64) AppleWebKit/537.36 (KHTML, like Gecko) Chrome/120.0.0.0 Safari/537.36"
20.220.15.7 - - [16/Apr/2026:17:57:35 +0000] "GET /goods.php HTTP/1.1" 200 37396 "-" "-"
20.220.15.7 - - [16/Apr/2026:17:57:37 +0000] "GET /as.php HTTP/1.1" 200 37393 "-" "-"
20.220.15.7 - - [16/Apr/2026:17:57:38 +0000] "GET /aw.php HTTP/1.1" 200 37393 "-" "-"
52.243.57.116 - - [16/Apr/2026:17:57:35 +0000] "GET /wp-content/admin.php HTTP/1.1" 404 13178 "-" "Mozilla/5.0 (Windows NT 10.0; Win64; x64) AppleWebKit/537.36 (KHTML, like Gecko) Chrome/120.0.0.0 Safari/537.36"
139.162.194.112 - - [16/Apr/2026:17:57:37 +0000] "POST /wp-cron.php?doing_wp_cron=1776362257.6940670013427734375000 HTTP/1.1" 404 13168 "-" "WordPress/6.9.1; https://elementalmill.com"
20.220.15.7 - - [16/Apr/2026:17:57:41 +0000] "GET /222.php HTTP/1.1" 200 37394 "-" "-"
52.243.57.116 - - [16/Apr/2026:17:57:39 +0000] "GET /wp-includes/assets/index.php HTTP/1.1" 301 839 "-" "Mozilla/5.0 (Windows NT 10.0; Win64; x64) AppleWebKit/537.36 (KHTML, like Gecko) Chrome/120.0.0.0 Safari/537.36"
74.7.243.209 - - [16/Apr/2026:17:57:39 +0000] "GET /shopping/products/16211942432 HTTP/1.1" 404 13197 "https://elementalmill.com.lab2454.com/shopping/products/16211533491" "Mozilla/5.0 AppleWebKit/537.36 (KHTML, like Gecko; compatible; GPTBot/1.3; +https://openai.com/gptbot)"
74.7.242.33 - - [16/Apr/2026:17:57:40 +0000] "GET /shop/pg/1165396 HTTP/1.1" 404 13197 "https://www.elementalmill.com.lab2454.com/shop/pg/1164242" "Mozilla/5.0 AppleWebKit/537.36 (KHTML, like Gecko; compatible; GPTBot/1.3; +https://openai.com/gptbot)"
20.220.15.7 - - [16/Apr/2026:17:57:43 +0000] "GET /chosen.php?p= HTTP/1.1" 200 37400 "-" "-"
52.243.57.116 - - [16/Apr/2026:17:57:42 +0000] "GET /wp-includes/images/wp-login.php HTTP/1.1" 404 12378 "-" "Mozilla/5.0 (Windows NT 10.0; Win64; x64) AppleWebKit/537.36 (KHTML, like Gecko) Chrome/120.0.0.0 Safari/537.36"
20.220.15.7 - - [16/Apr/2026:17:57:45 +0000] "GET /defaults.php HTTP/1.1" 200 37399 "-" "-"
74.7.227.47 - - [16/Apr/2026:17:57:42 +0000] "GET /shop/pg/1618502540 HTTP/1.1" 404 13178 "https://www.elementalmill.com" "Mozilla/5.0 AppleWebKit/537.36 (KHTML, like Gecko; compatible; GPTBot/1.3; +https://openai.com/gptbot)"
20.220.15.7 - - [16/Apr/2026:17:57:47 +0000] "GET /wp-includes/ HTTP/1.1" 200 37399 "-" "-"
52.243.57.116 - - [16/Apr/2026:17:57:46 +0000] "GET /z.php HTTP/1.1" 404 13178 "-" "Mozilla/5.0 (Windows NT 10.0; Win64; x64) AppleWebKit/537.36 (KHTML, like Gecko) Chrome/120.0.0.0 Safari/537.36"
20.220.15.7 - - [16/Apr/2026:17:57:49 +0000] "GET /13.php HTTP/1.1" 200 37393 "-" "-"
20.220.15.7 - - [16/Apr/2026:17:57:52 +0000] "GET /new.php HTTP/1.1" 200 37394 "-" "-"
74.7.242.33 - - [16/Apr/2026:17:57:49 +0000] "GET /shop/pg/1632906 HTTP/1.1" 404 13197 "https://www.elementalmill.com.lab2454.com/shop/pg/16201416451" "Mozilla/5.0 AppleWebKit/537.36 (KHTML, like Gecko; compatible; GPTBot/1.3; +https://openai.com/gptbot)"
52.243.57.116 - - [16/Apr/2026:17:57:50 +0000] "GET /bless.php HTTP/1.1" 404 13178 "-" "Mozilla/5.0 (Windows NT 10.0; Win64; x64) AppleWebKit/537.36 (KHTML, like Gecko) Chrome/120.0.0.0 Safari/537.36"
20.220.15.7 - - [16/Apr/2026:17:57:54 +0000] "GET /k.php HTTP/1.1" 200 37392 "-" "-"
52.243.57.116 - - [16/Apr/2026:17:57:55 +0000] "GET /hplfuns.php HTTP/1.1" 404 13178 "-" "Mozilla/5.0 (Windows NT 10.0; Win64; x64) AppleWebKit/537.36 (KHTML, like Gecko) Chrome/120.0.0.0 Safari/537.36"
20.220.15.7 - - [16/Apr/2026:17:58:00 +0000] "GET /system.php HTTP/1.1" 200 37397 "-" "-"
74.7.242.33 - - [16/Apr/2026:17:57:58 +0000] "GET /shop/pg/1420657 HTTP/1.1" 404 13197 "https://www.elementalmill.com.lab2454.com/shop/pg/16201204212" "Mozilla/5.0 AppleWebKit/537.36 (KHTML, like Gecko; compatible; GPTBot/1.3; +https://openai.com/gptbot)"
52.243.57.116 - - [16/Apr/2026:17:57:59 +0000] "GET /lock.php HTTP/1.1" 404 13178 "-" "Mozilla/5.0 (Windows NT 10.0; Win64; x64) AppleWebKit/537.36 (KHTML, like Gecko) Chrome/120.0.0.0 Safari/537.36"
52.243.57.116 - - [16/Apr/2026:17:58:04 +0000] "GET /radio.php HTTP/1.1" 200 190 "-" "Mozilla/5.0 (Windows NT 10.0; Win64; x64) AppleWebKit/537.36 (KHTML, like Gecko) Chrome/120.0.0.0 Safari/537.36"
52.243.57.116 - - [16/Apr/2026:17:58:05 +0000] "GET /wp-content/themes/about.php HTTP/1.1" 404 13178 "-" "Mozilla/5.0 (Windows NT 10.0; Win64; x64) AppleWebKit/537.36 (KHTML, like Gecko) Chrome/120.0.0.0 Safari/537.36"
20.220.15.7 - - [16/Apr/2026:17:58:07 +0000] "GET /s.php HTTP/1.1" 200 37392 "-" "-"
74.7.242.33 - - [16/Apr/2026:17:58:07 +0000] "GET /shop/pg/1434165 HTTP/1.1" 404 13197 "https://www.elementalmill.com.lab2454.com/shop/pg/16201217707" "Mozilla/5.0 AppleWebKit/537.36 (KHTML, like Gecko; compatible; GPTBot/1.3; +https://openai.com/gptbot)"
74.7.227.47 - - [16/Apr/2026:17:58:08 +0000] "GET /shop/pg/1619947453 HTTP/1.1" 404 13178 "https://www.elementalmill.com" "Mozilla/5.0 AppleWebKit/537.36 (KHTML, like Gecko; compatible; GPTBot/1.3; +https://openai.com/gptbot)"
52.243.57.116 - - [16/Apr/2026:17:58:08 +0000] "GET /wp-content/upgrade/index.php HTTP/1.1" 301 839 "-" "Mozilla/5.0 (Windows NT 10.0; Win64; x64) AppleWebKit/537.36 (KHTML, like Gecko) Chrome/120.0.0.0 Safari/537.36"
20.220.15.7 - - [16/Apr/2026:17:58:12 +0000] "GET /wi.php HTTP/1.1" 200 37393 "-" "-"
20.220.15.7 - - [16/Apr/2026:17:58:14 +0000] "GET /NewFile.php HTTP/1.1" 200 37398 "-" "-"
74.7.243.209 - - [16/Apr/2026:17:58:12 +0000] "GET /shopping/products/16211802568 HTTP/1.1" 404 13197 "https://elementalmill.com.lab2454.com/shopping/products/16211848604" "Mozilla/5.0 AppleWebKit/537.36 (KHTML, like Gecko; compatible; GPTBot/1.3; +https://openai.com/gptbot)"
52.243.57.116 - - [16/Apr/2026:17:58:12 +0000] "GET /wp-includes/fonts/index.php HTTP/1.1" 301 839 "-" "Mozilla/5.0 (Windows NT 10.0; Win64; x64) AppleWebKit/537.36 (KHTML, like Gecko) Chrome/120.0.0.0 Safari/537.36"
74.7.227.151 - - [16/Apr/2026:17:58:12 +0000] "GET /shop/pg/1625651 HTTP/1.1" 301 839 "https://www.elementalmill.com/shop/customer/bookmark.php?shopping/products/16211625651" "Mozilla/5.0 AppleWebKit/537.36 (KHTML, like Gecko; compatible; GPTBot/1.3; +https://openai.com/gptbot)"
52.243.57.116 - - [16/Apr/2026:17:58:16 +0000] "GET /ws.php HTTP/1.1" 404 13178 "-" "Mozilla/5.0 (Windows NT 10.0; Win64; x64) AppleWebKit/537.36 (KHTML, like Gecko) Chrome/120.0.0.0 Safari/537.36"
20.220.15.7 - - [16/Apr/2026:17:58:19 +0000] "GET /plugins.php HTTP/1.1" 200 37398 "-" "-"
74.7.242.33 - - [16/Apr/2026:17:58:16 +0000] "GET /shop/pg/2446041 HTTP/1.1" 404 13197 "https://www.elementalmill.com.lab2454.com/shop/customer/bookmark.php?shopping/products/16222446041" "Mozilla/5.0 AppleWebKit/537.36 (KHTML, like Gecko; compatible; GPTBot/1.3; +https://openai.com/gptbot)"
20.220.15.7 - - [16/Apr/2026:17:58:20 +0000] "GET /item.php HTTP/1.1" 200 37395 "-" "-"
52.243.57.116 - - [16/Apr/2026:17:58:19 +0000] "GET /ws49.php HTTP/1.1" 404 13178 "-" "Mozilla/5.0 (Windows NT 10.0; Win64; x64) AppleWebKit/537.36 (KHTML, like Gecko) Chrome/120.0.0.0 Safari/537.36"
52.243.57.116 - - [16/Apr/2026:17:58:23 +0000] "GET /xmlrpc.php HTTP/1.1" 404 13178 "-" "Mozilla/5.0 (Windows NT 10.0; Win64; x64) AppleWebKit/537.36 (KHTML, like Gecko) Chrome/120.0.0.0 Safari/537.36"
74.7.242.33 - - [16/Apr/2026:17:58:26 +0000] "GET /shop/pg/1619684 HTTP/1.1" 404 13197 "https://www.elementalmill.com.lab2454.com/shop/pg/16201403234" "Mozilla/5.0 AppleWebKit/537.36 (KHTML, like Gecko; compatible; GPTBot/1.3; +https://openai.com/gptbot)"
52.243.57.116 - - [16/Apr/2026:17:58:26 +0000] "GET /xozx.php HTTP/1.1" 404 13178 "-" "Mozilla/5.0 (Windows NT 10.0; Win64; x64) AppleWebKit/537.36 (KHTML, like Gecko) Chrome/120.0.0.0 Safari/537.36"
20.220.15.7 - - [16/Apr/2026:17:58:31 +0000] "GET /well-known/ HTTP/1.1" 200 37398 "-" "-"
52.243.57.116 - - [16/Apr/2026:17:58:30 +0000] "GET /xwx1.php HTTP/1.1" 404 13178 "-" "Mozilla/5.0 (Windows NT 10.0; Win64; x64) AppleWebKit/537.36 (KHTML, like Gecko) Chrome/120.0.0.0 Safari/537.36"
20.220.15.7 - - [16/Apr/2026:17:58:34 +0000] "GET /cgi-bin/ HTTP/1.1" 200 37395 "-" "-"
74.7.227.151 - - [16/Apr/2026:17:58:33 +0000] "GET /shop/pg/2631001 HTTP/1.1" 301 839 "https://www.elementalmill.com/shop/customer/bookmark.php?shopping/products/16232631001" "Mozilla/5.0 AppleWebKit/537.36 (KHTML, like Gecko; compatible; GPTBot/1.3; +https://openai.com/gptbot)"
52.243.57.116 - - [16/Apr/2026:17:58:34 +0000] "GET /Cap.php HTTP/1.1" 404 13178 "-" "Mozilla/5.0 (Windows NT 10.0; Win64; x64) AppleWebKit/537.36 (KHTML, like Gecko) Chrome/120.0.0.0 Safari/537.36"
74.7.227.47 - - [16/Apr/2026:17:58:34 +0000] "GET /shop/pg/1618238076 HTTP/1.1" 404 13178 "https://www.elementalmill.com" "Mozilla/5.0 AppleWebKit/537.36 (KHTML, like Gecko; compatible; GPTBot/1.3; +https://openai.com/gptbot)"
74.7.242.33 - - [16/Apr/2026:17:58:35 +0000] "GET /shop/pg/1625361 HTTP/1.1" 404 13197 "https://www.elementalmill.com.lab2454.com/shop/pg/16201408894" "Mozilla/5.0 AppleWebKit/537.36 (KHTML, like Gecko; compatible; GPTBot/1.3; +https://openai.com/gptbot)"
52.243.57.116 - - [16/Apr/2026:17:58:38 +0000] "GET /ahax.php HTTP/1.1" 404 13178 "-" "Mozilla/5.0 (Windows NT 10.0; Win64; x64) AppleWebKit/537.36 (KHTML, like Gecko) Chrome/120.0.0.0 Safari/537.36"
139.162.194.112 - - [16/Apr/2026:17:58:38 +0000] "POST /wp-cron.php?doing_wp_cron=1776362318.8118290901184082031250 HTTP/1.1" 404 13168 "-" "WordPress/6.9.1; https://elementalmill.com"
139.162.194.112 - - [16/Apr/2026:17:58:40 +0000] "POST /wp-cron.php?doing_wp_cron=1776362320.7271161079406738281250 HTTP/1.1" 404 13168 "-" "WordPress/6.9.1; https://elementalmill.com"
52.243.57.116 - - [16/Apr/2026:17:58:42 +0000] "GET /byrgo.php HTTP/1.1" 404 13178 "-" "Mozilla/5.0 (Windows NT 10.0; Win64; x64) AppleWebKit/537.36 (KHTML, like Gecko) Chrome/120.0.0.0 Safari/537.36"
74.7.243.209 - - [16/Apr/2026:17:58:44 +0000] "GET /shopping/products/16211795255 HTTP/1.1" 404 13197 "https://elementalmill.com.lab2454.com/shopping/products/1619579579" "Mozilla/5.0 AppleWebKit/537.36 (KHTML, like Gecko; compatible; GPTBot/1.3; +https://openai.com/gptbot)"
74.7.242.33 - - [16/Apr/2026:17:58:45 +0000] "GET /shop/pg/1442344 HTTP/1.1" 404 13197 "https://www.elementalmill.com.lab2454.com/shop/pg/16201225878" "Mozilla/5.0 AppleWebKit/537.36 (KHTML, like Gecko; compatible; GPTBot/1.3; +https://openai.com/gptbot)"
52.243.57.116 - - [16/Apr/2026:17:58:46 +0000] "GET /css/index.php HTTP/1.1" 301 839 "-" "Mozilla/5.0 (Windows NT 10.0; Win64; x64) AppleWebKit/537.36 (KHTML, like Gecko) Chrome/120.0.0.0 Safari/537.36"
52.243.57.116 - - [16/Apr/2026:17:58:50 +0000] "GET /jp.php HTTP/1.1" 404 13178 "-" "Mozilla/5.0 (Windows NT 10.0; Win64; x64) AppleWebKit/537.36 (KHTML, like Gecko) Chrome/120.0.0.0 Safari/537.36"
52.243.57.116 - - [16/Apr/2026:17:58:54 +0000] "GET /num.php HTTP/1.1" 404 13178 "-" "Mozilla/5.0 (Windows NT 10.0; Win64; x64) AppleWebKit/537.36 (KHTML, like Gecko) Chrome/120.0.0.0 Safari/537.36"
74.7.227.47 - - [16/Apr/2026:17:58:54 +0000] "GET /shop/pg/1652731 HTTP/1.1" 404 13197 "https://mail.elementalmill.com/?shopping/products/16211652731" "Mozilla/5.0 AppleWebKit/537.36 (KHTML, like Gecko; compatible; GPTBot/1.3; +https://openai.com/gptbot)"
74.7.242.33 - - [16/Apr/2026:17:58:55 +0000] "GET /shop/pg/1410107 HTTP/1.1" 404 13197 "https://www.elementalmill.com.lab2454.com/shop/pg/1408939" "Mozilla/5.0 AppleWebKit/537.36 (KHTML, like Gecko; compatible; GPTBot/1.3; +https://openai.com/gptbot)"
52.243.57.116 - - [16/Apr/2026:17:58:57 +0000] "GET /wp-content/themes/index.php HTTP/1.1" 301 839 "-" "Mozilla/5.0 (Windows NT 10.0; Win64; x64) AppleWebKit/537.36 (KHTML, like Gecko) Chrome/120.0.0.0 Safari/537.36"
74.7.227.47 - - [16/Apr/2026:17:59:00 +0000] "GET /shop/pg/1619884530 HTTP/1.1" 404 13178 "https://www.elementalmill.com" "Mozilla/5.0 AppleWebKit/537.36 (KHTML, like Gecko; compatible; GPTBot/1.3; +https://openai.com/gptbot)"
52.243.57.116 - - [16/Apr/2026:17:59:00 +0000] "GET /12.php HTTP/1.1" 404 13178 "-" "Mozilla/5.0 (Windows NT 10.0; Win64; x64) AppleWebKit/537.36 (KHTML, like Gecko) Chrome/120.0.0.0 Safari/537.36"
74.7.227.47 - - [16/Apr/2026:17:59:01 +0000] "GET /shop/pg/1686770 HTTP/1.1" 404 13197 "https://mail.elementalmill.com/?shopping/products/16211686770" "Mozilla/5.0 AppleWebKit/537.36 (KHTML, like Gecko; compatible; GPTBot/1.3; +https://openai.com/gptbot)"
74.7.242.33 - - [16/Apr/2026:17:59:04 +0000] "GET /shop/pg/1258694 HTTP/1.1" 404 13197 "https://www.elementalmill.com.lab2454.com/shop/pg/16211633784" "Mozilla/5.0 AppleWebKit/537.36 (KHTML, like Gecko; compatible; GPTBot/1.3; +https://openai.com/gptbot)"
52.243.57.116 - - [16/Apr/2026:17:59:06 +0000] "GET /Ov-Simple1.php HTTP/1.1" 404 13178 "-" "Mozilla/5.0 (Windows NT 10.0; Win64; x64) AppleWebKit/537.36 (KHTML, like Gecko) Chrome/120.0.0.0 Safari/537.36"
74.7.227.47 - - [16/Apr/2026:17:59:09 +0000] "GET /shop/pg/1954091 HTTP/1.1" 404 13197 "https://mail.elementalmill.com/?shopping/products/16211954091" "Mozilla/5.0 AppleWebKit/537.36 (KHTML, like Gecko; compatible; GPTBot/1.3; +https://openai.com/gptbot)"
52.243.57.116 - - [16/Apr/2026:17:59:09 +0000] "GET /an.php HTTP/1.1" 404 13178 "-" "Mozilla/5.0 (Windows NT 10.0; Win64; x64) AppleWebKit/537.36 (KHTML, like Gecko) Chrome/120.0.0.0 Safari/537.36"
74.7.242.33 - - [16/Apr/2026:17:59:13 +0000] "GET /shop/pg/1626757 HTTP/1.1" 404 13197 "https://www.elementalmill.com.lab2454.com/shop/pg/1625588" "Mozilla/5.0 AppleWebKit/537.36 (KHTML, like Gecko; compatible; GPTBot/1.3; +https://openai.com/gptbot)"
52.243.57.116 - - [16/Apr/2026:17:59:14 +0000] "GET /archive.php HTTP/1.1" 404 13178 "-" "Mozilla/5.0 (Windows NT 10.0; Win64; x64) AppleWebKit/537.36 (KHTML, like Gecko) Chrome/120.0.0.0 Safari/537.36"
74.7.227.151 - - [16/Apr/2026:17:59:16 +0000] "GET /shop/pg/2495534 HTTP/1.1" 301 839 "https://www.elementalmill.com/?shopping/products/16222495534" "Mozilla/5.0 AppleWebKit/537.36 (KHTML, like Gecko; compatible; GPTBot/1.3; +https://openai.com/gptbot)"
74.7.243.209 - - [16/Apr/2026:17:59:16 +0000] "GET /shopping/products/16211768919 HTTP/1.1" 404 13197 "https://elementalmill.com.lab2454.com/shopping/products/16211746382" "Mozilla/5.0 AppleWebKit/537.36 (KHTML, like Gecko; compatible; GPTBot/1.3; +https://openai.com/gptbot)"
52.243.57.116 - - [16/Apr/2026:17:59:18 +0000] "GET /as.php HTTP/1.1" 404 13178 "-" "Mozilla/5.0 (Windows NT 10.0; Win64; x64) AppleWebKit/537.36 (KHTML, like Gecko) Chrome/120.0.0.0 Safari/537.36"
52.243.57.116 - - [16/Apr/2026:17:59:23 +0000] "GET /db.php HTTP/1.1" 404 13178 "-" "Mozilla/5.0 (Windows NT 10.0; Win64; x64) AppleWebKit/537.36 (KHTML, like Gecko) Chrome/120.0.0.0 Safari/537.36"
74.7.242.33 - - [16/Apr/2026:17:59:24 +0000] "GET /shop/pg/1646347 HTTP/1.1" 404 13197 "https://www.elementalmill.com.lab2454.com/shop/pg/1645184" "Mozilla/5.0 AppleWebKit/537.36 (KHTML, like Gecko; compatible; GPTBot/1.3; +https://openai.com/gptbot)"
74.7.227.47 - - [16/Apr/2026:17:59:25 +0000] "GET /shop/pg/1914115 HTTP/1.1" 404 13197 "https://mail.elementalmill.com/?shopping/products/16211914115" "Mozilla/5.0 AppleWebKit/537.36 (KHTML, like Gecko; compatible; GPTBot/1.3; +https://openai.com/gptbot)"
52.243.57.116 - - [16/Apr/2026:17:59:27 +0000] "GET /wp-includes/interactivity-api/index.php HTTP/1.1" 301 839 "-" "Mozilla/5.0 (Windows NT 10.0; Win64; x64) AppleWebKit/537.36 (KHTML, like Gecko) Chrome/120.0.0.0 Safari/537.36"
52.243.57.116 - - [16/Apr/2026:17:59:31 +0000] "GET /error.php HTTP/1.1" 404 13178 "-" "Mozilla/5.0 (Windows NT 10.0; Win64; x64) AppleWebKit/537.36 (KHTML, like Gecko) Chrome/120.0.0.0 Safari/537.36"
74.7.242.33 - - [16/Apr/2026:17:59:33 +0000] "GET /shop/pg/1578761 HTTP/1.1" 404 13197 "https://www.elementalmill.com.lab2454.com/shop/pg/16201362311" "Mozilla/5.0 AppleWebKit/537.36 (KHTML, like Gecko; compatible; GPTBot/1.3; +https://openai.com/gptbot)"
52.243.57.116 - - [16/Apr/2026:17:59:35 +0000] "GET /ortasekerli1.php HTTP/1.1" 404 13178 "-" "Mozilla/5.0 (Windows NT 10.0; Win64; x64) AppleWebKit/537.36 (KHTML, like Gecko) Chrome/120.0.0.0 Safari/537.36"
52.243.57.116 - - [16/Apr/2026:17:59:39 +0000] "GET /wp-blog-header.php HTTP/1.1" 404 13178 "-" "Mozilla/5.0 (Windows NT 10.0; Win64; x64) AppleWebKit/537.36 (KHTML, like Gecko) Chrome/120.0.0.0 Safari/537.36"
139.162.194.112 - - [16/Apr/2026:17:59:41 +0000] "POST /wp-cron.php?doing_wp_cron=1776362381.7856669425964355468750 HTTP/1.1" 404 13178 "-" "WordPress/6.9.1; https://elementalmill.com"
74.7.242.33 - - [16/Apr/2026:17:59:42 +0000] "GET /shop/pg/1665334 HTTP/1.1" 404 13197 "https://www.elementalmill.com.lab2454.com/shop/pg/1664168" "Mozilla/5.0 AppleWebKit/537.36 (KHTML, like Gecko; compatible; GPTBot/1.3; +https://openai.com/gptbot)"
52.243.57.116 - - [16/Apr/2026:17:59:43 +0000] "GET /wp-content/plugins/hellopress/wp_filemanager.php HTTP/1.1" 404 13178 "-" "Mozilla/5.0 (Windows NT 10.0; Win64; x64) AppleWebKit/537.36 (KHTML, like Gecko) Chrome/120.0.0.0 Safari/537.36"
74.7.243.209 - - [16/Apr/2026:17:59:46 +0000] "GET /shopping/products/16211674305 HTTP/1.1" 404 13197 "https://elementalmill.com.lab2454.com/shopping/products/16211874872" "Mozilla/5.0 AppleWebKit/537.36 (KHTML, like Gecko; compatible; GPTBot/1.3; +https://openai.com/gptbot)"
52.243.57.116 - - [16/Apr/2026:17:59:47 +0000] "GET /wp-includes/class-wp-http-client.php HTTP/1.1" 404 13178 "-" "Mozilla/5.0 (Windows NT 10.0; Win64; x64) AppleWebKit/537.36 (KHTML, like Gecko) Chrome/120.0.0.0 Safari/537.36"
52.243.57.116 - - [16/Apr/2026:17:59:51 +0000] "GET /wp-includes/configuration.php HTTP/1.1" 404 13178 "-" "Mozilla/5.0 (Windows NT 10.0; Win64; x64) AppleWebKit/537.36 (KHTML, like Gecko) Chrome/120.0.0.0 Safari/537.36"
74.7.227.47 - - [16/Apr/2026:17:59:52 +0000] "GET /shop/pg/1618373297 HTTP/1.1" 404 13178 "https://www.elementalmill.com" "Mozilla/5.0 AppleWebKit/537.36 (KHTML, like Gecko; compatible; GPTBot/1.3; +https://openai.com/gptbot)"
74.7.242.33 - - [16/Apr/2026:17:59:52 +0000] "GET /shop/pg/1326724 HTTP/1.1" 404 13197 "https://www.elementalmill.com.lab2454.com/shop/pg/16211701819" "Mozilla/5.0 AppleWebKit/537.36 (KHTML, like Gecko; compatible; GPTBot/1.3; +https://openai.com/gptbot)"
52.243.57.116 - - [16/Apr/2026:17:59:54 +0000] "GET /0x.php HTTP/1.1" 404 13178 "-" "Mozilla/5.0 (Windows NT 10.0; Win64; x64) AppleWebKit/537.36 (KHTML, like Gecko) Chrome/120.0.0.0 Safari/537.36"
52.243.57.116 - - [16/Apr/2026:17:59:57 +0000] "GET /aaa.php HTTP/1.1" 404 13178 "-" "Mozilla/5.0 (Windows NT 10.0; Win64; x64) AppleWebKit/537.36 (KHTML, like Gecko) Chrome/120.0.0.0 Safari/537.36"
74.7.242.33 - - [16/Apr/2026:18:00:01 +0000] "GET /shop/pg/1608572 HTTP/1.1" 404 13197 "https://www.elementalmill.com.lab2454.com/shop/pg/16201392116" "Mozilla/5.0 AppleWebKit/537.36 (KHTML, like Gecko; compatible; GPTBot/1.3; +https://openai.com/gptbot)"
52.243.57.116 - - [16/Apr/2026:18:00:02 +0000] "GET /byp.php HTTP/1.1" 404 13178 "-" "Mozilla/5.0 (Windows NT 10.0; Win64; x64) AppleWebKit/537.36 (KHTML, like Gecko) Chrome/120.0.0.0 Safari/537.36"
52.243.57.116 - - [16/Apr/2026:18:00:06 +0000] "GET /dropdown.php HTTP/1.1" 404 13178 "-" "Mozilla/5.0 (Windows NT 10.0; Win64; x64) AppleWebKit/537.36 (KHTML, like Gecko) Chrome/120.0.0.0 Safari/537.36"
74.7.242.33 - - [16/Apr/2026:18:00:10 +0000] "GET /shop/pg/1606106 HTTP/1.1" 404 13197 "https://www.elementalmill.com.lab2454.com/shop/pg/16201389641" "Mozilla/5.0 AppleWebKit/537.36 (KHTML, like Gecko; compatible; GPTBot/1.3; +https://openai.com/gptbot)"
52.243.57.116 - - [16/Apr/2026:18:00:11 +0000] "GET /mini.php HTTP/1.1" 404 13178 "-" "Mozilla/5.0 (Windows NT 10.0; Win64; x64) AppleWebKit/537.36 (KHTML, like Gecko) Chrome/120.0.0.0 Safari/537.36"
52.243.57.116 - - [16/Apr/2026:18:00:15 +0000] "GET /new.php HTTP/1.1" 404 13178 "-" "Mozilla/5.0 (Windows NT 10.0; Win64; x64) AppleWebKit/537.36 (KHTML, like Gecko) Chrome/120.0.0.0 Safari/537.36"
74.7.227.47 - - [16/Apr/2026:18:00:16 +0000] "GET /shop/pg/1619498 HTTP/1.1" 404 13197 "https://mail.elementalmill.com/shop/pg/16211994582" "Mozilla/5.0 AppleWebKit/537.36 (KHTML, like Gecko; compatible; GPTBot/1.3; +https://openai.com/gptbot)"
74.7.243.209 - - [16/Apr/2026:18:00:17 +0000] "GET /shopping/products/16232561368 HTTP/1.1" 404 13197 "https://elementalmill.com.lab2454.com/shopping/products/16201303175" "Mozilla/5.0 AppleWebKit/537.36 (KHTML, like Gecko; compatible; GPTBot/1.3; +https://openai.com/gptbot)"
74.7.227.151 - - [16/Apr/2026:18:00:19 +0000] "GET /shop/pg/1925691 HTTP/1.1" 301 839 "https://www.elementalmill.com/shopping/products/16211925691" "Mozilla/5.0 AppleWebKit/537.36 (KHTML, like Gecko; compatible; GPTBot/1.3; +https://openai.com/gptbot)"
74.7.242.33 - - [16/Apr/2026:18:00:20 +0000] "GET /shop/pg/1343390 HTTP/1.1" 404 13197 "https://www.elementalmill.com.lab2454.com/shop/pg/16211718477" "Mozilla/5.0 AppleWebKit/537.36 (KHTML, like Gecko; compatible; GPTBot/1.3; +https://openai.com/gptbot)"
52.243.57.116 - - [16/Apr/2026:18:00:20 +0000] "GET /option.php HTTP/1.1" 404 13178 "-" "Mozilla/5.0 (Windows NT 10.0; Win64; x64) AppleWebKit/537.36 (KHTML, like Gecko) Chrome/120.0.0.0 Safari/537.36"
52.243.57.116 - - [16/Apr/2026:18:00:24 +0000] "GET /s.php HTTP/1.1" 404 13178 "-" "Mozilla/5.0 (Windows NT 10.0; Win64; x64) AppleWebKit/537.36 (KHTML, like Gecko) Chrome/120.0.0.0 Safari/537.36"
95.108.213.252 - - [16/Apr/2026:18:00:27 +0000] "GET /shopping/products/1618107329 HTTP/1.1" 404 13178 "-" "Mozilla/5.0 (compatible; YandexBot/3.0; +http://yandex.com/bots)"
52.243.57.116 - - [16/Apr/2026:18:00:28 +0000] "GET /size.php HTTP/1.1" 404 13178 "-" "Mozilla/5.0 (Windows NT 10.0; Win64; x64) AppleWebKit/537.36 (KHTML, like Gecko) Chrome/120.0.0.0 Safari/537.36"
74.7.242.33 - - [16/Apr/2026:18:00:29 +0000] "GET /shop/pg/1273928 HTTP/1.1" 404 13197 "https://www.elementalmill.com.lab2454.com/shop/pg/16201057466" "Mozilla/5.0 AppleWebKit/537.36 (KHTML, like Gecko; compatible; GPTBot/1.3; +https://openai.com/gptbot)"
52.243.57.116 - - [16/Apr/2026:18:00:32 +0000] "GET /system_log.php HTTP/1.1" 404 13178 "-" "Mozilla/5.0 (Windows NT 10.0; Win64; x64) AppleWebKit/537.36 (KHTML, like Gecko) Chrome/120.0.0.0 Safari/537.36"
52.243.57.116 - - [16/Apr/2026:18:00:37 +0000] "GET /tool.php HTTP/1.1" 404 13178 "-" "Mozilla/5.0 (Windows NT 10.0; Win64; x64) AppleWebKit/537.36 (KHTML, like Gecko) Chrome/120.0.0.0 Safari/537.36"
74.7.227.47 - - [16/Apr/2026:18:00:39 +0000] "GET /shop/pg/2499510 HTTP/1.1" 404 13197 "https://mail.elementalmill.com/?shopping/products/16222499510" "Mozilla/5.0 AppleWebKit/537.36 (KHTML, like Gecko; compatible; GPTBot/1.3; +https://openai.com/gptbot)"
74.7.242.33 - - [16/Apr/2026:18:00:39 +0000] "GET /shop/pg/1346329 HTTP/1.1" 404 13197 "https://www.elementalmill.com.lab2454.com/shop/pg/1345172" "Mozilla/5.0 AppleWebKit/537.36 (KHTML, like Gecko; compatible; GPTBot/1.3; +https://openai.com/gptbot)"
52.243.57.116 - - [16/Apr/2026:18:00:41 +0000] "GET /wp-admin.php HTTP/1.1" 404 12378 "-" "Mozilla/5.0 (Windows NT 10.0; Win64; x64) AppleWebKit/537.36 (KHTML, like Gecko) Chrome/120.0.0.0 Safari/537.36"
74.7.227.151 - - [16/Apr/2026:18:00:41 +0000] "GET /shop/pg/1402205 HTTP/1.1" 301 839 "https://www.elementalmill.com/?shopping/products/16201402205" "Mozilla/5.0 AppleWebKit/537.36 (KHTML, like Gecko; compatible; GPTBot/1.3; +https://openai.com/gptbot)"
139.162.194.112 - - [16/Apr/2026:18:00:42 +0000] "POST /wp-cron.php?doing_wp_cron=1776362442.9279179573059082031250 HTTP/1.1" 404 13178 "-" "WordPress/6.9.1; https://elementalmill.com"
139.162.194.112 - - [16/Apr/2026:18:00:44 +0000] "POST /wp-cron.php?doing_wp_cron=1776362444.5381529331207275390625 HTTP/1.1" 404 13168 "-" "WordPress/6.9.1; https://elementalmill.com"
139.162.194.112 - - [16/Apr/2026:18:00:44 +0000] "POST /wp-cron.php?doing_wp_cron=1776362444.8799569606781005859375 HTTP/1.1" 404 13178 "-" "WordPress/6.9.1; https://elementalmill.com"
52.243.57.116 - - [16/Apr/2026:18:00:46 +0000] "GET /wp-includes/Text/Diff/Engine/about.php HTTP/1.1" 404 13178 "-" "Mozilla/5.0 (Windows NT 10.0; Win64; x64) AppleWebKit/537.36 (KHTML, like Gecko) Chrome/120.0.0.0 Safari/537.36"
74.7.242.33 - - [16/Apr/2026:18:00:49 +0000] "GET /shop/pg/1675627 HTTP/1.1" 404 13197 "https://www.elementalmill.com.lab2454.com/shop/pg/16201459164" "Mozilla/5.0 AppleWebKit/537.36 (KHTML, like Gecko; compatible; GPTBot/1.3; +https://openai.com/gptbot)"
52.243.57.116 - - [16/Apr/2026:18:00:51 +0000] "GET /about/function.php HTTP/1.1" 404 13178 "-" "Mozilla/5.0 (Windows NT 10.0; Win64; x64) AppleWebKit/537.36 (KHTML, like Gecko) Chrome/120.0.0.0 Safari/537.36"
52.243.57.116 - - [16/Apr/2026:18:00:55 +0000] "GET /albin.php HTTP/1.1" 404 13178 "-" "Mozilla/5.0 (Windows NT 10.0; Win64; x64) AppleWebKit/537.36 (KHTML, like Gecko) Chrome/120.0.0.0 Safari/537.36"
74.7.242.33 - - [16/Apr/2026:18:00:58 +0000] "GET /shop/pg/1173401 HTTP/1.1" 404 13197 "https://www.elementalmill.com.lab2454.com/shop/customer/bookmark.php?shopping/products/16201173401" "Mozilla/5.0 AppleWebKit/537.36 (KHTML, like Gecko; compatible; GPTBot/1.3; +https://openai.com/gptbot)"
52.243.57.116 - - [16/Apr/2026:18:00:59 +0000] "GET /alfa.php HTTP/1.1" 404 13178 "-" "Mozilla/5.0 (Windows NT 10.0; Win64; x64) AppleWebKit/537.36 (KHTML, like Gecko) Chrome/120.0.0.0 Safari/537.36"
74.7.227.151 - - [16/Apr/2026:18:01:01 +0000] "GET /shop/pg/1349055 HTTP/1.1" 301 839 "https://www.elementalmill.com/?shopping/products/16201349055" "Mozilla/5.0 AppleWebKit/537.36 (KHTML, like Gecko; compatible; GPTBot/1.3; +https://openai.com/gptbot)"
52.243.57.116 - - [16/Apr/2026:18:01:04 +0000] "GET /autoload_classmap.php HTTP/1.1" 404 13178 "-" "Mozilla/5.0 (Windows NT 10.0; Win64; x64) AppleWebKit/537.36 (KHTML, like Gecko) Chrome/120.0.0.0 Safari/537.36"
74.7.242.33 - - [16/Apr/2026:18:01:07 +0000] "GET /shop/pg/1355648 HTTP/1.1" 404 13197 "https://www.elementalmill.com.lab2454.com/shop/pg/16201139186" "Mozilla/5.0 AppleWebKit/537.36 (KHTML, like Gecko; compatible; GPTBot/1.3; +https://openai.com/gptbot)"
74.7.227.47 - - [16/Apr/2026:18:01:08 +0000] "GET /shop/pg/1600134 HTTP/1.1" 404 13197 "https://mail.elementalmill.com/?shopping/products/16211600134" "Mozilla/5.0 AppleWebKit/537.36 (KHTML, like Gecko; compatible; GPTBot/1.3; +https://openai.com/gptbot)"
52.243.57.116 - - [16/Apr/2026:18:01:08 +0000] "GET /av.php HTTP/1.1" 404 13178 "-" "Mozilla/5.0 (Windows NT 10.0; Win64; x64) AppleWebKit/537.36 (KHTML, like Gecko) Chrome/120.0.0.0 Safari/537.36"
74.7.227.47 - - [16/Apr/2026:18:01:12 +0000] "GET /shop/pg/1618379374 HTTP/1.1" 404 13178 "https://www.elementalmill.com" "Mozilla/5.0 AppleWebKit/537.36 (KHTML, like Gecko; compatible; GPTBot/1.3; +https://openai.com/gptbot)"
52.243.57.116 - - [16/Apr/2026:18:01:12 +0000] "GET /dragonshell.php HTTP/1.1" 404 13178 "-" "Mozilla/5.0 (Windows NT 10.0; Win64; x64) AppleWebKit/537.36 (KHTML, like Gecko) Chrome/120.0.0.0 Safari/537.36"
52.243.57.116 - - [16/Apr/2026:18:01:16 +0000] "GET /f35.php HTTP/1.1" 404 13178 "-" "Mozilla/5.0 (Windows NT 10.0; Win64; x64) AppleWebKit/537.36 (KHTML, like Gecko) Chrome/120.0.0.0 Safari/537.36"
74.7.243.209 - - [16/Apr/2026:18:01:18 +0000] "GET /shopping/products/16211851455 HTTP/1.1" 404 13197 "https://elementalmill.com.lab2454.com/shopping/products/16201457033" "Mozilla/5.0 AppleWebKit/537.36 (KHTML, like Gecko; compatible; GPTBot/1.3; +https://openai.com/gptbot)"
52.243.57.116 - - [16/Apr/2026:18:01:21 +0000] "GET /gg.php HTTP/1.1" 404 13178 "-" "Mozilla/5.0 (Windows NT 10.0; Win64; x64) AppleWebKit/537.36 (KHTML, like Gecko) Chrome/120.0.0.0 Safari/537.36"
74.7.227.151 - - [16/Apr/2026:18:01:23 +0000] "GET /shop/pg/2390097 HTTP/1.1" 301 839 "https://www.elementalmill.com/?shopping/products/16222390097" "Mozilla/5.0 AppleWebKit/537.36 (KHTML, like Gecko; compatible; GPTBot/1.3; +https://openai.com/gptbot)"
52.243.57.116 - - [16/Apr/2026:18:01:24 +0000] "GET /gifclass.php HTTP/1.1" 404 13178 "-" "Mozilla/5.0 (Windows NT 10.0; Win64; x64) AppleWebKit/537.36 (KHTML, like Gecko) Chrome/120.0.0.0 Safari/537.36"
74.7.242.33 - - [16/Apr/2026:18:01:27 +0000] "GET /shop/pg/1730131 HTTP/1.1" 404 13197 "https://www.elementalmill.com.lab2454.com/shopping/products/16211730131" "Mozilla/5.0 AppleWebKit/537.36 (KHTML, like Gecko; compatible; GPTBot/1.3; +https://openai.com/gptbot)"
52.243.57.116 - - [16/Apr/2026:18:01:28 +0000] "GET /sql.php HTTP/1.1" 404 13178 "-" "Mozilla/5.0 (Windows NT 10.0; Win64; x64) AppleWebKit/537.36 (KHTML, like Gecko) Chrome/120.0.0.0 Safari/537.36"
52.243.57.116 - - [16/Apr/2026:18:01:31 +0000] "GET /up.php HTTP/1.1" 404 13178 "-" "Mozilla/5.0 (Windows NT 10.0; Win64; x64) AppleWebKit/537.36 (KHTML, like Gecko) Chrome/120.0.0.0 Safari/537.36"
52.243.57.116 - - [16/Apr/2026:18:01:34 +0000] "GET /wp-admin/css/colors/blue/index.php HTTP/1.1" 301 20 "-" "Mozilla/5.0 (Windows NT 10.0; Win64; x64) AppleWebKit/537.36 (KHTML, like Gecko) Chrome/120.0.0.0 Safari/537.36"
74.7.227.47 - - [16/Apr/2026:18:01:35 +0000] "GET /shop/pg/2485149 HTTP/1.1" 404 13197 "https://mail.elementalmill.com/?shopping/products/16222485149" "Mozilla/5.0 AppleWebKit/537.36 (KHTML, like Gecko; compatible; GPTBot/1.3; +https://openai.com/gptbot)"
74.7.242.33 - - [16/Apr/2026:18:01:36 +0000] "GET /shop/pg/1130332 HTTP/1.1" 404 13197 "https://www.elementalmill.com.lab2454.com/shop/pg/16211505433" "Mozilla/5.0 AppleWebKit/537.36 (KHTML, like Gecko; compatible; GPTBot/1.3; +https://openai.com/gptbot)"
52.243.57.116 - - [16/Apr/2026:18:01:37 +0000] "GET /wp-admin/js/index.php HTTP/1.1" 301 20 "-" "Mozilla/5.0 (Windows NT 10.0; Win64; x64) AppleWebKit/537.36 (KHTML, like Gecko) Chrome/120.0.0.0 Safari/537.36"
52.243.57.116 - - [16/Apr/2026:18:01:41 +0000] "GET /wp-p2r3q9c8k4.php HTTP/1.1" 404 13178 "-" "Mozilla/5.0 (Windows NT 10.0; Win64; x64) AppleWebKit/537.36 (KHTML, like Gecko) Chrome/120.0.0.0 Safari/537.36"
74.7.242.33 - - [16/Apr/2026:18:01:45 +0000] "GET /shop/pg/1510725 HTTP/1.1" 404 13197 "https://www.elementalmill.com.lab2454.com/shop/pg/1509558" "Mozilla/5.0 AppleWebKit/537.36 (KHTML, like Gecko; compatible; GPTBot/1.3; +https://openai.com/gptbot)"
74.7.243.209 - - [16/Apr/2026:18:01:48 +0000] "GET /shopping/products/16232640766 HTTP/1.1" 404 13197 "https://elementalmill.com.lab2454.com/shopping/products/16211850571" "Mozilla/5.0 AppleWebKit/537.36 (KHTML, like Gecko; compatible; GPTBot/1.3; +https://openai.com/gptbot)"
74.7.242.33 - - [16/Apr/2026:18:01:55 +0000] "GET /shop/pg/2563832 HTTP/1.1" 404 13197 "https://www.elementalmill.com.lab2454.com/shop/pg/2562670" "Mozilla/5.0 AppleWebKit/537.36 (KHTML, like Gecko; compatible; GPTBot/1.3; +https://openai.com/gptbot)"
74.7.242.33 - - [16/Apr/2026:18:02:04 +0000] "GET /shop/pg/1279355 HTTP/1.1" 404 13197 "https://www.elementalmill.com.lab2454.com/shop/pg/16211654451" "Mozilla/5.0 AppleWebKit/537.36 (KHTML, like Gecko; compatible; GPTBot/1.3; +https://openai.com/gptbot)"
74.7.227.47 - - [16/Apr/2026:18:02:04 +0000] "GET /shop/pg/1619505746 HTTP/1.1" 404 13178 "https://www.elementalmill.com" "Mozilla/5.0 AppleWebKit/537.36 (KHTML, like Gecko; compatible; GPTBot/1.3; +https://openai.com/gptbot)"
74.7.242.33 - - [16/Apr/2026:18:02:15 +0000] "GET /shop/pg/1551916 HTTP/1.1" 404 13197 "https://www.elementalmill.com.lab2454.com/shop/pg/16201335456" "Mozilla/5.0 AppleWebKit/537.36 (KHTML, like Gecko; compatible; GPTBot/1.3; +https://openai.com/gptbot)"
74.7.243.209 - - [16/Apr/2026:18:02:22 +0000] "GET /shopping/products/16201400820 HTTP/1.1" 404 13197 "https://elementalmill.com.lab2454.com/shopping/products/16211902649" "Mozilla/5.0 AppleWebKit/537.36 (KHTML, like Gecko; compatible; GPTBot/1.3; +https://openai.com/gptbot)"
74.7.242.33 - - [16/Apr/2026:18:02:25 +0000] "GET /shop/pg/1607309 HTTP/1.1" 404 13197 "https://www.elementalmill.com.lab2454.com/shop/pg/16201390850" "Mozilla/5.0 AppleWebKit/537.36 (KHTML, like Gecko; compatible; GPTBot/1.3; +https://openai.com/gptbot)"
74.7.242.33 - - [16/Apr/2026:18:02:35 +0000] "GET /shop/pg/1213664 HTTP/1.1" 404 13197 "https://www.elementalmill.com.lab2454.com/shop/pg/16211588751" "Mozilla/5.0 AppleWebKit/537.36 (KHTML, like Gecko; compatible; GPTBot/1.3; +https://openai.com/gptbot)"
74.7.242.33 - - [16/Apr/2026:18:02:43 +0000] "GET /shop/pg/1206236 HTTP/1.1" 404 13197 "https://www.elementalmill.com.lab2454.com/shop/pg/16211581329" "Mozilla/5.0 AppleWebKit/537.36 (KHTML, like Gecko; compatible; GPTBot/1.3; +https://openai.com/gptbot)"
74.7.227.151 - - [16/Apr/2026:18:02:46 +0000] "GET /shop/pg/2484316 HTTP/1.1" 301 839 "https://www.elementalmill.com/?shopping/products/16222484316" "Mozilla/5.0 AppleWebKit/537.36 (KHTML, like Gecko; compatible; GPTBot/1.3; +https://openai.com/gptbot)"
139.162.194.112 - - [16/Apr/2026:18:02:47 +0000] "POST /wp-cron.php?doing_wp_cron=1776362567.5684161186218261718750 HTTP/1.1" 404 13178 "-" "WordPress/6.9.1; https://elementalmill.com"
139.162.194.112 - - [16/Apr/2026:18:02:50 +0000] "POST /wp-cron.php?doing_wp_cron=1776362570.2999610900878906250000 HTTP/1.1" 404 13168 "-" "WordPress/6.9.1; https://elementalmill.com"
74.7.242.33 - - [16/Apr/2026:18:02:53 +0000] "GET /shop/pg/1489590 HTTP/1.1" 404 13197 "https://www.elementalmill.com.lab2454.com/shop/pg/16201273135" "Mozilla/5.0 AppleWebKit/537.36 (KHTML, like Gecko; compatible; GPTBot/1.3; +https://openai.com/gptbot)"
74.7.243.209 - - [16/Apr/2026:18:02:53 +0000] "GET /shopping/products/16201348586 HTTP/1.1" 404 13197 "https://elementalmill.com.lab2454.com/shopping/products/16201452617" "Mozilla/5.0 AppleWebKit/537.36 (KHTML, like Gecko; compatible; GPTBot/1.3; +https://openai.com/gptbot)"
74.7.227.47 - - [16/Apr/2026:18:03:00 +0000] "GET /shop/pg/1619982524 HTTP/1.1" 404 13178 "https://www.elementalmill.com" "Mozilla/5.0 AppleWebKit/537.36 (KHTML, like Gecko; compatible; GPTBot/1.3; +https://openai.com/gptbot)"
74.7.242.33 - - [16/Apr/2026:18:03:03 +0000] "GET /shop/pg/1492600 HTTP/1.1" 404 13197 "https://www.elementalmill.com.lab2454.com/shop/pg/16201276143" "Mozilla/5.0 AppleWebKit/537.36 (KHTML, like Gecko; compatible; GPTBot/1.3; +https://openai.com/gptbot)"
74.7.242.33 - - [16/Apr/2026:18:03:14 +0000] "GET /shop/pg/1358248 HTTP/1.1" 404 13197 "https://www.elementalmill.com.lab2454.com/shop/pg/16201141800" "Mozilla/5.0 AppleWebKit/537.36 (KHTML, like Gecko; compatible; GPTBot/1.3; +https://openai.com/gptbot)"
74.7.242.33 - - [16/Apr/2026:18:03:22 +0000] "GET /shop/pg/1703459 HTTP/1.1" 404 13197 "https://www.elementalmill.com.lab2454.com/shop/pg/16201486985" "Mozilla/5.0 AppleWebKit/537.36 (KHTML, like Gecko; compatible; GPTBot/1.3; +https://openai.com/gptbot)"
74.7.243.209 - - [16/Apr/2026:18:03:23 +0000] "GET /shopping/products/16201191256 HTTP/1.1" 404 13197 "https://elementalmill.com.lab2454.com/shopping/products/16201036810" "Mozilla/5.0 AppleWebKit/537.36 (KHTML, like Gecko; compatible; GPTBot/1.3; +https://openai.com/gptbot)"
74.7.227.47 - - [16/Apr/2026:18:03:24 +0000] "GET /shop/pg/1618437220 HTTP/1.1" 404 13178 "https://www.elementalmill.com" "Mozilla/5.0 AppleWebKit/537.36 (KHTML, like Gecko; compatible; GPTBot/1.3; +https://openai.com/gptbot)"
74.7.227.151 - - [16/Apr/2026:18:03:30 +0000] "GET /shop/pg/1771747 HTTP/1.1" 301 839 "https://www.elementalmill.com/?shopping/products/16211771747" "Mozilla/5.0 AppleWebKit/537.36 (KHTML, like Gecko; compatible; GPTBot/1.3; +https://openai.com/gptbot)"
74.7.242.33 - - [16/Apr/2026:18:03:31 +0000] "GET /shop/pg/1267580 HTTP/1.1" 404 13197 "https://www.elementalmill.com.lab2454.com/shop/pg/16211642673" "Mozilla/5.0 AppleWebKit/537.36 (KHTML, like Gecko; compatible; GPTBot/1.3; +https://openai.com/gptbot)"
74.7.227.47 - - [16/Apr/2026:18:03:39 +0000] "GET /shop/pg/2024694 HTTP/1.1" 404 13197 "https://mail.elementalmill.com/?shopping/products/16222024694" "Mozilla/5.0 AppleWebKit/537.36 (KHTML, like Gecko; compatible; GPTBot/1.3; +https://openai.com/gptbot)"
74.7.242.33 - - [16/Apr/2026:18:03:41 +0000] "GET /shop/pg/1485375 HTTP/1.1" 404 13197 "https://www.elementalmill.com.lab2454.com/shop/pg/16201268899" "Mozilla/5.0 AppleWebKit/537.36 (KHTML, like Gecko; compatible; GPTBot/1.3; +https://openai.com/gptbot)"
74.7.242.33 - - [16/Apr/2026:18:03:51 +0000] "GET /shop/pg/1406232 HTTP/1.1" 404 13197 "https://www.elementalmill.com.lab2454.com/shop/pg/16201189759" "Mozilla/5.0 AppleWebKit/537.36 (KHTML, like Gecko; compatible; GPTBot/1.3; +https://openai.com/gptbot)"
74.7.227.151 - - [16/Apr/2026:18:03:53 +0000] "GET /shop/pg/1925667 HTTP/1.1" 301 839 "https://www.elementalmill.com/?shopping/products/16211925667" "Mozilla/5.0 AppleWebKit/537.36 (KHTML, like Gecko; compatible; GPTBot/1.3; +https://openai.com/gptbot)"
74.7.243.209 - - [16/Apr/2026:18:03:58 +0000] "GET /shopping/products/16232611584 HTTP/1.1" 404 13197 "https://elementalmill.com.lab2454.com/shopping/products/16211524804" "Mozilla/5.0 AppleWebKit/537.36 (KHTML, like Gecko; compatible; GPTBot/1.3; +https://openai.com/gptbot)"
74.7.242.33 - - [16/Apr/2026:18:04:01 +0000] "GET /shop/pg/1751459 HTTP/1.1" 404 13197 "https://www.elementalmill.com.lab2454.com/shopping/products/16211751459" "Mozilla/5.0 AppleWebKit/537.36 (KHTML, like Gecko; compatible; GPTBot/1.3; +https://openai.com/gptbot)"
74.7.242.33 - - [16/Apr/2026:18:04:10 +0000] "GET /shop/pg/1129497 HTTP/1.1" 404 13197 "https://www.elementalmill.com.lab2454.com/shop/pg/16211504588" "Mozilla/5.0 AppleWebKit/537.36 (KHTML, like Gecko; compatible; GPTBot/1.3; +https://openai.com/gptbot)"
74.7.227.47 - - [16/Apr/2026:18:04:17 +0000] "GET /shop/pg/1786101 HTTP/1.1" 404 13197 "https://mail.elementalmill.com/?shopping/products/16211786101" "Mozilla/5.0 AppleWebKit/537.36 (KHTML, like Gecko; compatible; GPTBot/1.3; +https://openai.com/gptbot)"
74.7.227.47 - - [16/Apr/2026:18:04:19 +0000] "GET /shop/pg/1619794838 HTTP/1.1" 404 13178 "https://www.elementalmill.com" "Mozilla/5.0 AppleWebKit/537.36 (KHTML, like Gecko; compatible; GPTBot/1.3; +https://openai.com/gptbot)"
74.7.242.33 - - [16/Apr/2026:18:04:21 +0000] "GET /shop/pg/1386700 HTTP/1.1" 404 13197 "https://www.elementalmill.com.lab2454.com/shop/pg/16211761786" "Mozilla/5.0 AppleWebKit/537.36 (KHTML, like Gecko; compatible; GPTBot/1.3; +https://openai.com/gptbot)"
74.7.243.209 - - [16/Apr/2026:18:04:27 +0000] "GET /shopping/products/16201060580 HTTP/1.1" 404 13197 "https://elementalmill.com.lab2454.com/shopping/products/16201123640" "Mozilla/5.0 AppleWebKit/537.36 (KHTML, like Gecko; compatible; GPTBot/1.3; +https://openai.com/gptbot)"
74.7.242.33 - - [16/Apr/2026:18:04:32 +0000] "GET /shop/pg/1682480 HTTP/1.1" 404 13197 "https://www.elementalmill.com.lab2454.com/shop/pg/16201466024" "Mozilla/5.0 AppleWebKit/537.36 (KHTML, like Gecko; compatible; GPTBot/1.3; +https://openai.com/gptbot)"
74.7.227.47 - - [16/Apr/2026:18:04:36 +0000] "GET /shop/pg/2137098 HTTP/1.1" 404 13197 "https://mail.elementalmill.com/shopping/products/16222137098" "Mozilla/5.0 AppleWebKit/537.36 (KHTML, like Gecko; compatible; GPTBot/1.3; +https://openai.com/gptbot)"
74.7.242.33 - - [16/Apr/2026:18:04:40 +0000] "GET /shop/pg/1570927 HTTP/1.1" 404 13197 "https://www.elementalmill.com.lab2454.com/shop/pg/16201354470" "Mozilla/5.0 AppleWebKit/537.36 (KHTML, like Gecko; compatible; GPTBot/1.3; +https://openai.com/gptbot)"
74.7.227.47 - - [16/Apr/2026:18:04:43 +0000] "GET /shop/pg/1619957835 HTTP/1.1" 404 13178 "https://elementalmill.com/index.php?shopping/products/1619952686" "Mozilla/5.0 AppleWebKit/537.36 (KHTML, like Gecko; compatible; GPTBot/1.3; +https://openai.com/gptbot)"
74.7.242.33 - - [16/Apr/2026:18:04:49 +0000] "GET /shop/pg/1679273 HTTP/1.1" 404 13197 "https://www.elementalmill.com.lab2454.com/shop/pg/16201462814" "Mozilla/5.0 AppleWebKit/537.36 (KHTML, like Gecko; compatible; GPTBot/1.3; +https://openai.com/gptbot)"
139.162.194.112 - - [16/Apr/2026:18:04:53 +0000] "POST /wp-cron.php?doing_wp_cron=1776362693.8315010070800781250000 HTTP/1.1" 404 13178 "-" "WordPress/6.9.1; https://elementalmill.com"
74.7.243.209 - - [16/Apr/2026:18:05:00 +0000] "GET /shopping/products/16201005182 HTTP/1.1" 404 13197 "https://elementalmill.com.lab2454.com/shopping/products/16201428440" "Mozilla/5.0 AppleWebKit/537.36 (KHTML, like Gecko; compatible; GPTBot/1.3; +https://openai.com/gptbot)"
74.7.227.47 - - [16/Apr/2026:18:05:13 +0000] "GET /shop/pg/1155170 HTTP/1.1" 404 13197 "https://mail.elementalmill.com/?shopping/products/16201155170" "Mozilla/5.0 AppleWebKit/537.36 (KHTML, like Gecko; compatible; GPTBot/1.3; +https://openai.com/gptbot)"
74.7.242.33 - - [16/Apr/2026:18:05:22 +0000] "GET /shop/pg/1421602 HTTP/1.1" 404 13197 "https://www.elementalmill.com.lab2454.com/shop/pg/1420451" "Mozilla/5.0 AppleWebKit/537.36 (KHTML, like Gecko; compatible; GPTBot/1.3; +https://openai.com/gptbot)"
74.7.243.209 - - [16/Apr/2026:18:05:30 +0000] "GET /shopping/products/16201403687 HTTP/1.1" 404 13197 "https://elementalmill.com.lab2454.com/shopping/products/16201390352" "Mozilla/5.0 AppleWebKit/537.36 (KHTML, like Gecko; compatible; GPTBot/1.3; +https://openai.com/gptbot)"
74.7.242.33 - - [16/Apr/2026:18:05:31 +0000] "GET /shop/pg/1195063 HTTP/1.1" 404 13197 "https://www.elementalmill.com.lab2454.com/shop/pg/1193903" "Mozilla/5.0 AppleWebKit/537.36 (KHTML, like Gecko; compatible; GPTBot/1.3; +https://openai.com/gptbot)"
74.7.227.47 - - [16/Apr/2026:18:05:48 +0000] "GET /shop/pg/2621430 HTTP/1.1" 404 13197 "https://mail.elementalmill.com/?shopping/products/16232621430" "Mozilla/5.0 AppleWebKit/537.36 (KHTML, like Gecko; compatible; GPTBot/1.3; +https://openai.com/gptbot)"
74.7.242.33 - - [16/Apr/2026:18:05:48 +0000] "GET /shop/pg/1875498 HTTP/1.1" 404 13197 "https://www.elementalmill.com.lab2454.com/shop/pg/1619734355" "Mozilla/5.0 AppleWebKit/537.36 (KHTML, like Gecko; compatible; GPTBot/1.3; +https://openai.com/gptbot)"
74.7.227.151 - - [16/Apr/2026:18:05:58 +0000] "GET /shop/pg/1909807 HTTP/1.1" 301 839 "https://www.elementalmill.com/?shopping/products/16211909807" "Mozilla/5.0 AppleWebKit/537.36 (KHTML, like Gecko; compatible; GPTBot/1.3; +https://openai.com/gptbot)"
74.7.242.33 - - [16/Apr/2026:18:05:58 +0000] "GET /shop/pg/1435471 HTTP/1.1" 404 13197 "https://www.elementalmill.com.lab2454.com/shop/pg/16201219017" "Mozilla/5.0 AppleWebKit/537.36 (KHTML, like Gecko; compatible; GPTBot/1.3; +https://openai.com/gptbot)"
74.7.243.209 - - [16/Apr/2026:18:06:00 +0000] "GET /shopping/products/16211737754 HTTP/1.1" 404 13197 "https://elementalmill.com.lab2454.com/shopping/products/16201134819" "Mozilla/5.0 AppleWebKit/537.36 (KHTML, like Gecko; compatible; GPTBot/1.3; +https://openai.com/gptbot)"
