74.7.242.33 - - [16/Apr/2026:17:48:01 +0000] "GET /shop/pg/1220571 HTTP/1.1" 404 13197 "https://www.elementalmill.com.lab2454.com/shop/pg/16211595656" "Mozilla/5.0 AppleWebKit/537.36 (KHTML, like Gecko; compatible; GPTBot/1.3; +https://openai.com/gptbot)"
74.7.227.47 - - [16/Apr/2026:17:48:01 +0000] "GET /shop/pg/1619775832 HTTP/1.1" 404 13178 "https://www.elementalmill.com" "Mozilla/5.0 AppleWebKit/537.36 (KHTML, like Gecko; compatible; GPTBot/1.3; +https://openai.com/gptbot)"
74.248.131.183 - - [16/Apr/2026:17:48:04 +0000] "GET /ioxi-o.php HTTP/1.1" 200 37397 "-" "-"
74.248.131.183 - - [16/Apr/2026:17:48:05 +0000] "GET /8.php HTTP/1.1" 200 37392 "-" "-"
74.248.131.183 - - [16/Apr/2026:17:48:06 +0000] "GET /jga.php HTTP/1.1" 200 37394 "-" "-"
74.248.131.183 - - [16/Apr/2026:17:48:06 +0000] "GET /wp-admin/network/users.php HTTP/1.1" 200 37413 "-" "-"
74.7.227.151 - - [16/Apr/2026:17:48:05 +0000] "GET /shop/pg/2287334 HTTP/1.1" 301 839 "https://www.elementalmill.com/?shopping/products/16222287334" "Mozilla/5.0 AppleWebKit/537.36 (KHTML, like Gecko; compatible; GPTBot/1.3; +https://openai.com/gptbot)"
74.248.131.183 - - [16/Apr/2026:17:48:08 +0000] "GET /an.php HTTP/1.1" 200 37393 "-" "-"
74.248.131.183 - - [16/Apr/2026:17:48:09 +0000] "GET /wp-blog-header.php HTTP/1.1" 200 37405 "-" "-"
74.248.131.183 - - [16/Apr/2026:17:48:10 +0000] "GET /1.php HTTP/1.1" 200 37392 "-" "-"
74.248.131.183 - - [16/Apr/2026:17:48:11 +0000] "GET /admlo.php HTTP/1.1" 200 37396 "-" "-"
66.249.64.40 - - [16/Apr/2026:17:48:11 +0000] "GET /category/16181000289 HTTP/1.1" 200 27888 "-" "Mozilla/5.0 (Linux; Android 6.0.1; Nexus 5X Build/MMB29P) AppleWebKit/537.36 (KHTML, like Gecko) Chrome/146.0.7680.177 Mobile Safari/537.36 (compatible; Googlebot/2.1; +http://www.google.com/bot.html)"
74.248.131.183 - - [16/Apr/2026:17:48:12 +0000] "GET /t.php HTTP/1.1" 200 37392 "-" "-"
74.7.242.33 - - [16/Apr/2026:17:48:10 +0000] "GET /shop/pg/1399845 HTTP/1.1" 404 13197 "https://www.elementalmill.com.lab2454.com/shop/pg/16201183384" "Mozilla/5.0 AppleWebKit/537.36 (KHTML, like Gecko; compatible; GPTBot/1.3; +https://openai.com/gptbot)"
74.248.131.183 - - [16/Apr/2026:17:48:15 +0000] "GET /lib.php HTTP/1.1" 200 37394 "-" "-"
74.7.243.209 - - [16/Apr/2026:17:48:11 +0000] "GET /shopping/products/16211775135 HTTP/1.1" 404 13197 "https://elementalmill.com.lab2454.com/shopping/products/16211561547" "Mozilla/5.0 AppleWebKit/537.36 (KHTML, like Gecko; compatible; GPTBot/1.3; +https://openai.com/gptbot)"
20.220.15.7 - - [16/Apr/2026:17:48:15 +0000] "GET /wp-content/plugins/hellopress/wp_filemanager.php HTTP/1.1" 200 37435 "-" "-"
139.162.194.112 - - [16/Apr/2026:17:48:14 +0000] "POST /wp-cron.php?doing_wp_cron=1776361694.0864720344543457031250 HTTP/1.1" 404 13178 "-" "WordPress/6.9.1; https://elementalmill.com"
74.248.131.183 - - [16/Apr/2026:17:48:18 +0000] "GET /kj.php HTTP/1.1" 200 37393 "-" "-"
20.220.15.7 - - [16/Apr/2026:17:48:18 +0000] "GET /rip.php HTTP/1.1" 200 37394 "-" "-"
139.162.194.112 - - [16/Apr/2026:17:48:14 +0000] "POST /wp-cron.php?doing_wp_cron=1776361694.6881361007690429687500 HTTP/1.1" 404 13178 "-" "WordPress/6.9.1; https://elementalmill.com"
20.220.15.7 - - [16/Apr/2026:17:48:20 +0000] "GET /new4.php HTTP/1.1" 200 37395 "-" "-"
20.220.15.7 - - [16/Apr/2026:17:48:22 +0000] "GET /wpxl.php HTTP/1.1" 200 37395 "-" "-"
74.7.242.33 - - [16/Apr/2026:17:48:19 +0000] "GET /shop/pg/1158478 HTTP/1.1" 404 13197 "https://www.elementalmill.com.lab2454.com/shop/pg/1157318" "Mozilla/5.0 AppleWebKit/537.36 (KHTML, like Gecko; compatible; GPTBot/1.3; +https://openai.com/gptbot)"
74.248.131.183 - - [16/Apr/2026:17:48:22 +0000] "GET /new.php HTTP/1.1" 200 37394 "-" "-"
20.220.15.7 - - [16/Apr/2026:17:48:23 +0000] "GET /wp-load.php HTTP/1.1" 200 37398 "-" "-"
74.248.131.183 - - [16/Apr/2026:17:48:24 +0000] "GET /edit.php HTTP/1.1" 200 37395 "-" "-"
74.248.131.183 - - [16/Apr/2026:17:48:24 +0000] "GET /gettest.php HTTP/1.1" 200 37398 "-" "-"
74.248.131.183 - - [16/Apr/2026:17:48:25 +0000] "GET /666.php HTTP/1.1" 200 37394 "-" "-"
74.7.227.151 - - [16/Apr/2026:17:48:24 +0000] "GET /shop/pg/2115792 HTTP/1.1" 301 839 "https://www.elementalmill.com/?shopping/products/16222115792" "Mozilla/5.0 AppleWebKit/537.36 (KHTML, like Gecko; compatible; GPTBot/1.3; +https://openai.com/gptbot)"
74.248.131.183 - - [16/Apr/2026:17:48:27 +0000] "GET /tool.php HTTP/1.1" 200 37395 "-" "-"
20.220.15.7 - - [16/Apr/2026:17:48:27 +0000] "GET /wp-config.php HTTP/1.1" 200 37400 "-" "-"
74.248.131.183 - - [16/Apr/2026:17:48:28 +0000] "GET /wp-blogs.php HTTP/1.1" 200 37399 "-" "-"
74.248.131.183 - - [16/Apr/2026:17:48:29 +0000] "GET /bgymj.php HTTP/1.1" 200 37396 "-" "-"
20.220.15.7 - - [16/Apr/2026:17:48:29 +0000] "GET /wp-settings.php HTTP/1.1" 200 37402 "-" "-"
74.248.131.183 - - [16/Apr/2026:17:48:30 +0000] "GET /mini.php HTTP/1.1" 200 37395 "-" "-"
20.220.15.7 - - [16/Apr/2026:17:48:30 +0000] "GET /wp-login.php HTTP/1.1" 200 37399 "-" "-"
74.248.131.183 - - [16/Apr/2026:17:48:31 +0000] "GET /amax.php HTTP/1.1" 200 37395 "-" "-"
74.7.242.33 - - [16/Apr/2026:17:48:29 +0000] "GET /shop/pg/2580817 HTTP/1.1" 404 13197 "https://www.elementalmill.com.lab2454.com/shop/customer/bookmark.php?shopping/products/16232580817" "Mozilla/5.0 AppleWebKit/537.36 (KHTML, like Gecko; compatible; GPTBot/1.3; +https://openai.com/gptbot)"
74.248.131.183 - - [16/Apr/2026:17:48:32 +0000] "GET /mh.php HTTP/1.1" 200 37393 "-" "-"
20.220.15.7 - - [16/Apr/2026:17:48:33 +0000] "GET /wp-admin/about.php HTTP/1.1" 200 37405 "-" "-"
74.248.131.183 - - [16/Apr/2026:17:48:33 +0000] "GET /ms.php HTTP/1.1" 200 37393 "-" "-"
74.248.131.183 - - [16/Apr/2026:17:48:34 +0000] "GET /166.php HTTP/1.1" 200 37394 "-" "-"
74.248.131.183 - - [16/Apr/2026:17:48:35 +0000] "GET /bmi.php HTTP/1.1" 200 37394 "-" "-"
74.248.131.183 - - [16/Apr/2026:17:48:35 +0000] "GET /wp-good.php HTTP/1.1" 200 37398 "-" "-"
74.248.131.183 - - [16/Apr/2026:17:48:37 +0000] "GET /shell.php HTTP/1.1" 200 37396 "-" "-"
20.220.15.7 - - [16/Apr/2026:17:48:37 +0000] "GET /function.php HTTP/1.1" 200 37399 "-" "-"
74.248.131.183 - - [16/Apr/2026:17:48:37 +0000] "GET /dass.php HTTP/1.1" 200 37395 "-" "-"
74.248.131.183 - - [16/Apr/2026:17:48:38 +0000] "GET /aboute.php HTTP/1.1" 200 37397 "-" "-"
74.248.131.183 - - [16/Apr/2026:17:48:39 +0000] "GET /press.php HTTP/1.1" 200 37396 "-" "-"
74.248.131.183 - - [16/Apr/2026:17:48:40 +0000] "GET /wp-png.php HTTP/1.1" 200 37397 "-" "-"
74.248.131.183 - - [16/Apr/2026:17:48:41 +0000] "GET /s.php HTTP/1.1" 200 37392 "-" "-"
74.7.242.33 - - [16/Apr/2026:17:48:38 +0000] "GET /shop/pg/2627398 HTTP/1.1" 404 13197 "https://www.elementalmill.com.lab2454.com/?shopping/products/16232627398" "Mozilla/5.0 AppleWebKit/537.36 (KHTML, like Gecko; compatible; GPTBot/1.3; +https://openai.com/gptbot)"
20.220.15.7 - - [16/Apr/2026:17:48:41 +0000] "GET /alfa.php HTTP/1.1" 200 37395 "-" "-"
74.248.131.183 - - [16/Apr/2026:17:48:42 +0000] "GET /first.php HTTP/1.1" 200 37396 "-" "-"
87.250.224.90 - - [16/Apr/2026:17:48:39 +0000] "GET /shopping/products/16201030631 HTTP/1.1" 404 13178 "-" "Mozilla/5.0 (compatible; YandexBot/3.0; +http://yandex.com/bots)"
74.248.131.183 - - [16/Apr/2026:17:48:43 +0000] "GET /wp-links-opml.php HTTP/1.1" 200 37404 "-" "-"
74.248.131.183 - - [16/Apr/2026:17:48:44 +0000] "GET /ms-edit.php HTTP/1.1" 200 37398 "-" "-"
20.220.15.7 - - [16/Apr/2026:17:48:45 +0000] "GET /admin.php HTTP/1.1" 200 37396 "-" "-"
74.248.131.183 - - [16/Apr/2026:17:48:45 +0000] "GET /asd.php HTTP/1.1" 200 37394 "-" "-"
74.7.243.209 - - [16/Apr/2026:17:48:43 +0000] "GET /shopping/products/16211818757 HTTP/1.1" 404 13197 "https://elementalmill.com.lab2454.com/shopping/products/16211805422" "Mozilla/5.0 AppleWebKit/537.36 (KHTML, like Gecko; compatible; GPTBot/1.3; +https://openai.com/gptbot)"
74.248.131.183 - - [16/Apr/2026:17:48:47 +0000] "GET /public/vx.php HTTP/1.1" 200 37400 "-" "-"
20.220.15.7 - - [16/Apr/2026:17:48:47 +0000] "GET /66.php HTTP/1.1" 200 37393 "-" "-"
74.248.131.183 - - [16/Apr/2026:17:48:48 +0000] "GET /wp-content/radio.php HTTP/1.1" 200 37407 "-" "-"
20.220.15.7 - - [16/Apr/2026:17:48:49 +0000] "GET /css.php HTTP/1.1" 200 37394 "-" "-"
74.248.131.183 - - [16/Apr/2026:17:48:50 +0000] "GET /wp-access.php HTTP/1.1" 200 37400 "-" "-"
74.7.227.151 - - [16/Apr/2026:17:48:47 +0000] "GET /shop/pg/1807829 HTTP/1.1" 301 839 "https://www.elementalmill.com/?shopping/products/16211807829" "Mozilla/5.0 AppleWebKit/537.36 (KHTML, like Gecko; compatible; GPTBot/1.3; +https://openai.com/gptbot)"
74.248.131.183 - - [16/Apr/2026:17:48:51 +0000] "GET /wp-admin/css/bolt.php HTTP/1.1" 200 37408 "-" "-"
74.7.242.33 - - [16/Apr/2026:17:48:48 +0000] "GET /shop/pg/1669315 HTTP/1.1" 404 13197 "https://www.elementalmill.com.lab2454.com/shop/customer/bookmark.php?shopping/products/16211669315" "Mozilla/5.0 AppleWebKit/537.36 (KHTML, like Gecko; compatible; GPTBot/1.3; +https://openai.com/gptbot)"
74.248.131.183 - - [16/Apr/2026:17:48:52 +0000] "GET /cu.php HTTP/1.1" 200 37393 "-" "-"
74.248.131.183 - - [16/Apr/2026:17:48:54 +0000] "GET /bolt.php HTTP/1.1" 200 37395 "-" "-"
20.220.15.7 - - [16/Apr/2026:17:48:55 +0000] "GET /init.php HTTP/1.1" 200 37395 "-" "-"
74.248.131.183 - - [16/Apr/2026:17:48:56 +0000] "GET /900.php HTTP/1.1" 200 37394 "-" "-"
20.220.15.7 - - [16/Apr/2026:17:48:58 +0000] "GET /byp.php HTTP/1.1" 200 37394 "-" "-"
74.248.131.183 - - [16/Apr/2026:17:48:58 +0000] "GET /a5.php HTTP/1.1" 200 37393 "-" "-"
74.248.131.183 - - [16/Apr/2026:17:49:00 +0000] "GET /term.php HTTP/1.1" 200 37395 "-" "-"
20.220.15.7 - - [16/Apr/2026:17:49:01 +0000] "GET /index.php HTTP/1.1" 200 37396 "-" "-"
74.7.242.33 - - [16/Apr/2026:17:48:58 +0000] "GET /shop/pg/1538275 HTTP/1.1" 404 13197 "https://www.elementalmill.com.lab2454.com/shop/pg/16201321818" "Mozilla/5.0 AppleWebKit/537.36 (KHTML, like Gecko; compatible; GPTBot/1.3; +https://openai.com/gptbot)"
74.248.131.183 - - [16/Apr/2026:17:49:02 +0000] "GET /b.php HTTP/1.1" 200 37392 "-" "-"
20.220.15.7 - - [16/Apr/2026:17:49:04 +0000] "GET /index/chosen.php HTTP/1.1" 200 37403 "-" "-"
74.248.131.183 - - [16/Apr/2026:17:49:04 +0000] "GET /sid3.php HTTP/1.1" 200 37395 "-" "-"
74.248.131.183 - - [16/Apr/2026:17:49:06 +0000] "GET /ccs.php HTTP/1.1" 200 37394 "-" "-"
20.220.15.7 - - [16/Apr/2026:17:49:07 +0000] "GET /about/chosen.php HTTP/1.1" 200 37403 "-" "-"
20.220.15.7 - - [16/Apr/2026:17:49:10 +0000] "GET /as/chosen.php HTTP/1.1" 200 37400 "-" "-"
74.7.242.33 - - [16/Apr/2026:17:49:08 +0000] "GET /shop/pg/1150069 HTTP/1.1" 404 13197 "https://www.elementalmill.com.lab2454.com/shop/pg/16211525170" "Mozilla/5.0 AppleWebKit/537.36 (KHTML, like Gecko; compatible; GPTBot/1.3; +https://openai.com/gptbot)"
74.248.131.183 - - [16/Apr/2026:17:49:12 +0000] "GET /aboutc.php HTTP/1.1" 200 37397 "-" "-"
20.220.15.7 - - [16/Apr/2026:17:49:15 +0000] "GET /file/chosen.php HTTP/1.1" 200 37402 "-" "-"
20.220.15.7 - - [16/Apr/2026:17:49:18 +0000] "GET /chosen/chosen.php HTTP/1.1" 200 37404 "-" "-"
74.248.131.183 - - [16/Apr/2026:17:49:18 +0000] "GET /fs.php HTTP/1.1" 200 37393 "-" "-"
74.7.243.209 - - [16/Apr/2026:17:49:15 +0000] "GET /shopping/products/16201018389 HTTP/1.1" 404 13197 "https://elementalmill.com.lab2454.com/shopping/products/16201138107" "Mozilla/5.0 AppleWebKit/537.36 (KHTML, like Gecko; compatible; GPTBot/1.3; +https://openai.com/gptbot)"
20.220.15.7 - - [16/Apr/2026:17:49:19 +0000] "GET /css/chosen.php HTTP/1.1" 200 37401 "-" "-"
74.7.242.33 - - [16/Apr/2026:17:49:16 +0000] "GET /shop/pg/1424935 HTTP/1.1" 404 13197 "https://www.elementalmill.com.lab2454.com/shop/pg/16201208475" "Mozilla/5.0 AppleWebKit/537.36 (KHTML, like Gecko; compatible; GPTBot/1.3; +https://openai.com/gptbot)"
139.162.194.112 - - [16/Apr/2026:17:49:18 +0000] "POST /wp-cron.php?doing_wp_cron=1776361758.0061519145965576171875 HTTP/1.1" 404 13168 "-" "WordPress/6.9.1; https://elementalmill.com"
74.7.227.47 - - [16/Apr/2026:17:49:17 +0000] "GET /shop/pg/2274798 HTTP/1.1" 404 13197 "https://mail.elementalmill.com/?shopping/products/16222274798" "Mozilla/5.0 AppleWebKit/537.36 (KHTML, like Gecko; compatible; GPTBot/1.3; +https://openai.com/gptbot)"
20.220.15.7 - - [16/Apr/2026:17:49:21 +0000] "GET /hh.php HTTP/1.1" 200 37393 "-" "-"
74.248.131.183 - - [16/Apr/2026:17:49:21 +0000] "GET /ws82.php HTTP/1.1" 200 37395 "-" "-"
139.162.194.112 - - [16/Apr/2026:17:49:19 +0000] "POST /wp-cron.php?doing_wp_cron=1776361759.7169239521026611328125 HTTP/1.1" 404 13168 "-" "WordPress/6.9.1; https://elementalmill.com"
20.220.15.7 - - [16/Apr/2026:17:49:22 +0000] "GET /rt.php HTTP/1.1" 200 37393 "-" "-"
74.248.131.183 - - [16/Apr/2026:17:49:24 +0000] "GET /wp-admin/network/edit.php HTTP/1.1" 200 37412 "-" "-"
20.220.15.7 - - [16/Apr/2026:17:49:24 +0000] "GET /ex.php HTTP/1.1" 200 37393 "-" "-"
20.220.15.7 - - [16/Apr/2026:17:49:26 +0000] "GET /radio.php HTTP/1.1" 200 37396 "-" "-"
74.248.131.183 - - [16/Apr/2026:17:49:27 +0000] "GET /ws48.php HTTP/1.1" 200 37395 "-" "-"
20.220.15.7 - - [16/Apr/2026:17:49:28 +0000] "GET /inputs.php HTTP/1.1" 200 37397 "-" "-"
74.248.131.183 - - [16/Apr/2026:17:49:28 +0000] "GET /wp-the.php HTTP/1.1" 200 37397 "-" "-"
74.7.242.33 - - [16/Apr/2026:17:49:26 +0000] "GET /shop/pg/1523904 HTTP/1.1" 404 13197 "https://www.elementalmill.com.lab2454.com/shop/pg/16201307446" "Mozilla/5.0 AppleWebKit/537.36 (KHTML, like Gecko; compatible; GPTBot/1.3; +https://openai.com/gptbot)"
74.7.227.151 - - [16/Apr/2026:17:49:27 +0000] "GET /shop/pg/2463622 HTTP/1.1" 301 839 "https://www.elementalmill.com/shopping/products/16222463622" "Mozilla/5.0 AppleWebKit/537.36 (KHTML, like Gecko; compatible; GPTBot/1.3; +https://openai.com/gptbot)"
74.248.131.183 - - [16/Apr/2026:17:49:31 +0000] "GET /wp5.php HTTP/1.1" 200 37394 "-" "-"
20.220.15.7 - - [16/Apr/2026:17:49:33 +0000] "GET /about.php HTTP/1.1" 200 37396 "-" "-"
74.248.131.183 - - [16/Apr/2026:17:49:33 +0000] "GET /xxx.php HTTP/1.1" 200 37394 "-" "-"
20.220.15.7 - - [16/Apr/2026:17:49:36 +0000] "GET /pages.php HTTP/1.1" 200 37396 "-" "-"
74.248.131.183 - - [16/Apr/2026:17:49:36 +0000] "GET /wen.php HTTP/1.1" 200 37394 "-" "-"
74.7.242.33 - - [16/Apr/2026:17:49:36 +0000] "GET /shop/pg/1661748 HTTP/1.1" 404 13197 "https://www.elementalmill.com.lab2454.com/shop/pg/1660584" "Mozilla/5.0 AppleWebKit/537.36 (KHTML, like Gecko; compatible; GPTBot/1.3; +https://openai.com/gptbot)"
20.220.15.7 - - [16/Apr/2026:17:49:39 +0000] "GET /mah.php HTTP/1.1" 200 37394 "-" "-"
66.249.64.40 - - [16/Apr/2026:17:49:38 +0000] "GET /?shop/88974725109.html HTTP/1.1" 200 28294 "-" "Mozilla/5.0 (Linux; Android 6.0.1; Nexus 5X Build/MMB29P) AppleWebKit/537.36 (KHTML, like Gecko) Chrome/146.0.7680.177 Mobile Safari/537.36 (compatible; Googlebot/2.1; +http://www.google.com/bot.html)"
20.220.15.7 - - [16/Apr/2026:17:49:41 +0000] "GET /lock360.php HTTP/1.1" 200 37398 "-" "-"
74.248.131.183 - - [16/Apr/2026:17:49:42 +0000] "GET /bnm.php HTTP/1.1" 200 37394 "-" "-"
20.220.15.7 - - [16/Apr/2026:17:49:44 +0000] "GET /error.php HTTP/1.1" 200 37396 "-" "-"
74.248.131.183 - - [16/Apr/2026:17:49:47 +0000] "GET /wp-content/plugins/hellopress/wp_filemanager.php HTTP/1.1" 200 37435 "-" "-"
20.220.15.7 - - [16/Apr/2026:17:49:47 +0000] "GET /wp-admin/post.php HTTP/1.1" 200 37404 "-" "-"
74.7.242.33 - - [16/Apr/2026:17:49:45 +0000] "GET /shop/pg/1505034 HTTP/1.1" 404 13197 "https://www.elementalmill.com.lab2454.com/shop/pg/16201288570" "Mozilla/5.0 AppleWebKit/537.36 (KHTML, like Gecko; compatible; GPTBot/1.3; +https://openai.com/gptbot)"
20.220.15.7 - - [16/Apr/2026:17:49:53 +0000] "GET /wp-links-opml.php HTTP/1.1" 200 37404 "-" "-"
74.7.227.47 - - [16/Apr/2026:17:49:49 +0000] "GET /shop/pg/1618437912 HTTP/1.1" 404 13178 "https://www.elementalmill.com" "Mozilla/5.0 AppleWebKit/537.36 (KHTML, like Gecko; compatible; GPTBot/1.3; +https://openai.com/gptbot)"
74.248.131.183 - - [16/Apr/2026:17:49:56 +0000] "GET /byypas.php HTTP/1.1" 200 37397 "-" "-"
74.7.227.47 - - [16/Apr/2026:17:49:53 +0000] "GET /shop/pg/1977056 HTTP/1.1" 404 13197 "https://mail.elementalmill.com/?shopping/products/16211977056" "Mozilla/5.0 AppleWebKit/537.36 (KHTML, like Gecko; compatible; GPTBot/1.3; +https://openai.com/gptbot)"
20.220.15.7 - - [16/Apr/2026:17:49:58 +0000] "GET /kk.php HTTP/1.1" 200 37393 "-" "-"
74.248.131.183 - - [16/Apr/2026:17:49:59 +0000] "GET /hplfuns.php HTTP/1.1" 200 37398 "-" "-"
74.7.242.33 - - [16/Apr/2026:17:49:57 +0000] "GET /shop/pg/1216133 HTTP/1.1" 404 13197 "https://www.elementalmill.com.lab2454.com/shop/pg/16211591232" "Mozilla/5.0 AppleWebKit/537.36 (KHTML, like Gecko; compatible; GPTBot/1.3; +https://openai.com/gptbot)"
20.220.15.7 - - [16/Apr/2026:17:50:01 +0000] "GET /wp-admin.php HTTP/1.1" 200 37399 "-" "-"
74.248.131.183 - - [16/Apr/2026:17:50:02 +0000] "GET /grsiuk.php HTTP/1.1" 200 37397 "-" "-"
74.248.131.183 - - [16/Apr/2026:17:50:04 +0000] "GET /gifclass.php HTTP/1.1" 200 37399 "-" "-"
20.220.15.7 - - [16/Apr/2026:17:50:05 +0000] "GET /66.php?p= HTTP/1.1" 200 37396 "-" "-"
74.248.131.183 - - [16/Apr/2026:17:50:05 +0000] "GET /a4.php HTTP/1.1" 200 37393 "-" "-"
74.248.131.183 - - [16/Apr/2026:17:50:07 +0000] "GET /domains.php HTTP/1.1" 200 37398 "-" "-"
20.220.15.7 - - [16/Apr/2026:17:50:07 +0000] "GET /test1.php HTTP/1.1" 200 37396 "-" "-"
74.7.242.33 - - [16/Apr/2026:17:50:05 +0000] "GET /shop/pg/1361620 HTTP/1.1" 404 13197 "https://www.elementalmill.com.lab2454.com/shop/pg/16211736709" "Mozilla/5.0 AppleWebKit/537.36 (KHTML, like Gecko; compatible; GPTBot/1.3; +https://openai.com/gptbot)"
74.248.131.183 - - [16/Apr/2026:17:50:10 +0000] "GET /tt.php HTTP/1.1" 200 37393 "-" "-"
20.220.15.7 - - [16/Apr/2026:17:50:11 +0000] "GET /wp-content/index.php HTTP/1.1" 200 37407 "-" "-"
74.248.131.183 - - [16/Apr/2026:17:50:11 +0000] "GET /abc.php HTTP/1.1" 200 37394 "-" "-"
74.248.131.183 - - [16/Apr/2026:17:50:14 +0000] "GET /yw5bi63u.php HTTP/1.1" 200 37399 "-" "-"
74.248.131.183 - - [16/Apr/2026:17:50:15 +0000] "GET /222.php HTTP/1.1" 200 37394 "-" "-"
74.7.242.33 - - [16/Apr/2026:17:50:15 +0000] "GET /shop/pg/1332477 HTTP/1.1" 404 13197 "https://www.elementalmill.com.lab2454.com/shop/pg/16211707571" "Mozilla/5.0 AppleWebKit/537.36 (KHTML, like Gecko; compatible; GPTBot/1.3; +https://openai.com/gptbot)"
74.248.131.183 - - [16/Apr/2026:17:50:18 +0000] "GET /ws57.php HTTP/1.1" 200 37395 "-" "-"
20.220.15.7 - - [16/Apr/2026:17:50:18 +0000] "GET /wp-signup.php HTTP/1.1" 200 37400 "-" "-"
74.7.227.47 - - [16/Apr/2026:17:50:15 +0000] "GET /shop/pg/1619705456 HTTP/1.1" 404 13178 "https://www.elementalmill.com" "Mozilla/5.0 AppleWebKit/537.36 (KHTML, like Gecko; compatible; GPTBot/1.3; +https://openai.com/gptbot)"
20.220.15.7 - - [16/Apr/2026:17:50:21 +0000] "GET /ty.php?act=upload HTTP/1.1" 200 37404 "-" "-"
213.180.203.103 - - [16/Apr/2026:17:50:16 +0000] "GET /shop/pg/657271 HTTP/1.1" 404 13178 "-" "Mozilla/5.0 (compatible; YandexBot/3.0; +http://yandex.com/bots)"
74.248.131.183 - - [16/Apr/2026:17:50:22 +0000] "GET /8573.php HTTP/1.1" 200 37395 "-" "-"
139.162.194.112 - - [16/Apr/2026:17:50:19 +0000] "POST /wp-cron.php?doing_wp_cron=1776361819.7807199954986572265625 HTTP/1.1" 404 13178 "-" "WordPress/6.9.1; https://elementalmill.com"
20.220.15.7 - - [16/Apr/2026:17:50:24 +0000] "GET /%E2%80%89goods.php HTTP/1.1" 200 37405 "-" "-"
74.7.243.209 - - [16/Apr/2026:17:50:20 +0000] "GET /shopping/products/16201344681 HTTP/1.1" 404 13197 "https://elementalmill.com.lab2454.com/shopping/products/16201135582" "Mozilla/5.0 AppleWebKit/537.36 (KHTML, like Gecko; compatible; GPTBot/1.3; +https://openai.com/gptbot)"
139.162.194.112 - - [16/Apr/2026:17:50:21 +0000] "POST /wp-cron.php?doing_wp_cron=1776361821.5033800601959228515625 HTTP/1.1" 404 13168 "-" "WordPress/6.9.1; https://elementalmill.com"
74.248.131.183 - - [16/Apr/2026:17:50:25 +0000] "GET /ws66.php HTTP/1.1" 200 37395 "-" "-"
20.220.15.7 - - [16/Apr/2026:17:50:26 +0000] "GET /aa.php HTTP/1.1" 200 37393 "-" "-"
74.7.242.33 - - [16/Apr/2026:17:50:24 +0000] "GET /shop/pg/1672351 HTTP/1.1" 404 13197 "https://www.elementalmill.com.lab2454.com/shop/pg/1671200" "Mozilla/5.0 AppleWebKit/537.36 (KHTML, like Gecko; compatible; GPTBot/1.3; +https://openai.com/gptbot)"
20.220.15.7 - - [16/Apr/2026:17:50:28 +0000] "GET /wp-admin/chosen.php HTTP/1.1" 200 37406 "-" "-"
74.248.131.183 - - [16/Apr/2026:17:50:30 +0000] "GET /66.php HTTP/1.1" 200 37393 "-" "-"
20.220.15.7 - - [16/Apr/2026:17:50:30 +0000] "GET /wp-mail.php/wp-includes/admin.php HTTP/1.1" 200 37420 "-" "-"
74.248.131.183 - - [16/Apr/2026:17:50:34 +0000] "GET /wp-p2r3q9c8k4.php HTTP/1.1" 200 37404 "-" "-"
74.7.227.151 - - [16/Apr/2026:17:50:31 +0000] "GET /shop/pg/2170924 HTTP/1.1" 301 839 "https://www.elementalmill.com/shopping/products/16222170924" "Mozilla/5.0 AppleWebKit/537.36 (KHTML, like Gecko; compatible; GPTBot/1.3; +https://openai.com/gptbot)"
74.7.242.33 - - [16/Apr/2026:17:50:33 +0000] "GET /shop/pg/1885805 HTTP/1.1" 404 13197 "https://www.elementalmill.com.lab2454.com/?shopping/products/16211885805" "Mozilla/5.0 AppleWebKit/537.36 (KHTML, like Gecko; compatible; GPTBot/1.3; +https://openai.com/gptbot)"
20.220.15.7 - - [16/Apr/2026:17:50:37 +0000] "GET /info.php HTTP/1.1" 200 37395 "-" "-"
74.248.131.183 - - [16/Apr/2026:17:50:38 +0000] "GET /ws88.php HTTP/1.1" 200 37395 "-" "-"
20.220.15.7 - - [16/Apr/2026:17:50:42 +0000] "GET /config.php HTTP/1.1" 200 37397 "-" "-"
74.248.131.183 - - [16/Apr/2026:17:50:43 +0000] "GET /mode.php HTTP/1.1" 200 37395 "-" "-"
20.220.15.7 - - [16/Apr/2026:17:50:44 +0000] "GET /index/function.php HTTP/1.1" 200 37405 "-" "-"
74.248.131.183 - - [16/Apr/2026:17:50:46 +0000] "GET /set.php HTTP/1.1" 200 37394 "-" "-"
74.7.242.33 - - [16/Apr/2026:17:50:42 +0000] "GET /shop/pg/1582918 HTTP/1.1" 404 13197 "https://www.elementalmill.com.lab2454.com/shop/pg/16211957995" "Mozilla/5.0 AppleWebKit/537.36 (KHTML, like Gecko; compatible; GPTBot/1.3; +https://openai.com/gptbot)"
74.7.227.47 - - [16/Apr/2026:17:50:42 +0000] "GET /shop/pg/1619886430 HTTP/1.1" 404 13178 "https://elementalmill.com/index.php?shopping/products/1619881285" "Mozilla/5.0 AppleWebKit/537.36 (KHTML, like Gecko; compatible; GPTBot/1.3; +https://openai.com/gptbot)"
20.220.15.7 - - [16/Apr/2026:17:50:46 +0000] "GET /default.php HTTP/1.1" 200 37398 "-" "-"
74.248.131.183 - - [16/Apr/2026:17:50:48 +0000] "GET /hroxw.php HTTP/1.1" 200 37396 "-" "-"
20.220.15.7 - - [16/Apr/2026:17:50:48 +0000] "GET /wp-admin/network/admin.php HTTP/1.1" 200 37413 "-" "-"
20.220.15.7 - - [16/Apr/2026:17:50:51 +0000] "GET /wp-admin/install.php HTTP/1.1" 200 37407 "-" "-"
74.248.131.183 - - [16/Apr/2026:17:50:52 +0000] "GET /ok.php HTTP/1.1" 200 37393 "-" "-"
213.180.203.103 - - [16/Apr/2026:17:50:49 +0000] "GET /shopping/products/16206604288 HTTP/1.1" 404 13178 "-" "Mozilla/5.0 (compatible; YandexBot/3.0; +http://yandex.com/bots)"
20.220.15.7 - - [16/Apr/2026:17:50:54 +0000] "GET /privacy.php HTTP/1.1" 200 37398 "-" "-"
74.248.131.183 - - [16/Apr/2026:17:50:54 +0000] "GET /zoo.php HTTP/1.1" 200 37394 "-" "-"
74.248.131.183 - - [16/Apr/2026:17:50:55 +0000] "GET /gaza.php HTTP/1.1" 200 37395 "-" "-"
74.7.243.209 - - [16/Apr/2026:17:50:51 +0000] "GET /shopping/products/16211922007 HTTP/1.1" 404 13197 "https://elementalmill.com.lab2454.com/shopping/products/16232647147" "Mozilla/5.0 AppleWebKit/537.36 (KHTML, like Gecko; compatible; GPTBot/1.3; +https://openai.com/gptbot)"
74.7.227.151 - - [16/Apr/2026:17:50:53 +0000] "GET /shop/pg/1301440 HTTP/1.1" 301 839 "https://www.elementalmill.com/shop/customer/bookmark.php?shopping/products/16201301440" "Mozilla/5.0 AppleWebKit/537.36 (KHTML, like Gecko; compatible; GPTBot/1.3; +https://openai.com/gptbot)"
74.7.242.33 - - [16/Apr/2026:17:50:54 +0000] "GET /shop/pg/2044504 HTTP/1.1" 404 13197 "https://www.elementalmill.com.lab2454.com/?shopping/products/16222044504" "Mozilla/5.0 AppleWebKit/537.36 (KHTML, like Gecko; compatible; GPTBot/1.3; +https://openai.com/gptbot)"
74.248.131.183 - - [16/Apr/2026:17:51:00 +0000] "GET /retu11.PhP7 HTTP/1.1" 200 37398 "-" "-"
20.220.15.7 - - [16/Apr/2026:17:51:01 +0000] "GET /wp-conffg.php HTTP/1.1" 200 37400 "-" "-"
74.248.131.183 - - [16/Apr/2026:17:51:02 +0000] "GET /ioxi001.PhP7 HTTP/1.1" 200 37399 "-" "-"
74.248.131.183 - - [16/Apr/2026:17:51:04 +0000] "GET /mk.php HTTP/1.1" 200 37393 "-" "-"
20.220.15.7 - - [16/Apr/2026:17:51:05 +0000] "GET /bb.php HTTP/1.1" 200 37393 "-" "-"
74.248.131.183 - - [16/Apr/2026:17:51:06 +0000] "GET /fm.php HTTP/1.1" 200 37393 "-" "-"
74.7.242.33 - - [16/Apr/2026:17:51:02 +0000] "GET /shop/pg/1658612 HTTP/1.1" 404 13197 "https://www.elementalmill.com.lab2454.com/shop/pg/16201442156" "Mozilla/5.0 AppleWebKit/537.36 (KHTML, like Gecko; compatible; GPTBot/1.3; +https://openai.com/gptbot)"
74.7.227.47 - - [16/Apr/2026:17:51:08 +0000] "GET /shop/pg/1619953783 HTTP/1.1" 404 13178 "https://www.elementalmill.com" "Mozilla/5.0 AppleWebKit/537.36 (KHTML, like Gecko; compatible; GPTBot/1.3; +https://openai.com/gptbot)"
74.7.227.151 - - [16/Apr/2026:17:51:11 +0000] "GET /shop/pg/1228092 HTTP/1.1" 301 839 "https://www.elementalmill.com/shop/customer/bookmark.php?shopping/products/16201228092" "Mozilla/5.0 AppleWebKit/537.36 (KHTML, like Gecko; compatible; GPTBot/1.3; +https://openai.com/gptbot)"
74.7.242.33 - - [16/Apr/2026:17:51:12 +0000] "GET /shop/pg/1142069 HTTP/1.1" 404 13197 "https://www.elementalmill.com.lab2454.com/shop/pg/16211517165" "Mozilla/5.0 AppleWebKit/537.36 (KHTML, like Gecko; compatible; GPTBot/1.3; +https://openai.com/gptbot)"
74.7.243.209 - - [16/Apr/2026:17:51:19 +0000] "GET /shopping/products/16211771343 HTTP/1.1" 404 13197 "https://elementalmill.com.lab2454.com/shopping/products/16201191341" "Mozilla/5.0 AppleWebKit/537.36 (KHTML, like Gecko; compatible; GPTBot/1.3; +https://openai.com/gptbot)"
139.162.194.112 - - [16/Apr/2026:17:51:23 +0000] "POST /wp-cron.php?doing_wp_cron=1776361883.5028541088104248046875 HTTP/1.1" 404 13168 "-" "WordPress/6.9.1; https://elementalmill.com"
74.7.242.33 - - [16/Apr/2026:17:51:31 +0000] "GET /shop/pg/1703141 HTTP/1.1" 404 13197 "https://www.elementalmill.com.lab2454.com/shop/pg/16201486673" "Mozilla/5.0 AppleWebKit/537.36 (KHTML, like Gecko; compatible; GPTBot/1.3; +https://openai.com/gptbot)"
74.7.227.47 - - [16/Apr/2026:17:51:35 +0000] "GET /shop/pg/1619722448 HTTP/1.1" 404 13178 "https://elementalmill.com/index.php?shopping/products/1619717313" "Mozilla/5.0 AppleWebKit/537.36 (KHTML, like Gecko; compatible; GPTBot/1.3; +https://openai.com/gptbot)"
74.7.242.33 - - [16/Apr/2026:17:51:41 +0000] "GET /shop/pg/1640462 HTTP/1.1" 404 13197 "https://www.elementalmill.com.lab2454.com/shop/pg/1639294" "Mozilla/5.0 AppleWebKit/537.36 (KHTML, like Gecko; compatible; GPTBot/1.3; +https://openai.com/gptbot)"
20.220.15.7 - - [16/Apr/2026:17:51:52 +0000] "GET /WSO.php HTTP/1.1" 200 37394 "-" "-"
74.7.243.209 - - [16/Apr/2026:17:51:50 +0000] "GET /shopping/products/16201434100 HTTP/1.1" 404 13197 "https://elementalmill.com.lab2454.com/shopping/products/16232500122" "Mozilla/5.0 AppleWebKit/537.36 (KHTML, like Gecko; compatible; GPTBot/1.3; +https://openai.com/gptbot)"
20.220.15.7 - - [16/Apr/2026:17:51:57 +0000] "GET /hello.php HTTP/1.1" 200 37396 "-" "-"
74.7.227.47 - - [16/Apr/2026:17:51:58 +0000] "GET /shop/pg/2599785 HTTP/1.1" 404 13197 "https://mail.elementalmill.com/?shopping/products/16232599785" "Mozilla/5.0 AppleWebKit/537.36 (KHTML, like Gecko; compatible; GPTBot/1.3; +https://openai.com/gptbot)"
74.7.227.47 - - [16/Apr/2026:17:51:59 +0000] "GET /shop/pg/1619733246 HTTP/1.1" 404 13178 "https://www.elementalmill.com" "Mozilla/5.0 AppleWebKit/537.36 (KHTML, like Gecko; compatible; GPTBot/1.3; +https://openai.com/gptbot)"
20.220.15.7 - - [16/Apr/2026:17:52:02 +0000] "GET /ok.php HTTP/1.1" 200 37393 "-" "-"
74.7.242.33 - - [16/Apr/2026:17:51:59 +0000] "GET /shop/pg/1755824 HTTP/1.1" 404 13197 "https://www.elementalmill.com.lab2454.com/?shopping/products/16211755824" "Mozilla/5.0 AppleWebKit/537.36 (KHTML, like Gecko; compatible; GPTBot/1.3; +https://openai.com/gptbot)"
20.220.15.7 - - [16/Apr/2026:17:52:10 +0000] "GET /if.php HTTP/1.1" 200 37393 "-" "-"
74.7.242.33 - - [16/Apr/2026:17:52:08 +0000] "GET /shop/pg/1518350 HTTP/1.1" 404 13197 "https://www.elementalmill.com.lab2454.com/shop/pg/1517200" "Mozilla/5.0 AppleWebKit/537.36 (KHTML, like Gecko; compatible; GPTBot/1.3; +https://openai.com/gptbot)"
20.220.15.7 - - [16/Apr/2026:17:52:17 +0000] "GET /mrjn.php HTTP/1.1" 200 37395 "-" "-"
74.7.227.151 - - [16/Apr/2026:17:52:14 +0000] "GET /shop/pg/1517993 HTTP/1.1" 301 839 "https://www.elementalmill.com/shop/pg/16201301543" "Mozilla/5.0 AppleWebKit/537.36 (KHTML, like Gecko; compatible; GPTBot/1.3; +https://openai.com/gptbot)"
74.7.242.33 - - [16/Apr/2026:17:52:18 +0000] "GET /shop/pg/1461157 HTTP/1.1" 404 13197 "https://www.elementalmill.com.lab2454.com/shop/pg/16201244694" "Mozilla/5.0 AppleWebKit/537.36 (KHTML, like Gecko; compatible; GPTBot/1.3; +https://openai.com/gptbot)"
20.220.15.7 - - [16/Apr/2026:17:52:22 +0000] "GET /kn.php HTTP/1.1" 200 37393 "-" "-"
74.7.227.47 - - [16/Apr/2026:17:52:20 +0000] "GET /shop/pg/1433606 HTTP/1.1" 404 13197 "https://mail.elementalmill.com/?shopping/products/16201433606" "Mozilla/5.0 AppleWebKit/537.36 (KHTML, like Gecko; compatible; GPTBot/1.3; +https://openai.com/gptbot)"
20.220.15.7 - - [16/Apr/2026:17:52:25 +0000] "GET /3301.php HTTP/1.1" 200 37395 "-" "-"
74.7.243.209 - - [16/Apr/2026:17:52:22 +0000] "GET /shopping/products/16201436541 HTTP/1.1" 404 13197 "https://elementalmill.com.lab2454.com/shopping/products/16201389617" "Mozilla/5.0 AppleWebKit/537.36 (KHTML, like Gecko; compatible; GPTBot/1.3; +https://openai.com/gptbot)"
20.220.15.7 - - [16/Apr/2026:17:52:29 +0000] "GET /alex.php HTTP/1.1" 200 37395 "-" "-"
74.7.242.33 - - [16/Apr/2026:17:52:27 +0000] "GET /shop/pg/1571800 HTTP/1.1" 404 13197 "https://www.elementalmill.com.lab2454.com/shop/pg/16201355343" "Mozilla/5.0 AppleWebKit/537.36 (KHTML, like Gecko; compatible; GPTBot/1.3; +https://openai.com/gptbot)"
20.220.15.7 - - [16/Apr/2026:17:52:32 +0000] "GET /mailer.php HTTP/1.1" 200 37397 "-" "-"
20.220.15.7 - - [16/Apr/2026:17:52:36 +0000] "GET /anone.php HTTP/1.1" 200 37396 "-" "-"
20.220.15.7 - - [16/Apr/2026:17:52:39 +0000] "GET /wp-configer.php HTTP/1.1" 200 37402 "-" "-"
74.7.227.151 - - [16/Apr/2026:17:52:36 +0000] "GET /shop/pg/1535475 HTTP/1.1" 301 839 "https://www.elementalmill.com/shopping/products/16211535475" "Mozilla/5.0 AppleWebKit/537.36 (KHTML, like Gecko; compatible; GPTBot/1.3; +https://openai.com/gptbot)"
20.220.15.7 - - [16/Apr/2026:17:52:41 +0000] "GET /wp-ad.php HTTP/1.1" 200 37396 "-" "-"
20.220.15.7 - - [16/Apr/2026:17:52:42 +0000] "GET /send.php HTTP/1.1" 200 37395 "-" "-"
20.220.15.7 - - [16/Apr/2026:17:52:45 +0000] "GET /3.php HTTP/1.1" 200 37392 "-" "-"
74.7.227.47 - - [16/Apr/2026:17:52:43 +0000] "GET /shop/pg/2056940 HTTP/1.1" 404 13197 "https://mail.elementalmill.com/?shopping/products/16222056940" "Mozilla/5.0 AppleWebKit/537.36 (KHTML, like Gecko; compatible; GPTBot/1.3; +https://openai.com/gptbot)"
20.220.15.7 - - [16/Apr/2026:17:52:48 +0000] "GET /.wp-cache.php HTTP/1.1" 200 37400 "-" "-"
20.220.15.7 - - [16/Apr/2026:17:52:50 +0000] "GET /sendmail.php HTTP/1.1" 200 37399 "-" "-"
20.220.15.7 - - [16/Apr/2026:17:52:52 +0000] "GET /rahma.php HTTP/1.1" 200 37396 "-" "-"
74.7.227.47 - - [16/Apr/2026:17:52:51 +0000] "GET /shop/pg/1619920703 HTTP/1.1" 404 13178 "https://www.elementalmill.com" "Mozilla/5.0 AppleWebKit/537.36 (KHTML, like Gecko; compatible; GPTBot/1.3; +https://openai.com/gptbot)"
20.220.15.7 - - [16/Apr/2026:17:52:57 +0000] "GET /nasgor.php HTTP/1.1" 200 37397 "-" "-"
74.7.242.33 - - [16/Apr/2026:17:52:56 +0000] "GET /shop/pg/1386093 HTTP/1.1" 404 13197 "https://www.elementalmill.com.lab2454.com/shop/pg/16201169632" "Mozilla/5.0 AppleWebKit/537.36 (KHTML, like Gecko; compatible; GPTBot/1.3; +https://openai.com/gptbot)"
74.7.227.47 - - [16/Apr/2026:17:52:56 +0000] "GET /shop/pg/1655364 HTTP/1.1" 404 13197 "https://mail.elementalmill.com/?shopping/products/16211655364" "Mozilla/5.0 AppleWebKit/537.36 (KHTML, like Gecko; compatible; GPTBot/1.3; +https://openai.com/gptbot)"
20.220.15.7 - - [16/Apr/2026:17:53:04 +0000] "GET /wp-confirm.php HTTP/1.1" 200 37401 "-" "-"
74.7.242.33 - - [16/Apr/2026:17:53:05 +0000] "GET /shop/pg/1700453 HTTP/1.1" 404 13197 "https://www.elementalmill.com.lab2454.com/shop/pg/16201483979" "Mozilla/5.0 AppleWebKit/537.36 (KHTML, like Gecko; compatible; GPTBot/1.3; +https://openai.com/gptbot)"
5.255.231.199 - - [16/Apr/2026:17:53:06 +0000] "GET /robots.txt HTTP/1.1" 200 2045 "-" "Mozilla/5.0 (compatible; YandexBot/3.0; +http://yandex.com/bots)"
95.108.213.154 - - [16/Apr/2026:17:53:10 +0000] "GET /shopping/products/16211903025 HTTP/1.1" 404 13178 "-" "Mozilla/5.0 (compatible; YandexBot/3.0; +http://yandex.com/bots)"
20.220.15.7 - - [16/Apr/2026:17:53:16 +0000] "GET /alfa123.php HTTP/1.1" 200 37398 "-" "-"
74.7.242.33 - - [16/Apr/2026:17:53:14 +0000] "GET /shop/pg/1716658 HTTP/1.1" 404 13197 "https://www.elementalmill.com.lab2454.com/shopping/products/16211716658" "Mozilla/5.0 AppleWebKit/537.36 (KHTML, like Gecko; compatible; GPTBot/1.3; +https://openai.com/gptbot)"
20.220.15.7 - - [16/Apr/2026:17:53:20 +0000] "GET /upload.php HTTP/1.1" 200 37397 "-" "-"
74.7.227.47 - - [16/Apr/2026:17:53:18 +0000] "GET /shop/pg/1619518430 HTTP/1.1" 404 13178 "https://www.elementalmill.com" "Mozilla/5.0 AppleWebKit/537.36 (KHTML, like Gecko; compatible; GPTBot/1.3; +https://openai.com/gptbot)"
20.220.15.7 - - [16/Apr/2026:17:53:27 +0000] "GET /bypass.php HTTP/1.1" 200 37397 "-" "-"
74.7.242.33 - - [16/Apr/2026:17:53:24 +0000] "GET /shop/pg/1342910 HTTP/1.1" 404 13197 "https://www.elementalmill.com.lab2454.com/shop/pg/16211717994" "Mozilla/5.0 AppleWebKit/537.36 (KHTML, like Gecko; compatible; GPTBot/1.3; +https://openai.com/gptbot)"
74.7.243.209 - - [16/Apr/2026:17:53:26 +0000] "GET /shopping/products/16211501324 HTTP/1.1" 404 13197 "https://elementalmill.com.lab2454.com/shopping/products/16201496116" "Mozilla/5.0 AppleWebKit/537.36 (KHTML, like Gecko; compatible; GPTBot/1.3; +https://openai.com/gptbot)"
20.220.15.7 - - [16/Apr/2026:17:53:31 +0000] "GET /wp-one.php HTTP/1.1" 200 37397 "-" "-"
139.162.194.112 - - [16/Apr/2026:17:53:30 +0000] "POST /wp-cron.php?doing_wp_cron=1776362010.0568470954895019531250 HTTP/1.1" 404 13178 "-" "WordPress/6.9.1; https://elementalmill.com"
20.220.15.7 - - [16/Apr/2026:17:53:34 +0000] "GET /alexus.php HTTP/1.1" 200 37397 "-" "-"
20.220.15.7 - - [16/Apr/2026:17:53:36 +0000] "GET /wso1337.php HTTP/1.1" 200 37398 "-" "-"
74.7.242.33 - - [16/Apr/2026:17:53:33 +0000] "GET /shop/pg/1184039 HTTP/1.1" 404 13197 "https://www.elementalmill.com.lab2454.com/shop/pg/16211559129" "Mozilla/5.0 AppleWebKit/537.36 (KHTML, like Gecko; compatible; GPTBot/1.3; +https://openai.com/gptbot)"
74.7.227.47 - - [16/Apr/2026:17:53:38 +0000] "GET /shop/pg/2211550 HTTP/1.1" 404 13197 "https://mail.elementalmill.com/shop/customer/bookmark.php?shopping/products/16222211550" "Mozilla/5.0 AppleWebKit/537.36 (KHTML, like Gecko; compatible; GPTBot/1.3; +https://openai.com/gptbot)"
74.7.227.151 - - [16/Apr/2026:17:53:38 +0000] "GET /shop/pg/2433118 HTTP/1.1" 301 839 "https://www.elementalmill.com/shopping/products/16222433118" "Mozilla/5.0 AppleWebKit/537.36 (KHTML, like Gecko; compatible; GPTBot/1.3; +https://openai.com/gptbot)"
20.220.15.7 - - [16/Apr/2026:17:53:42 +0000] "GET /blog.php HTTP/1.1" 200 37395 "-" "-"
74.7.242.33 - - [16/Apr/2026:17:53:43 +0000] "GET /shop/pg/1607818 HTTP/1.1" 404 13197 "https://www.elementalmill.com.lab2454.com/shop/pg/1606655" "Mozilla/5.0 AppleWebKit/537.36 (KHTML, like Gecko; compatible; GPTBot/1.3; +https://openai.com/gptbot)"
74.7.227.47 - - [16/Apr/2026:17:53:45 +0000] "GET /shop/pg/1618205938 HTTP/1.1" 404 13178 "https://www.elementalmill.com" "Mozilla/5.0 AppleWebKit/537.36 (KHTML, like Gecko; compatible; GPTBot/1.3; +https://openai.com/gptbot)"
20.220.15.7 - - [16/Apr/2026:17:53:49 +0000] "GET /it.php HTTP/1.1" 200 37393 "-" "-"
74.7.242.33 - - [16/Apr/2026:17:53:52 +0000] "GET /shop/pg/1657741 HTTP/1.1" 404 13197 "https://www.elementalmill.com.lab2454.com/shop/pg/16201441284" "Mozilla/5.0 AppleWebKit/537.36 (KHTML, like Gecko; compatible; GPTBot/1.3; +https://openai.com/gptbot)"
20.220.15.7 - - [16/Apr/2026:17:53:58 +0000] "GET /kiss.php HTTP/1.1" 200 37395 "-" "-"
74.7.243.209 - - [16/Apr/2026:17:53:58 +0000] "GET /shopping/products/16211751283 HTTP/1.1" 404 13197 "https://elementalmill.com.lab2454.com/shopping/products/16211851898" "Mozilla/5.0 AppleWebKit/537.36 (KHTML, like Gecko; compatible; GPTBot/1.3; +https://openai.com/gptbot)"
74.7.227.151 - - [16/Apr/2026:17:53:59 +0000] "GET /shop/pg/1212681 HTTP/1.1" 301 839 "https://www.elementalmill.com/?shopping/products/16201212681" "Mozilla/5.0 AppleWebKit/537.36 (KHTML, like Gecko; compatible; GPTBot/1.3; +https://openai.com/gptbot)"
20.220.15.7 - - [16/Apr/2026:17:54:11 +0000] "GET /0.php HTTP/1.1" 200 37392 "-" "-"
74.7.242.33 - - [16/Apr/2026:17:54:11 +0000] "GET /shop/pg/1364716 HTTP/1.1" 404 13197 "https://www.elementalmill.com.lab2454.com/shop/pg/16201148256" "Mozilla/5.0 AppleWebKit/537.36 (KHTML, like Gecko; compatible; GPTBot/1.3; +https://openai.com/gptbot)"
74.7.227.47 - - [16/Apr/2026:17:54:11 +0000] "GET /shop/pg/1618476037 HTTP/1.1" 404 13178 "https://www.elementalmill.com" "Mozilla/5.0 AppleWebKit/537.36 (KHTML, like Gecko; compatible; GPTBot/1.3; +https://openai.com/gptbot)"
20.220.15.7 - - [16/Apr/2026:17:54:16 +0000] "GET /cms.php HTTP/1.1" 200 37394 "-" "-"
74.7.227.47 - - [16/Apr/2026:17:54:13 +0000] "GET /shop/pg/2011299 HTTP/1.1" 404 13197 "https://mail.elementalmill.com/?shopping/products/16222011299" "Mozilla/5.0 AppleWebKit/537.36 (KHTML, like Gecko; compatible; GPTBot/1.3; +https://openai.com/gptbot)"
20.220.15.7 - - [16/Apr/2026:17:54:20 +0000] "GET /wp-uploads.php HTTP/1.1" 200 37401 "-" "-"
74.7.227.151 - - [16/Apr/2026:17:54:20 +0000] "GET /shop/pg/2632481 HTTP/1.1" 301 839 "https://www.elementalmill.com/shopping/products/16232632481" "Mozilla/5.0 AppleWebKit/537.36 (KHTML, like Gecko; compatible; GPTBot/1.3; +https://openai.com/gptbot)"
74.7.242.33 - - [16/Apr/2026:17:54:20 +0000] "GET /shop/pg/1652178 HTTP/1.1" 404 13197 "https://www.elementalmill.com.lab2454.com/shop/pg/16201435717" "Mozilla/5.0 AppleWebKit/537.36 (KHTML, like Gecko; compatible; GPTBot/1.3; +https://openai.com/gptbot)"
74.7.227.47 - - [16/Apr/2026:17:54:26 +0000] "GET /shop/pg/1223455 HTTP/1.1" 404 13197 "https://mail.elementalmill.com/?shopping/products/16201223455" "Mozilla/5.0 AppleWebKit/537.36 (KHTML, like Gecko; compatible; GPTBot/1.3; +https://openai.com/gptbot)"
20.220.15.7 - - [16/Apr/2026:17:54:31 +0000] "GET /Gel.php HTTP/1.1" 200 37394 "-" "-"
74.7.243.209 - - [16/Apr/2026:17:54:29 +0000] "GET /shopping/products/16232566742 HTTP/1.1" 404 13197 "https://elementalmill.com.lab2454.com/shopping/products/16211640713" "Mozilla/5.0 AppleWebKit/537.36 (KHTML, like Gecko; compatible; GPTBot/1.3; +https://openai.com/gptbot)"
139.162.194.112 - - [16/Apr/2026:17:54:32 +0000] "POST /wp-cron.php?doing_wp_cron=1776362072.2391729354858398437500 HTTP/1.1" 404 13168 "-" "WordPress/6.9.1; https://elementalmill.com"
20.220.15.7 - - [16/Apr/2026:17:54:38 +0000] "GET /41.php HTTP/1.1" 200 37393 "-" "-"
74.7.227.47 - - [16/Apr/2026:17:54:37 +0000] "GET /shop/pg/1618374578 HTTP/1.1" 404 13178 "https://www.elementalmill.com" "Mozilla/5.0 AppleWebKit/537.36 (KHTML, like Gecko; compatible; GPTBot/1.3; +https://openai.com/gptbot)"
20.220.15.7 - - [16/Apr/2026:17:54:42 +0000] "GET /4price.php HTTP/1.1" 200 37397 "-" "-"
74.7.242.33 - - [16/Apr/2026:17:54:40 +0000] "GET /shop/pg/1912398 HTTP/1.1" 404 13197 "https://www.elementalmill.com.lab2454.com/shop/pg/1911243" "Mozilla/5.0 AppleWebKit/537.36 (KHTML, like Gecko; compatible; GPTBot/1.3; +https://openai.com/gptbot)"
20.220.15.7 - - [16/Apr/2026:17:54:47 +0000] "GET /.fk.php HTTP/1.1" 200 37394 "-" "-"
74.7.227.47 - - [16/Apr/2026:17:54:47 +0000] "GET /shop/pg/1618930 HTTP/1.1" 404 13197 "https://mail.elementalmill.com/?shopping/products/16211618930" "Mozilla/5.0 AppleWebKit/537.36 (KHTML, like Gecko; compatible; GPTBot/1.3; +https://openai.com/gptbot)"
74.7.242.33 - - [16/Apr/2026:17:54:49 +0000] "GET /shop/pg/1225596 HTTP/1.1" 404 13197 "https://www.elementalmill.com.lab2454.com/shop/pg/1224438" "Mozilla/5.0 AppleWebKit/537.36 (KHTML, like Gecko; compatible; GPTBot/1.3; +https://openai.com/gptbot)"
20.220.15.7 - - [16/Apr/2026:17:54:54 +0000] "GET /Sendemail.php HTTP/1.1" 200 37400 "-" "-"
20.220.15.7 - - [16/Apr/2026:17:54:58 +0000] "GET /content.php HTTP/1.1" 200 37398 "-" "-"
66.249.64.41 - - [16/Apr/2026:17:54:58 +0000] "GET /?shop/890810093967.html HTTP/1.1" 200 28129 "-" "Mozilla/5.0 (Linux; Android 6.0.1; Nexus 5X Build/MMB29P) AppleWebKit/537.36 (KHTML, like Gecko) Chrome/146.0.7680.177 Mobile Safari/537.36 (compatible; Googlebot/2.1; +http://www.google.com/bot.html)"
20.220.15.7 - - [16/Apr/2026:17:55:01 +0000] "GET /olu.php HTTP/1.1" 200 37394 "-" "-"
74.7.242.33 - - [16/Apr/2026:17:54:59 +0000] "GET /shop/pg/1353426 HTTP/1.1" 404 13197 "https://www.elementalmill.com.lab2454.com/shop/pg/16201136959" "Mozilla/5.0 AppleWebKit/537.36 (KHTML, like Gecko; compatible; GPTBot/1.3; +https://openai.com/gptbot)"
20.220.15.7 - - [16/Apr/2026:17:55:03 +0000] "GET /sad/about.php HTTP/1.1" 200 37400 "-" "-"
74.7.243.209 - - [16/Apr/2026:17:55:01 +0000] "GET /shopping/products/16201455183 HTTP/1.1" 404 13197 "https://elementalmill.com.lab2454.com/shopping/products/16211559797" "Mozilla/5.0 AppleWebKit/537.36 (KHTML, like Gecko; compatible; GPTBot/1.3; +https://openai.com/gptbot)"
74.7.227.47 - - [16/Apr/2026:17:55:01 +0000] "GET /shop/pg/1125737 HTTP/1.1" 404 13197 "https://mail.elementalmill.com/?shopping/products/16201125737" "Mozilla/5.0 AppleWebKit/537.36 (KHTML, like Gecko; compatible; GPTBot/1.3; +https://openai.com/gptbot)"
20.220.15.7 - - [16/Apr/2026:17:55:08 +0000] "GET /wp-content/uploads/about.php HTTP/1.1" 200 37415 "-" "-"
74.7.242.33 - - [16/Apr/2026:17:55:08 +0000] "GET /shop/pg/1539567 HTTP/1.1" 404 13197 "https://www.elementalmill.com.lab2454.com/shop/pg/16201323121" "Mozilla/5.0 AppleWebKit/537.36 (KHTML, like Gecko; compatible; GPTBot/1.3; +https://openai.com/gptbot)"
20.220.15.7 - - [16/Apr/2026:17:55:13 +0000] "GET /goat.php HTTP/1.1" 200 37395 "-" "-"
20.220.15.7 - - [16/Apr/2026:17:55:15 +0000] "GET /alexusmailer%202.0.php HTTP/1.1" 200 37409 "-" "-"
20.220.15.7 - - [16/Apr/2026:17:55:17 +0000] "GET /rss.php HTTP/1.1" 200 37394 "-" "-"
20.220.15.7 - - [16/Apr/2026:17:55:20 +0000] "GET /wp-file.php HTTP/1.1" 200 37398 "-" "-"
74.7.242.33 - - [16/Apr/2026:17:55:17 +0000] "GET /shop/pg/1594890 HTTP/1.1" 404 13197 "https://www.elementalmill.com.lab2454.com/shop/pg/16211969966" "Mozilla/5.0 AppleWebKit/537.36 (KHTML, like Gecko; compatible; GPTBot/1.3; +https://openai.com/gptbot)"
20.220.15.7 - - [16/Apr/2026:17:55:22 +0000] "GET /wso2.php HTTP/1.1" 200 37395 "-" "-"
20.220.15.7 - - [16/Apr/2026:17:55:26 +0000] "GET /wso1.php HTTP/1.1" 200 37395 "-" "-"
20.220.15.7 - - [16/Apr/2026:17:55:29 +0000] "GET /olux.php HTTP/1.1" 200 37395 "-" "-"
74.7.242.33 - - [16/Apr/2026:17:55:27 +0000] "GET /shop/pg/1643397 HTTP/1.1" 404 13197 "https://www.elementalmill.com.lab2454.com/shop/pg/1642242" "Mozilla/5.0 AppleWebKit/537.36 (KHTML, like Gecko; compatible; GPTBot/1.3; +https://openai.com/gptbot)"
20.220.15.7 - - [16/Apr/2026:17:55:32 +0000] "GET /wp-info.php HTTP/1.1" 200 37398 "-" "-"
74.7.227.47 - - [16/Apr/2026:17:55:30 +0000] "GET /shop/pg/1619803786 HTTP/1.1" 404 13178 "https://www.elementalmill.com" "Mozilla/5.0 AppleWebKit/537.36 (KHTML, like Gecko; compatible; GPTBot/1.3; +https://openai.com/gptbot)"
20.220.15.7 - - [16/Apr/2026:17:55:35 +0000] "GET /xl.php HTTP/1.1" 200 37393 "-" "-"
139.162.194.112 - - [16/Apr/2026:17:55:33 +0000] "POST /wp-cron.php?doing_wp_cron=1776362133.6314029693603515625000 HTTP/1.1" 404 13168 "-" "WordPress/6.9.1; https://elementalmill.com"
74.7.243.209 - - [16/Apr/2026:17:55:34 +0000] "GET /shopping/products/16211966957 HTTP/1.1" 404 13197 "https://elementalmill.com.lab2454.com/shopping/products/16201039307" "Mozilla/5.0 AppleWebKit/537.36 (KHTML, like Gecko; compatible; GPTBot/1.3; +https://openai.com/gptbot)"
20.220.15.7 - - [16/Apr/2026:17:55:39 +0000] "GET /wp-confiig.php HTTP/1.1" 200 37401 "-" "-"
20.220.15.7 - - [16/Apr/2026:17:55:42 +0000] "GET /file-manager.php HTTP/1.1" 200 37403 "-" "-"
20.220.15.7 - - [16/Apr/2026:17:55:45 +0000] "GET /uploader.php HTTP/1.1" 200 37399 "-" "-"
74.7.227.151 - - [16/Apr/2026:17:55:44 +0000] "GET /shop/pg/2035328 HTTP/1.1" 301 839 "https://www.elementalmill.com/shopping/products/16222035328" "Mozilla/5.0 AppleWebKit/537.36 (KHTML, like Gecko; compatible; GPTBot/1.3; +https://openai.com/gptbot)"
20.220.15.7 - - [16/Apr/2026:17:55:48 +0000] "GET /leafmailer.php HTTP/1.1" 200 37401 "-" "-"
74.7.242.33 - - [16/Apr/2026:17:55:46 +0000] "GET /shop/pg/1165981 HTTP/1.1" 404 13197 "https://www.elementalmill.com.lab2454.com/shop/pg/1164818" "Mozilla/5.0 AppleWebKit/537.36 (KHTML, like Gecko; compatible; GPTBot/1.3; +https://openai.com/gptbot)"
20.220.15.7 - - [16/Apr/2026:17:55:56 +0000] "GET /ALFA_DATA/alfacgiapi/perl.alfa HTTP/1.1" 200 37417 "-" "-"
74.7.242.33 - - [16/Apr/2026:17:55:55 +0000] "GET /shop/pg/1532456 HTTP/1.1" 404 13197 "https://www.elementalmill.com.lab2454.com/shop/pg/16201315988" "Mozilla/5.0 AppleWebKit/537.36 (KHTML, like Gecko; compatible; GPTBot/1.3; +https://openai.com/gptbot)"
74.7.227.47 - - [16/Apr/2026:17:55:56 +0000] "GET /shop/pg/1618443780 HTTP/1.1" 404 13178 "https://elementalmill.com/shop/customer/bookmark.php?shopping/products/1618436905" "Mozilla/5.0 AppleWebKit/537.36 (KHTML, like Gecko; compatible; GPTBot/1.3; +https://openai.com/gptbot)"
74.7.227.47 - - [16/Apr/2026:17:55:57 +0000] "GET /shop/pg/1927074 HTTP/1.1" 404 13197 "https://mail.elementalmill.com/?shopping/products/16211927074" "Mozilla/5.0 AppleWebKit/537.36 (KHTML, like Gecko; compatible; GPTBot/1.3; +https://openai.com/gptbot)"
20.220.15.7 - - [16/Apr/2026:17:56:04 +0000] "GET /date.php HTTP/1.1" 200 37395 "-" "-"
74.7.227.151 - - [16/Apr/2026:17:56:04 +0000] "GET /shop/pg/2515256 HTTP/1.1" 301 839 "https://www.elementalmill.com/shop/customer/bookmark.php?shopping/products/16232515256" "Mozilla/5.0 AppleWebKit/537.36 (KHTML, like Gecko; compatible; GPTBot/1.3; +https://openai.com/gptbot)"
20.220.15.7 - - [16/Apr/2026:17:56:07 +0000] "GET /pomo.php HTTP/1.1" 200 37395 "-" "-"
74.7.227.47 - - [16/Apr/2026:17:56:04 +0000] "GET /shop/pg/2536616 HTTP/1.1" 404 13197 "https://mail.elementalmill.com/?shopping/products/16232536616" "Mozilla/5.0 AppleWebKit/537.36 (KHTML, like Gecko; compatible; GPTBot/1.3; +https://openai.com/gptbot)"
74.7.242.33 - - [16/Apr/2026:17:56:05 +0000] "GET /shop/pg/1681439 HTTP/1.1" 404 13197 "https://www.elementalmill.com.lab2454.com/shop/pg/16201464968" "Mozilla/5.0 AppleWebKit/537.36 (KHTML, like Gecko; compatible; GPTBot/1.3; +https://openai.com/gptbot)"
74.7.243.209 - - [16/Apr/2026:17:56:05 +0000] "GET /shopping/products/16201035642 HTTP/1.1" 404 13197 "https://elementalmill.com.lab2454.com/shopping/products/16211774720" "Mozilla/5.0 AppleWebKit/537.36 (KHTML, like Gecko; compatible; GPTBot/1.3; +https://openai.com/gptbot)"
52.243.57.116 - - [16/Apr/2026:17:56:08 +0000] "GET /100.php HTTP/1.1" 404 13178 "-" "Mozilla/5.0 (Windows NT 10.0; Win64; x64) AppleWebKit/537.36 (KHTML, like Gecko) Chrome/120.0.0.0 Safari/537.36"
20.220.15.7 - - [16/Apr/2026:17:56:14 +0000] "GET /8.php HTTP/1.1" 200 37392 "-" "-"
52.243.57.116 - - [16/Apr/2026:17:56:12 +0000] "GET /elp.php HTTP/1.1" 404 13178 "-" "Mozilla/5.0 (Windows NT 10.0; Win64; x64) AppleWebKit/537.36 (KHTML, like Gecko) Chrome/120.0.0.0 Safari/537.36"
74.7.242.33 - - [16/Apr/2026:17:56:14 +0000] "GET /shop/pg/1246572 HTTP/1.1" 404 13197 "https://www.elementalmill.com.lab2454.com/shop/customer/bookmark.php?shopping/products/16201246572" "Mozilla/5.0 AppleWebKit/537.36 (KHTML, like Gecko; compatible; GPTBot/1.3; +https://openai.com/gptbot)"
52.243.57.116 - - [16/Apr/2026:17:56:15 +0000] "GET /ftde.php HTTP/1.1" 404 13178 "-" "Mozilla/5.0 (Windows NT 10.0; Win64; x64) AppleWebKit/537.36 (KHTML, like Gecko) Chrome/120.0.0.0 Safari/537.36"
20.220.15.7 - - [16/Apr/2026:17:56:21 +0000] "GET /t/rfi.php HTTP/1.1" 200 37396 "-" "-"
52.243.57.116 - - [16/Apr/2026:17:56:19 +0000] "GET /test1.php HTTP/1.1" 404 13178 "-" "Mozilla/5.0 (Windows NT 10.0; Win64; x64) AppleWebKit/537.36 (KHTML, like Gecko) Chrome/120.0.0.0 Safari/537.36"
52.243.57.116 - - [16/Apr/2026:17:56:23 +0000] "GET /wp-temp.php HTTP/1.1" 404 13178 "-" "Mozilla/5.0 (Windows NT 10.0; Win64; x64) AppleWebKit/537.36 (KHTML, like Gecko) Chrome/120.0.0.0 Safari/537.36"
74.7.227.47 - - [16/Apr/2026:17:56:23 +0000] "GET /shop/pg/1619580750 HTTP/1.1" 404 13178 "https://www.elementalmill.com" "Mozilla/5.0 AppleWebKit/537.36 (KHTML, like Gecko; compatible; GPTBot/1.3; +https://openai.com/gptbot)"
20.220.15.7 - - [16/Apr/2026:17:56:27 +0000] "GET /lib/filelib.php HTTP/1.1" 200 37402 "-" "-"
74.7.242.33 - - [16/Apr/2026:17:56:24 +0000] "GET /shop/pg/1284645 HTTP/1.1" 404 13197 "https://www.elementalmill.com.lab2454.com/shop/pg/16201068184" "Mozilla/5.0 AppleWebKit/537.36 (KHTML, like Gecko; compatible; GPTBot/1.3; +https://openai.com/gptbot)"
20.220.15.7 - - [16/Apr/2026:17:56:28 +0000] "GET /pluginfile.php HTTP/1.1" 200 37401 "-" "-"
74.7.227.151 - - [16/Apr/2026:17:56:26 +0000] "GET /shop/pg/1872523 HTTP/1.1" 301 839 "https://www.elementalmill.com/?shopping/products/16211872523" "Mozilla/5.0 AppleWebKit/537.36 (KHTML, like Gecko; compatible; GPTBot/1.3; +https://openai.com/gptbot)"
52.243.57.116 - - [16/Apr/2026:17:56:27 +0000] "GET /admin/function.php HTTP/1.1" 404 13178 "-" "Mozilla/5.0 (Windows NT 10.0; Win64; x64) AppleWebKit/537.36 (KHTML, like Gecko) Chrome/120.0.0.0 Safari/537.36"
