74.7.242.33 - - [16/Apr/2026:14:15:03 +0000] "GET /shop/pg/1316360 HTTP/1.1" 404 13197 "https://www.elementalmill.com.lab2454.com/?shopping/products/16201316360" "Mozilla/5.0 AppleWebKit/537.36 (KHTML, like Gecko; compatible; GPTBot/1.3; +https://openai.com/gptbot)"
74.7.242.33 - - [16/Apr/2026:14:15:12 +0000] "GET /shop/pg/1398979 HTTP/1.1" 404 13197 "https://www.elementalmill.com.lab2454.com/shop/pg/16211774068" "Mozilla/5.0 AppleWebKit/537.36 (KHTML, like Gecko; compatible; GPTBot/1.3; +https://openai.com/gptbot)"
74.7.227.151 - - [16/Apr/2026:14:15:13 +0000] "GET /shop/pg/1223453 HTTP/1.1" 301 839 "https://www.elementalmill.com/shopping/products/16201223453" "Mozilla/5.0 AppleWebKit/537.36 (KHTML, like Gecko; compatible; GPTBot/1.3; +https://openai.com/gptbot)"
74.7.242.33 - - [16/Apr/2026:14:15:22 +0000] "GET /shop/pg/1461769 HTTP/1.1" 404 13197 "https://www.elementalmill.com.lab2454.com/shop/pg/16201245315" "Mozilla/5.0 AppleWebKit/537.36 (KHTML, like Gecko; compatible; GPTBot/1.3; +https://openai.com/gptbot)"
74.7.243.209 - - [16/Apr/2026:14:15:22 +0000] "GET /shopping/products/16201022915 HTTP/1.1" 404 13197 "https://elementalmill.com.lab2454.com/shopping/products/16201163025" "Mozilla/5.0 AppleWebKit/537.36 (KHTML, like Gecko; compatible; GPTBot/1.3; +https://openai.com/gptbot)"
74.7.227.47 - - [16/Apr/2026:14:15:23 +0000] "GET /shop/pg/1619703840 HTTP/1.1" 404 13178 "https://www.elementalmill.com" "Mozilla/5.0 AppleWebKit/537.36 (KHTML, like Gecko; compatible; GPTBot/1.3; +https://openai.com/gptbot)"
74.7.242.33 - - [16/Apr/2026:14:15:31 +0000] "GET /shop/pg/1388731 HTTP/1.1" 404 13197 "https://www.elementalmill.com.lab2454.com/shop/pg/16201172274" "Mozilla/5.0 AppleWebKit/537.36 (KHTML, like Gecko; compatible; GPTBot/1.3; +https://openai.com/gptbot)"
74.7.227.151 - - [16/Apr/2026:14:15:34 +0000] "GET /shop/pg/1526655 HTTP/1.1" 301 839 "https://www.elementalmill.com/?shopping/products/16211526655" "Mozilla/5.0 AppleWebKit/537.36 (KHTML, like Gecko; compatible; GPTBot/1.3; +https://openai.com/gptbot)"
74.7.242.33 - - [16/Apr/2026:14:15:41 +0000] "GET /shop/pg/1638153 HTTP/1.1" 404 13197 "https://www.elementalmill.com.lab2454.com/shop/pg/16201421689" "Mozilla/5.0 AppleWebKit/537.36 (KHTML, like Gecko; compatible; GPTBot/1.3; +https://openai.com/gptbot)"
74.7.242.33 - - [16/Apr/2026:14:15:50 +0000] "GET /shop/pg/1258138 HTTP/1.1" 404 13197 "https://www.elementalmill.com.lab2454.com/shop/pg/1256972" "Mozilla/5.0 AppleWebKit/537.36 (KHTML, like Gecko; compatible; GPTBot/1.3; +https://openai.com/gptbot)"
74.7.227.151 - - [16/Apr/2026:14:15:54 +0000] "GET /shop/pg/1842215 HTTP/1.1" 301 839 "https://www.elementalmill.com/shop/customer/bookmark.php?shopping/products/16211842215" "Mozilla/5.0 AppleWebKit/537.36 (KHTML, like Gecko; compatible; GPTBot/1.3; +https://openai.com/gptbot)"
74.7.243.209 - - [16/Apr/2026:14:15:55 +0000] "GET /shopping/products/16201268972 HTTP/1.1" 404 13197 "https://elementalmill.com.lab2454.com/shopping/products/16201242302" "Mozilla/5.0 AppleWebKit/537.36 (KHTML, like Gecko; compatible; GPTBot/1.3; +https://openai.com/gptbot)"
74.7.227.47 - - [16/Apr/2026:14:15:59 +0000] "GET /shop/pg/2250239 HTTP/1.1" 404 13197 "https://mail.elementalmill.com/shopping/products/16222250239" "Mozilla/5.0 AppleWebKit/537.36 (KHTML, like Gecko; compatible; GPTBot/1.3; +https://openai.com/gptbot)"
74.7.242.33 - - [16/Apr/2026:14:15:59 +0000] "GET /shop/pg/1420708 HTTP/1.1" 404 13197 "https://www.elementalmill.com.lab2454.com/shop/pg/16201204260" "Mozilla/5.0 AppleWebKit/537.36 (KHTML, like Gecko; compatible; GPTBot/1.3; +https://openai.com/gptbot)"
74.7.242.33 - - [16/Apr/2026:14:16:09 +0000] "GET /shop/pg/1183399 HTTP/1.1" 404 13197 "https://www.elementalmill.com.lab2454.com/shop/pg/16211558485" "Mozilla/5.0 AppleWebKit/537.36 (KHTML, like Gecko; compatible; GPTBot/1.3; +https://openai.com/gptbot)"
139.162.194.112 - - [16/Apr/2026:14:16:11 +0000] "POST /wp-cron.php?doing_wp_cron=1776348971.9307539463043212890625 HTTP/1.1" 404 13168 "-" "WordPress/6.9.1; https://elementalmill.com"
74.7.227.47 - - [16/Apr/2026:14:16:16 +0000] "GET /shop/pg/1618439274 HTTP/1.1" 404 13178 "https://www.elementalmill.com" "Mozilla/5.0 AppleWebKit/537.36 (KHTML, like Gecko; compatible; GPTBot/1.3; +https://openai.com/gptbot)"
74.7.242.33 - - [16/Apr/2026:14:16:18 +0000] "GET /shop/pg/1581500 HTTP/1.1" 404 13197 "https://www.elementalmill.com.lab2454.com/shop/pg/16201365044" "Mozilla/5.0 AppleWebKit/537.36 (KHTML, like Gecko; compatible; GPTBot/1.3; +https://openai.com/gptbot)"
66.249.64.39 - - [16/Apr/2026:14:16:28 +0000] "GET /shop/customer/bookmark.php?shopping/products/16222269022 HTTP/1.1" 200 28139 "-" "Mozilla/5.0 (Linux; Android 6.0.1; Nexus 5X Build/MMB29P) AppleWebKit/537.36 (KHTML, like Gecko) Chrome/146.0.7680.177 Mobile Safari/537.36 (compatible; Googlebot/2.1; +http://www.google.com/bot.html)"
74.7.243.209 - - [16/Apr/2026:14:16:26 +0000] "GET /shopping/products/16211964652 HTTP/1.1" 404 13197 "https://elementalmill.com.lab2454.com/shopping/products/16201275080" "Mozilla/5.0 AppleWebKit/537.36 (KHTML, like Gecko; compatible; GPTBot/1.3; +https://openai.com/gptbot)"
74.7.242.33 - - [16/Apr/2026:14:16:28 +0000] "GET /shop/pg/1871895 HTTP/1.1" 404 13197 "https://www.elementalmill.com.lab2454.com/?shopping/products/16211871895" "Mozilla/5.0 AppleWebKit/537.36 (KHTML, like Gecko; compatible; GPTBot/1.3; +https://openai.com/gptbot)"
74.7.242.33 - - [16/Apr/2026:14:16:37 +0000] "GET /shop/pg/1389651 HTTP/1.1" 404 13197 "https://www.elementalmill.com.lab2454.com/shop/pg/16201173193" "Mozilla/5.0 AppleWebKit/537.36 (KHTML, like Gecko; compatible; GPTBot/1.3; +https://openai.com/gptbot)"
74.7.227.47 - - [16/Apr/2026:14:16:42 +0000] "GET /shop/pg/1618209796 HTTP/1.1" 404 13178 "https://www.elementalmill.com" "Mozilla/5.0 AppleWebKit/537.36 (KHTML, like Gecko; compatible; GPTBot/1.3; +https://openai.com/gptbot)"
74.7.242.33 - - [16/Apr/2026:14:16:47 +0000] "GET /shop/pg/1706722 HTTP/1.1" 404 13197 "https://www.elementalmill.com.lab2454.com/shop/pg/16201490259" "Mozilla/5.0 AppleWebKit/537.36 (KHTML, like Gecko; compatible; GPTBot/1.3; +https://openai.com/gptbot)"
74.7.242.33 - - [16/Apr/2026:14:16:57 +0000] "GET /shop/pg/1647098 HTTP/1.1" 404 13197 "https://www.elementalmill.com.lab2454.com/shop/pg/16201430639" "Mozilla/5.0 AppleWebKit/537.36 (KHTML, like Gecko; compatible; GPTBot/1.3; +https://openai.com/gptbot)"
74.7.227.151 - - [16/Apr/2026:14:16:58 +0000] "GET /shop/pg/1992439 HTTP/1.1" 301 839 "https://www.elementalmill.com/?shopping/products/16211992439" "Mozilla/5.0 AppleWebKit/537.36 (KHTML, like Gecko; compatible; GPTBot/1.3; +https://openai.com/gptbot)"
74.7.243.209 - - [16/Apr/2026:14:16:58 +0000] "GET /shopping/products/16211955051 HTTP/1.1" 404 13197 "https://elementalmill.com.lab2454.com/shopping/products/16211796038" "Mozilla/5.0 AppleWebKit/537.36 (KHTML, like Gecko; compatible; GPTBot/1.3; +https://openai.com/gptbot)"
74.7.242.33 - - [16/Apr/2026:14:17:06 +0000] "GET /shop/pg/1511601 HTTP/1.1" 404 13197 "https://www.elementalmill.com.lab2454.com/shop/pg/16201295143" "Mozilla/5.0 AppleWebKit/537.36 (KHTML, like Gecko; compatible; GPTBot/1.3; +https://openai.com/gptbot)"
5.255.231.41 - - [16/Apr/2026:14:17:07 +0000] "GET /shopping/products/16201275507 HTTP/1.1" 404 13178 "-" "Mozilla/5.0 (compatible; YandexBot/3.0; +http://yandex.com/bots)"
74.7.227.47 - - [16/Apr/2026:14:17:09 +0000] "GET /shop/pg/1618435609 HTTP/1.1" 404 13178 "https://www.elementalmill.com" "Mozilla/5.0 AppleWebKit/537.36 (KHTML, like Gecko; compatible; GPTBot/1.3; +https://openai.com/gptbot)"
66.249.64.39 - - [16/Apr/2026:14:17:12 +0000] "GET /f/dustbox/dustbox00/ HTTP/1.1" 200 27098 "-" "Mozilla/5.0 (Linux; Android 6.0.1; Nexus 5X Build/MMB29P) AppleWebKit/537.36 (KHTML, like Gecko) Chrome/146.0.7680.177 Mobile Safari/537.36 (compatible; Googlebot/2.1; +http://www.google.com/bot.html)"
74.7.242.33 - - [16/Apr/2026:14:17:16 +0000] "GET /shop/pg/1520677 HTTP/1.1" 404 13197 "https://www.elementalmill.com.lab2454.com/shop/pg/16201304226" "Mozilla/5.0 AppleWebKit/537.36 (KHTML, like Gecko; compatible; GPTBot/1.3; +https://openai.com/gptbot)"
74.7.227.151 - - [16/Apr/2026:14:17:19 +0000] "GET /shop/pg/1688241 HTTP/1.1" 301 839 "https://www.elementalmill.com/?shopping/products/16211688241" "Mozilla/5.0 AppleWebKit/537.36 (KHTML, like Gecko; compatible; GPTBot/1.3; +https://openai.com/gptbot)"
74.7.242.33 - - [16/Apr/2026:14:17:25 +0000] "GET /shop/pg/1279451 HTTP/1.1" 404 13197 "https://www.elementalmill.com.lab2454.com/shop/pg/16211654544" "Mozilla/5.0 AppleWebKit/537.36 (KHTML, like Gecko; compatible; GPTBot/1.3; +https://openai.com/gptbot)"
74.7.242.33 - - [16/Apr/2026:14:17:35 +0000] "GET /shop/pg/2023340 HTTP/1.1" 404 13197 "https://www.elementalmill.com.lab2454.com/?shopping/products/16222023340" "Mozilla/5.0 AppleWebKit/537.36 (KHTML, like Gecko; compatible; GPTBot/1.3; +https://openai.com/gptbot)"
74.7.242.33 - - [16/Apr/2026:14:17:45 +0000] "GET /shop/pg/1667091 HTTP/1.1" 404 13197 "https://www.elementalmill.com.lab2454.com/shop/pg/1665924" "Mozilla/5.0 AppleWebKit/537.36 (KHTML, like Gecko; compatible; GPTBot/1.3; +https://openai.com/gptbot)"
95.108.213.106 - - [16/Apr/2026:14:17:55 +0000] "GET /shopping/products/16208969089 HTTP/1.1" 404 13178 "-" "Mozilla/5.0 (compatible; YandexBot/3.0; +http://yandex.com/bots)"
74.7.227.151 - - [16/Apr/2026:14:18:00 +0000] "GET /shop/pg/1597910 HTTP/1.1" 301 839 "https://www.elementalmill.com/shopping/products/16211597910" "Mozilla/5.0 AppleWebKit/537.36 (KHTML, like Gecko; compatible; GPTBot/1.3; +https://openai.com/gptbot)"
74.7.242.33 - - [16/Apr/2026:14:18:05 +0000] "GET /shop/pg/1448699 HTTP/1.1" 404 13197 "https://www.elementalmill.com.lab2454.com/shop/pg/16201232246" "Mozilla/5.0 AppleWebKit/537.36 (KHTML, like Gecko; compatible; GPTBot/1.3; +https://openai.com/gptbot)"
74.7.242.33 - - [16/Apr/2026:14:18:12 +0000] "GET /shop/pg/1658123 HTTP/1.1" 404 13197 "https://www.elementalmill.com.lab2454.com/shop/pg/16201441664" "Mozilla/5.0 AppleWebKit/537.36 (KHTML, like Gecko; compatible; GPTBot/1.3; +https://openai.com/gptbot)"
74.7.242.33 - - [16/Apr/2026:14:18:21 +0000] "GET /shop/pg/1399859 HTTP/1.1" 404 13197 "https://www.elementalmill.com.lab2454.com/shopping/products/16201399859" "Mozilla/5.0 AppleWebKit/537.36 (KHTML, like Gecko; compatible; GPTBot/1.3; +https://openai.com/gptbot)"
74.7.227.47 - - [16/Apr/2026:14:18:28 +0000] "GET /shop/pg/1618409647 HTTP/1.1" 404 13178 "https://elementalmill.com/index.php?shopping/products/1618404520" "Mozilla/5.0 AppleWebKit/537.36 (KHTML, like Gecko; compatible; GPTBot/1.3; +https://openai.com/gptbot)"
74.7.243.209 - - [16/Apr/2026:14:18:30 +0000] "GET /shopping/products/16201369403 HTTP/1.1" 404 13197 "https://elementalmill.com.lab2454.com/shopping/products/16201499276" "Mozilla/5.0 AppleWebKit/537.36 (KHTML, like Gecko; compatible; GPTBot/1.3; +https://openai.com/gptbot)"
74.7.242.33 - - [16/Apr/2026:14:18:30 +0000] "GET /shop/pg/1617747 HTTP/1.1" 404 13197 "https://www.elementalmill.com.lab2454.com/shop/pg/16201401289" "Mozilla/5.0 AppleWebKit/537.36 (KHTML, like Gecko; compatible; GPTBot/1.3; +https://openai.com/gptbot)"
74.7.242.33 - - [16/Apr/2026:14:18:39 +0000] "GET /shop/pg/2150412 HTTP/1.1" 404 13197 "https://www.elementalmill.com.lab2454.com/?shopping/products/16222150412" "Mozilla/5.0 AppleWebKit/537.36 (KHTML, like Gecko; compatible; GPTBot/1.3; +https://openai.com/gptbot)"
5.255.231.10 - - [16/Apr/2026:14:18:39 +0000] "GET /shopping/products/161845417309 HTTP/1.1" 404 13178 "-" "Mozilla/5.0 (compatible; YandexBot/3.0; +http://yandex.com/bots)"
74.7.227.47 - - [16/Apr/2026:14:18:40 +0000] "GET /shop/pg/1436138 HTTP/1.1" 404 13197 "https://mail.elementalmill.com/?shopping/products/16201436138" "Mozilla/5.0 AppleWebKit/537.36 (KHTML, like Gecko; compatible; GPTBot/1.3; +https://openai.com/gptbot)"
74.7.242.33 - - [16/Apr/2026:14:18:48 +0000] "GET /shop/pg/1669297 HTTP/1.1" 404 13197 "https://www.elementalmill.com.lab2454.com/shopping/products/16211669297" "Mozilla/5.0 AppleWebKit/537.36 (KHTML, like Gecko; compatible; GPTBot/1.3; +https://openai.com/gptbot)"
74.7.227.47 - - [16/Apr/2026:14:18:53 +0000] "GET /shop/pg/2457641 HTTP/1.1" 404 13197 "https://mail.elementalmill.com/shopping/products/16222457641" "Mozilla/5.0 AppleWebKit/537.36 (KHTML, like Gecko; compatible; GPTBot/1.3; +https://openai.com/gptbot)"
74.7.227.47 - - [16/Apr/2026:14:18:56 +0000] "GET /shop/pg/1619504727 HTTP/1.1" 404 13178 "https://www.elementalmill.com" "Mozilla/5.0 AppleWebKit/537.36 (KHTML, like Gecko; compatible; GPTBot/1.3; +https://openai.com/gptbot)"
74.7.242.33 - - [16/Apr/2026:14:18:58 +0000] "GET /shop/pg/1215957 HTTP/1.1" 404 13197 "https://www.elementalmill.com.lab2454.com/shop/pg/16211591054" "Mozilla/5.0 AppleWebKit/537.36 (KHTML, like Gecko; compatible; GPTBot/1.3; +https://openai.com/gptbot)"
74.7.243.209 - - [16/Apr/2026:14:19:01 +0000] "GET /shopping/products/16201436613 HTTP/1.1" 404 13197 "https://elementalmill.com.lab2454.com/shopping/products/16201358348" "Mozilla/5.0 AppleWebKit/537.36 (KHTML, like Gecko; compatible; GPTBot/1.3; +https://openai.com/gptbot)"
74.7.227.151 - - [16/Apr/2026:14:19:03 +0000] "GET /shop/pg/2002581 HTTP/1.1" 301 839 "https://www.elementalmill.com/shopping/products/16222002581" "Mozilla/5.0 AppleWebKit/537.36 (KHTML, like Gecko; compatible; GPTBot/1.3; +https://openai.com/gptbot)"
74.7.242.33 - - [16/Apr/2026:14:19:07 +0000] "GET /shop/pg/1879478 HTTP/1.1" 404 13197 "https://www.elementalmill.com.lab2454.com/?shopping/products/16211879478" "Mozilla/5.0 AppleWebKit/537.36 (KHTML, like Gecko; compatible; GPTBot/1.3; +https://openai.com/gptbot)"
74.7.242.33 - - [16/Apr/2026:14:19:16 +0000] "GET /shop/pg/1271942 HTTP/1.1" 404 13197 "https://www.elementalmill.com.lab2454.com/shop/pg/16211647041" "Mozilla/5.0 AppleWebKit/537.36 (KHTML, like Gecko; compatible; GPTBot/1.3; +https://openai.com/gptbot)"
139.162.194.112 - - [16/Apr/2026:14:19:18 +0000] "POST /wp-cron.php?doing_wp_cron=1776349158.9251708984375000000000 HTTP/1.1" 404 13178 "-" "WordPress/6.9.1; https://elementalmill.com"
74.7.227.47 - - [16/Apr/2026:14:19:23 +0000] "GET /shop/pg/1619762808 HTTP/1.1" 404 13178 "https://elementalmill.com/index.php?shopping/products/1619757662" "Mozilla/5.0 AppleWebKit/537.36 (KHTML, like Gecko; compatible; GPTBot/1.3; +https://openai.com/gptbot)"
74.7.227.151 - - [16/Apr/2026:14:19:24 +0000] "GET /shop/pg/2473483 HTTP/1.1" 301 839 "https://www.elementalmill.com/shop/customer/bookmark.php?shopping/products/16222473483" "Mozilla/5.0 AppleWebKit/537.36 (KHTML, like Gecko; compatible; GPTBot/1.3; +https://openai.com/gptbot)"
74.7.242.33 - - [16/Apr/2026:14:19:26 +0000] "GET /shop/pg/1211036 HTTP/1.1" 404 13197 "https://www.elementalmill.com.lab2454.com/shop/pg/16211586132" "Mozilla/5.0 AppleWebKit/537.36 (KHTML, like Gecko; compatible; GPTBot/1.3; +https://openai.com/gptbot)"
74.7.243.209 - - [16/Apr/2026:14:19:33 +0000] "GET /shopping/products/16232566549 HTTP/1.1" 404 13197 "https://elementalmill.com.lab2454.com/shopping/products/16232563882" "Mozilla/5.0 AppleWebKit/537.36 (KHTML, like Gecko; compatible; GPTBot/1.3; +https://openai.com/gptbot)"
74.7.242.33 - - [16/Apr/2026:14:19:35 +0000] "GET /shop/pg/1365895 HTTP/1.1" 404 13197 "https://www.elementalmill.com.lab2454.com/shop/pg/16201149435" "Mozilla/5.0 AppleWebKit/537.36 (KHTML, like Gecko; compatible; GPTBot/1.3; +https://openai.com/gptbot)"
74.7.227.47 - - [16/Apr/2026:14:19:37 +0000] "GET /shop/pg/2458447 HTTP/1.1" 404 13197 "https://mail.elementalmill.com/?shopping/products/16222458447" "Mozilla/5.0 AppleWebKit/537.36 (KHTML, like Gecko; compatible; GPTBot/1.3; +https://openai.com/gptbot)"
74.7.242.33 - - [16/Apr/2026:14:19:45 +0000] "GET /shop/pg/1376385 HTTP/1.1" 404 13197 "https://www.elementalmill.com.lab2454.com/shop/pg/16201159918" "Mozilla/5.0 AppleWebKit/537.36 (KHTML, like Gecko; compatible; GPTBot/1.3; +https://openai.com/gptbot)"
74.7.227.47 - - [16/Apr/2026:14:19:49 +0000] "GET /shop/pg/1619804756 HTTP/1.1" 404 13178 "https://www.elementalmill.com" "Mozilla/5.0 AppleWebKit/537.36 (KHTML, like Gecko; compatible; GPTBot/1.3; +https://openai.com/gptbot)"
74.7.242.33 - - [16/Apr/2026:14:19:55 +0000] "GET /shop/pg/1535737 HTTP/1.1" 404 13197 "https://www.elementalmill.com.lab2454.com/shop/customer/bookmark.php?shopping/products/16211535737" "Mozilla/5.0 AppleWebKit/537.36 (KHTML, like Gecko; compatible; GPTBot/1.3; +https://openai.com/gptbot)"
74.7.227.47 - - [16/Apr/2026:14:19:56 +0000] "GET /shop/pg/1994041 HTTP/1.1" 404 13197 "https://mail.elementalmill.com/?shopping/products/16211994041" "Mozilla/5.0 AppleWebKit/537.36 (KHTML, like Gecko; compatible; GPTBot/1.3; +https://openai.com/gptbot)"
74.7.227.47 - - [16/Apr/2026:14:20:02 +0000] "GET /shop/pg/1835928 HTTP/1.1" 404 13197 "https://mail.elementalmill.com/?shopping/products/16211835928" "Mozilla/5.0 AppleWebKit/537.36 (KHTML, like Gecko; compatible; GPTBot/1.3; +https://openai.com/gptbot)"
74.7.242.33 - - [16/Apr/2026:14:20:04 +0000] "GET /shop/pg/1618225 HTTP/1.1" 404 13197 "https://www.elementalmill.com.lab2454.com/shop/pg/16201401771" "Mozilla/5.0 AppleWebKit/537.36 (KHTML, like Gecko; compatible; GPTBot/1.3; +https://openai.com/gptbot)"
74.7.227.151 - - [16/Apr/2026:14:20:05 +0000] "GET /shop/pg/1412828 HTTP/1.1" 301 839 "https://www.elementalmill.com/?shopping/products/16201412828" "Mozilla/5.0 AppleWebKit/537.36 (KHTML, like Gecko; compatible; GPTBot/1.3; +https://openai.com/gptbot)"
74.7.243.209 - - [16/Apr/2026:14:20:05 +0000] "GET /shopping/products/16232572433 HTTP/1.1" 404 13197 "https://elementalmill.com.lab2454.com/shopping/products/16211692973" "Mozilla/5.0 AppleWebKit/537.36 (KHTML, like Gecko; compatible; GPTBot/1.3; +https://openai.com/gptbot)"
74.7.242.33 - - [16/Apr/2026:14:20:14 +0000] "GET /shop/pg/1478246 HTTP/1.1" 404 13197 "https://www.elementalmill.com.lab2454.com/shop/pg/1477078" "Mozilla/5.0 AppleWebKit/537.36 (KHTML, like Gecko; compatible; GPTBot/1.3; +https://openai.com/gptbot)"
74.7.227.47 - - [16/Apr/2026:14:20:15 +0000] "GET /shop/pg/1618390976 HTTP/1.1" 404 13178 "https://www.elementalmill.com" "Mozilla/5.0 AppleWebKit/537.36 (KHTML, like Gecko; compatible; GPTBot/1.3; +https://openai.com/gptbot)"
74.7.242.33 - - [16/Apr/2026:14:20:23 +0000] "GET /shop/pg/1395028 HTTP/1.1" 404 13197 "https://www.elementalmill.com.lab2454.com/shop/pg/16201178559" "Mozilla/5.0 AppleWebKit/537.36 (KHTML, like Gecko; compatible; GPTBot/1.3; +https://openai.com/gptbot)"
74.7.227.151 - - [16/Apr/2026:14:20:27 +0000] "GET /shop/pg/2470685 HTTP/1.1" 301 839 "https://www.elementalmill.com/shopping/products/16222470685" "Mozilla/5.0 AppleWebKit/537.36 (KHTML, like Gecko; compatible; GPTBot/1.3; +https://openai.com/gptbot)"
74.7.242.33 - - [16/Apr/2026:14:20:32 +0000] "GET /shop/pg/1282762 HTTP/1.1" 404 13197 "https://www.elementalmill.com.lab2454.com/shop/pg/1281605" "Mozilla/5.0 AppleWebKit/537.36 (KHTML, like Gecko; compatible; GPTBot/1.3; +https://openai.com/gptbot)"
74.7.227.47 - - [16/Apr/2026:14:20:33 +0000] "GET /shop/pg/1251931 HTTP/1.1" 404 13197 "https://mail.elementalmill.com/?shopping/products/16201251931" "Mozilla/5.0 AppleWebKit/537.36 (KHTML, like Gecko; compatible; GPTBot/1.3; +https://openai.com/gptbot)"
74.7.243.209 - - [16/Apr/2026:14:20:38 +0000] "GET /shopping/products/16211715002 HTTP/1.1" 404 13197 "https://elementalmill.com.lab2454.com/shopping/products/16201033096" "Mozilla/5.0 AppleWebKit/537.36 (KHTML, like Gecko; compatible; GPTBot/1.3; +https://openai.com/gptbot)"
74.7.242.33 - - [16/Apr/2026:14:20:41 +0000] "GET /shop/pg/1294098 HTTP/1.1" 404 13197 "https://www.elementalmill.com.lab2454.com/shop/customer/bookmark.php?shopping/products/16201294098" "Mozilla/5.0 AppleWebKit/537.36 (KHTML, like Gecko; compatible; GPTBot/1.3; +https://openai.com/gptbot)"
74.7.227.151 - - [16/Apr/2026:14:20:49 +0000] "GET /shop/pg/1521147 HTTP/1.1" 301 839 "https://www.elementalmill.com/shop/customer/bookmark.php?shopping/products/16211521147" "Mozilla/5.0 AppleWebKit/537.36 (KHTML, like Gecko; compatible; GPTBot/1.3; +https://openai.com/gptbot)"
74.7.242.33 - - [16/Apr/2026:14:20:50 +0000] "GET /shop/pg/1292231 HTTP/1.1" 404 13197 "https://www.elementalmill.com.lab2454.com/shop/pg/16211667324" "Mozilla/5.0 AppleWebKit/537.36 (KHTML, like Gecko; compatible; GPTBot/1.3; +https://openai.com/gptbot)"
95.108.213.151 - - [16/Apr/2026:14:20:59 +0000] "GET /shopping/products/16193234245 HTTP/1.1" 404 13178 "-" "Mozilla/5.0 (compatible; YandexBot/3.0; +http://yandex.com/bots)"
74.7.242.33 - - [16/Apr/2026:14:21:00 +0000] "GET /shop/pg/1687748 HTTP/1.1" 404 13197 "https://www.elementalmill.com.lab2454.com/shop/pg/16201471286" "Mozilla/5.0 AppleWebKit/537.36 (KHTML, like Gecko; compatible; GPTBot/1.3; +https://openai.com/gptbot)"
74.7.242.33 - - [16/Apr/2026:14:21:10 +0000] "GET /shop/pg/1124603 HTTP/1.1" 404 13197 "https://www.elementalmill.com.lab2454.com/shopping/products/16201124603" "Mozilla/5.0 AppleWebKit/537.36 (KHTML, like Gecko; compatible; GPTBot/1.3; +https://openai.com/gptbot)"
74.7.243.209 - - [16/Apr/2026:14:21:11 +0000] "GET /shopping/products/16201497297 HTTP/1.1" 404 13197 "https://elementalmill.com.lab2454.com/shopping/products/16201306868" "Mozilla/5.0 AppleWebKit/537.36 (KHTML, like Gecko; compatible; GPTBot/1.3; +https://openai.com/gptbot)"
74.7.242.33 - - [16/Apr/2026:14:21:18 +0000] "GET /shop/pg/1695671 HTTP/1.1" 404 13197 "https://www.elementalmill.com.lab2454.com/shop/pg/16201479212" "Mozilla/5.0 AppleWebKit/537.36 (KHTML, like Gecko; compatible; GPTBot/1.3; +https://openai.com/gptbot)"
139.162.194.112 - - [16/Apr/2026:14:21:21 +0000] "POST /wp-cron.php?doing_wp_cron=1776349281.3183219432830810546875 HTTP/1.1" 404 13168 "-" "WordPress/6.9.1; https://elementalmill.com"
74.7.242.33 - - [16/Apr/2026:14:21:28 +0000] "GET /shop/pg/1644204 HTTP/1.1" 404 13197 "https://www.elementalmill.com.lab2454.com/shop/pg/16201427743" "Mozilla/5.0 AppleWebKit/537.36 (KHTML, like Gecko; compatible; GPTBot/1.3; +https://openai.com/gptbot)"
74.7.227.151 - - [16/Apr/2026:14:21:32 +0000] "GET /shop/pg/1460544 HTTP/1.1" 301 839 "https://www.elementalmill.com/?shopping/products/16201460544" "Mozilla/5.0 AppleWebKit/537.36 (KHTML, like Gecko; compatible; GPTBot/1.3; +https://openai.com/gptbot)"
74.7.227.47 - - [16/Apr/2026:14:21:33 +0000] "GET /shop/pg/1619576248 HTTP/1.1" 404 13178 "https://elementalmill.com/shop/customer/bookmark.php?shopping/products/1619569365" "Mozilla/5.0 AppleWebKit/537.36 (KHTML, like Gecko; compatible; GPTBot/1.3; +https://openai.com/gptbot)"
74.7.242.33 - - [16/Apr/2026:14:21:38 +0000] "GET /shop/pg/1199761 HTTP/1.1" 404 13197 "https://www.elementalmill.com.lab2454.com/shop/pg/1198592" "Mozilla/5.0 AppleWebKit/537.36 (KHTML, like Gecko; compatible; GPTBot/1.3; +https://openai.com/gptbot)"
74.7.243.209 - - [16/Apr/2026:14:21:42 +0000] "GET /shopping/products/16201268640 HTTP/1.1" 404 13197 "https://elementalmill.com.lab2454.com/shopping/products/16201131659" "Mozilla/5.0 AppleWebKit/537.36 (KHTML, like Gecko; compatible; GPTBot/1.3; +https://openai.com/gptbot)"
74.7.242.33 - - [16/Apr/2026:14:21:47 +0000] "GET /shop/pg/1430985 HTTP/1.1" 404 13197 "https://www.elementalmill.com.lab2454.com/shop/pg/16211806082" "Mozilla/5.0 AppleWebKit/537.36 (KHTML, like Gecko; compatible; GPTBot/1.3; +https://openai.com/gptbot)"
74.7.242.33 - - [16/Apr/2026:14:21:57 +0000] "GET /shop/pg/1426299 HTTP/1.1" 404 13197 "https://www.elementalmill.com.lab2454.com/shop/pg/16201209841" "Mozilla/5.0 AppleWebKit/537.36 (KHTML, like Gecko; compatible; GPTBot/1.3; +https://openai.com/gptbot)"
74.7.242.33 - - [16/Apr/2026:14:22:07 +0000] "GET /shop/pg/1200258 HTTP/1.1" 404 13197 "https://www.elementalmill.com.lab2454.com/shop/pg/1199088" "Mozilla/5.0 AppleWebKit/537.36 (KHTML, like Gecko; compatible; GPTBot/1.3; +https://openai.com/gptbot)"
74.7.243.209 - - [16/Apr/2026:14:22:14 +0000] "GET /shopping/products/16203890170 HTTP/1.1" 404 13197 "https://elementalmill.com.lab2454.com/sitemap414.xml" "Mozilla/5.0 AppleWebKit/537.36 (KHTML, like Gecko; compatible; GPTBot/1.3; +https://openai.com/gptbot)"
74.7.227.151 - - [16/Apr/2026:14:22:15 +0000] "GET /shop/pg/1632056 HTTP/1.1" 301 839 "https://www.elementalmill.com/shopping/products/16211632056" "Mozilla/5.0 AppleWebKit/537.36 (KHTML, like Gecko; compatible; GPTBot/1.3; +https://openai.com/gptbot)"
74.7.242.33 - - [16/Apr/2026:14:22:16 +0000] "GET /shop/pg/1356295 HTTP/1.1" 404 13197 "https://www.elementalmill.com.lab2454.com/shop/pg/16201139829" "Mozilla/5.0 AppleWebKit/537.36 (KHTML, like Gecko; compatible; GPTBot/1.3; +https://openai.com/gptbot)"
74.7.227.47 - - [16/Apr/2026:14:22:24 +0000] "GET /shop/pg/2489259 HTTP/1.1" 404 13197 "https://mail.elementalmill.com/shop/customer/bookmark.php?shopping/products/16222489259" "Mozilla/5.0 AppleWebKit/537.36 (KHTML, like Gecko; compatible; GPTBot/1.3; +https://openai.com/gptbot)"
74.7.227.47 - - [16/Apr/2026:14:22:24 +0000] "GET /shop/pg/1618470508 HTTP/1.1" 404 13178 "https://elementalmill.com/index.php?shopping/products/1618465366" "Mozilla/5.0 AppleWebKit/537.36 (KHTML, like Gecko; compatible; GPTBot/1.3; +https://openai.com/gptbot)"
74.7.242.33 - - [16/Apr/2026:14:22:26 +0000] "GET /shop/pg/1719398 HTTP/1.1" 404 13197 "https://www.elementalmill.com.lab2454.com/?shopping/products/16211719398" "Mozilla/5.0 AppleWebKit/537.36 (KHTML, like Gecko; compatible; GPTBot/1.3; +https://openai.com/gptbot)"
74.7.242.33 - - [16/Apr/2026:14:22:35 +0000] "GET /shop/pg/1298324 HTTP/1.1" 404 13197 "https://www.elementalmill.com.lab2454.com/shop/pg/16211673417" "Mozilla/5.0 AppleWebKit/537.36 (KHTML, like Gecko; compatible; GPTBot/1.3; +https://openai.com/gptbot)"
74.7.227.47 - - [16/Apr/2026:14:22:37 +0000] "GET /shop/pg/1628311 HTTP/1.1" 404 13197 "https://mail.elementalmill.com/?shopping/products/16211628311" "Mozilla/5.0 AppleWebKit/537.36 (KHTML, like Gecko; compatible; GPTBot/1.3; +https://openai.com/gptbot)"
74.7.242.33 - - [16/Apr/2026:14:22:44 +0000] "GET /shop/pg/1154502 HTTP/1.1" 404 13197 "https://www.elementalmill.com.lab2454.com/shop/pg/16211529587" "Mozilla/5.0 AppleWebKit/537.36 (KHTML, like Gecko; compatible; GPTBot/1.3; +https://openai.com/gptbot)"
74.7.227.47 - - [16/Apr/2026:14:22:50 +0000] "GET /shop/pg/1619707822 HTTP/1.1" 404 13178 "https://www.elementalmill.com" "Mozilla/5.0 AppleWebKit/537.36 (KHTML, like Gecko; compatible; GPTBot/1.3; +https://openai.com/gptbot)"
74.7.242.33 - - [16/Apr/2026:14:22:54 +0000] "GET /shop/pg/1198981 HTTP/1.1" 404 13197 "https://www.elementalmill.com.lab2454.com/shop/pg/1197815" "Mozilla/5.0 AppleWebKit/537.36 (KHTML, like Gecko; compatible; GPTBot/1.3; +https://openai.com/gptbot)"
66.249.64.40 - - [16/Apr/2026:14:23:02 +0000] "GET /?shop/89058725955.html HTTP/1.1" 200 27148 "-" "Mozilla/5.0 (Linux; Android 6.0.1; Nexus 5X Build/MMB29P) AppleWebKit/537.36 (KHTML, like Gecko) Chrome/146.0.7680.177 Mobile Safari/537.36 (compatible; Googlebot/2.1; +http://www.google.com/bot.html)"
74.7.242.33 - - [16/Apr/2026:14:23:04 +0000] "GET /shop/pg/1658059 HTTP/1.1" 404 13197 "https://www.elementalmill.com.lab2454.com/shop/pg/16201441605" "Mozilla/5.0 AppleWebKit/537.36 (KHTML, like Gecko; compatible; GPTBot/1.3; +https://openai.com/gptbot)"
74.7.227.151 - - [16/Apr/2026:14:23:18 +0000] "GET /shop/pg/2037061 HTTP/1.1" 301 839 "https://www.elementalmill.com/?shopping/products/16222037061" "Mozilla/5.0 AppleWebKit/537.36 (KHTML, like Gecko; compatible; GPTBot/1.3; +https://openai.com/gptbot)"
74.7.243.209 - - [16/Apr/2026:14:23:19 +0000] "GET /shopping/products/16201192542 HTTP/1.1" 404 13197 "https://elementalmill.com.lab2454.com/shopping/products/16201169418" "Mozilla/5.0 AppleWebKit/537.36 (KHTML, like Gecko; compatible; GPTBot/1.3; +https://openai.com/gptbot)"
74.7.242.33 - - [16/Apr/2026:14:23:23 +0000] "GET /shop/pg/1180026 HTTP/1.1" 404 13197 "https://www.elementalmill.com.lab2454.com/?shopping/products/16201180026" "Mozilla/5.0 AppleWebKit/537.36 (KHTML, like Gecko; compatible; GPTBot/1.3; +https://openai.com/gptbot)"
139.162.194.112 - - [16/Apr/2026:14:23:25 +0000] "POST /wp-cron.php?doing_wp_cron=1776349405.6990849971771240234375 HTTP/1.1" 404 13168 "-" "WordPress/6.9.1; https://elementalmill.com"
74.7.242.33 - - [16/Apr/2026:14:23:33 +0000] "GET /shop/pg/1010048 HTTP/1.1" 404 13197 "https://www.elementalmill.com.lab2454.com/?shopping/products/16201010048" "Mozilla/5.0 AppleWebKit/537.36 (KHTML, like Gecko; compatible; GPTBot/1.3; +https://openai.com/gptbot)"
95.108.213.247 - - [16/Apr/2026:14:23:35 +0000] "GET /shopping/products/162162512461 HTTP/1.1" 404 13178 "-" "Mozilla/5.0 (compatible; YandexBot/3.0; +http://yandex.com/bots)"
74.7.242.33 - - [16/Apr/2026:14:23:43 +0000] "GET /shop/pg/1503106 HTTP/1.1" 404 13197 "https://www.elementalmill.com.lab2454.com/shop/pg/16211878201" "Mozilla/5.0 AppleWebKit/537.36 (KHTML, like Gecko; compatible; GPTBot/1.3; +https://openai.com/gptbot)"
74.7.243.209 - - [16/Apr/2026:14:23:50 +0000] "GET /shopping/products/16211674628 HTTP/1.1" 404 13197 "https://elementalmill.com.lab2454.com/shopping/products/16211705096" "Mozilla/5.0 AppleWebKit/537.36 (KHTML, like Gecko; compatible; GPTBot/1.3; +https://openai.com/gptbot)"
74.7.242.33 - - [16/Apr/2026:14:23:52 +0000] "GET /shop/pg/2369563 HTTP/1.1" 404 13197 "https://www.elementalmill.com.lab2454.com/shop/pg/2368394" "Mozilla/5.0 AppleWebKit/537.36 (KHTML, like Gecko; compatible; GPTBot/1.3; +https://openai.com/gptbot)"
74.7.227.151 - - [16/Apr/2026:14:24:00 +0000] "GET /shop/pg/1247177 HTTP/1.1" 301 839 "https://www.elementalmill.com/?shopping/products/16201247177" "Mozilla/5.0 AppleWebKit/537.36 (KHTML, like Gecko; compatible; GPTBot/1.3; +https://openai.com/gptbot)"
74.7.242.33 - - [16/Apr/2026:14:24:02 +0000] "GET /shop/pg/1391527 HTTP/1.1" 404 13197 "https://www.elementalmill.com.lab2454.com/shop/pg/16201175067" "Mozilla/5.0 AppleWebKit/537.36 (KHTML, like Gecko; compatible; GPTBot/1.3; +https://openai.com/gptbot)"
66.249.64.41 - - [16/Apr/2026:14:24:03 +0000] "GET /?shop/89048090433.html HTTP/1.1" 200 27703 "-" "Mozilla/5.0 (Linux; Android 6.0.1; Nexus 5X Build/MMB29P) AppleWebKit/537.36 (KHTML, like Gecko) Chrome/146.0.7680.177 Mobile Safari/537.36 (compatible; Googlebot/2.1; +http://www.google.com/bot.html)"
74.7.242.33 - - [16/Apr/2026:14:24:20 +0000] "GET /shop/pg/1593035 HTTP/1.1" 404 13197 "https://www.elementalmill.com.lab2454.com/shop/pg/16201376567" "Mozilla/5.0 AppleWebKit/537.36 (KHTML, like Gecko; compatible; GPTBot/1.3; +https://openai.com/gptbot)"
74.7.227.151 - - [16/Apr/2026:14:24:22 +0000] "GET /shop/pg/2093021 HTTP/1.1" 301 839 "https://www.elementalmill.com/?shopping/products/16222093021" "Mozilla/5.0 AppleWebKit/537.36 (KHTML, like Gecko; compatible; GPTBot/1.3; +https://openai.com/gptbot)"
74.7.242.33 - - [16/Apr/2026:14:24:29 +0000] "GET /shop/pg/1170089 HTTP/1.1" 404 13197 "https://www.elementalmill.com.lab2454.com/shop/pg/16211545179" "Mozilla/5.0 AppleWebKit/537.36 (KHTML, like Gecko; compatible; GPTBot/1.3; +https://openai.com/gptbot)"
139.162.194.112 - - [16/Apr/2026:14:24:32 +0000] "POST /wp-cron.php?doing_wp_cron=1776349472.2598130702972412109375 HTTP/1.1" 404 13168 "-" "WordPress/6.9.1; https://elementalmill.com"
74.7.242.33 - - [16/Apr/2026:14:24:39 +0000] "GET /shop/pg/1631783 HTTP/1.1" 404 13197 "https://www.elementalmill.com.lab2454.com/shop/pg/16201415327" "Mozilla/5.0 AppleWebKit/537.36 (KHTML, like Gecko; compatible; GPTBot/1.3; +https://openai.com/gptbot)"
74.7.227.151 - - [16/Apr/2026:14:24:44 +0000] "GET /shop/pg/1637533 HTTP/1.1" 301 839 "https://www.elementalmill.com/shopping/products/16211637533" "Mozilla/5.0 AppleWebKit/537.36 (KHTML, like Gecko; compatible; GPTBot/1.3; +https://openai.com/gptbot)"
87.121.84.98 - - [16/Apr/2026:14:24:44 +0000] "GET /wp-login.php HTTP/1.1" 200 2815 "-" "Mozilla/5.0 (Windows NT 10.0; rv:102.0) Gecko/20100101 Firefox/102.0"
87.121.84.98 - - [16/Apr/2026:14:24:46 +0000] "GET /wp-login.php HTTP/1.1" 200 2815 "-" "Mozilla/5.0 (Windows NT 10.0; rv:102.0) Gecko/20100101 Firefox/102.0"
74.7.227.47 - - [16/Apr/2026:14:24:47 +0000] "GET /shop/pg/2277972 HTTP/1.1" 404 13197 "https://mail.elementalmill.com/shop/customer/bookmark.php?shopping/products/16222277972" "Mozilla/5.0 AppleWebKit/537.36 (KHTML, like Gecko; compatible; GPTBot/1.3; +https://openai.com/gptbot)"
87.121.84.98 - - [16/Apr/2026:14:24:48 +0000] "GET /wp-json/wp/v2/users HTTP/1.1" 200 314 "-" "Mozilla/5.0 (Windows NT 10.0; rv:102.0) Gecko/20100101 Firefox/102.0"
74.7.242.33 - - [16/Apr/2026:14:24:48 +0000] "GET /shop/pg/1393961 HTTP/1.1" 404 13197 "https://www.elementalmill.com.lab2454.com/shop/customer/bookmark.php?shopping/products/16201393961" "Mozilla/5.0 AppleWebKit/537.36 (KHTML, like Gecko; compatible; GPTBot/1.3; +https://openai.com/gptbot)"
87.121.84.98 - - [16/Apr/2026:14:24:50 +0000] "GET /?author=1 HTTP/1.1" 301 839 "-" "Mozilla/5.0 (Windows NT 10.0; rv:102.0) Gecko/20100101 Firefox/102.0"
74.7.243.209 - - [16/Apr/2026:14:24:52 +0000] "GET /shopping/products/16232596355 HTTP/1.1" 404 13197 "https://elementalmill.com.lab2454.com/shopping/products/16201003771" "Mozilla/5.0 AppleWebKit/537.36 (KHTML, like Gecko; compatible; GPTBot/1.3; +https://openai.com/gptbot)"
87.121.84.98 - - [16/Apr/2026:14:24:52 +0000] "GET /author/admin/ HTTP/1.1" 200 13696 "https://elementalmill.com/?author=1" "Mozilla/5.0 (Windows NT 10.0; rv:102.0) Gecko/20100101 Firefox/102.0"
87.121.84.98 - - [16/Apr/2026:14:24:54 +0000] "GET /?author=2 HTTP/1.1" 404 13178 "-" "Mozilla/5.0 (Windows NT 10.0; rv:102.0) Gecko/20100101 Firefox/102.0"
74.7.242.33 - - [16/Apr/2026:14:24:58 +0000] "GET /shop/pg/1407889 HTTP/1.1" 404 13197 "https://www.elementalmill.com.lab2454.com/shop/pg/16201191429" "Mozilla/5.0 AppleWebKit/537.36 (KHTML, like Gecko; compatible; GPTBot/1.3; +https://openai.com/gptbot)"
5.255.231.181 - - [16/Apr/2026:14:24:59 +0000] "GET /shopping/products/16193423718 HTTP/1.1" 404 13178 "-" "Mozilla/5.0 (compatible; YandexBot/3.0; +http://yandex.com/bots)"
74.7.227.47 - - [16/Apr/2026:14:24:59 +0000] "GET /shop/pg/1618279098 HTTP/1.1" 404 13178 "https://www.elementalmill.com" "Mozilla/5.0 AppleWebKit/537.36 (KHTML, like Gecko; compatible; GPTBot/1.3; +https://openai.com/gptbot)"
87.250.224.205 - - [16/Apr/2026:14:25:01 +0000] "GET /shopping/products/16222249583 HTTP/1.1" 404 13178 "-" "Mozilla/5.0 (compatible; YandexBot/3.0; +http://yandex.com/bots)"
95.108.213.199 - - [16/Apr/2026:14:25:07 +0000] "GET /robots.txt HTTP/1.1" 200 2045 "-" "Mozilla/5.0 (compatible; YandexBot/3.0; +http://yandex.com/bots)"
74.7.242.33 - - [16/Apr/2026:14:25:08 +0000] "GET /shop/pg/1442395 HTTP/1.1" 404 13197 "https://www.elementalmill.com.lab2454.com/shop/pg/16201225935" "Mozilla/5.0 AppleWebKit/537.36 (KHTML, like Gecko; compatible; GPTBot/1.3; +https://openai.com/gptbot)"
74.7.227.47 - - [16/Apr/2026:14:25:12 +0000] "GET /shop/pg/2408591 HTTP/1.1" 404 13197 "https://mail.elementalmill.com/?shopping/products/16222408591" "Mozilla/5.0 AppleWebKit/537.36 (KHTML, like Gecko; compatible; GPTBot/1.3; +https://openai.com/gptbot)"
74.7.242.33 - - [16/Apr/2026:14:25:18 +0000] "GET /shop/pg/1553221 HTTP/1.1" 404 13197 "https://www.elementalmill.com.lab2454.com/shop/pg/16201336761" "Mozilla/5.0 AppleWebKit/537.36 (KHTML, like Gecko; compatible; GPTBot/1.3; +https://openai.com/gptbot)"
74.7.227.47 - - [16/Apr/2026:14:25:18 +0000] "GET /shop/pg/2489617 HTTP/1.1" 404 13197 "https://mail.elementalmill.com/?shopping/products/16222489617" "Mozilla/5.0 AppleWebKit/537.36 (KHTML, like Gecko; compatible; GPTBot/1.3; +https://openai.com/gptbot)"
74.7.227.151 - - [16/Apr/2026:14:25:25 +0000] "GET /shop/pg/1522194 HTTP/1.1" 301 839 "https://www.elementalmill.com/shopping/products/16211522194" "Mozilla/5.0 AppleWebKit/537.36 (KHTML, like Gecko; compatible; GPTBot/1.3; +https://openai.com/gptbot)"
74.7.227.47 - - [16/Apr/2026:14:25:25 +0000] "GET /shop/pg/1618427349 HTTP/1.1" 404 13178 "https://www.elementalmill.com" "Mozilla/5.0 AppleWebKit/537.36 (KHTML, like Gecko; compatible; GPTBot/1.3; +https://openai.com/gptbot)"
74.7.242.33 - - [16/Apr/2026:14:25:27 +0000] "GET /shop/pg/1362322 HTTP/1.1" 404 13197 "https://www.elementalmill.com.lab2454.com/shop/pg/16201145862" "Mozilla/5.0 AppleWebKit/537.36 (KHTML, like Gecko; compatible; GPTBot/1.3; +https://openai.com/gptbot)"
74.7.242.33 - - [16/Apr/2026:14:25:36 +0000] "GET /shop/pg/1606530 HTTP/1.1" 404 13197 "https://www.elementalmill.com.lab2454.com/shop/pg/16201390069" "Mozilla/5.0 AppleWebKit/537.36 (KHTML, like Gecko; compatible; GPTBot/1.3; +https://openai.com/gptbot)"
74.7.242.33 - - [16/Apr/2026:14:25:45 +0000] "GET /shop/pg/1103249 HTTP/1.1" 404 13197 "https://www.elementalmill.com.lab2454.com/?shopping/products/16201103249" "Mozilla/5.0 AppleWebKit/537.36 (KHTML, like Gecko; compatible; GPTBot/1.3; +https://openai.com/gptbot)"
74.7.242.33 - - [16/Apr/2026:14:25:55 +0000] "GET /shop/pg/1169829 HTTP/1.1" 404 13197 "https://www.elementalmill.com.lab2454.com/shop/pg/16211544923" "Mozilla/5.0 AppleWebKit/537.36 (KHTML, like Gecko; compatible; GPTBot/1.3; +https://openai.com/gptbot)"
74.7.242.33 - - [16/Apr/2026:14:26:04 +0000] "GET /shop/pg/1331891 HTTP/1.1" 404 13197 "https://www.elementalmill.com.lab2454.com/shop/pg/16211706981" "Mozilla/5.0 AppleWebKit/537.36 (KHTML, like Gecko; compatible; GPTBot/1.3; +https://openai.com/gptbot)"
74.7.227.151 - - [16/Apr/2026:14:26:07 +0000] "GET /shop/pg/1246473 HTTP/1.1" 301 839 "https://www.elementalmill.com/shopping/products/16201246473" "Mozilla/5.0 AppleWebKit/537.36 (KHTML, like Gecko; compatible; GPTBot/1.3; +https://openai.com/gptbot)"
74.7.242.33 - - [16/Apr/2026:14:26:13 +0000] "GET /shop/pg/2290843 HTTP/1.1" 404 13197 "https://www.elementalmill.com.lab2454.com/shop/pg/2289668" "Mozilla/5.0 AppleWebKit/537.36 (KHTML, like Gecko; compatible; GPTBot/1.3; +https://openai.com/gptbot)"
213.180.203.13 - - [16/Apr/2026:14:26:16 +0000] "GET /shopping/products/16201433325 HTTP/1.1" 404 13178 "-" "Mozilla/5.0 (compatible; YandexBot/3.0; +http://yandex.com/bots)"
74.7.227.47 - - [16/Apr/2026:14:26:18 +0000] "GET /shop/pg/1619829533 HTTP/1.1" 404 13178 "https://www.elementalmill.com" "Mozilla/5.0 AppleWebKit/537.36 (KHTML, like Gecko; compatible; GPTBot/1.3; +https://openai.com/gptbot)"
74.7.227.47 - - [16/Apr/2026:14:26:20 +0000] "GET /shop/pg/1471446 HTTP/1.1" 404 13197 "https://mail.elementalmill.com/?shopping/products/16201471446" "Mozilla/5.0 AppleWebKit/537.36 (KHTML, like Gecko; compatible; GPTBot/1.3; +https://openai.com/gptbot)"
74.7.242.33 - - [16/Apr/2026:14:26:23 +0000] "GET /shop/pg/1219505 HTTP/1.1" 404 13197 "https://www.elementalmill.com.lab2454.com/shop/pg/16211594601" "Mozilla/5.0 AppleWebKit/537.36 (KHTML, like Gecko; compatible; GPTBot/1.3; +https://openai.com/gptbot)"
74.7.243.209 - - [16/Apr/2026:14:26:27 +0000] "GET /shopping/products/16201465766 HTTP/1.1" 404 13197 "https://elementalmill.com.lab2454.com/shopping/products/16201302387" "Mozilla/5.0 AppleWebKit/537.36 (KHTML, like Gecko; compatible; GPTBot/1.3; +https://openai.com/gptbot)"
74.7.242.33 - - [16/Apr/2026:14:26:32 +0000] "GET /shop/pg/1335140 HTTP/1.1" 404 13197 "https://www.elementalmill.com.lab2454.com/shop/pg/16211710239" "Mozilla/5.0 AppleWebKit/537.36 (KHTML, like Gecko; compatible; GPTBot/1.3; +https://openai.com/gptbot)"
74.7.227.47 - - [16/Apr/2026:14:26:33 +0000] "GET /shop/pg/1122038 HTTP/1.1" 404 13197 "https://mail.elementalmill.com/?shopping/products/16201122038" "Mozilla/5.0 AppleWebKit/537.36 (KHTML, like Gecko; compatible; GPTBot/1.3; +https://openai.com/gptbot)"
139.162.194.112 - - [16/Apr/2026:14:26:34 +0000] "POST /wp-cron.php?doing_wp_cron=1776349594.8061180114746093750000 HTTP/1.1" 404 13168 "-" "WordPress/6.9.1; https://elementalmill.com"
139.162.194.112 - - [16/Apr/2026:14:26:36 +0000] "POST /wp-cron.php?doing_wp_cron=1776349596.0773138999938964843750 HTTP/1.1" 404 13168 "-" "WordPress/6.9.1; https://elementalmill.com"
213.180.203.81 - - [16/Apr/2026:14:26:39 +0000] "GET /shopping/products/1618204443 HTTP/1.1" 404 13178 "-" "Mozilla/5.0 (compatible; YandexBot/3.0; +http://yandex.com/bots)"
74.7.242.33 - - [16/Apr/2026:14:26:42 +0000] "GET /shop/pg/1163090 HTTP/1.1" 404 13197 "https://www.elementalmill.com.lab2454.com/shop/pg/16211538183" "Mozilla/5.0 AppleWebKit/537.36 (KHTML, like Gecko; compatible; GPTBot/1.3; +https://openai.com/gptbot)"
74.7.227.47 - - [16/Apr/2026:14:26:45 +0000] "GET /shop/pg/1619675832 HTTP/1.1" 404 13178 "https://www.elementalmill.com" "Mozilla/5.0 AppleWebKit/537.36 (KHTML, like Gecko; compatible; GPTBot/1.3; +https://openai.com/gptbot)"
74.7.227.151 - - [16/Apr/2026:14:26:50 +0000] "GET /shop/pg/1524953 HTTP/1.1" 301 839 "https://www.elementalmill.com/?shopping/products/16211524953" "Mozilla/5.0 AppleWebKit/537.36 (KHTML, like Gecko; compatible; GPTBot/1.3; +https://openai.com/gptbot)"
74.7.242.33 - - [16/Apr/2026:14:26:51 +0000] "GET /shop/pg/1126956 HTTP/1.1" 404 13197 "https://www.elementalmill.com.lab2454.com/shopping/products/16201126956" "Mozilla/5.0 AppleWebKit/537.36 (KHTML, like Gecko; compatible; GPTBot/1.3; +https://openai.com/gptbot)"
74.7.243.209 - - [16/Apr/2026:14:26:58 +0000] "GET /shopping/products/16211967394 HTTP/1.1" 404 13197 "https://elementalmill.com.lab2454.com/shopping/products/16201139669" "Mozilla/5.0 AppleWebKit/537.36 (KHTML, like Gecko; compatible; GPTBot/1.3; +https://openai.com/gptbot)"
74.7.227.47 - - [16/Apr/2026:14:26:58 +0000] "GET /shop/pg/2489855 HTTP/1.1" 404 13197 "https://mail.elementalmill.com/?shopping/products/16222489855" "Mozilla/5.0 AppleWebKit/537.36 (KHTML, like Gecko; compatible; GPTBot/1.3; +https://openai.com/gptbot)"
95.108.213.156 - - [16/Apr/2026:14:27:00 +0000] "GET /shopping/products/16222142722 HTTP/1.1" 404 13178 "-" "Mozilla/5.0 (compatible; YandexBot/3.0; +http://yandex.com/bots)"
74.7.242.33 - - [16/Apr/2026:14:27:10 +0000] "GET /shop/pg/1398745 HTTP/1.1" 404 13197 "https://www.elementalmill.com.lab2454.com/shop/pg/16201182285" "Mozilla/5.0 AppleWebKit/537.36 (KHTML, like Gecko; compatible; GPTBot/1.3; +https://openai.com/gptbot)"
74.7.227.151 - - [16/Apr/2026:14:27:10 +0000] "GET /shop/pg/2005831 HTTP/1.1" 301 839 "https://www.elementalmill.com/shopping/products/16222005831" "Mozilla/5.0 AppleWebKit/537.36 (KHTML, like Gecko; compatible; GPTBot/1.3; +https://openai.com/gptbot)"
74.7.227.47 - - [16/Apr/2026:14:27:11 +0000] "GET /shop/pg/1619847549 HTTP/1.1" 404 13178 "https://www.elementalmill.com" "Mozilla/5.0 AppleWebKit/537.36 (KHTML, like Gecko; compatible; GPTBot/1.3; +https://openai.com/gptbot)"
74.7.227.47 - - [16/Apr/2026:14:27:17 +0000] "GET /shop/pg/2235124 HTTP/1.1" 404 13197 "https://mail.elementalmill.com/shopping/products/16222235124" "Mozilla/5.0 AppleWebKit/537.36 (KHTML, like Gecko; compatible; GPTBot/1.3; +https://openai.com/gptbot)"
74.7.242.33 - - [16/Apr/2026:14:27:19 +0000] "GET /shop/pg/1645445 HTTP/1.1" 404 13197 "https://www.elementalmill.com.lab2454.com/shop/pg/16201428980" "Mozilla/5.0 AppleWebKit/537.36 (KHTML, like Gecko; compatible; GPTBot/1.3; +https://openai.com/gptbot)"
66.249.64.40 - - [16/Apr/2026:14:27:30 +0000] "GET /?shop/89047959598.html HTTP/1.1" 200 27653 "-" "Mozilla/5.0 (Linux; Android 6.0.1; Nexus 5X Build/MMB29P) AppleWebKit/537.36 (KHTML, like Gecko) Chrome/146.0.7680.177 Mobile Safari/537.36 (compatible; Googlebot/2.1; +http://www.google.com/bot.html)"
74.7.242.33 - - [16/Apr/2026:14:27:29 +0000] "GET /shop/pg/1708433 HTTP/1.1" 404 13197 "https://www.elementalmill.com.lab2454.com/shop/pg/16201491965" "Mozilla/5.0 AppleWebKit/537.36 (KHTML, like Gecko; compatible; GPTBot/1.3; +https://openai.com/gptbot)"
74.7.227.47 - - [16/Apr/2026:14:27:29 +0000] "GET /shop/pg/1918800 HTTP/1.1" 404 13197 "https://mail.elementalmill.com/?shopping/products/16211918800" "Mozilla/5.0 AppleWebKit/537.36 (KHTML, like Gecko; compatible; GPTBot/1.3; +https://openai.com/gptbot)"
74.7.243.209 - - [16/Apr/2026:14:27:30 +0000] "GET /shopping/products/16211757351 HTTP/1.1" 404 13197 "https://elementalmill.com.lab2454.com/shopping/products/16201002530" "Mozilla/5.0 AppleWebKit/537.36 (KHTML, like Gecko; compatible; GPTBot/1.3; +https://openai.com/gptbot)"
66.249.64.39 - - [16/Apr/2026:14:27:32 +0000] "GET /?shop/89027383559.html HTTP/1.1" 200 27150 "-" "Mozilla/5.0 (Linux; Android 6.0.1; Nexus 5X Build/MMB29P) AppleWebKit/537.36 (KHTML, like Gecko) Chrome/146.0.7680.177 Mobile Safari/537.36 (compatible; Googlebot/2.1; +http://www.google.com/bot.html)"
74.7.227.151 - - [16/Apr/2026:14:27:32 +0000] "GET /shop/pg/1533645 HTTP/1.1" 301 839 "https://www.elementalmill.com/shop/pg/16222500297" "Mozilla/5.0 AppleWebKit/537.36 (KHTML, like Gecko; compatible; GPTBot/1.3; +https://openai.com/gptbot)"
66.249.64.39 - - [16/Apr/2026:14:27:34 +0000] "GET /shop/customer/bookmark.php?shopping/products/16222076750 HTTP/1.1" 200 27412 "-" "Mozilla/5.0 (Linux; Android 6.0.1; Nexus 5X Build/MMB29P) AppleWebKit/537.36 (KHTML, like Gecko) Chrome/146.0.7680.177 Mobile Safari/537.36 (compatible; Googlebot/2.1; +http://www.google.com/bot.html)"
74.7.227.47 - - [16/Apr/2026:14:27:36 +0000] "GET /shop/pg/1221432 HTTP/1.1" 404 13197 "https://mail.elementalmill.com/?shopping/products/16201221432" "Mozilla/5.0 AppleWebKit/537.36 (KHTML, like Gecko; compatible; GPTBot/1.3; +https://openai.com/gptbot)"
74.7.227.47 - - [16/Apr/2026:14:27:38 +0000] "GET /shop/pg/1619770246 HTTP/1.1" 404 13178 "https://www.elementalmill.com" "Mozilla/5.0 AppleWebKit/537.36 (KHTML, like Gecko; compatible; GPTBot/1.3; +https://openai.com/gptbot)"
139.162.194.112 - - [16/Apr/2026:14:27:38 +0000] "POST /wp-cron.php?doing_wp_cron=1776349658.4600679874420166015625 HTTP/1.1" 404 13178 "-" "WordPress/6.9.1; https://elementalmill.com"
74.7.242.33 - - [16/Apr/2026:14:27:39 +0000] "GET /shop/pg/1251354 HTTP/1.1" 404 13197 "https://www.elementalmill.com.lab2454.com/?shopping/products/16201251354" "Mozilla/5.0 AppleWebKit/537.36 (KHTML, like Gecko; compatible; GPTBot/1.3; +https://openai.com/gptbot)"
74.7.242.33 - - [16/Apr/2026:14:27:48 +0000] "GET /shop/pg/1717389 HTTP/1.1" 404 13197 "https://www.elementalmill.com.lab2454.com/shop/pg/16201500934" "Mozilla/5.0 AppleWebKit/537.36 (KHTML, like Gecko; compatible; GPTBot/1.3; +https://openai.com/gptbot)"
74.7.227.151 - - [16/Apr/2026:14:27:52 +0000] "GET /shop/pg/1629914 HTTP/1.1" 301 839 "https://www.elementalmill.com/?shopping/products/16211629914" "Mozilla/5.0 AppleWebKit/537.36 (KHTML, like Gecko; compatible; GPTBot/1.3; +https://openai.com/gptbot)"
74.7.242.33 - - [16/Apr/2026:14:27:57 +0000] "GET /shop/pg/1437061 HTTP/1.1" 404 13197 "https://www.elementalmill.com.lab2454.com/shop/pg/16201220613" "Mozilla/5.0 AppleWebKit/537.36 (KHTML, like Gecko; compatible; GPTBot/1.3; +https://openai.com/gptbot)"
74.7.243.209 - - [16/Apr/2026:14:28:03 +0000] "GET /shopping/products/16201265691 HTTP/1.1" 404 13197 "https://elementalmill.com.lab2454.com/shopping/products/16211889030" "Mozilla/5.0 AppleWebKit/537.36 (KHTML, like Gecko; compatible; GPTBot/1.3; +https://openai.com/gptbot)"
74.7.227.47 - - [16/Apr/2026:14:28:05 +0000] "GET /shop/pg/1618170354 HTTP/1.1" 404 13178 "https://elementalmill.com/index.php?shopping/products/1618165223" "Mozilla/5.0 AppleWebKit/537.36 (KHTML, like Gecko; compatible; GPTBot/1.3; +https://openai.com/gptbot)"
74.7.242.33 - - [16/Apr/2026:14:28:07 +0000] "GET /shop/pg/1159707 HTTP/1.1" 404 13197 "https://www.elementalmill.com.lab2454.com/shop/pg/16211534795" "Mozilla/5.0 AppleWebKit/537.36 (KHTML, like Gecko; compatible; GPTBot/1.3; +https://openai.com/gptbot)"
74.7.227.47 - - [16/Apr/2026:14:28:07 +0000] "GET /shop/pg/1642645 HTTP/1.1" 404 13197 "https://mail.elementalmill.com/?shopping/products/16211642645" "Mozilla/5.0 AppleWebKit/537.36 (KHTML, like Gecko; compatible; GPTBot/1.3; +https://openai.com/gptbot)"
74.7.227.151 - - [16/Apr/2026:14:28:12 +0000] "GET /shop/pg/1684349 HTTP/1.1" 301 839 "https://www.elementalmill.com/?shopping/products/16211684349" "Mozilla/5.0 AppleWebKit/537.36 (KHTML, like Gecko; compatible; GPTBot/1.3; +https://openai.com/gptbot)"
74.7.242.33 - - [16/Apr/2026:14:28:16 +0000] "GET /shop/pg/1458725 HTTP/1.1" 404 13197 "https://www.elementalmill.com.lab2454.com/shop/pg/16201242272" "Mozilla/5.0 AppleWebKit/537.36 (KHTML, like Gecko; compatible; GPTBot/1.3; +https://openai.com/gptbot)"
74.7.227.47 - - [16/Apr/2026:14:28:20 +0000] "GET /shop/pg/2114097 HTTP/1.1" 404 13197 "https://mail.elementalmill.com/?shopping/products/16222114097" "Mozilla/5.0 AppleWebKit/537.36 (KHTML, like Gecko; compatible; GPTBot/1.3; +https://openai.com/gptbot)"
5.255.231.181 - - [16/Apr/2026:14:28:22 +0000] "GET /shopping/products/16211773424 HTTP/1.1" 404 13178 "-" "Mozilla/5.0 (compatible; YandexBot/3.0; +http://yandex.com/bots)"
74.7.242.33 - - [16/Apr/2026:14:28:26 +0000] "GET /shop/pg/1359235 HTTP/1.1" 404 13197 "https://www.elementalmill.com.lab2454.com/shop/pg/16201142775" "Mozilla/5.0 AppleWebKit/537.36 (KHTML, like Gecko; compatible; GPTBot/1.3; +https://openai.com/gptbot)"
74.7.227.47 - - [16/Apr/2026:14:28:27 +0000] "GET /shop/pg/2010672 HTTP/1.1" 404 13197 "https://mail.elementalmill.com/?shopping/products/16222010672" "Mozilla/5.0 AppleWebKit/537.36 (KHTML, like Gecko; compatible; GPTBot/1.3; +https://openai.com/gptbot)"
74.7.243.209 - - [16/Apr/2026:14:28:34 +0000] "GET /shopping/products/16211866784 HTTP/1.1" 404 13197 "https://elementalmill.com.lab2454.com/shopping/products/16211523859" "Mozilla/5.0 AppleWebKit/537.36 (KHTML, like Gecko; compatible; GPTBot/1.3; +https://openai.com/gptbot)"
74.7.242.33 - - [16/Apr/2026:14:28:36 +0000] "GET /shop/pg/1604712 HTTP/1.1" 404 13197 "https://www.elementalmill.com.lab2454.com/shop/pg/16201388251" "Mozilla/5.0 AppleWebKit/537.36 (KHTML, like Gecko; compatible; GPTBot/1.3; +https://openai.com/gptbot)"
139.162.194.112 - - [16/Apr/2026:14:28:39 +0000] "POST /wp-cron.php?doing_wp_cron=1776349719.0236840248107910156250 HTTP/1.1" 404 13178 "-" "WordPress/6.9.1; https://elementalmill.com"
