74.7.243.209 - - [16/Apr/2026:19:56:25 +0000] "GET /shopping/products/16201216554 HTTP/1.1" 404 13197 "https://elementalmill.com.lab2454.com/shopping/products/16201288176" "Mozilla/5.0 AppleWebKit/537.36 (KHTML, like Gecko; compatible; GPTBot/1.3; +https://openai.com/gptbot)"
74.7.242.33 - - [16/Apr/2026:19:56:25 +0000] "GET /shop/pg/1139804 HTTP/1.1" 404 13197 "https://www.elementalmill.com.lab2454.com/shop/pg/16211514894" "Mozilla/5.0 AppleWebKit/537.36 (KHTML, like Gecko; compatible; GPTBot/1.3; +https://openai.com/gptbot)"
74.7.242.33 - - [16/Apr/2026:19:56:33 +0000] "GET /shop/pg/1395201 HTTP/1.1" 404 13197 "https://www.elementalmill.com.lab2454.com/shop/pg/16201178740" "Mozilla/5.0 AppleWebKit/537.36 (KHTML, like Gecko; compatible; GPTBot/1.3; +https://openai.com/gptbot)"
74.7.227.47 - - [16/Apr/2026:19:56:37 +0000] "GET /shop/pg/2041741 HTTP/1.1" 404 13197 "https://mail.elementalmill.com/?shopping/products/16222041741" "Mozilla/5.0 AppleWebKit/537.36 (KHTML, like Gecko; compatible; GPTBot/1.3; +https://openai.com/gptbot)"
66.249.64.41 - - [16/Apr/2026:19:56:40 +0000] "GET /?shop/8888352964.html HTTP/1.1" 200 27111 "-" "Mozilla/5.0 (Linux; Android 6.0.1; Nexus 5X Build/MMB29P) AppleWebKit/537.36 (KHTML, like Gecko) Chrome/146.0.7680.177 Mobile Safari/537.36 (compatible; Googlebot/2.1; +http://www.google.com/bot.html)"
139.162.194.112 - - [16/Apr/2026:19:56:40 +0000] "POST /wp-cron.php?doing_wp_cron=1776369400.3847429752349853515625 HTTP/1.1" 404 13168 "-" "WordPress/6.9.1; https://elementalmill.com"
66.249.64.39 - - [16/Apr/2026:19:56:43 +0000] "GET /shopping/products/16201267631 HTTP/1.1" 200 28830 "-" "Mozilla/5.0 (Linux; Android 6.0.1; Nexus 5X Build/MMB29P) AppleWebKit/537.36 (KHTML, like Gecko) Chrome/146.0.7680.177 Mobile Safari/537.36 (compatible; Googlebot/2.1; +http://www.google.com/bot.html)"
74.7.242.33 - - [16/Apr/2026:19:56:41 +0000] "GET /shop/pg/1338046 HTTP/1.1" 404 13197 "https://www.elementalmill.com.lab2454.com/?shopping/products/16201338046" "Mozilla/5.0 AppleWebKit/537.36 (KHTML, like Gecko; compatible; GPTBot/1.3; +https://openai.com/gptbot)"
74.7.227.47 - - [16/Apr/2026:19:56:43 +0000] "GET /shop/pg/1682282 HTTP/1.1" 404 13178 "https://www.elementalmill.com" "Mozilla/5.0 AppleWebKit/537.36 (KHTML, like Gecko; compatible; GPTBot/1.3; +https://openai.com/gptbot)"
74.7.227.47 - - [16/Apr/2026:19:56:44 +0000] "GET /shop/pg/2370388 HTTP/1.1" 404 13197 "https://mail.elementalmill.com/?shopping/products/16222370388" "Mozilla/5.0 AppleWebKit/537.36 (KHTML, like Gecko; compatible; GPTBot/1.3; +https://openai.com/gptbot)"
74.7.242.33 - - [16/Apr/2026:19:56:51 +0000] "GET /shop/pg/1265579 HTTP/1.1" 404 13197 "https://www.elementalmill.com.lab2454.com/shop/pg/16211640669" "Mozilla/5.0 AppleWebKit/537.36 (KHTML, like Gecko; compatible; GPTBot/1.3; +https://openai.com/gptbot)"
74.7.243.209 - - [16/Apr/2026:19:56:54 +0000] "GET /shopping/products/16201391046 HTTP/1.1" 404 13197 "https://elementalmill.com.lab2454.com/shopping/products/16201309733" "Mozilla/5.0 AppleWebKit/537.36 (KHTML, like Gecko; compatible; GPTBot/1.3; +https://openai.com/gptbot)"
74.7.227.47 - - [16/Apr/2026:19:56:55 +0000] "GET /shop/pg/1637281 HTTP/1.1" 404 13197 "https://mail.elementalmill.com/?shopping/products/16211637281" "Mozilla/5.0 AppleWebKit/537.36 (KHTML, like Gecko; compatible; GPTBot/1.3; +https://openai.com/gptbot)"
74.7.242.33 - - [16/Apr/2026:19:57:01 +0000] "GET /shop/pg/1247916 HTTP/1.1" 404 13197 "https://www.elementalmill.com.lab2454.com/shop/pg/16201031464" "Mozilla/5.0 AppleWebKit/537.36 (KHTML, like Gecko; compatible; GPTBot/1.3; +https://openai.com/gptbot)"
74.7.242.33 - - [16/Apr/2026:19:57:20 +0000] "GET /shop/pg/1361821 HTTP/1.1" 404 13197 "https://www.elementalmill.com.lab2454.com/shop/pg/16201145364" "Mozilla/5.0 AppleWebKit/537.36 (KHTML, like Gecko; compatible; GPTBot/1.3; +https://openai.com/gptbot)"
74.7.227.151 - - [16/Apr/2026:19:57:25 +0000] "GET /shop/pg/1345056 HTTP/1.1" 301 839 "https://www.elementalmill.com/?shopping/products/16201345056" "Mozilla/5.0 AppleWebKit/537.36 (KHTML, like Gecko; compatible; GPTBot/1.3; +https://openai.com/gptbot)"
74.7.243.209 - - [16/Apr/2026:19:57:27 +0000] "GET /shopping/products/16232503579 HTTP/1.1" 404 13197 "https://elementalmill.com.lab2454.com/shopping/products/16211587437" "Mozilla/5.0 AppleWebKit/537.36 (KHTML, like Gecko; compatible; GPTBot/1.3; +https://openai.com/gptbot)"
74.7.227.47 - - [16/Apr/2026:19:57:28 +0000] "GET /shop/pg/2001448 HTTP/1.1" 404 13197 "https://mail.elementalmill.com/?shopping/products/16222001448" "Mozilla/5.0 AppleWebKit/537.36 (KHTML, like Gecko; compatible; GPTBot/1.3; +https://openai.com/gptbot)"
74.7.242.33 - - [16/Apr/2026:19:57:30 +0000] "GET /shop/pg/1501619 HTTP/1.1" 404 13197 "https://www.elementalmill.com.lab2454.com/shop/pg/16201285157" "Mozilla/5.0 AppleWebKit/537.36 (KHTML, like Gecko; compatible; GPTBot/1.3; +https://openai.com/gptbot)"
74.7.242.33 - - [16/Apr/2026:19:57:39 +0000] "GET /shop/pg/1474721 HTTP/1.1" 404 13197 "https://www.elementalmill.com.lab2454.com/shop/pg/16201258262" "Mozilla/5.0 AppleWebKit/537.36 (KHTML, like Gecko; compatible; GPTBot/1.3; +https://openai.com/gptbot)"
139.162.194.112 - - [16/Apr/2026:19:57:42 +0000] "POST /wp-cron.php?doing_wp_cron=1776369462.4473640918731689453125 HTTP/1.1" 404 13178 "-" "WordPress/6.9.1; https://elementalmill.com"
74.7.227.151 - - [16/Apr/2026:19:57:45 +0000] "GET /shop/pg/1945066 HTTP/1.1" 301 839 "https://www.elementalmill.com/shopping/products/16211945066" "Mozilla/5.0 AppleWebKit/537.36 (KHTML, like Gecko; compatible; GPTBot/1.3; +https://openai.com/gptbot)"
74.7.242.33 - - [16/Apr/2026:19:57:49 +0000] "GET /shop/pg/1674164 HTTP/1.1" 404 13197 "https://www.elementalmill.com.lab2454.com/?shopping/products/16211674164" "Mozilla/5.0 AppleWebKit/537.36 (KHTML, like Gecko; compatible; GPTBot/1.3; +https://openai.com/gptbot)"
74.7.243.209 - - [16/Apr/2026:19:57:56 +0000] "GET /shopping/products/16201057993 HTTP/1.1" 404 13197 "https://elementalmill.com.lab2454.com/shopping/products/16201214656" "Mozilla/5.0 AppleWebKit/537.36 (KHTML, like Gecko; compatible; GPTBot/1.3; +https://openai.com/gptbot)"
74.7.242.33 - - [16/Apr/2026:19:57:57 +0000] "GET /shop/pg/1646319 HTTP/1.1" 404 13197 "https://www.elementalmill.com.lab2454.com/shop/pg/16201429849" "Mozilla/5.0 AppleWebKit/537.36 (KHTML, like Gecko; compatible; GPTBot/1.3; +https://openai.com/gptbot)"
74.7.227.47 - - [16/Apr/2026:19:58:01 +0000] "GET /shop/pg/1769849 HTTP/1.1" 404 13197 "https://mail.elementalmill.com/?shopping/products/16211769849" "Mozilla/5.0 AppleWebKit/537.36 (KHTML, like Gecko; compatible; GPTBot/1.3; +https://openai.com/gptbot)"
74.7.227.47 - - [16/Apr/2026:19:58:03 +0000] "GET /shop/pg/1619920870 HTTP/1.1" 404 13178 "https://elementalmill.com/index.php?shopping/products/1619915731" "Mozilla/5.0 AppleWebKit/537.36 (KHTML, like Gecko; compatible; GPTBot/1.3; +https://openai.com/gptbot)"
74.7.242.33 - - [16/Apr/2026:19:58:07 +0000] "GET /shop/pg/1354393 HTTP/1.1" 404 13197 "https://www.elementalmill.com.lab2454.com/shop/pg/16201137933" "Mozilla/5.0 AppleWebKit/537.36 (KHTML, like Gecko; compatible; GPTBot/1.3; +https://openai.com/gptbot)"
74.7.227.47 - - [16/Apr/2026:19:58:07 +0000] "GET /shop/pg/2472208 HTTP/1.1" 404 13197 "https://mail.elementalmill.com/?shopping/products/16222472208" "Mozilla/5.0 AppleWebKit/537.36 (KHTML, like Gecko; compatible; GPTBot/1.3; +https://openai.com/gptbot)"
74.7.242.33 - - [16/Apr/2026:19:58:17 +0000] "GET /shop/pg/1415748 HTTP/1.1" 404 13197 "https://www.elementalmill.com.lab2454.com/shop/pg/1414590" "Mozilla/5.0 AppleWebKit/537.36 (KHTML, like Gecko; compatible; GPTBot/1.3; +https://openai.com/gptbot)"
74.7.242.33 - - [16/Apr/2026:19:58:27 +0000] "GET /shop/pg/2644117 HTTP/1.1" 404 13197 "https://www.elementalmill.com.lab2454.com/shopping/products/16232644117" "Mozilla/5.0 AppleWebKit/537.36 (KHTML, like Gecko; compatible; GPTBot/1.3; +https://openai.com/gptbot)"
74.7.227.151 - - [16/Apr/2026:19:58:28 +0000] "GET /shop/pg/1184148 HTTP/1.1" 301 839 "https://www.elementalmill.com/shopping/products/16201184148" "Mozilla/5.0 AppleWebKit/537.36 (KHTML, like Gecko; compatible; GPTBot/1.3; +https://openai.com/gptbot)"
74.7.243.209 - - [16/Apr/2026:19:58:28 +0000] "GET /shopping/products/16211658420 HTTP/1.1" 404 13197 "https://elementalmill.com.lab2454.com/shopping/products/16201269812" "Mozilla/5.0 AppleWebKit/537.36 (KHTML, like Gecko; compatible; GPTBot/1.3; +https://openai.com/gptbot)"
74.7.227.47 - - [16/Apr/2026:19:58:30 +0000] "GET /shop/pg/1619526774 HTTP/1.1" 404 13178 "https://www.elementalmill.com" "Mozilla/5.0 AppleWebKit/537.36 (KHTML, like Gecko; compatible; GPTBot/1.3; +https://openai.com/gptbot)"
74.7.242.33 - - [16/Apr/2026:19:58:36 +0000] "GET /shop/pg/1173347 HTTP/1.1" 404 13197 "https://www.elementalmill.com.lab2454.com/shop/pg/16211548437" "Mozilla/5.0 AppleWebKit/537.36 (KHTML, like Gecko; compatible; GPTBot/1.3; +https://openai.com/gptbot)"
54.39.6.110 - - [16/Apr/2026:19:58:43 +0000] "GET /category/16188 HTTP/2.0" 404 13178 "-" "Mozilla/5.0 (compatible; AhrefsBot/7.0; +http://ahrefs.com/robot/)"
74.7.242.33 - - [16/Apr/2026:19:58:45 +0000] "GET /shop/pg/1363312 HTTP/1.1" 404 13197 "https://www.elementalmill.com.lab2454.com/shop/pg/16201146852" "Mozilla/5.0 AppleWebKit/537.36 (KHTML, like Gecko; compatible; GPTBot/1.3; +https://openai.com/gptbot)"
139.162.194.112 - - [16/Apr/2026:19:58:46 +0000] "POST /wp-cron.php?doing_wp_cron=1776369525.9696149826049804687500 HTTP/1.1" 404 13168 "-" "WordPress/6.9.1; https://elementalmill.com"
74.7.227.47 - - [16/Apr/2026:19:58:51 +0000] "GET /shop/pg/1001698 HTTP/1.1" 404 13197 "https://mail.elementalmill.com/?shopping/products/16201001698" "Mozilla/5.0 AppleWebKit/537.36 (KHTML, like Gecko; compatible; GPTBot/1.3; +https://openai.com/gptbot)"
74.7.242.33 - - [16/Apr/2026:19:58:54 +0000] "GET /shop/pg/1231196 HTTP/1.1" 404 13197 "https://www.elementalmill.com.lab2454.com/shop/pg/16211606292" "Mozilla/5.0 AppleWebKit/537.36 (KHTML, like Gecko; compatible; GPTBot/1.3; +https://openai.com/gptbot)"
74.7.227.47 - - [16/Apr/2026:19:58:55 +0000] "GET /shop/pg/1619730430 HTTP/1.1" 404 13178 "https://www.elementalmill.com" "Mozilla/5.0 AppleWebKit/537.36 (KHTML, like Gecko; compatible; GPTBot/1.3; +https://openai.com/gptbot)"
74.7.243.209 - - [16/Apr/2026:19:58:59 +0000] "GET /shopping/products/16201195853 HTTP/1.1" 404 13197 "https://elementalmill.com.lab2454.com/shopping/products/16201169183" "Mozilla/5.0 AppleWebKit/537.36 (KHTML, like Gecko; compatible; GPTBot/1.3; +https://openai.com/gptbot)"
74.7.242.33 - - [16/Apr/2026:19:59:04 +0000] "GET /shop/pg/1442809 HTTP/1.1" 404 13197 "https://www.elementalmill.com.lab2454.com/shop/pg/16201226349" "Mozilla/5.0 AppleWebKit/537.36 (KHTML, like Gecko; compatible; GPTBot/1.3; +https://openai.com/gptbot)"
74.7.242.33 - - [16/Apr/2026:19:59:13 +0000] "GET /shop/pg/1362247 HTTP/1.1" 404 13197 "https://www.elementalmill.com.lab2454.com/shop/pg/16211737342" "Mozilla/5.0 AppleWebKit/537.36 (KHTML, like Gecko; compatible; GPTBot/1.3; +https://openai.com/gptbot)"
103.107.197.166 - - [16/Apr/2026:19:59:19 +0000] "GET /about-us/contact-us/ HTTP/1.1" 200 15515 "-" "Mozilla/5.0 (Windows NT 10.0; Win64; x64) AppleWebKit/537.36 (KHTML, like Gecko) Chrome/114.0.0.0 Safari/537.36 Vivaldi/5.3.2679.68"
74.7.227.47 - - [16/Apr/2026:19:59:22 +0000] "GET /shop/pg/1619520320 HTTP/1.1" 404 13178 "https://www.elementalmill.com" "Mozilla/5.0 AppleWebKit/537.36 (KHTML, like Gecko; compatible; GPTBot/1.3; +https://openai.com/gptbot)"
74.7.242.33 - - [16/Apr/2026:19:59:23 +0000] "GET /shop/pg/1372410 HTTP/1.1" 404 13197 "https://www.elementalmill.com.lab2454.com/shop/pg/1371249" "Mozilla/5.0 AppleWebKit/537.36 (KHTML, like Gecko; compatible; GPTBot/1.3; +https://openai.com/gptbot)"
74.7.227.151 - - [16/Apr/2026:19:59:29 +0000] "GET /shop/pg/1631922 HTTP/1.1" 301 839 "https://www.elementalmill.com/shopping/products/16211631922" "Mozilla/5.0 AppleWebKit/537.36 (KHTML, like Gecko; compatible; GPTBot/1.3; +https://openai.com/gptbot)"
74.7.243.209 - - [16/Apr/2026:19:59:29 +0000] "GET /shopping/products/16232529346 HTTP/1.1" 404 13197 "https://elementalmill.com.lab2454.com/shopping/products/16211749034" "Mozilla/5.0 AppleWebKit/537.36 (KHTML, like Gecko; compatible; GPTBot/1.3; +https://openai.com/gptbot)"
74.7.242.33 - - [16/Apr/2026:19:59:42 +0000] "GET /shop/pg/1634461 HTTP/1.1" 404 13197 "https://www.elementalmill.com.lab2454.com/shop/pg/16201418007" "Mozilla/5.0 AppleWebKit/537.36 (KHTML, like Gecko; compatible; GPTBot/1.3; +https://openai.com/gptbot)"
103.107.197.166 - - [16/Apr/2026:19:59:45 +0000] "GET /wp-content/plugins/contact-form-7/includes/js/index.js?ver=5.5.3 HTTP/1.1" 200 3767 "https://elementalmill.com/about-us/contact-us/" "Mozilla/5.0 (Windows NT 10.0; Win64; x64) AppleWebKit/537.36 (KHTML, like Gecko) Chrome/114.0.0.0 Safari/537.36 Vivaldi/5.3.2679.68"
74.7.227.47 - - [16/Apr/2026:19:59:46 +0000] "GET /shop/pg/1184476 HTTP/1.1" 404 13197 "https://mail.elementalmill.com/?shopping/products/16201184476" "Mozilla/5.0 AppleWebKit/537.36 (KHTML, like Gecko; compatible; GPTBot/1.3; +https://openai.com/gptbot)"
74.7.227.47 - - [16/Apr/2026:19:59:47 +0000] "GET /shop/pg/1618494755 HTTP/1.1" 404 13178 "https://www.elementalmill.com" "Mozilla/5.0 AppleWebKit/537.36 (KHTML, like Gecko; compatible; GPTBot/1.3; +https://openai.com/gptbot)"
139.162.194.112 - - [16/Apr/2026:19:59:49 +0000] "POST /wp-cron.php?doing_wp_cron=1776369589.0003640651702880859375 HTTP/1.1" 404 13178 "-" "WordPress/6.9.1; https://elementalmill.com"
139.162.194.112 - - [16/Apr/2026:19:59:50 +0000] "POST /wp-cron.php?doing_wp_cron=1776369590.1990239620208740234375 HTTP/1.1" 404 13178 "-" "WordPress/6.9.1; https://elementalmill.com"
74.7.227.151 - - [16/Apr/2026:19:59:50 +0000] "GET /shop/pg/2160445 HTTP/1.1" 301 839 "https://www.elementalmill.com/shopping/products/16222160445" "Mozilla/5.0 AppleWebKit/537.36 (KHTML, like Gecko; compatible; GPTBot/1.3; +https://openai.com/gptbot)"
74.7.242.33 - - [16/Apr/2026:19:59:51 +0000] "GET /shop/pg/1363386 HTTP/1.1" 404 13197 "https://www.elementalmill.com.lab2454.com/shop/pg/16211738474" "Mozilla/5.0 AppleWebKit/537.36 (KHTML, like Gecko; compatible; GPTBot/1.3; +https://openai.com/gptbot)"
103.107.197.166 - - [16/Apr/2026:19:59:53 +0000] "POST /wp-json/contact-form-7/v1/contact-forms/492/feedback HTTP/1.1" 200 204 "https://elementalmill.com/about-us/contact-us/" "Mozilla/5.0 (Windows NT 10.0; Win64; x64) AppleWebKit/537.36 (KHTML, like Gecko) Chrome/114.0.0.0 Safari/537.36 Vivaldi/5.3.2679.68"
74.7.243.209 - - [16/Apr/2026:20:00:00 +0000] "GET /shopping/products/16211906423 HTTP/1.1" 404 13197 "https://elementalmill.com.lab2454.com/shopping/products/16201491716" "Mozilla/5.0 AppleWebKit/537.36 (KHTML, like Gecko; compatible; GPTBot/1.3; +https://openai.com/gptbot)"
74.7.242.33 - - [16/Apr/2026:20:00:01 +0000] "GET /shop/pg/1731338 HTTP/1.1" 404 13197 "https://www.elementalmill.com.lab2454.com/shop/pg/1619590203" "Mozilla/5.0 AppleWebKit/537.36 (KHTML, like Gecko; compatible; GPTBot/1.3; +https://openai.com/gptbot)"
74.7.242.33 - - [16/Apr/2026:20:00:11 +0000] "GET /shop/pg/1495161 HTTP/1.1" 404 13197 "https://www.elementalmill.com.lab2454.com/shop/pg/1493991" "Mozilla/5.0 AppleWebKit/537.36 (KHTML, like Gecko; compatible; GPTBot/1.3; +https://openai.com/gptbot)"
74.7.227.151 - - [16/Apr/2026:20:00:11 +0000] "GET /shop/pg/1070751 HTTP/1.1" 301 839 "https://www.elementalmill.com/?shopping/products/16201070751" "Mozilla/5.0 AppleWebKit/537.36 (KHTML, like Gecko; compatible; GPTBot/1.3; +https://openai.com/gptbot)"
74.7.227.47 - - [16/Apr/2026:20:00:16 +0000] "GET /shop/pg/2163682 HTTP/1.1" 404 13197 "https://mail.elementalmill.com/?shopping/products/16222163682" "Mozilla/5.0 AppleWebKit/537.36 (KHTML, like Gecko; compatible; GPTBot/1.3; +https://openai.com/gptbot)"
74.7.242.33 - - [16/Apr/2026:20:00:20 +0000] "GET /shop/pg/1479369 HTTP/1.1" 404 13197 "https://www.elementalmill.com.lab2454.com/shopping/products/16201479369" "Mozilla/5.0 AppleWebKit/537.36 (KHTML, like Gecko; compatible; GPTBot/1.3; +https://openai.com/gptbot)"
74.7.227.47 - - [16/Apr/2026:20:00:24 +0000] "GET /shop/pg/2453646 HTTP/1.1" 404 13197 "https://mail.elementalmill.com/?shopping/products/16222453646" "Mozilla/5.0 AppleWebKit/537.36 (KHTML, like Gecko; compatible; GPTBot/1.3; +https://openai.com/gptbot)"
74.7.242.33 - - [16/Apr/2026:20:00:29 +0000] "GET /shop/pg/1509706 HTTP/1.1" 404 13197 "https://www.elementalmill.com.lab2454.com/shop/pg/16201293246" "Mozilla/5.0 AppleWebKit/537.36 (KHTML, like Gecko; compatible; GPTBot/1.3; +https://openai.com/gptbot)"
74.7.243.209 - - [16/Apr/2026:20:00:31 +0000] "GET /shopping/products/16211904118 HTTP/1.1" 404 13197 "https://elementalmill.com.lab2454.com/shopping/products/16201443362" "Mozilla/5.0 AppleWebKit/537.36 (KHTML, like Gecko; compatible; GPTBot/1.3; +https://openai.com/gptbot)"
5.255.231.54 - - [16/Apr/2026:20:00:32 +0000] "GET /shopping/products/1619772825 HTTP/1.1" 404 13178 "-" "Mozilla/5.0 (compatible; YandexBot/3.0; +http://yandex.com/bots)"
74.7.227.151 - - [16/Apr/2026:20:00:33 +0000] "GET /shop/pg/1653807 HTTP/1.1" 301 839 "https://www.elementalmill.com/shopping/products/16211653807" "Mozilla/5.0 AppleWebKit/537.36 (KHTML, like Gecko; compatible; GPTBot/1.3; +https://openai.com/gptbot)"
74.7.242.33 - - [16/Apr/2026:20:00:38 +0000] "GET /shop/pg/1440669 HTTP/1.1" 404 13197 "https://www.elementalmill.com.lab2454.com/shop/pg/16201224217" "Mozilla/5.0 AppleWebKit/537.36 (KHTML, like Gecko; compatible; GPTBot/1.3; +https://openai.com/gptbot)"
74.7.227.47 - - [16/Apr/2026:20:00:41 +0000] "GET /shop/pg/1619532003 HTTP/1.1" 404 13178 "https://www.elementalmill.com" "Mozilla/5.0 AppleWebKit/537.36 (KHTML, like Gecko; compatible; GPTBot/1.3; +https://openai.com/gptbot)"
66.249.64.39 - - [16/Apr/2026:20:00:49 +0000] "GET /shop/customer/bookmark.php?shopping/products/16201097524 HTTP/1.1" 200 27490 "-" "Mozilla/5.0 (Linux; Android 6.0.1; Nexus 5X Build/MMB29P) AppleWebKit/537.36 (KHTML, like Gecko) Chrome/146.0.7680.177 Mobile Safari/537.36 (compatible; Googlebot/2.1; +http://www.google.com/bot.html)"
74.7.242.33 - - [16/Apr/2026:20:00:48 +0000] "GET /shop/pg/1447309 HTTP/1.1" 404 13197 "https://www.elementalmill.com.lab2454.com/shop/pg/16201230849" "Mozilla/5.0 AppleWebKit/537.36 (KHTML, like Gecko; compatible; GPTBot/1.3; +https://openai.com/gptbot)"
139.162.194.112 - - [16/Apr/2026:20:00:50 +0000] "POST /wp-cron.php?doing_wp_cron=1776369650.9238519668579101562500 HTTP/1.1" 404 13178 "-" "WordPress/6.9.1; https://elementalmill.com"
74.7.227.151 - - [16/Apr/2026:20:00:53 +0000] "GET /shop/pg/1739639 HTTP/1.1" 301 839 "https://www.elementalmill.com/shopping/products/16211739639" "Mozilla/5.0 AppleWebKit/537.36 (KHTML, like Gecko; compatible; GPTBot/1.3; +https://openai.com/gptbot)"
74.7.242.33 - - [16/Apr/2026:20:00:57 +0000] "GET /shop/pg/1713539 HTTP/1.1" 404 13197 "https://www.elementalmill.com.lab2454.com/shop/pg/16201497074" "Mozilla/5.0 AppleWebKit/537.36 (KHTML, like Gecko; compatible; GPTBot/1.3; +https://openai.com/gptbot)"
74.7.243.209 - - [16/Apr/2026:20:01:01 +0000] "GET /shopping/products/16201487404 HTTP/1.1" 404 13197 "https://elementalmill.com.lab2454.com/shopping/products/16201287723" "Mozilla/5.0 AppleWebKit/537.36 (KHTML, like Gecko; compatible; GPTBot/1.3; +https://openai.com/gptbot)"
74.7.242.33 - - [16/Apr/2026:20:01:07 +0000] "GET /shop/pg/1655489 HTTP/1.1" 404 13197 "https://www.elementalmill.com.lab2454.com/shop/pg/16201439033" "Mozilla/5.0 AppleWebKit/537.36 (KHTML, like Gecko; compatible; GPTBot/1.3; +https://openai.com/gptbot)"
74.7.227.47 - - [16/Apr/2026:20:01:07 +0000] "GET /shop/pg/2412382 HTTP/1.1" 404 13197 "https://mail.elementalmill.com/shopping/products/16222412382" "Mozilla/5.0 AppleWebKit/537.36 (KHTML, like Gecko; compatible; GPTBot/1.3; +https://openai.com/gptbot)"
87.250.224.94 - - [16/Apr/2026:20:01:10 +0000] "GET /shopping/products/16222153581 HTTP/1.1" 404 13178 "-" "Mozilla/5.0 (compatible; YandexBot/3.0; +http://yandex.com/bots)"
74.7.227.151 - - [16/Apr/2026:20:01:14 +0000] "GET /shop/pg/2160024 HTTP/1.1" 301 839 "https://www.elementalmill.com/shopping/products/16222160024" "Mozilla/5.0 AppleWebKit/537.36 (KHTML, like Gecko; compatible; GPTBot/1.3; +https://openai.com/gptbot)"
74.7.242.33 - - [16/Apr/2026:20:01:17 +0000] "GET /shop/pg/1150773 HTTP/1.1" 404 13197 "https://www.elementalmill.com.lab2454.com/shop/pg/1149609" "Mozilla/5.0 AppleWebKit/537.36 (KHTML, like Gecko; compatible; GPTBot/1.3; +https://openai.com/gptbot)"
74.7.242.33 - - [16/Apr/2026:20:01:26 +0000] "GET /shop/pg/1477995 HTTP/1.1" 404 13197 "https://www.elementalmill.com.lab2454.com/shop/pg/16201261537" "Mozilla/5.0 AppleWebKit/537.36 (KHTML, like Gecko; compatible; GPTBot/1.3; +https://openai.com/gptbot)"
74.7.227.47 - - [16/Apr/2026:20:01:32 +0000] "GET /shop/pg/2427626 HTTP/1.1" 404 13197 "https://mail.elementalmill.com/?shopping/products/16222427626" "Mozilla/5.0 AppleWebKit/537.36 (KHTML, like Gecko; compatible; GPTBot/1.3; +https://openai.com/gptbot)"
74.7.243.209 - - [16/Apr/2026:20:01:33 +0000] "GET /shopping/products/16201479462 HTTP/1.1" 404 13197 "https://elementalmill.com.lab2454.com/shopping/products/16211913805" "Mozilla/5.0 AppleWebKit/537.36 (KHTML, like Gecko; compatible; GPTBot/1.3; +https://openai.com/gptbot)"
74.7.227.47 - - [16/Apr/2026:20:01:34 +0000] "GET /shop/pg/1619552874 HTTP/1.1" 404 13178 "https://www.elementalmill.com" "Mozilla/5.0 AppleWebKit/537.36 (KHTML, like Gecko; compatible; GPTBot/1.3; +https://openai.com/gptbot)"
74.7.227.151 - - [16/Apr/2026:20:01:35 +0000] "GET /shop/pg/2615161 HTTP/1.1" 301 839 "https://www.elementalmill.com/?shopping/products/16232615161" "Mozilla/5.0 AppleWebKit/537.36 (KHTML, like Gecko; compatible; GPTBot/1.3; +https://openai.com/gptbot)"
74.7.242.33 - - [16/Apr/2026:20:01:36 +0000] "GET /shop/pg/1169084 HTTP/1.1" 404 13197 "https://www.elementalmill.com.lab2454.com/shop/pg/16211544177" "Mozilla/5.0 AppleWebKit/537.36 (KHTML, like Gecko; compatible; GPTBot/1.3; +https://openai.com/gptbot)"
74.7.242.33 - - [16/Apr/2026:20:01:55 +0000] "GET /shop/pg/1215660 HTTP/1.1" 404 13197 "https://www.elementalmill.com.lab2454.com/shop/pg/1214511" "Mozilla/5.0 AppleWebKit/537.36 (KHTML, like Gecko; compatible; GPTBot/1.3; +https://openai.com/gptbot)"
74.7.227.151 - - [16/Apr/2026:20:01:57 +0000] "GET /shop/pg/1514402 HTTP/1.1" 301 839 "https://www.elementalmill.com/shop/customer/bookmark.php?shopping/products/16211514402" "Mozilla/5.0 AppleWebKit/537.36 (KHTML, like Gecko; compatible; GPTBot/1.3; +https://openai.com/gptbot)"
74.7.227.47 - - [16/Apr/2026:20:02:00 +0000] "GET /shop/pg/1618423855 HTTP/1.1" 404 13178 "https://elementalmill.com/index.php?shopping/products/1618418716" "Mozilla/5.0 AppleWebKit/537.36 (KHTML, like Gecko; compatible; GPTBot/1.3; +https://openai.com/gptbot)"
74.7.243.209 - - [16/Apr/2026:20:02:04 +0000] "GET /shopping/products/16201159869 HTTP/1.1" 404 13197 "https://elementalmill.com.lab2454.com/shopping/products/16201315878" "Mozilla/5.0 AppleWebKit/537.36 (KHTML, like Gecko; compatible; GPTBot/1.3; +https://openai.com/gptbot)"
74.7.242.33 - - [16/Apr/2026:20:02:05 +0000] "GET /shop/pg/1168159 HTTP/1.1" 404 13197 "https://www.elementalmill.com.lab2454.com/shop/pg/1167005" "Mozilla/5.0 AppleWebKit/537.36 (KHTML, like Gecko; compatible; GPTBot/1.3; +https://openai.com/gptbot)"
74.7.242.33 - - [16/Apr/2026:20:02:14 +0000] "GET /shop/pg/2335926 HTTP/1.1" 404 13197 "https://www.elementalmill.com.lab2454.com/shop/customer/bookmark.php?shopping/products/16222335926" "Mozilla/5.0 AppleWebKit/537.36 (KHTML, like Gecko; compatible; GPTBot/1.3; +https://openai.com/gptbot)"
74.7.242.33 - - [16/Apr/2026:20:02:23 +0000] "GET /shop/pg/1686077 HTTP/1.1" 404 13197 "https://www.elementalmill.com.lab2454.com/shop/pg/16201469609" "Mozilla/5.0 AppleWebKit/537.36 (KHTML, like Gecko; compatible; GPTBot/1.3; +https://openai.com/gptbot)"
74.7.242.33 - - [16/Apr/2026:20:02:33 +0000] "GET /shop/pg/1215623 HTTP/1.1" 404 13197 "https://www.elementalmill.com.lab2454.com/shop/pg/16211590716" "Mozilla/5.0 AppleWebKit/537.36 (KHTML, like Gecko; compatible; GPTBot/1.3; +https://openai.com/gptbot)"
74.7.243.209 - - [16/Apr/2026:20:02:36 +0000] "GET /shopping/products/16211518705 HTTP/1.1" 404 13197 "https://elementalmill.com.lab2454.com/shopping/products/16211607068" "Mozilla/5.0 AppleWebKit/537.36 (KHTML, like Gecko; compatible; GPTBot/1.3; +https://openai.com/gptbot)"
74.7.227.151 - - [16/Apr/2026:20:02:37 +0000] "GET /shop/pg/1795566 HTTP/1.1" 301 839 "https://www.elementalmill.com/?shopping/products/16211795566" "Mozilla/5.0 AppleWebKit/537.36 (KHTML, like Gecko; compatible; GPTBot/1.3; +https://openai.com/gptbot)"
74.7.242.33 - - [16/Apr/2026:20:02:52 +0000] "GET /shop/pg/1682834 HTTP/1.1" 404 13197 "https://www.elementalmill.com.lab2454.com/shop/pg/16201466372" "Mozilla/5.0 AppleWebKit/537.36 (KHTML, like Gecko; compatible; GPTBot/1.3; +https://openai.com/gptbot)"
74.7.227.47 - - [16/Apr/2026:20:02:53 +0000] "GET /shop/pg/1619759428 HTTP/1.1" 404 13178 "https://www.elementalmill.com" "Mozilla/5.0 AppleWebKit/537.36 (KHTML, like Gecko; compatible; GPTBot/1.3; +https://openai.com/gptbot)"
139.162.194.112 - - [16/Apr/2026:20:02:55 +0000] "POST /wp-cron.php?doing_wp_cron=1776369775.0469250679016113281250 HTTP/1.1" 404 13168 "-" "WordPress/6.9.1; https://elementalmill.com"
139.162.194.112 - - [16/Apr/2026:20:02:55 +0000] "POST /wp-cron.php?doing_wp_cron=1776369775.7905619144439697265625 HTTP/1.1" 404 13168 "-" "WordPress/6.9.1; https://elementalmill.com"
74.7.227.151 - - [16/Apr/2026:20:02:58 +0000] "GET /shop/pg/1919616 HTTP/1.1" 301 839 "https://www.elementalmill.com/shop/customer/bookmark.php?shopping/products/16211919616" "Mozilla/5.0 AppleWebKit/537.36 (KHTML, like Gecko; compatible; GPTBot/1.3; +https://openai.com/gptbot)"
74.7.242.33 - - [16/Apr/2026:20:03:01 +0000] "GET /shop/pg/1219607 HTTP/1.1" 404 13197 "https://www.elementalmill.com.lab2454.com/shop/pg/1218451" "Mozilla/5.0 AppleWebKit/537.36 (KHTML, like Gecko; compatible; GPTBot/1.3; +https://openai.com/gptbot)"
74.7.242.33 - - [16/Apr/2026:20:03:11 +0000] "GET /shop/pg/1399035 HTTP/1.1" 404 13197 "https://www.elementalmill.com.lab2454.com/shop/pg/1397859" "Mozilla/5.0 AppleWebKit/537.36 (KHTML, like Gecko; compatible; GPTBot/1.3; +https://openai.com/gptbot)"
74.7.227.47 - - [16/Apr/2026:20:03:18 +0000] "GET /shop/pg/1619860554 HTTP/1.1" 404 13178 "https://www.elementalmill.com" "Mozilla/5.0 AppleWebKit/537.36 (KHTML, like Gecko; compatible; GPTBot/1.3; +https://openai.com/gptbot)"
74.7.227.151 - - [16/Apr/2026:20:03:19 +0000] "GET /shop/pg/2589797 HTTP/1.1" 301 839 "https://www.elementalmill.com/shopping/products/16232589797" "Mozilla/5.0 AppleWebKit/537.36 (KHTML, like Gecko; compatible; GPTBot/1.3; +https://openai.com/gptbot)"
74.7.242.33 - - [16/Apr/2026:20:03:22 +0000] "GET /shop/pg/2117575 HTTP/1.1" 404 13197 "https://www.elementalmill.com.lab2454.com/shop/pg/1619976430" "Mozilla/5.0 AppleWebKit/537.36 (KHTML, like Gecko; compatible; GPTBot/1.3; +https://openai.com/gptbot)"
87.250.224.90 - - [16/Apr/2026:20:03:29 +0000] "GET /shopping/products/16201134985 HTTP/1.1" 404 13178 "-" "Mozilla/5.0 (compatible; YandexBot/3.0; +http://yandex.com/bots)"
74.7.242.33 - - [16/Apr/2026:20:03:30 +0000] "GET /shop/pg/1718162 HTTP/1.1" 404 13197 "https://www.elementalmill.com.lab2454.com/shop/pg/16201501712" "Mozilla/5.0 AppleWebKit/537.36 (KHTML, like Gecko; compatible; GPTBot/1.3; +https://openai.com/gptbot)"
74.7.243.209 - - [16/Apr/2026:20:03:40 +0000] "GET /shopping/products/16232532768 HTTP/1.1" 404 13197 "https://elementalmill.com.lab2454.com/shopping/products/16232508765" "Mozilla/5.0 AppleWebKit/537.36 (KHTML, like Gecko; compatible; GPTBot/1.3; +https://openai.com/gptbot)"
74.7.242.33 - - [16/Apr/2026:20:03:40 +0000] "GET /shop/pg/1197665 HTTP/1.1" 404 13197 "https://www.elementalmill.com.lab2454.com/shop/pg/16211572755" "Mozilla/5.0 AppleWebKit/537.36 (KHTML, like Gecko; compatible; GPTBot/1.3; +https://openai.com/gptbot)"
74.7.227.47 - - [16/Apr/2026:20:03:45 +0000] "GET /shop/pg/1280590 HTTP/1.1" 404 13197 "https://mail.elementalmill.com/?shopping/products/16201280590" "Mozilla/5.0 AppleWebKit/537.36 (KHTML, like Gecko; compatible; GPTBot/1.3; +https://openai.com/gptbot)"
74.7.242.33 - - [16/Apr/2026:20:03:50 +0000] "GET /shop/pg/1205182 HTTP/1.1" 404 13197 "https://www.elementalmill.com.lab2454.com/shop/pg/16211580280" "Mozilla/5.0 AppleWebKit/537.36 (KHTML, like Gecko; compatible; GPTBot/1.3; +https://openai.com/gptbot)"
74.7.227.47 - - [16/Apr/2026:20:03:51 +0000] "GET /shop/pg/1828227 HTTP/1.1" 404 13197 "https://mail.elementalmill.com/shopping/products/16211828227" "Mozilla/5.0 AppleWebKit/537.36 (KHTML, like Gecko; compatible; GPTBot/1.3; +https://openai.com/gptbot)"
74.7.227.47 - - [16/Apr/2026:20:03:57 +0000] "GET /shop/pg/1624254 HTTP/1.1" 404 13197 "https://mail.elementalmill.com/?shopping/products/16211624254" "Mozilla/5.0 AppleWebKit/537.36 (KHTML, like Gecko; compatible; GPTBot/1.3; +https://openai.com/gptbot)"
139.162.194.112 - - [16/Apr/2026:20:04:00 +0000] "POST /wp-cron.php?doing_wp_cron=1776369840.2109229564666748046875 HTTP/1.1" 404 13178 "-" "WordPress/6.9.1; https://elementalmill.com"
74.7.242.33 - - [16/Apr/2026:20:03:59 +0000] "GET /shop/pg/1216910 HTTP/1.1" 404 13197 "https://www.elementalmill.com.lab2454.com/shop/pg/16211592012" "Mozilla/5.0 AppleWebKit/537.36 (KHTML, like Gecko; compatible; GPTBot/1.3; +https://openai.com/gptbot)"
139.162.194.112 - - [16/Apr/2026:20:04:02 +0000] "POST /wp-cron.php?doing_wp_cron=1776369842.1028149127960205078125 HTTP/1.1" 404 13178 "-" "WordPress/6.9.1; https://elementalmill.com"
74.7.227.47 - - [16/Apr/2026:20:04:04 +0000] "GET /shop/pg/1325972 HTTP/1.1" 404 13197 "https://mail.elementalmill.com/?shopping/products/16201325972" "Mozilla/5.0 AppleWebKit/537.36 (KHTML, like Gecko; compatible; GPTBot/1.3; +https://openai.com/gptbot)"
74.7.242.33 - - [16/Apr/2026:20:04:08 +0000] "GET /shop/pg/1434862 HTTP/1.1" 404 13197 "https://www.elementalmill.com.lab2454.com/shop/pg/16201218411" "Mozilla/5.0 AppleWebKit/537.36 (KHTML, like Gecko; compatible; GPTBot/1.3; +https://openai.com/gptbot)"
74.7.243.209 - - [16/Apr/2026:20:04:12 +0000] "GET /shopping/products/16211596801 HTTP/1.1" 404 13197 "https://elementalmill.com.lab2454.com/shopping/products/16201049044" "Mozilla/5.0 AppleWebKit/537.36 (KHTML, like Gecko; compatible; GPTBot/1.3; +https://openai.com/gptbot)"
74.7.227.47 - - [16/Apr/2026:20:04:13 +0000] "GET /shop/pg/1619828634 HTTP/1.1" 404 13178 "https://www.elementalmill.com" "Mozilla/5.0 AppleWebKit/537.36 (KHTML, like Gecko; compatible; GPTBot/1.3; +https://openai.com/gptbot)"
74.7.242.33 - - [16/Apr/2026:20:04:27 +0000] "GET /shop/pg/1641895 HTTP/1.1" 404 13197 "https://www.elementalmill.com.lab2454.com/?shopping/products/16211641895" "Mozilla/5.0 AppleWebKit/537.36 (KHTML, like Gecko; compatible; GPTBot/1.3; +https://openai.com/gptbot)"
74.7.227.47 - - [16/Apr/2026:20:04:35 +0000] "GET /shop/pg/2130340 HTTP/1.1" 404 13197 "https://mail.elementalmill.com/?shopping/products/16222130340" "Mozilla/5.0 AppleWebKit/537.36 (KHTML, like Gecko; compatible; GPTBot/1.3; +https://openai.com/gptbot)"
74.7.242.33 - - [16/Apr/2026:20:04:36 +0000] "GET /shop/pg/2370813 HTTP/1.1" 404 13197 "https://www.elementalmill.com.lab2454.com/?shopping/products/16222370813" "Mozilla/5.0 AppleWebKit/537.36 (KHTML, like Gecko; compatible; GPTBot/1.3; +https://openai.com/gptbot)"
74.7.227.47 - - [16/Apr/2026:20:04:40 +0000] "GET /shop/pg/1618490206 HTTP/1.1" 404 13178 "https://www.elementalmill.com" "Mozilla/5.0 AppleWebKit/537.36 (KHTML, like Gecko; compatible; GPTBot/1.3; +https://openai.com/gptbot)"
74.7.227.47 - - [16/Apr/2026:20:04:42 +0000] "GET /shop/pg/2409371 HTTP/1.1" 404 13197 "https://mail.elementalmill.com/?shopping/products/16222409371" "Mozilla/5.0 AppleWebKit/537.36 (KHTML, like Gecko; compatible; GPTBot/1.3; +https://openai.com/gptbot)"
74.7.243.209 - - [16/Apr/2026:20:04:42 +0000] "GET /shopping/products/16201182507 HTTP/1.1" 404 13197 "https://elementalmill.com.lab2454.com/shopping/products/16201041591" "Mozilla/5.0 AppleWebKit/537.36 (KHTML, like Gecko; compatible; GPTBot/1.3; +https://openai.com/gptbot)"
74.7.227.151 - - [16/Apr/2026:20:04:44 +0000] "GET /shop/pg/1625093 HTTP/1.1" 301 839 "https://www.elementalmill.com/?shopping/products/16211625093" "Mozilla/5.0 AppleWebKit/537.36 (KHTML, like Gecko; compatible; GPTBot/1.3; +https://openai.com/gptbot)"
74.7.242.33 - - [16/Apr/2026:20:04:47 +0000] "GET /shop/pg/1487085 HTTP/1.1" 404 13197 "https://www.elementalmill.com.lab2454.com/shop/pg/16201270627" "Mozilla/5.0 AppleWebKit/537.36 (KHTML, like Gecko; compatible; GPTBot/1.3; +https://openai.com/gptbot)"
74.7.227.47 - - [16/Apr/2026:20:05:01 +0000] "GET /shop/pg/1574030 HTTP/1.1" 404 13197 "https://mail.elementalmill.com/?shopping/products/16211574030" "Mozilla/5.0 AppleWebKit/537.36 (KHTML, like Gecko; compatible; GPTBot/1.3; +https://openai.com/gptbot)"
139.162.194.112 - - [16/Apr/2026:20:05:03 +0000] "POST /wp-cron.php?doing_wp_cron=1776369903.7734990119934082031250 HTTP/1.1" 404 13168 "-" "WordPress/6.9.1; https://elementalmill.com"
74.7.227.151 - - [16/Apr/2026:20:05:04 +0000] "GET /shop/pg/1956765 HTTP/1.1" 301 839 "https://www.elementalmill.com/?shopping/products/16211956765" "Mozilla/5.0 AppleWebKit/537.36 (KHTML, like Gecko; compatible; GPTBot/1.3; +https://openai.com/gptbot)"
74.7.242.33 - - [16/Apr/2026:20:05:06 +0000] "GET /shop/pg/1558939 HTTP/1.1" 404 13197 "https://www.elementalmill.com.lab2454.com/shop/pg/16201342482" "Mozilla/5.0 AppleWebKit/537.36 (KHTML, like Gecko; compatible; GPTBot/1.3; +https://openai.com/gptbot)"
74.7.227.47 - - [16/Apr/2026:20:05:06 +0000] "GET /shop/pg/1619644705 HTTP/1.1" 404 13178 "https://elementalmill.com/shop/customer/bookmark.php?shopping/products/1619637825" "Mozilla/5.0 AppleWebKit/537.36 (KHTML, like Gecko; compatible; GPTBot/1.3; +https://openai.com/gptbot)"
182.44.12.37 - - [16/Apr/2026:20:05:06 +0000] "GET / HTTP/1.1" 200 19387 "http://elementalmill.com" "Mozilla/5.0 (iPhone; CPU iPhone OS 13_2_3 like Mac OS X) AppleWebKit/605.1.15 (KHTML, like Gecko) Version/13.0.3 Mobile/15E148 Safari/604.1"
74.7.243.209 - - [16/Apr/2026:20:05:13 +0000] "GET /shopping/products/16211772404 HTTP/1.1" 404 13197 "https://elementalmill.com.lab2454.com/shopping/products/16211647985" "Mozilla/5.0 AppleWebKit/537.36 (KHTML, like Gecko; compatible; GPTBot/1.3; +https://openai.com/gptbot)"
74.7.242.33 - - [16/Apr/2026:20:05:15 +0000] "GET /shop/pg/1632252 HTTP/1.1" 404 13197 "https://www.elementalmill.com.lab2454.com/shop/pg/1631094" "Mozilla/5.0 AppleWebKit/537.36 (KHTML, like Gecko; compatible; GPTBot/1.3; +https://openai.com/gptbot)"
74.7.227.47 - - [16/Apr/2026:20:05:20 +0000] "GET /shop/pg/2427621 HTTP/1.1" 404 13197 "https://mail.elementalmill.com/?shopping/products/16222427621" "Mozilla/5.0 AppleWebKit/537.36 (KHTML, like Gecko; compatible; GPTBot/1.3; +https://openai.com/gptbot)"
74.7.242.33 - - [16/Apr/2026:20:05:24 +0000] "GET /shop/pg/1241822 HTTP/1.1" 404 13197 "https://www.elementalmill.com.lab2454.com/shop/pg/16211616915" "Mozilla/5.0 AppleWebKit/537.36 (KHTML, like Gecko; compatible; GPTBot/1.3; +https://openai.com/gptbot)"
74.7.227.151 - - [16/Apr/2026:20:05:26 +0000] "GET /shop/pg/1924457 HTTP/1.1" 301 839 "https://www.elementalmill.com/shopping/products/16211924457" "Mozilla/5.0 AppleWebKit/537.36 (KHTML, like Gecko; compatible; GPTBot/1.3; +https://openai.com/gptbot)"
74.7.227.47 - - [16/Apr/2026:20:05:34 +0000] "GET /shop/pg/1619803972 HTTP/1.1" 404 13178 "https://www.elementalmill.com" "Mozilla/5.0 AppleWebKit/537.36 (KHTML, like Gecko; compatible; GPTBot/1.3; +https://openai.com/gptbot)"
74.7.242.33 - - [16/Apr/2026:20:05:34 +0000] "GET /shop/pg/1302470 HTTP/1.1" 404 13197 "https://www.elementalmill.com.lab2454.com/shop/pg/16211677560" "Mozilla/5.0 AppleWebKit/537.36 (KHTML, like Gecko; compatible; GPTBot/1.3; +https://openai.com/gptbot)"
74.7.242.33 - - [16/Apr/2026:20:05:44 +0000] "GET /shop/pg/1154760 HTTP/1.1" 404 13197 "https://www.elementalmill.com.lab2454.com/shop/pg/1153605" "Mozilla/5.0 AppleWebKit/537.36 (KHTML, like Gecko; compatible; GPTBot/1.3; +https://openai.com/gptbot)"
74.7.243.209 - - [16/Apr/2026:20:05:44 +0000] "GET /shopping/products/16201416132 HTTP/1.1" 404 13197 "https://elementalmill.com.lab2454.com/shopping/products/16211734667" "Mozilla/5.0 AppleWebKit/537.36 (KHTML, like Gecko; compatible; GPTBot/1.3; +https://openai.com/gptbot)"
74.7.227.151 - - [16/Apr/2026:20:05:47 +0000] "GET /shop/pg/1771621 HTTP/1.1" 301 839 "https://www.elementalmill.com/shopping/products/16211771621" "Mozilla/5.0 AppleWebKit/537.36 (KHTML, like Gecko; compatible; GPTBot/1.3; +https://openai.com/gptbot)"
66.249.64.41 - - [16/Apr/2026:20:05:51 +0000] "GET /shop/customer/bookmark.php?shopping/products/1619600832 HTTP/1.1" 200 27668 "-" "Mozilla/5.0 (Linux; Android 6.0.1; Nexus 5X Build/MMB29P) AppleWebKit/537.36 (KHTML, like Gecko) Chrome/146.0.7680.177 Mobile Safari/537.36 (compatible; Googlebot/2.1; +http://www.google.com/bot.html)"
66.249.64.39 - - [16/Apr/2026:20:05:52 +0000] "GET /shopping/products/16222411535 HTTP/1.1" 200 25443 "-" "Mozilla/5.0 (Linux; Android 6.0.1; Nexus 5X Build/MMB29P) AppleWebKit/537.36 (KHTML, like Gecko) Chrome/146.0.7680.177 Mobile Safari/537.36 (compatible; Googlebot/2.1; +http://www.google.com/bot.html)"
74.7.227.47 - - [16/Apr/2026:20:05:59 +0000] "GET /shop/pg/1618407724 HTTP/1.1" 404 13178 "https://elementalmill.com/?shopping/products/1618403496" "Mozilla/5.0 AppleWebKit/537.36 (KHTML, like Gecko; compatible; GPTBot/1.3; +https://openai.com/gptbot)"
74.7.242.33 - - [16/Apr/2026:20:06:02 +0000] "GET /shop/pg/1702248 HTTP/1.1" 404 13197 "https://www.elementalmill.com.lab2454.com/shop/pg/16201485781" "Mozilla/5.0 AppleWebKit/537.36 (KHTML, like Gecko; compatible; GPTBot/1.3; +https://openai.com/gptbot)"
139.162.194.112 - - [16/Apr/2026:20:06:07 +0000] "POST /wp-cron.php?doing_wp_cron=1776369967.3880870342254638671875 HTTP/1.1" 404 13178 "-" "WordPress/6.9.1; https://elementalmill.com"
74.7.227.151 - - [16/Apr/2026:20:06:07 +0000] "GET /shop/pg/1718129 HTTP/1.1" 301 839 "https://www.elementalmill.com/?shopping/products/16211718129" "Mozilla/5.0 AppleWebKit/537.36 (KHTML, like Gecko; compatible; GPTBot/1.3; +https://openai.com/gptbot)"
66.249.64.39 - - [16/Apr/2026:20:06:10 +0000] "GET /ctg/apiAllLCate/ HTTP/1.1" 200 26856 "https://elementalmill.com/shop/customer/bookmark.php?shopping/products/1619600832" "Mozilla/5.0 (Linux; Android 6.0.1; Nexus 5X Build/MMB29P) AppleWebKit/537.36 (KHTML, like Gecko) Chrome/146.0.7680.177 Mobile Safari/537.36 (compatible; Googlebot/2.1; +http://www.google.com/bot.html)"
74.7.242.33 - - [16/Apr/2026:20:06:12 +0000] "GET /shop/pg/1543609 HTTP/1.1" 404 13197 "https://www.elementalmill.com.lab2454.com/shop/pg/16201327149" "Mozilla/5.0 AppleWebKit/537.36 (KHTML, like Gecko; compatible; GPTBot/1.3; +https://openai.com/gptbot)"
74.7.243.209 - - [16/Apr/2026:20:06:15 +0000] "GET /shopping/products/16211697528 HTTP/1.1" 404 13197 "https://elementalmill.com.lab2454.com/shopping/products/16211838290" "Mozilla/5.0 AppleWebKit/537.36 (KHTML, like Gecko; compatible; GPTBot/1.3; +https://openai.com/gptbot)"
74.7.242.33 - - [16/Apr/2026:20:06:21 +0000] "GET /shop/pg/1151282 HTTP/1.1" 404 13197 "https://www.elementalmill.com.lab2454.com/shop/pg/16211526375" "Mozilla/5.0 AppleWebKit/537.36 (KHTML, like Gecko; compatible; GPTBot/1.3; +https://openai.com/gptbot)"
74.7.227.47 - - [16/Apr/2026:20:06:26 +0000] "GET /shop/pg/1619874256 HTTP/1.1" 404 13178 "https://www.elementalmill.com" "Mozilla/5.0 AppleWebKit/537.36 (KHTML, like Gecko; compatible; GPTBot/1.3; +https://openai.com/gptbot)"
74.7.242.33 - - [16/Apr/2026:20:06:31 +0000] "GET /shop/pg/1214181 HTTP/1.1" 404 13197 "https://www.elementalmill.com.lab2454.com/shopping/products/16201214181" "Mozilla/5.0 AppleWebKit/537.36 (KHTML, like Gecko; compatible; GPTBot/1.3; +https://openai.com/gptbot)"
87.250.224.16 - - [16/Apr/2026:20:06:38 +0000] "GET /shopping/products/16222028798 HTTP/1.1" 404 13178 "-" "Mozilla/5.0 (compatible; YandexBot/3.0; +http://yandex.com/bots)"
74.7.242.33 - - [16/Apr/2026:20:06:40 +0000] "GET /shop/pg/1306408 HTTP/1.1" 404 13197 "https://www.elementalmill.com.lab2454.com/shop/pg/1305254" "Mozilla/5.0 AppleWebKit/537.36 (KHTML, like Gecko; compatible; GPTBot/1.3; +https://openai.com/gptbot)"
213.180.203.120 - - [16/Apr/2026:20:06:40 +0000] "GET /shopping/products/16222136765 HTTP/1.1" 404 13178 "-" "Mozilla/5.0 (compatible; YandexBot/3.0; +http://yandex.com/bots)"
213.180.203.114 - - [16/Apr/2026:20:06:43 +0000] "GET /shopping/products/161993405685 HTTP/1.1" 404 13178 "-" "Mozilla/5.0 (compatible; YandexBot/3.0; +http://yandex.com/bots)"
66.249.64.39 - - [16/Apr/2026:20:06:46 +0000] "GET /?shop/88932993916.html HTTP/1.1" 200 26777 "-" "Mozilla/5.0 (Linux; Android 6.0.1; Nexus 5X Build/MMB29P) AppleWebKit/537.36 (KHTML, like Gecko) Chrome/146.0.7680.177 Mobile Safari/537.36 (compatible; Googlebot/2.1; +http://www.google.com/bot.html)"
74.7.243.209 - - [16/Apr/2026:20:06:46 +0000] "GET /shopping/products/16232572736 HTTP/1.1" 404 13197 "https://elementalmill.com.lab2454.com/shopping/products/16232539126" "Mozilla/5.0 AppleWebKit/537.36 (KHTML, like Gecko; compatible; GPTBot/1.3; +https://openai.com/gptbot)"
74.7.227.151 - - [16/Apr/2026:20:06:49 +0000] "GET /shop/pg/2457955 HTTP/1.1" 301 839 "https://www.elementalmill.com/?shopping/products/16222457955" "Mozilla/5.0 AppleWebKit/537.36 (KHTML, like Gecko; compatible; GPTBot/1.3; +https://openai.com/gptbot)"
74.7.242.33 - - [16/Apr/2026:20:06:50 +0000] "GET /shop/pg/1270979 HTTP/1.1" 404 13197 "https://www.elementalmill.com.lab2454.com/shop/pg/16211646069" "Mozilla/5.0 AppleWebKit/537.36 (KHTML, like Gecko; compatible; GPTBot/1.3; +https://openai.com/gptbot)"
74.7.227.47 - - [16/Apr/2026:20:06:53 +0000] "GET /shop/pg/1619520275 HTTP/1.1" 404 13178 "https://www.elementalmill.com" "Mozilla/5.0 AppleWebKit/537.36 (KHTML, like Gecko; compatible; GPTBot/1.3; +https://openai.com/gptbot)"
74.7.242.33 - - [16/Apr/2026:20:06:59 +0000] "GET /shop/pg/1416107 HTTP/1.1" 404 13197 "https://www.elementalmill.com.lab2454.com/shop/pg/1414945" "Mozilla/5.0 AppleWebKit/537.36 (KHTML, like Gecko; compatible; GPTBot/1.3; +https://openai.com/gptbot)"
74.7.242.33 - - [16/Apr/2026:20:07:08 +0000] "GET /shop/pg/1684997 HTTP/1.1" 404 13197 "https://www.elementalmill.com.lab2454.com/shop/pg/16201468529" "Mozilla/5.0 AppleWebKit/537.36 (KHTML, like Gecko; compatible; GPTBot/1.3; +https://openai.com/gptbot)"
74.7.227.151 - - [16/Apr/2026:20:07:09 +0000] "GET /shop/pg/1892917 HTTP/1.1" 301 839 "https://www.elementalmill.com/?shopping/products/16211892917" "Mozilla/5.0 AppleWebKit/537.36 (KHTML, like Gecko; compatible; GPTBot/1.3; +https://openai.com/gptbot)"
139.162.194.112 - - [16/Apr/2026:20:07:12 +0000] "POST /wp-cron.php?doing_wp_cron=1776370032.7583470344543457031250 HTTP/1.1" 404 13178 "-" "WordPress/6.9.1; https://elementalmill.com"
139.162.194.112 - - [16/Apr/2026:20:07:13 +0000] "POST /wp-cron.php?doing_wp_cron=1776370033.2941598892211914062500 HTTP/1.1" 404 13168 "-" "WordPress/6.9.1; https://elementalmill.com"
74.7.242.33 - - [16/Apr/2026:20:07:17 +0000] "GET /shop/pg/1508143 HTTP/1.1" 404 13197 "https://www.elementalmill.com.lab2454.com/shop/pg/16201291677" "Mozilla/5.0 AppleWebKit/537.36 (KHTML, like Gecko; compatible; GPTBot/1.3; +https://openai.com/gptbot)"
74.7.227.47 - - [16/Apr/2026:20:07:18 +0000] "GET /shop/pg/1196153 HTTP/1.1" 404 13197 "https://mail.elementalmill.com/?shopping/products/16201196153" "Mozilla/5.0 AppleWebKit/537.36 (KHTML, like Gecko; compatible; GPTBot/1.3; +https://openai.com/gptbot)"
74.7.227.47 - - [16/Apr/2026:20:07:19 +0000] "GET /shop/pg/1618292094 HTTP/1.1" 404 13178 "https://elementalmill.com/index.php?shopping/products/1618286951" "Mozilla/5.0 AppleWebKit/537.36 (KHTML, like Gecko; compatible; GPTBot/1.3; +https://openai.com/gptbot)"
74.7.242.33 - - [16/Apr/2026:20:07:27 +0000] "GET /shop/pg/1411745 HTTP/1.1" 404 13197 "https://www.elementalmill.com.lab2454.com/shop/pg/1410586" "Mozilla/5.0 AppleWebKit/537.36 (KHTML, like Gecko; compatible; GPTBot/1.3; +https://openai.com/gptbot)"
74.7.227.47 - - [16/Apr/2026:20:07:31 +0000] "GET /shop/pg/1596463 HTTP/1.1" 404 13197 "https://mail.elementalmill.com/?shopping/products/16211596463" "Mozilla/5.0 AppleWebKit/537.36 (KHTML, like Gecko; compatible; GPTBot/1.3; +https://openai.com/gptbot)"
74.7.242.33 - - [16/Apr/2026:20:07:36 +0000] "GET /shop/pg/1416682 HTTP/1.1" 404 13197 "https://www.elementalmill.com.lab2454.com/shop/pg/16201200240" "Mozilla/5.0 AppleWebKit/537.36 (KHTML, like Gecko; compatible; GPTBot/1.3; +https://openai.com/gptbot)"
95.108.213.100 - - [16/Apr/2026:20:07:45 +0000] "GET /shopping/products/162263338220 HTTP/1.1" 404 13178 "-" "Mozilla/5.0 (compatible; YandexBot/3.0; +http://yandex.com/bots)"
74.7.242.33 - - [16/Apr/2026:20:07:46 +0000] "GET /shop/pg/1416362 HTTP/1.1" 404 13197 "https://www.elementalmill.com.lab2454.com/shop/pg/1415212" "Mozilla/5.0 AppleWebKit/537.36 (KHTML, like Gecko; compatible; GPTBot/1.3; +https://openai.com/gptbot)"
74.7.243.209 - - [16/Apr/2026:20:07:49 +0000] "GET /shopping/products/16211795713 HTTP/1.1" 404 13197 "https://elementalmill.com.lab2454.com/shopping/products/16211540289" "Mozilla/5.0 AppleWebKit/537.36 (KHTML, like Gecko; compatible; GPTBot/1.3; +https://openai.com/gptbot)"
74.7.227.151 - - [16/Apr/2026:20:07:52 +0000] "GET /shop/pg/2087378 HTTP/1.1" 301 839 "https://www.elementalmill.com/shopping/products/16222087378" "Mozilla/5.0 AppleWebKit/537.36 (KHTML, like Gecko; compatible; GPTBot/1.3; +https://openai.com/gptbot)"
74.7.242.33 - - [16/Apr/2026:20:07:55 +0000] "GET /shop/pg/1717733 HTTP/1.1" 404 13197 "https://www.elementalmill.com.lab2454.com/shop/pg/16201501277" "Mozilla/5.0 AppleWebKit/537.36 (KHTML, like Gecko; compatible; GPTBot/1.3; +https://openai.com/gptbot)"
74.7.227.47 - - [16/Apr/2026:20:08:00 +0000] "GET /shop/pg/1790020 HTTP/1.1" 404 13197 "https://mail.elementalmill.com/?shopping/products/16211790020" "Mozilla/5.0 AppleWebKit/537.36 (KHTML, like Gecko; compatible; GPTBot/1.3; +https://openai.com/gptbot)"
74.7.242.33 - - [16/Apr/2026:20:08:05 +0000] "GET /shop/pg/1131920 HTTP/1.1" 404 13197 "https://www.elementalmill.com.lab2454.com/shop/pg/16211507019" "Mozilla/5.0 AppleWebKit/537.36 (KHTML, like Gecko; compatible; GPTBot/1.3; +https://openai.com/gptbot)"
74.7.227.47 - - [16/Apr/2026:20:08:12 +0000] "GET /shop/pg/1619543701 HTTP/1.1" 404 13178 "https://www.elementalmill.com" "Mozilla/5.0 AppleWebKit/537.36 (KHTML, like Gecko; compatible; GPTBot/1.3; +https://openai.com/gptbot)"
139.162.194.112 - - [16/Apr/2026:20:08:15 +0000] "POST /wp-cron.php?doing_wp_cron=1776370095.0473330020904541015625 HTTP/1.1" 404 13168 "-" "WordPress/6.9.1; https://elementalmill.com"
74.7.242.33 - - [16/Apr/2026:20:08:15 +0000] "GET /shop/pg/1598326 HTTP/1.1" 404 13197 "https://www.elementalmill.com.lab2454.com/shop/pg/1597157" "Mozilla/5.0 AppleWebKit/537.36 (KHTML, like Gecko; compatible; GPTBot/1.3; +https://openai.com/gptbot)"
74.7.243.209 - - [16/Apr/2026:20:08:20 +0000] "GET /shopping/products/16201492168 HTTP/1.1" 404 13197 "https://elementalmill.com.lab2454.com/shopping/products/16211517647" "Mozilla/5.0 AppleWebKit/537.36 (KHTML, like Gecko; compatible; GPTBot/1.3; +https://openai.com/gptbot)"
74.7.242.33 - - [16/Apr/2026:20:08:24 +0000] "GET /shop/pg/1445956 HTTP/1.1" 404 13197 "https://www.elementalmill.com.lab2454.com/shop/pg/16201229493" "Mozilla/5.0 AppleWebKit/537.36 (KHTML, like Gecko; compatible; GPTBot/1.3; +https://openai.com/gptbot)"
74.7.227.151 - - [16/Apr/2026:20:08:32 +0000] "GET /shop/pg/2061043 HTTP/1.1" 301 839 "https://www.elementalmill.com/shopping/products/16222061043" "Mozilla/5.0 AppleWebKit/537.36 (KHTML, like Gecko; compatible; GPTBot/1.3; +https://openai.com/gptbot)"
74.7.242.33 - - [16/Apr/2026:20:08:33 +0000] "GET /shop/pg/1257534 HTTP/1.1" 404 13197 "https://www.elementalmill.com.lab2454.com/shop/pg/1256373" "Mozilla/5.0 AppleWebKit/537.36 (KHTML, like Gecko; compatible; GPTBot/1.3; +https://openai.com/gptbot)"
74.7.227.47 - - [16/Apr/2026:20:08:38 +0000] "GET /shop/pg/1618244637 HTTP/1.1" 404 13178 "https://www.elementalmill.com" "Mozilla/5.0 AppleWebKit/537.36 (KHTML, like Gecko; compatible; GPTBot/1.3; +https://openai.com/gptbot)"
95.108.213.87 - - [16/Apr/2026:20:08:40 +0000] "GET /shopping/products/16211915498 HTTP/1.1" 404 13178 "-" "Mozilla/5.0 (compatible; YandexBot/3.0; +http://yandex.com/bots)"
[+]
..
[-] climateassettrade.com.lab2454.com-ssl_log
[edit]
[-] erbarter.com.lab2454.com
[edit]
[-] crediteen.com.lab2454.com
[edit]
[-] africanforeigninvestment.com.lab2454.com-ssl_log
[edit]
[-] highnetrock.com.lab2454.com-ssl_log
[edit]
[-] nationalclimatechangeregistry.com.lab2454.com
[edit]
[-] crypthorize.net.lab2454.com
[edit]
[-] isparxcloud.com.lab2454.com-ssl_log
[edit]
[-] securepaychip.com.lab2454.com
[edit]
[-] carbonbullionmint.com.lab2454.com
[edit]
[-] shakalar.com.lab2454.com
[edit]
[-] am.elementalrock.com
[edit]
[-] shakcoin.com.lab2454.com-ssl_log
[edit]
[-] tudeflix.com.lab2454.com
[edit]
[-] vaxfi.com.lab2454.com
[edit]
[-] westernclear.net.lab2454.com-ssl_log
[edit]
[-] beleci.com.lab2454.com-ssl_log
[edit]
[-] sports.sparxnovate.com.lab2454.com
[edit]
[-] nfsin.org.lab2454.com
[edit]
[-] reelcode.com.lab2454.com
[edit]
[-] dansact.com.lab2454.com-ssl_log
[edit]
[-] worldcarboncapture.com.lab2454.com-ssl_log
[edit]
[-] payvory.com.lab2454.com
[edit]
[-] amgholdingcompany.com.lab2454.com
[edit]
[-] omvstudio.com.lab2454.com-ssl_log
[edit]
[-] kyotounitnotes.com.lab2454.com
[edit]
[-] keebchat.com.lab2454.com
[edit]
[-] africanforeignfinancialcredit.com.lab2454.com
[edit]
[-] vkeycloud.com.lab2454.com-ssl_log
[edit]
