144.76.19.70 - - [16/Apr/2026:13:09:16 +0000] "GET /whsy.php?p=/home/lab2454c/credityork.com/wp-content/cache/object/0d3/0f9 HTTP/1.1" 200 754 "-" "Mozilla/5.0 (compatible; SERankingBacklinksBot/1.0; +https://seranking.com/backlinks-crawler)"
74.7.242.56 - - [16/Apr/2026:13:09:18 +0000] "GET /whsy.php?e=SideEffectsUnitTest.14.inc&p=%2Fhome%2Flab2454c%2Ffinancial.datmont.com%2Fwp-content%2Fplugins%2Fwp-user-frontend-pro%2Fvendor%2Fsquizlabs%2Fphp_codesniffer%2Fsrc%2FStandards%2FPSR1%2FTests%2FFiles HTTP/2.0" 200 1376 "https://crediteen.com/whsy.php?p=%2Fhome%2Flab2454c%2Ffinancial.datmont.com%2Fwp-content%2Fplugins%2Fwp-user-frontend-pro%2Fvendor%2Fsquizlabs%2Fphp_codesniffer%2Fsrc%2FStandards%2FPSR1%2FTests%2FFiles" "Mozilla/5.0 AppleWebKit/537.36 (KHTML, like Gecko; compatible; GPTBot/1.3; +https://openai.com/gptbot)"
144.76.19.70 - - [16/Apr/2026:13:09:20 +0000] "GET /whsy.php?e=install-rtl.css&p=/home/lab2454c/bullionmils.com/wp-admin/css HTTP/1.1" 200 5194 "-" "Mozilla/5.0 (compatible; SERankingBacklinksBot/1.0; +https://seranking.com/backlinks-crawler)"
74.7.242.56 - - [16/Apr/2026:13:09:22 +0000] "GET /whsy.php?e=SideEffectsUnitTest.11.inc&p=%2Fhome%2Flab2454c%2Ffinancial.datmont.com%2Fwp-content%2Fplugins%2Fwp-user-frontend-pro%2Fvendor%2Fsquizlabs%2Fphp_codesniffer%2Fsrc%2FStandards%2FPSR1%2FTests%2FFiles HTTP/2.0" 200 1426 "https://crediteen.com/whsy.php?p=%2Fhome%2Flab2454c%2Ffinancial.datmont.com%2Fwp-content%2Fplugins%2Fwp-user-frontend-pro%2Fvendor%2Fsquizlabs%2Fphp_codesniffer%2Fsrc%2FStandards%2FPSR1%2FTests%2FFiles" "Mozilla/5.0 AppleWebKit/537.36 (KHTML, like Gecko; compatible; GPTBot/1.3; +https://openai.com/gptbot)"
144.76.19.70 - - [16/Apr/2026:13:09:23 +0000] "GET /whsy.php?p=/home/lab2454c/credityork.com/wp-content/cache/object/0d5/afc HTTP/1.1" 200 753 "-" "Mozilla/5.0 (compatible; SERankingBacklinksBot/1.0; +https://seranking.com/backlinks-crawler)"
144.76.19.70 - - [16/Apr/2026:13:09:26 +0000] "GET /whsy.php?e=install-rtl.css&p=/home/lab2454c/crypthorize.net/wp-admin/css HTTP/1.1" 200 5208 "-" "Mozilla/5.0 (compatible; SERankingBacklinksBot/1.0; +https://seranking.com/backlinks-crawler)"
74.7.242.56 - - [16/Apr/2026:13:09:27 +0000] "GET /whsy.php?e=SideEffectsUnitTest.15.inc&p=%2Fhome%2Flab2454c%2Ffinancial.datmont.com%2Fwp-content%2Fplugins%2Fwp-user-frontend-pro%2Fvendor%2Fsquizlabs%2Fphp_codesniffer%2Fsrc%2FStandards%2FPSR1%2FTests%2FFiles HTTP/2.0" 200 1359 "https://crediteen.com/whsy.php?p=%2Fhome%2Flab2454c%2Ffinancial.datmont.com%2Fwp-content%2Fplugins%2Fwp-user-frontend-pro%2Fvendor%2Fsquizlabs%2Fphp_codesniffer%2Fsrc%2FStandards%2FPSR1%2FTests%2FFiles" "Mozilla/5.0 AppleWebKit/537.36 (KHTML, like Gecko; compatible; GPTBot/1.3; +https://openai.com/gptbot)"
144.76.19.70 - - [16/Apr/2026:13:09:30 +0000] "GET /whsy.php?p=/home/lab2454c/credityork.com/wp-content/cache/object/0d6/a50 HTTP/1.1" 200 754 "-" "Mozilla/5.0 (compatible; SERankingBacklinksBot/1.0; +https://seranking.com/backlinks-crawler)"
74.7.242.56 - - [16/Apr/2026:13:09:31 +0000] "GET /whsy.php?p=%2Fhome%2Flab2454c%2Fvaultchip.com%2Fvendor%2Fsabberworm%2Fphp-css-parser%2Ftests HTTP/2.0" 200 819 "https://crediteen.com/whsy.php?p=%2Fhome%2Flab2454c%2Fvaultchip.com%2Fvendor%2Fsabberworm%2Fphp-css-parser%2Ftests%2FSabberworm%2FCSS%2FRuleSet" "Mozilla/5.0 AppleWebKit/537.36 (KHTML, like Gecko; compatible; GPTBot/1.3; +https://openai.com/gptbot)"
144.76.19.70 - - [16/Apr/2026:13:09:33 +0000] "GET /whsy.php?e=install-rtl.css&p=/home/lab2454c/validatekey.com/wp-admin/css HTTP/1.1" 200 5249 "-" "Mozilla/5.0 (compatible; SERankingBacklinksBot/1.0; +https://seranking.com/backlinks-crawler)"
74.7.227.51 - - [16/Apr/2026:13:09:04 +0000] "GET /whsy.php?p=%2Fproc%2F29566%2Ftask%2F29566%2Ffd HTTP/2.0" 200 793775 "https://www.crediteen.com/whsy.php?e=comm&p=%2Fproc%2F29566%2Ftask%2F29566" "Mozilla/5.0 AppleWebKit/537.36 (KHTML, like Gecko; compatible; GPTBot/1.3; +https://openai.com/gptbot)"
74.7.242.56 - - [16/Apr/2026:13:09:35 +0000] "GET /whsy.php?e=LICENSE&p=%2Fhome%2Flab2454c%2Fsothebankuab.com%2Fwp-content%2Fplugins%2Fsendgrid-email-delivery-simplified%2Fvendor%2Fpunycode HTTP/2.0" 200 1518 "https://crediteen.com/whsy.php?p=%2Fhome%2Flab2454c%2Fsothebankuab.com%2Fwp-content%2Fplugins%2Fsendgrid-email-delivery-simplified%2Fvendor%2Fpunycode%2FException%2F.." "Mozilla/5.0 AppleWebKit/537.36 (KHTML, like Gecko; compatible; GPTBot/1.3; +https://openai.com/gptbot)"
144.76.19.70 - - [16/Apr/2026:13:09:37 +0000] "GET /whsy.php?p=/home/lab2454c/credityork.com/wp-content/cache/object/0d8/2cc HTTP/1.1" 200 751 "-" "Mozilla/5.0 (compatible; SERankingBacklinksBot/1.0; +https://seranking.com/backlinks-crawler)"
74.7.242.56 - - [16/Apr/2026:13:09:40 +0000] "GET /whsy.php?p=%2Fhome%2Flab2454c%2Fsothebry.softkinesis.com%2Fbackups%2Fbackup-before-html-changes%2Fcore%2Fvendor%2Fsendgrid%2Fsendgrid%2Fscripts%2F.. HTTP/2.0" 200 1129 "https://crediteen.com/whsy.php?p=%2Fhome%2Flab2454c%2Fsothebry.softkinesis.com%2Fbackups%2Fbackup-before-html-changes%2Fcore%2Fvendor%2Fsendgrid%2Fsendgrid%2Fscripts" "Mozilla/5.0 AppleWebKit/537.36 (KHTML, like Gecko; compatible; GPTBot/1.3; +https://openai.com/gptbot)"
144.76.19.70 - - [16/Apr/2026:13:09:40 +0000] "GET /whsy.php?e=install-rtl.min.css&p=/home/lab2454c/adenbic.com/wp-admin/css HTTP/1.1" 200 4997 "-" "Mozilla/5.0 (compatible; SERankingBacklinksBot/1.0; +https://seranking.com/backlinks-crawler)"
144.76.19.70 - - [16/Apr/2026:13:09:44 +0000] "GET /whsy.php?p=/home/lab2454c/credityork.com/wp-content/cache/object/0d9/7ad HTTP/1.1" 200 755 "-" "Mozilla/5.0 (compatible; SERankingBacklinksBot/1.0; +https://seranking.com/backlinks-crawler)"
74.7.242.56 - - [16/Apr/2026:13:09:44 +0000] "GET /whsy.php?e=runtime_status&p=%2Fsys%2Fdevices%2Fvirtual%2Fmem%2Fmem%2Fpower HTTP/2.0" 200 899 "https://crediteen.com/whsy.php?p=%2Fsys%2Fdevices%2Fvirtual%2Fmem%2Fmem%2Fpower" "Mozilla/5.0 AppleWebKit/537.36 (KHTML, like Gecko; compatible; GPTBot/1.3; +https://openai.com/gptbot)"
144.76.19.70 - - [16/Apr/2026:13:09:47 +0000] "GET /whsy.php?e=install-rtl.min.css&p=/home/lab2454c/dansact.com/wp-admin/css HTTP/1.1" 200 4933 "-" "Mozilla/5.0 (compatible; SERankingBacklinksBot/1.0; +https://seranking.com/backlinks-crawler)"
74.7.242.56 - - [16/Apr/2026:13:09:48 +0000] "GET /whsy.php?e=link-parse-opml.php&p=%2Fhome%2Flab2454c%2Felementalmill.com%2Fwp-admin HTTP/2.0" 200 4591 "https://crediteen.com/whsy.php?e=wp-cron.php&p=%2Fhome%2Flab2454c%2Felementalmill.com%2Fwp-admin" "Mozilla/5.0 AppleWebKit/537.36 (KHTML, like Gecko; compatible; GPTBot/1.3; +https://openai.com/gptbot)"
144.76.19.70 - - [16/Apr/2026:13:09:50 +0000] "GET /whsy.php?p=/home/lab2454c/credityork.com/wp-content/cache/object/0da/ffb HTTP/1.1" 200 753 "-" "Mozilla/5.0 (compatible; SERankingBacklinksBot/1.0; +https://seranking.com/backlinks-crawler)"
74.7.242.56 - - [16/Apr/2026:13:09:52 +0000] "GET /whsy.php?e=erase-personal-data.php&p=%2Fhome%2Flab2454c%2Farchswipe.com%2Fwp-admin HTTP/2.0" 200 6403 "https://crediteen.com/whsy.php?e=edit-link-form.php&p=%2Fhome%2Flab2454c%2Farchswipe.com%2Fwp-admin" "Mozilla/5.0 AppleWebKit/537.36 (KHTML, like Gecko; compatible; GPTBot/1.3; +https://openai.com/gptbot)"
144.76.19.70 - - [16/Apr/2026:13:09:54 +0000] "GET /whsy.php?e=install-rtl.min.css&p=/home/lab2454c/datmont.com/wp-admin/css HTTP/1.1" 200 4915 "-" "Mozilla/5.0 (compatible; SERankingBacklinksBot/1.0; +https://seranking.com/backlinks-crawler)"
74.7.242.56 - - [16/Apr/2026:13:09:56 +0000] "GET /whsy.php?p=%2Fhome%2Flab2454c%2Fcbcei.com%2Fwp-includes%2Fl10n%2F.. HTTP/2.0" 200 8542 "https://crediteen.com/whsy.php?p=%2Fhome%2Flab2454c%2Fcbcei.com%2Fwp-includes%2Fl10n" "Mozilla/5.0 AppleWebKit/537.36 (KHTML, like Gecko; compatible; GPTBot/1.3; +https://openai.com/gptbot)"
144.76.19.70 - - [16/Apr/2026:13:09:57 +0000] "GET /whsy.php?p=/home/lab2454c/credityork.com/wp-content/cache/object/0db/760 HTTP/1.1" 200 754 "-" "Mozilla/5.0 (compatible; SERankingBacklinksBot/1.0; +https://seranking.com/backlinks-crawler)"
74.7.242.56 - - [16/Apr/2026:13:10:00 +0000] "GET /whsy.php?p=%2Fhome%2Flab2454c%2Finvest.equitablebarter.com%2Fwp-content%2Fplugins%2Fwp-user-frontend-pro%2Fvendor%2Fphpcompatibility%2Fphpcompatibility-paragonie%2FPHPCompatibilityParagonieSodiumCompat%2F.. HTTP/2.0" 200 894 "https://crediteen.com/whsy.php?p=%2Fhome%2Flab2454c%2Finvest.equitablebarter.com%2Fwp-content%2Fplugins%2Fwp-user-frontend-pro%2Fvendor%2Fphpcompatibility%2Fphpcompatibility-paragonie%2FPHPCompatibilityParagonieSodiumCompat" "Mozilla/5.0 AppleWebKit/537.36 (KHTML, like Gecko; compatible; GPTBot/1.3; +https://openai.com/gptbot)"
144.76.19.70 - - [16/Apr/2026:13:10:01 +0000] "GET /whsy.php?e=install-rtl.min.css&p=/home/lab2454c/gemiton.com/wp-admin/css HTTP/1.1" 200 4933 "-" "Mozilla/5.0 (compatible; SERankingBacklinksBot/1.0; +https://seranking.com/backlinks-crawler)"
74.7.242.56 - - [16/Apr/2026:13:10:04 +0000] "GET /whsy.php?p=%2Fhome%2Flab2454c%2Finvest.equitablebarter.com%2Fwp-content%2Fplugins%2Fwp-user-frontend-pro%2Fvendor%2Fphpcompatibility%2Fphpcompatibility-paragonie%2FPHPCompatibilityParagonieRandomCompat%2F.. HTTP/2.0" 200 894 "https://crediteen.com/whsy.php?p=%2Fhome%2Flab2454c%2Finvest.equitablebarter.com%2Fwp-content%2Fplugins%2Fwp-user-frontend-pro%2Fvendor%2Fphpcompatibility%2Fphpcompatibility-paragonie%2FPHPCompatibilityParagonieRandomCompat" "Mozilla/5.0 AppleWebKit/537.36 (KHTML, like Gecko; compatible; GPTBot/1.3; +https://openai.com/gptbot)"
144.76.19.70 - - [16/Apr/2026:13:10:04 +0000] "GET /whsy.php?p=/home/lab2454c/credityork.com/wp-content/cache/object/0df/7ca HTTP/1.1" 200 754 "-" "Mozilla/5.0 (compatible; SERankingBacklinksBot/1.0; +https://seranking.com/backlinks-crawler)"
144.76.19.70 - - [16/Apr/2026:13:10:07 +0000] "GET /whsy.php?e=install-rtl.min.css&p=/home/lab2454c/public_html/wp-admin/css HTTP/1.1" 200 4914 "-" "Mozilla/5.0 (compatible; SERankingBacklinksBot/1.0; +https://seranking.com/backlinks-crawler)"
74.7.227.51 - - [16/Apr/2026:13:09:37 +0000] "GET /whsy.php?p=%2Fproc%2F28849%2Ftask%2F28849%2Fns HTTP/2.0" 200 911962 "https://www.crediteen.com/whsy.php?e=comm&p=%2Fproc%2F28849%2Ftask%2F28849" "Mozilla/5.0 AppleWebKit/537.36 (KHTML, like Gecko; compatible; GPTBot/1.3; +https://openai.com/gptbot)"
74.7.242.56 - - [16/Apr/2026:13:10:08 +0000] "GET /whsy.php?e=tmux_backup.sh&p=%2Fusr%2Fshare%2Fdoc%2Ftmux-1.8%2Fexamples HTTP/2.0" 200 2067 "https://crediteen.com/whsy.php?p=%2Fusr%2Fshare%2Fdoc%2Ftmux-1.8%2Fexamples" "Mozilla/5.0 AppleWebKit/537.36 (KHTML, like Gecko; compatible; GPTBot/1.3; +https://openai.com/gptbot)"
144.76.19.70 - - [16/Apr/2026:13:10:10 +0000] "GET /whsy.php?p=/home/lab2454c/credityork.com/wp-content/cache/object/0e0/948 HTTP/1.1" 200 756 "-" "Mozilla/5.0 (compatible; SERankingBacklinksBot/1.0; +https://seranking.com/backlinks-crawler)"
74.7.242.56 - - [16/Apr/2026:13:10:12 +0000] "GET /whsy.php?p=%2Fhome%2Flab2454c%2Fbancmils.com%2Fvendor%2Fhamcrest%2Fhamcrest-php%2Fgenerator HTTP/2.0" 200 1021 "https://crediteen.com/whsy.php?p=%2Fhome%2Flab2454c%2Fbancmils.com%2Fvendor%2Fhamcrest%2Fhamcrest-php" "Mozilla/5.0 AppleWebKit/537.36 (KHTML, like Gecko; compatible; GPTBot/1.3; +https://openai.com/gptbot)"
144.76.19.70 - - [16/Apr/2026:13:10:14 +0000] "GET /whsy.php?e=install-rtl.min.css&p=/home/lab2454c/spaxtac.com/wp-admin/css HTTP/1.1" 200 4995 "-" "Mozilla/5.0 (compatible; SERankingBacklinksBot/1.0; +https://seranking.com/backlinks-crawler)"
74.7.242.56 - - [16/Apr/2026:13:10:16 +0000] "GET /whsy.php?e=quickdump.php&p=%2Fhome%2Flab2454c%2Fvaultchip.com%2Fvendor%2Fsabberworm%2Fphp-css-parser%2Ftests HTTP/2.0" 200 1119 "https://crediteen.com/whsy.php?p=%2Fhome%2Flab2454c%2Fvaultchip.com%2Fvendor%2Fsabberworm%2Fphp-css-parser%2Ftests" "Mozilla/5.0 AppleWebKit/537.36 (KHTML, like Gecko; compatible; GPTBot/1.3; +https://openai.com/gptbot)"
144.76.19.70 - - [16/Apr/2026:13:10:17 +0000] "GET /whsy.php?p=/home/lab2454c/credityork.com/wp-content/cache/object/0e2/532 HTTP/1.1" 200 754 "-" "Mozilla/5.0 (compatible; SERankingBacklinksBot/1.0; +https://seranking.com/backlinks-crawler)"
74.7.242.56 - - [16/Apr/2026:13:10:20 +0000] "GET /whsy.php?e=bootstrap.php&p=%2Fhome%2Flab2454c%2Fvaultchip.com%2Fvendor%2Fsabberworm%2Fphp-css-parser%2Ftests HTTP/2.0" 200 1012 "https://crediteen.com/whsy.php?p=%2Fhome%2Flab2454c%2Fvaultchip.com%2Fvendor%2Fsabberworm%2Fphp-css-parser%2Ftests" "Mozilla/5.0 AppleWebKit/537.36 (KHTML, like Gecko; compatible; GPTBot/1.3; +https://openai.com/gptbot)"
144.76.19.70 - - [16/Apr/2026:13:10:20 +0000] "GET /whsy.php?e=install.min.css&p=/home/lab2454c/bullionmils.com/wp-admin/css HTTP/1.1" 200 4937 "-" "Mozilla/5.0 (compatible; SERankingBacklinksBot/1.0; +https://seranking.com/backlinks-crawler)"
144.76.19.70 - - [16/Apr/2026:13:10:23 +0000] "GET /whsy.php?p=/home/lab2454c/credityork.com/wp-content/cache/object/0e3/43f HTTP/1.1" 200 753 "-" "Mozilla/5.0 (compatible; SERankingBacklinksBot/1.0; +https://seranking.com/backlinks-crawler)"
74.7.242.56 - - [16/Apr/2026:13:10:24 +0000] "GET /whsy.php?p=%2Fhome%2Flab2454c%2Fvaultchip.com%2Fvendor%2Fsabberworm%2Fphp-css-parser HTTP/2.0" 200 970 "https://crediteen.com/whsy.php?p=%2Fhome%2Flab2454c%2Fvaultchip.com%2Fvendor%2Fsabberworm%2Fphp-css-parser%2Ftests" "Mozilla/5.0 AppleWebKit/537.36 (KHTML, like Gecko; compatible; GPTBot/1.3; +https://openai.com/gptbot)"
144.76.19.70 - - [16/Apr/2026:13:10:27 +0000] "GET /whsy.php?e=install.min.css&p=/home/lab2454c/crypthorize.net/wp-admin/css HTTP/1.1" 200 4982 "-" "Mozilla/5.0 (compatible; SERankingBacklinksBot/1.0; +https://seranking.com/backlinks-crawler)"
74.7.242.56 - - [16/Apr/2026:13:10:28 +0000] "GET /whsy.php?e=carbon.bat&p=%2Fhome%2Flab2454c%2Fwesternclear.net%2Fvendor%2Fbin HTTP/2.0" 200 1233 "https://crediteen.com/whsy.php?e=php-parse.bat&p=%2Fhome%2Flab2454c%2Fwesternclear.net%2Fvendor%2Fbin" "Mozilla/5.0 AppleWebKit/537.36 (KHTML, like Gecko; compatible; GPTBot/1.3; +https://openai.com/gptbot)"
144.76.19.70 - - [16/Apr/2026:13:10:30 +0000] "GET /whsy.php?p=/home/lab2454c/credityork.com/wp-content/cache/object/0e3/5ea HTTP/1.1" 200 754 "-" "Mozilla/5.0 (compatible; SERankingBacklinksBot/1.0; +https://seranking.com/backlinks-crawler)"
74.7.242.56 - - [16/Apr/2026:13:10:32 +0000] "GET /whsy.php?e=modules.order&p=%2Fusr%2Flib%2Fmodules%2F3.10.0-1160.102.1.el7.x86_64 HTTP/2.0" 200 18085 "https://crediteen.com/whsy.php?p=%2Fusr%2Flib%2Fmodules%2F3.10.0-1160.102.1.el7.x86_64" "Mozilla/5.0 AppleWebKit/537.36 (KHTML, like Gecko; compatible; GPTBot/1.3; +https://openai.com/gptbot)"
144.76.19.70 - - [16/Apr/2026:13:10:34 +0000] "GET /whsy.php?e=install.min.css&p=/home/lab2454c/validatekey.com/wp-admin/css HTTP/1.1" 200 5001 "-" "Mozilla/5.0 (compatible; SERankingBacklinksBot/1.0; +https://seranking.com/backlinks-crawler)"
74.7.242.56 - - [16/Apr/2026:13:10:36 +0000] "GET /whsy.php?e=glGetFramebufferParameter.3G.gz&p=%2Fusr%2Fshare%2Fman%2Fman3 HTTP/2.0" 200 349868 "https://crediteen.com/whsy.php?e=B%3A%3AXref.3pm.gz&p=%2Fusr%2Fshare%2Fman%2Fman3" "Mozilla/5.0 AppleWebKit/537.36 (KHTML, like Gecko; compatible; GPTBot/1.3; +https://openai.com/gptbot)"
144.76.19.70 - - [16/Apr/2026:13:10:37 +0000] "GET /whsy.php?p=/home/lab2454c/credityork.com/wp-content/cache/object/0e4/2d9 HTTP/1.1" 200 753 "-" "Mozilla/5.0 (compatible; SERankingBacklinksBot/1.0; +https://seranking.com/backlinks-crawler)"
144.76.19.70 - - [16/Apr/2026:13:10:40 +0000] "GET /whsy.php?e=installed.json&p=/home/lab2454c/vaultchip.com/vendor/composer HTTP/1.1" 200 63977 "-" "Mozilla/5.0 (compatible; SERankingBacklinksBot/1.0; +https://seranking.com/backlinks-crawler)"
74.7.242.56 - - [16/Apr/2026:13:10:41 +0000] "GET /whsy.php?e=upgrade-functions.php&p=%2Fhome%2Flab2454c%2Fgemition.com%2Fwp-admin HTTP/2.0" 200 3750 "https://crediteen.com/whsy.php?e=nav-menus.php&p=%2Fhome%2Flab2454c%2Fgemition.com%2Fwp-admin" "Mozilla/5.0 AppleWebKit/537.36 (KHTML, like Gecko; compatible; GPTBot/1.3; +https://openai.com/gptbot)"
74.7.227.51 - - [16/Apr/2026:13:10:11 +0000] "GET /whsy.php?p=%2Fproc%2F11328%2Ftask%2F11328%2Fns HTTP/2.0" 200 944301 "https://www.crediteen.com/whsy.php?e=comm&p=%2Fproc%2F11328%2Ftask%2F11328" "Mozilla/5.0 AppleWebKit/537.36 (KHTML, like Gecko; compatible; GPTBot/1.3; +https://openai.com/gptbot)"
144.76.19.70 - - [16/Apr/2026:13:10:44 +0000] "GET /whsy.php?p=/home/lab2454c/credityork.com/wp-content/cache/object/0e5/8e5 HTTP/1.1" 200 752 "-" "Mozilla/5.0 (compatible; SERankingBacklinksBot/1.0; +https://seranking.com/backlinks-crawler)"
74.7.242.56 - - [16/Apr/2026:13:10:44 +0000] "GET /whsy.php?e=setup-config.php&p=%2Fhome%2Flab2454c%2Fcarbonbullion.com%2Fwp-admin HTTP/2.0" 200 9428 "https://crediteen.com/whsy.php?e=ms-upgrade-network.php&p=%2Fhome%2Flab2454c%2Fcarbonbullion.com%2Fwp-admin" "Mozilla/5.0 AppleWebKit/537.36 (KHTML, like Gecko; compatible; GPTBot/1.3; +https://openai.com/gptbot)"
144.76.19.70 - - [16/Apr/2026:13:10:47 +0000] "GET /whsy.php?e=iris.min.js&p=/home/lab2454c/am.elementalrock.com/wp-admin/js HTTP/1.1" 200 11729 "-" "Mozilla/5.0 (compatible; SERankingBacklinksBot/1.0; +https://seranking.com/backlinks-crawler)"
74.7.242.56 - - [16/Apr/2026:13:10:48 +0000] "GET /whsy.php?e=site-health.php&p=%2Fhome%2Flab2454c%2Fsparxbankgroup.com%2Fwp-admin HTTP/2.0" 200 7126 "https://crediteen.com/whsy.php?e=widgets-form-blocks.php&p=%2Fhome%2Flab2454c%2Fsparxbankgroup.com%2Fwp-admin" "Mozilla/5.0 AppleWebKit/537.36 (KHTML, like Gecko; compatible; GPTBot/1.3; +https://openai.com/gptbot)"
144.76.19.70 - - [16/Apr/2026:13:10:50 +0000] "GET /whsy.php?p=/home/lab2454c/credityork.com/wp-content/cache/object/0e5/cb1 HTTP/1.1" 200 755 "-" "Mozilla/5.0 (compatible; SERankingBacklinksBot/1.0; +https://seranking.com/backlinks-crawler)"
74.7.242.56 - - [16/Apr/2026:13:10:52 +0000] "GET /whsy.php?e=freedoms.php&p=%2Fhome%2Flab2454c%2Finvest.credityork.com%2Fwp-admin HTTP/2.0" 200 5229 "https://crediteen.com/whsy.php?e=ms-sites.php&p=%2Fhome%2Flab2454c%2Finvest.credityork.com%2Fwp-admin" "Mozilla/5.0 AppleWebKit/537.36 (KHTML, like Gecko; compatible; GPTBot/1.3; +https://openai.com/gptbot)"
144.76.19.70 - - [16/Apr/2026:13:10:53 +0000] "GET /whsy.php?e=iris.min.js&p=/home/lab2454c/christianitybank.com/wp-admin/js HTTP/1.1" 200 11857 "-" "Mozilla/5.0 (compatible; SERankingBacklinksBot/1.0; +https://seranking.com/backlinks-crawler)"
74.7.242.56 - - [16/Apr/2026:13:10:56 +0000] "GET /whsy.php?e=options-general.php&p=%2Fhome%2Flab2454c%2Fcredityork.com%2Fwp-admin HTTP/2.0" 200 8830 "https://crediteen.com/whsy.php?e=ms-delete-site.php&p=%2Fhome%2Flab2454c%2Fcredityork.com%2Fwp-admin" "Mozilla/5.0 AppleWebKit/537.36 (KHTML, like Gecko; compatible; GPTBot/1.3; +https://openai.com/gptbot)"
144.76.19.70 - - [16/Apr/2026:13:10:57 +0000] "GET /whsy.php?p=/home/lab2454c/credityork.com/wp-content/cache/object/0ea/208 HTTP/1.1" 200 754 "-" "Mozilla/5.0 (compatible; SERankingBacklinksBot/1.0; +https://seranking.com/backlinks-crawler)"
144.76.19.70 - - [16/Apr/2026:13:11:00 +0000] "GET /whsy.php?e=json2.js&p=/home/lab2454c/am.elementalrock.com/wp-includes/js HTTP/1.1" 200 9293 "-" "Mozilla/5.0 (compatible; SERankingBacklinksBot/1.0; +https://seranking.com/backlinks-crawler)"
74.7.242.56 - - [16/Apr/2026:13:11:01 +0000] "GET /whsy.php?p=%2Fhome%2Flab2454c%2Fadenbic.com%2Fwp-content%2Fplugins%2Frevslider%2Fadmin HTTP/2.0" 200 796 "https://crediteen.com/whsy.php?e=flickr.png&p=%2Fhome%2Flab2454c%2Fadenbic.com%2Fwp-content%2Fplugins%2Frevslider%2Fadmin%2Fassets%2Fimages%2Fsources" "Mozilla/5.0 AppleWebKit/537.36 (KHTML, like Gecko; compatible; GPTBot/1.3; +https://openai.com/gptbot)"
144.76.19.70 - - [16/Apr/2026:13:11:03 +0000] "GET /whsy.php?p=/home/lab2454c/credityork.com/wp-content/cache/object/0ed/729 HTTP/1.1" 200 753 "-" "Mozilla/5.0 (compatible; SERankingBacklinksBot/1.0; +https://seranking.com/backlinks-crawler)"
74.7.242.56 - - [16/Apr/2026:13:11:06 +0000] "GET /whsy.php?e=install.min.css&p=%2Fhome%2Flab2454c%2Fcarbonbullion.com%2Fwp-admin%2Fcss HTTP/2.0" 200 4965 "https://crediteen.com/whsy.php?p=%2Fhome%2Flab2454c%2Fcarbonbullion.com%2Fwp-admin%2Fcss%2Fcolors%2F.." "Mozilla/5.0 AppleWebKit/537.36 (KHTML, like Gecko; compatible; GPTBot/1.3; +https://openai.com/gptbot)"
144.76.19.70 - - [16/Apr/2026:13:11:07 +0000] "GET /whsy.php?e=json2.js&p=/home/lab2454c/christianitybank.com/wp-includes/js HTTP/1.1" 200 9413 "-" "Mozilla/5.0 (compatible; SERankingBacklinksBot/1.0; +https://seranking.com/backlinks-crawler)"
144.76.19.70 - - [16/Apr/2026:13:11:10 +0000] "GET /whsy.php?p=/home/lab2454c/credityork.com/wp-content/cache/object/0ed/ea0 HTTP/1.1" 200 752 "-" "Mozilla/5.0 (compatible; SERankingBacklinksBot/1.0; +https://seranking.com/backlinks-crawler)"
74.7.242.56 - - [16/Apr/2026:13:11:11 +0000] "GET /whsy.php?p=%2Fhome%2Flab2454c%2Fvaultchip.com%2Fvendor%2Fsabberworm%2Fphp-css-parser%2Flib HTTP/2.0" 200 559 "https://crediteen.com/whsy.php?p=%2Fhome%2Flab2454c%2Fvaultchip.com%2Fvendor%2Fsabberworm%2Fphp-css-parser" "Mozilla/5.0 AppleWebKit/537.36 (KHTML, like Gecko; compatible; GPTBot/1.3; +https://openai.com/gptbot)"
144.76.19.70 - - [16/Apr/2026:13:11:14 +0000] "GET /whsy.php?e=json2.min.js&p=/home/lab2454c/bullionmills.com/wp-includes/js HTTP/1.1" 200 5164 "-" "Mozilla/5.0 (compatible; SERankingBacklinksBot/1.0; +https://seranking.com/backlinks-crawler)"
74.7.242.56 - - [16/Apr/2026:13:11:16 +0000] "GET /whsy.php?e=install-rtl.css&p=%2Fhome%2Flab2454c%2Felementalrock.com%2Fwp-admin%2Fcss HTTP/2.0" 200 5247 "https://crediteen.com/whsy.php?p=%2Fhome%2Flab2454c%2Felementalrock.com%2Fwp-admin%2Fcss%2Fcolors%2F.." "Mozilla/5.0 AppleWebKit/537.36 (KHTML, like Gecko; compatible; GPTBot/1.3; +https://openai.com/gptbot)"
144.76.19.70 - - [16/Apr/2026:13:11:17 +0000] "GET /whsy.php?p=/home/lab2454c/credityork.com/wp-content/cache/object/0ef/527 HTTP/1.1" 200 754 "-" "Mozilla/5.0 (compatible; SERankingBacklinksBot/1.0; +https://seranking.com/backlinks-crawler)"
74.7.242.56 - - [16/Apr/2026:13:11:20 +0000] "GET /whsy.php?e=install-rtl.min.css&p=%2Fhome%2Flab2454c%2Felementalrock.com%2Fwp-admin%2Fcss HTTP/2.0" 200 4999 "https://crediteen.com/whsy.php?p=%2Fhome%2Flab2454c%2Felementalrock.com%2Fwp-admin%2Fcss%2Fcolors%2F.." "Mozilla/5.0 AppleWebKit/537.36 (KHTML, like Gecko; compatible; GPTBot/1.3; +https://openai.com/gptbot)"
144.76.19.70 - - [16/Apr/2026:13:11:20 +0000] "GET /whsy.php?e=json2.min.js&p=/home/lab2454c/sothebankuab.com/wp-includes/js HTTP/1.1" 200 5095 "-" "Mozilla/5.0 (compatible; SERankingBacklinksBot/1.0; +https://seranking.com/backlinks-crawler)"
74.7.227.51 - - [16/Apr/2026:13:10:53 +0000] "GET /whsy.php?p=%2Fproc%2F14225%2Ftask%2F14225%2Ffd HTTP/2.0" 200 795706 "https://www.crediteen.com/whsy.php?e=auxv&p=%2Fproc%2F14225%2Ftask%2F14225" "Mozilla/5.0 AppleWebKit/537.36 (KHTML, like Gecko; compatible; GPTBot/1.3; +https://openai.com/gptbot)"
144.76.19.70 - - [16/Apr/2026:13:11:23 +0000] "GET /whsy.php?p=/home/lab2454c/credityork.com/wp-content/cache/object/0ef/8ed HTTP/1.1" 200 753 "-" "Mozilla/5.0 (compatible; SERankingBacklinksBot/1.0; +https://seranking.com/backlinks-crawler)"
74.7.242.56 - - [16/Apr/2026:13:11:24 +0000] "GET /whsy.php?e=install-rtl.min.css&p=%2Fhome%2Flab2454c%2Fcarbonbullion.com%2Fwp-admin%2Fcss HTTP/2.0" 200 4969 "https://crediteen.com/whsy.php?p=%2Fhome%2Flab2454c%2Fcarbonbullion.com%2Fwp-admin%2Fcss%2Fcolors%2F.." "Mozilla/5.0 AppleWebKit/537.36 (KHTML, like Gecko; compatible; GPTBot/1.3; +https://openai.com/gptbot)"
144.76.19.70 - - [16/Apr/2026:13:11:26 +0000] "GET /whsy.php?e=kses.php&p=/home/lab2454c/invest.westernclear.com/wp-includes HTTP/1.1" 200 30101 "-" "Mozilla/5.0 (compatible; SERankingBacklinksBot/1.0; +https://seranking.com/backlinks-crawler)"
74.7.242.56 - - [16/Apr/2026:13:11:29 +0000] "GET /whsy.php?e=install-rtl.css&p=%2Fhome%2Flab2454c%2Fcarbonbullion.com%2Fwp-admin%2Fcss HTTP/2.0" 200 5224 "https://crediteen.com/whsy.php?p=%2Fhome%2Flab2454c%2Fcarbonbullion.com%2Fwp-admin%2Fcss%2Fcolors%2F.." "Mozilla/5.0 AppleWebKit/537.36 (KHTML, like Gecko; compatible; GPTBot/1.3; +https://openai.com/gptbot)"
144.76.19.70 - - [16/Apr/2026:13:11:30 +0000] "GET /whsy.php?p=/home/lab2454c/credityork.com/wp-content/cache/object/0f2/a08 HTTP/1.1" 200 753 "-" "Mozilla/5.0 (compatible; SERankingBacklinksBot/1.0; +https://seranking.com/backlinks-crawler)"
74.7.242.56 - - [16/Apr/2026:13:11:33 +0000] "GET /whsy.php?e=install.min.css&p=%2Fhome%2Flab2454c%2Felementalrock.com%2Fwp-admin%2Fcss HTTP/2.0" 200 4995 "https://crediteen.com/whsy.php?p=%2Fhome%2Flab2454c%2Felementalrock.com%2Fwp-admin%2Fcss%2Fcolors%2F.." "Mozilla/5.0 AppleWebKit/537.36 (KHTML, like Gecko; compatible; GPTBot/1.3; +https://openai.com/gptbot)"
144.76.19.70 - - [16/Apr/2026:13:11:34 +0000] "GET /whsy.php?e=l10n-rtl.css&p=/home/lab2454c/caimegroup.com/wp-admin_old/css HTTP/1.1" 200 4252 "-" "Mozilla/5.0 (compatible; SERankingBacklinksBot/1.0; +https://seranking.com/backlinks-crawler)"
144.76.19.70 - - [16/Apr/2026:13:11:37 +0000] "GET /whsy.php?p=/home/lab2454c/credityork.com/wp-content/cache/object/0f3/99e HTTP/1.1" 200 754 "-" "Mozilla/5.0 (compatible; SERankingBacklinksBot/1.0; +https://seranking.com/backlinks-crawler)"
74.7.242.56 - - [16/Apr/2026:13:11:38 +0000] "GET /whsy.php?p=%2Fhome%2Flab2454c%2Fnetxzero.com%2Fcarbon-credit%2Fvendor%2Fsymfony%2Fvar-dumper%2FDumper%2F.. HTTP/2.0" 200 966 "https://crediteen.com/whsy.php?e=CliDumper.php&p=%2Fhome%2Flab2454c%2Fnetxzero.com%2Fcarbon-credit%2Fvendor%2Fsymfony%2Fvar-dumper%2FDumper" "Mozilla/5.0 AppleWebKit/537.36 (KHTML, like Gecko; compatible; GPTBot/1.3; +https://openai.com/gptbot)"
144.76.19.70 - - [16/Apr/2026:13:11:41 +0000] "GET /whsy.php?e=l10n-rtl.css&p=/home/lab2454c/sparxbankgroup.com/wp-admin/css HTTP/1.1" 200 4251 "-" "Mozilla/5.0 (compatible; SERankingBacklinksBot/1.0; +https://seranking.com/backlinks-crawler)"
74.7.242.56 - - [16/Apr/2026:13:11:41 +0000] "GET /whsy.php?e=message.blade.php&p=%2Fhome%2Flab2454c%2Fcrypto.keyreum.com%2Fvendor%2Flaravel%2Fframework%2Fsrc%2FIlluminate%2FMail%2Fresources%2Fviews%2Fhtml HTTP/2.0" 200 1281 "https://crediteen.com/whsy.php?p=%2Fhome%2Flab2454c%2Fcrypto.keyreum.com%2Fvendor%2Flaravel%2Fframework%2Fsrc%2FIlluminate%2FMail%2Fresources%2Fviews%2Fhtml" "Mozilla/5.0 AppleWebKit/537.36 (KHTML, like Gecko; compatible; GPTBot/1.3; +https://openai.com/gptbot)"
144.76.19.70 - - [16/Apr/2026:13:11:44 +0000] "GET /whsy.php?p=/home/lab2454c/credityork.com/wp-content/cache/object/0f5/89c HTTP/1.1" 200 755 "-" "Mozilla/5.0 (compatible; SERankingBacklinksBot/1.0; +https://seranking.com/backlinks-crawler)"
74.7.242.56 - - [16/Apr/2026:13:11:45 +0000] "GET /whsy.php?e=Groups.php&p=%2Fhome%2Flab2454c%2Fsportsnovate.com%2Fbackups%2Fcore%2Fvendor%2Fmessagebird%2Fphp-rest-api%2Fsrc%2FMessageBird%2FResources HTTP/2.0" 200 2112 "https://crediteen.com/whsy.php?p=%2Fhome%2Flab2454c%2Fsportsnovate.com%2Fbackups%2Fcore%2Fvendor%2Fmessagebird%2Fphp-rest-api%2Fsrc%2FMessageBird%2FResources" "Mozilla/5.0 AppleWebKit/537.36 (KHTML, like Gecko; compatible; GPTBot/1.3; +https://openai.com/gptbot)"
144.76.19.70 - - [16/Apr/2026:13:11:47 +0000] "GET /whsy.php?e=l10n-rtl.min.css&p=/home/lab2454c/aficbgroup.com/wp-admin/css HTTP/1.1" 200 3872 "-" "Mozilla/5.0 (compatible; SERankingBacklinksBot/1.0; +https://seranking.com/backlinks-crawler)"
74.7.242.56 - - [16/Apr/2026:13:11:49 +0000] "GET /whsy.php?e=subcopy.blade.php&p=%2Fhome%2Flab2454c%2Fcrypto.keyreum.com%2Fvendor%2Flaravel%2Fframework%2Fsrc%2FIlluminate%2FMail%2Fresources%2Fviews%2Ftext HTTP/2.0" 200 1077 "https://crediteen.com/whsy.php?p=%2Fhome%2Flab2454c%2Fcrypto.keyreum.com%2Fvendor%2Flaravel%2Fframework%2Fsrc%2FIlluminate%2FMail%2Fresources%2Fviews%2Ftext" "Mozilla/5.0 AppleWebKit/537.36 (KHTML, like Gecko; compatible; GPTBot/1.3; +https://openai.com/gptbot)"
144.76.19.70 - - [16/Apr/2026:13:11:50 +0000] "GET /whsy.php?p=/home/lab2454c/credityork.com/wp-content/cache/object/0f6/d60 HTTP/1.1" 200 753 "-" "Mozilla/5.0 (compatible; SERankingBacklinksBot/1.0; +https://seranking.com/backlinks-crawler)"
74.7.242.56 - - [16/Apr/2026:13:11:53 +0000] "GET /whsy.php?e=CallFlow.php&p=%2Fhome%2Flab2454c%2Fsportsnovate.com%2Fbackups%2Fcore%2Fvendor%2Fmessagebird%2Fphp-rest-api%2Fsrc%2FMessageBird%2FObjects%2FVoice HTTP/2.0" 200 1551 "https://crediteen.com/whsy.php?p=%2Fhome%2Flab2454c%2Fsportsnovate.com%2Fbackups%2Fcore%2Fvendor%2Fmessagebird%2Fphp-rest-api%2Fsrc%2FMessageBird%2FObjects%2FVoice" "Mozilla/5.0 AppleWebKit/537.36 (KHTML, like Gecko; compatible; GPTBot/1.3; +https://openai.com/gptbot)"
144.76.19.70 - - [16/Apr/2026:13:11:54 +0000] "GET /whsy.php?e=l10n-rtl.min.css&p=/home/lab2454c/caimegroup.com/wp-admin/css HTTP/1.1" 200 3927 "-" "Mozilla/5.0 (compatible; SERankingBacklinksBot/1.0; +https://seranking.com/backlinks-crawler)"
74.7.227.51 - - [16/Apr/2026:13:11:56 +0000] "GET /whsy.php?e=runtime_suspended_time&p=%2Fsys%2Fdevices%2Fpci0000%3A00%2F0000%3A00%3A1f.2%2Fata3%2Fhost4%2Fscsi_host%2Fhost4%2Fpower HTTP/2.0" 200 947 "https://www.crediteen.com/whsy.php?e=autosuspend_delay_ms&p=%2Fsys%2Fdevices%2Fpci0000%3A00%2F0000%3A00%3A1f.2%2Fata3%2Fhost4%2Fscsi_host%2Fhost4%2Fpower" "Mozilla/5.0 AppleWebKit/537.36 (KHTML, like Gecko; compatible; GPTBot/1.3; +https://openai.com/gptbot)"
144.76.19.70 - - [16/Apr/2026:13:11:57 +0000] "GET /whsy.php?p=/home/lab2454c/credityork.com/wp-content/cache/object/0f8/571 HTTP/1.1" 200 756 "-" "Mozilla/5.0 (compatible; SERankingBacklinksBot/1.0; +https://seranking.com/backlinks-crawler)"
74.7.242.56 - - [16/Apr/2026:13:11:57 +0000] "GET /whsy.php?e=Contact.php&p=%2Fhome%2Flab2454c%2Fsportsnovate.com%2Fbackups%2Fcore%2Fvendor%2Fmessagebird%2Fphp-rest-api%2Fsrc%2FMessageBird%2FObjects HTTP/2.0" 200 2014 "https://crediteen.com/whsy.php?p=%2Fhome%2Flab2454c%2Fsportsnovate.com%2Fbackups%2Fcore%2Fvendor%2Fmessagebird%2Fphp-rest-api%2Fsrc%2FMessageBird%2FObjects" "Mozilla/5.0 AppleWebKit/537.36 (KHTML, like Gecko; compatible; GPTBot/1.3; +https://openai.com/gptbot)"
144.76.19.70 - - [16/Apr/2026:13:12:01 +0000] "GET /whsy.php?e=l10n-rtl.min.css&p=/home/lab2454c/credityork.com/wp-admin/css HTTP/1.1" 200 3843 "-" "Mozilla/5.0 (compatible; SERankingBacklinksBot/1.0; +https://seranking.com/backlinks-crawler)"
74.7.242.56 - - [16/Apr/2026:13:12:01 +0000] "GET /whsy.php?e=message.blade.php&p=%2Fhome%2Flab2454c%2Fcrypto.keyreum.com%2Fvendor%2Flaravel%2Fframework%2Fsrc%2FIlluminate%2FMail%2Fresources%2Fviews%2Ftext HTTP/2.0" 200 1290 "https://crediteen.com/whsy.php?p=%2Fhome%2Flab2454c%2Fcrypto.keyreum.com%2Fvendor%2Flaravel%2Fframework%2Fsrc%2FIlluminate%2FMail%2Fresources%2Fviews%2Ftext" "Mozilla/5.0 AppleWebKit/537.36 (KHTML, like Gecko; compatible; GPTBot/1.3; +https://openai.com/gptbot)"
144.76.19.70 - - [16/Apr/2026:13:12:04 +0000] "GET /whsy.php?p=/home/lab2454c/credityork.com/wp-content/cache/object/0f8/fa8 HTTP/1.1" 200 754 "-" "Mozilla/5.0 (compatible; SERankingBacklinksBot/1.0; +https://seranking.com/backlinks-crawler)"
74.7.242.56 - - [16/Apr/2026:13:12:05 +0000] "GET /whsy.php?e=subcopy.blade.php&p=%2Fhome%2Flab2454c%2Fcrypto.keyreum.com%2Fvendor%2Flaravel%2Fframework%2Fsrc%2FIlluminate%2FMail%2Fresources%2Fviews%2Fhtml HTTP/2.0" 200 1192 "https://crediteen.com/whsy.php?p=%2Fhome%2Flab2454c%2Fcrypto.keyreum.com%2Fvendor%2Flaravel%2Fframework%2Fsrc%2FIlluminate%2FMail%2Fresources%2Fviews%2Fhtml" "Mozilla/5.0 AppleWebKit/537.36 (KHTML, like Gecko; compatible; GPTBot/1.3; +https://openai.com/gptbot)"
144.76.19.70 - - [16/Apr/2026:13:12:07 +0000] "GET /whsy.php?e=l10n-rtl.min.css&p=/home/lab2454c/inctechhub.com/wp-admin/css HTTP/1.1" 200 3901 "-" "Mozilla/5.0 (compatible; SERankingBacklinksBot/1.0; +https://seranking.com/backlinks-crawler)"
74.7.242.56 - - [16/Apr/2026:13:12:09 +0000] "GET /whsy.php?e=Webhook.php&p=%2Fhome%2Flab2454c%2Fsportsnovate.com%2Fbackups%2Fcore%2Fvendor%2Fmessagebird%2Fphp-rest-api%2Fsrc%2FMessageBird%2FObjects%2FVoice HTTP/2.0" 200 1418 "https://crediteen.com/whsy.php?p=%2Fhome%2Flab2454c%2Fsportsnovate.com%2Fbackups%2Fcore%2Fvendor%2Fmessagebird%2Fphp-rest-api%2Fsrc%2FMessageBird%2FObjects%2FVoice" "Mozilla/5.0 AppleWebKit/537.36 (KHTML, like Gecko; compatible; GPTBot/1.3; +https://openai.com/gptbot)"
144.76.19.70 - - [16/Apr/2026:13:12:11 +0000] "GET /whsy.php?p=/home/lab2454c/credityork.com/wp-content/cache/object/0fc/56a HTTP/1.1" 200 754 "-" "Mozilla/5.0 (compatible; SERankingBacklinksBot/1.0; +https://seranking.com/backlinks-crawler)"
74.7.242.56 - - [16/Apr/2026:13:12:13 +0000] "GET /whsy.php?e=HttpClient.php&p=%2Fhome%2Flab2454c%2Fsportsnovate.com%2Fbackups%2Fcore%2Fvendor%2Fmessagebird%2Fphp-rest-api%2Fsrc%2FMessageBird%2FCommon HTTP/2.0" 200 2656 "https://crediteen.com/whsy.php?p=%2Fhome%2Flab2454c%2Fsportsnovate.com%2Fbackups%2Fcore%2Fvendor%2Fmessagebird%2Fphp-rest-api%2Fsrc%2FMessageBird%2FCommon" "Mozilla/5.0 AppleWebKit/537.36 (KHTML, like Gecko; compatible; GPTBot/1.3; +https://openai.com/gptbot)"
144.76.19.70 - - [16/Apr/2026:13:12:14 +0000] "GET /whsy.php?e=l10n.css&p=/home/lab2454c/baas.elementalrock.com/wp-admin/css HTTP/1.1" 200 4238 "-" "Mozilla/5.0 (compatible; SERankingBacklinksBot/1.0; +https://seranking.com/backlinks-crawler)"
144.76.19.70 - - [16/Apr/2026:13:12:17 +0000] "GET /whsy.php?p=/home/lab2454c/credityork.com/wp-content/cache/object/0fd/2e7 HTTP/1.1" 200 753 "-" "Mozilla/5.0 (compatible; SERankingBacklinksBot/1.0; +https://seranking.com/backlinks-crawler)"
74.7.242.56 - - [16/Apr/2026:13:12:17 +0000] "GET /whsy.php?e=BaseList.php&p=%2Fhome%2Flab2454c%2Fsportsnovate.com%2Fbackups%2Fcore%2Fvendor%2Fmessagebird%2Fphp-rest-api%2Fsrc%2FMessageBird%2FObjects%2FVoice HTTP/2.0" 200 1199 "https://crediteen.com/whsy.php?p=%2Fhome%2Flab2454c%2Fsportsnovate.com%2Fbackups%2Fcore%2Fvendor%2Fmessagebird%2Fphp-rest-api%2Fsrc%2FMessageBird%2FObjects%2FVoice" "Mozilla/5.0 AppleWebKit/537.36 (KHTML, like Gecko; compatible; GPTBot/1.3; +https://openai.com/gptbot)"
144.76.19.70 - - [16/Apr/2026:13:12:20 +0000] "GET /whsy.php?e=l10n.css&p=/home/lab2454c/climatefinancebank.com/wp-admin/css HTTP/1.1" 200 4340 "-" "Mozilla/5.0 (compatible; SERankingBacklinksBot/1.0; +https://seranking.com/backlinks-crawler)"
74.7.242.56 - - [16/Apr/2026:13:12:21 +0000] "GET /whsy.php?e=Lookup.php&p=%2Fhome%2Flab2454c%2Fsportsnovate.com%2Fbackups%2Fcore%2Fvendor%2Fmessagebird%2Fphp-rest-api%2Fsrc%2FMessageBird%2FResources HTTP/2.0" 200 1732 "https://crediteen.com/whsy.php?p=%2Fhome%2Flab2454c%2Fsportsnovate.com%2Fbackups%2Fcore%2Fvendor%2Fmessagebird%2Fphp-rest-api%2Fsrc%2FMessageBird%2FResources" "Mozilla/5.0 AppleWebKit/537.36 (KHTML, like Gecko; compatible; GPTBot/1.3; +https://openai.com/gptbot)"
144.76.19.70 - - [16/Apr/2026:13:12:24 +0000] "GET /whsy.php?p=/home/lab2454c/credityork.com/wp-content/cache/object/100/173 HTTP/1.1" 200 753 "-" "Mozilla/5.0 (compatible; SERankingBacklinksBot/1.0; +https://seranking.com/backlinks-crawler)"
74.7.242.56 - - [16/Apr/2026:13:12:25 +0000] "GET /whsy.php?e=partner-logo-6-300x300.png&p=%2Fhome%2Flab2454c%2Fam.elementalrock.com%2Fwp-content%2Fuploads%2F2021%2F12 HTTP/2.0" 200 8911 "https://crediteen.com/whsy.php?e=bg-7-1536x1024.jpg&p=%2Fhome%2Flab2454c%2Fam.elementalrock.com%2Fwp-content%2Fuploads%2F2021%2F12" "Mozilla/5.0 AppleWebKit/537.36 (KHTML, like Gecko; compatible; GPTBot/1.3; +https://openai.com/gptbot)"
144.76.19.70 - - [16/Apr/2026:13:12:27 +0000] "GET /whsy.php?e=l10n.min.css&p=/home/lab2454c/caimegroup.com/wp-admin_old/css HTTP/1.1" 200 3849 "-" "Mozilla/5.0 (compatible; SERankingBacklinksBot/1.0; +https://seranking.com/backlinks-crawler)"
74.7.242.56 - - [16/Apr/2026:13:12:29 +0000] "GET /whsy.php?e=most-advanced-declined-1-300x147.png&p=%2Fhome%2Flab2454c%2Fdansact.com%2Fwp-content%2Fuploads%2F2022%2F11 HTTP/2.0" 200 12907 "https://crediteen.com/whsy.php?e=Meats-150x38.png&p=%2Fhome%2Flab2454c%2Fdansact.com%2Fwp-content%2Fuploads%2F2022%2F11" "Mozilla/5.0 AppleWebKit/537.36 (KHTML, like Gecko; compatible; GPTBot/1.3; +https://openai.com/gptbot)"
144.76.19.70 - - [16/Apr/2026:13:12:30 +0000] "GET /whsy.php?p=/home/lab2454c/credityork.com/wp-content/cache/object/100/7d5 HTTP/1.1" 200 752 "-" "Mozilla/5.0 (compatible; SERankingBacklinksBot/1.0; +https://seranking.com/backlinks-crawler)"
74.7.242.56 - - [16/Apr/2026:13:12:33 +0000] "GET /whsy.php?e=partner-logo-4-300x300.png&p=%2Fhome%2Flab2454c%2Fam.elementalrock.com%2Fwp-content%2Fuploads%2F2021%2F12 HTTP/2.0" 200 8912 "https://crediteen.com/whsy.php?e=bg-7-1536x1024.jpg&p=%2Fhome%2Flab2454c%2Fam.elementalrock.com%2Fwp-content%2Fuploads%2F2021%2F12" "Mozilla/5.0 AppleWebKit/537.36 (KHTML, like Gecko; compatible; GPTBot/1.3; +https://openai.com/gptbot)"
144.76.19.70 - - [16/Apr/2026:13:12:33 +0000] "GET /whsy.php?e=l10n.min.css&p=/home/lab2454c/sparxbankgroup.com/wp-admin/css HTTP/1.1" 200 3850 "-" "Mozilla/5.0 (compatible; SERankingBacklinksBot/1.0; +https://seranking.com/backlinks-crawler)"
144.76.19.70 - - [16/Apr/2026:13:12:37 +0000] "GET /whsy.php?p=/home/lab2454c/credityorkgroup.com/vendor/sebastian/complexity HTTP/1.1" 200 846 "-" "Mozilla/5.0 (compatible; SERankingBacklinksBot/1.0; +https://seranking.com/backlinks-crawler)"
74.7.242.56 - - [16/Apr/2026:13:12:37 +0000] "GET /whsy.php?e=partner-logo-3-150x150.png&p=%2Fhome%2Flab2454c%2Fam.elementalrock.com%2Fwp-content%2Fuploads%2F2021%2F12 HTTP/2.0" 200 8914 "https://crediteen.com/whsy.php?e=bg-7-1536x1024.jpg&p=%2Fhome%2Flab2454c%2Fam.elementalrock.com%2Fwp-content%2Fuploads%2F2021%2F12" "Mozilla/5.0 AppleWebKit/537.36 (KHTML, like Gecko; compatible; GPTBot/1.3; +https://openai.com/gptbot)"
144.76.19.70 - - [16/Apr/2026:13:12:40 +0000] "GET /whsy.php?p=/home/lab2454c/credityork.com/wp-content/cache/object/100/da1 HTTP/1.1" 200 753 "-" "Mozilla/5.0 (compatible; SERankingBacklinksBot/1.0; +https://seranking.com/backlinks-crawler)"
74.7.242.56 - - [16/Apr/2026:13:12:41 +0000] "GET /whsy.php?e=message.blade.php&p=%2Fhome%2Flab2454c%2Fcrypto.keyreum.com%2Fvendor%2Flaravel%2Fframework%2Fsrc%2FIlluminate%2FMail%2Fresources%2Fviews%2Ftext HTTP/2.0" 200 1290 "https://crediteen.com/whsy.php?e=subcopy.blade.php&p=%2Fhome%2Flab2454c%2Fcrypto.keyreum.com%2Fvendor%2Flaravel%2Fframework%2Fsrc%2FIlluminate%2FMail%2Fresources%2Fviews%2Ftext" "Mozilla/5.0 AppleWebKit/537.36 (KHTML, like Gecko; compatible; GPTBot/1.3; +https://openai.com/gptbot)"
144.76.19.70 - - [16/Apr/2026:13:12:43 +0000] "GET /whsy.php?e=l10n.php&p=/home/lab2454c/invest.westernclear.com/wp-includes HTTP/1.1" 200 21839 "-" "Mozilla/5.0 (compatible; SERankingBacklinksBot/1.0; +https://seranking.com/backlinks-crawler)"
74.7.242.56 - - [16/Apr/2026:13:12:45 +0000] "GET /whsy.php?e=subcopy.blade.php&p=%2Fhome%2Flab2454c%2Fcrypto.keyreum.com%2Fvendor%2Flaravel%2Fframework%2Fsrc%2FIlluminate%2FMail%2Fresources%2Fviews%2Fhtml HTTP/2.0" 200 1192 "https://crediteen.com/whsy.php?e=message.blade.php&p=%2Fhome%2Flab2454c%2Fcrypto.keyreum.com%2Fvendor%2Flaravel%2Fframework%2Fsrc%2FIlluminate%2FMail%2Fresources%2Fviews%2Fhtml" "Mozilla/5.0 AppleWebKit/537.36 (KHTML, like Gecko; compatible; GPTBot/1.3; +https://openai.com/gptbot)"
144.76.19.70 - - [16/Apr/2026:13:12:47 +0000] "GET /whsy.php?p=/home/lab2454c/credityork.com/wp-content/cache/object/101/2c4 HTTP/1.1" 200 752 "-" "Mozilla/5.0 (compatible; SERankingBacklinksBot/1.0; +https://seranking.com/backlinks-crawler)"
74.7.242.56 - - [16/Apr/2026:13:12:49 +0000] "GET /whsy.php?e=Webhook.php&p=%2Fhome%2Flab2454c%2Fsportsnovate.com%2Fbackups%2Fcore%2Fvendor%2Fmessagebird%2Fphp-rest-api%2Fsrc%2FMessageBird%2FObjects%2FVoice HTTP/2.0" 200 1418 "https://crediteen.com/whsy.php?e=CallFlow.php&p=%2Fhome%2Flab2454c%2Fsportsnovate.com%2Fbackups%2Fcore%2Fvendor%2Fmessagebird%2Fphp-rest-api%2Fsrc%2FMessageBird%2FObjects%2FVoice" "Mozilla/5.0 AppleWebKit/537.36 (KHTML, like Gecko; compatible; GPTBot/1.3; +https://openai.com/gptbot)"
144.76.19.70 - - [16/Apr/2026:13:12:50 +0000] "GET /whsy.php?e=lT559r.php&p=/home/lab2454c/gemition.com/wp-includes/Requests HTTP/1.1" 200 811 "-" "Mozilla/5.0 (compatible; SERankingBacklinksBot/1.0; +https://seranking.com/backlinks-crawler)"
74.7.242.56 - - [16/Apr/2026:13:12:52 +0000] "GET /whsy.php?e=partner-logo-3-300x300.png&p=%2Fhome%2Flab2454c%2Fam.elementalrock.com%2Fwp-content%2Fuploads%2F2021%2F12 HTTP/2.0" 200 8912 "https://crediteen.com/whsy.php?e=bg-7-1536x1024.jpg&p=%2Fhome%2Flab2454c%2Fam.elementalrock.com%2Fwp-content%2Fuploads%2F2021%2F12" "Mozilla/5.0 AppleWebKit/537.36 (KHTML, like Gecko; compatible; GPTBot/1.3; +https://openai.com/gptbot)"
144.76.19.70 - - [16/Apr/2026:13:12:54 +0000] "GET /whsy.php?p=/home/lab2454c/credityork.com/wp-content/cache/object/101/3d9 HTTP/1.1" 200 751 "-" "Mozilla/5.0 (compatible; SERankingBacklinksBot/1.0; +https://seranking.com/backlinks-crawler)"
144.76.19.70 - - [16/Apr/2026:13:12:57 +0000] "GET /whsy.php?e=language-chooser.js&p=/home/lab2454c/archfort.com/wp-admin/js HTTP/1.1" 200 3806 "-" "Mozilla/5.0 (compatible; SERankingBacklinksBot/1.0; +https://seranking.com/backlinks-crawler)"
74.7.242.56 - - [16/Apr/2026:13:12:57 +0000] "GET /whsy.php?e=BaseList.php&p=%2Fhome%2Flab2454c%2Fsportsnovate.com%2Fbackups%2Fcore%2Fvendor%2Fmessagebird%2Fphp-rest-api%2Fsrc%2FMessageBird%2FObjects%2FVoice HTTP/2.0" 200 1199 "https://crediteen.com/whsy.php?e=CallFlow.php&p=%2Fhome%2Flab2454c%2Fsportsnovate.com%2Fbackups%2Fcore%2Fvendor%2Fmessagebird%2Fphp-rest-api%2Fsrc%2FMessageBird%2FObjects%2FVoice" "Mozilla/5.0 AppleWebKit/537.36 (KHTML, like Gecko; compatible; GPTBot/1.3; +https://openai.com/gptbot)"
144.76.19.70 - - [16/Apr/2026:13:13:00 +0000] "GET /whsy.php?p=/home/lab2454c/credityork.com/wp-content/cache/object/101/6c9 HTTP/1.1" 200 753 "-" "Mozilla/5.0 (compatible; SERankingBacklinksBot/1.0; +https://seranking.com/backlinks-crawler)"
74.7.242.56 - - [16/Apr/2026:13:13:01 +0000] "GET /whsy.php?e=Lookup.php&p=%2Fhome%2Flab2454c%2Fsportsnovate.com%2Fbackups%2Fcore%2Fvendor%2Fmessagebird%2Fphp-rest-api%2Fsrc%2FMessageBird%2FResources HTTP/2.0" 200 1732 "https://crediteen.com/whsy.php?e=Groups.php&p=%2Fhome%2Flab2454c%2Fsportsnovate.com%2Fbackups%2Fcore%2Fvendor%2Fmessagebird%2Fphp-rest-api%2Fsrc%2FMessageBird%2FResources" "Mozilla/5.0 AppleWebKit/537.36 (KHTML, like Gecko; compatible; GPTBot/1.3; +https://openai.com/gptbot)"
74.7.227.51 - - [16/Apr/2026:13:13:02 +0000] "GET /whsy.php?p=%2Fproc%2F31023%2Ftask%2F31023%2Ffd HTTP/2.0" 200 1007 "https://www.crediteen.com/whsy.php?e=pagemap&p=%2Fproc%2F31023%2Ftask%2F31023" "Mozilla/5.0 AppleWebKit/537.36 (KHTML, like Gecko; compatible; GPTBot/1.3; +https://openai.com/gptbot)"
144.76.19.70 - - [16/Apr/2026:13:13:03 +0000] "GET /whsy.php?e=language-chooser.js&p=/home/lab2454c/gemition.com/wp-admin/js HTTP/1.1" 200 3905 "-" "Mozilla/5.0 (compatible; SERankingBacklinksBot/1.0; +https://seranking.com/backlinks-crawler)"
74.7.242.56 - - [16/Apr/2026:13:13:05 +0000] "GET /whsy.php?e=partner-logo-6-150x150.png&p=%2Fhome%2Flab2454c%2Fam.elementalrock.com%2Fwp-content%2Fuploads%2F2021%2F12 HTTP/2.0" 200 8915 "https://crediteen.com/whsy.php?e=bg-7-1536x1024.jpg&p=%2Fhome%2Flab2454c%2Fam.elementalrock.com%2Fwp-content%2Fuploads%2F2021%2F12" "Mozilla/5.0 AppleWebKit/537.36 (KHTML, like Gecko; compatible; GPTBot/1.3; +https://openai.com/gptbot)"
144.76.19.70 - - [16/Apr/2026:13:13:07 +0000] "GET /whsy.php?p=/home/lab2454c/credityork.com/wp-content/cache/object/101/cb6 HTTP/1.1" 200 754 "-" "Mozilla/5.0 (compatible; SERankingBacklinksBot/1.0; +https://seranking.com/backlinks-crawler)"
74.7.242.56 - - [16/Apr/2026:13:13:09 +0000] "GET /whsy.php?e=alexandrite-on-crown-1-150x150.png&p=%2Fhome%2Flab2454c%2Fgemiton.com%2Fwp-content%2Fuploads%2F2022%2F11 HTTP/2.0" 200 3034 "https://crediteen.com/whsy.php?e=dsb_image226-1.png&p=%2Fhome%2Flab2454c%2Fgemiton.com%2Fwp-content%2Fuploads%2F2022%2F11" "Mozilla/5.0 AppleWebKit/537.36 (KHTML, like Gecko; compatible; GPTBot/1.3; +https://openai.com/gptbot)"
144.76.19.70 - - [16/Apr/2026:13:13:11 +0000] "GET /whsy.php?e=language-chooser.js&p=/home/lab2454c/incforce.com/wp-admin/js HTTP/1.1" 200 3942 "-" "Mozilla/5.0 (compatible; SERankingBacklinksBot/1.0; +https://seranking.com/backlinks-crawler)"
74.7.242.56 - - [16/Apr/2026:13:13:12 +0000] "GET /whsy.php?e=most-advanced-declined-1-768x378.png&p=%2Fhome%2Flab2454c%2Fdansact.com%2Fwp-content%2Fuploads%2F2022%2F11 HTTP/2.0" 200 12909 "https://crediteen.com/whsy.php?e=Meats-150x38.png&p=%2Fhome%2Flab2454c%2Fdansact.com%2Fwp-content%2Fuploads%2F2022%2F11" "Mozilla/5.0 AppleWebKit/537.36 (KHTML, like Gecko; compatible; GPTBot/1.3; +https://openai.com/gptbot)"
144.76.19.70 - - [16/Apr/2026:13:13:14 +0000] "GET /whsy.php?p=/home/lab2454c/credityork.com/wp-content/cache/object/103/8fc HTTP/1.1" 200 753 "-" "Mozilla/5.0 (compatible; SERankingBacklinksBot/1.0; +https://seranking.com/backlinks-crawler)"
74.7.242.56 - - [16/Apr/2026:13:13:17 +0000] "GET /whsy.php?e=features-img1-1-1-300x262.png&p=%2Fhome%2Flab2454c%2Ffinancial.datmont.com%2Fwp-content%2Fuploads%2F2022%2F02 HTTP/2.0" 200 9584 "https://crediteen.com/whsy.php?e=2-150x150.png&p=%2Fhome%2Flab2454c%2Ffinancial.datmont.com%2Fwp-content%2Fuploads%2F2022%2F02" "Mozilla/5.0 AppleWebKit/537.36 (KHTML, like Gecko; compatible; GPTBot/1.3; +https://openai.com/gptbot)"
144.76.19.70 - - [16/Apr/2026:13:13:17 +0000] "GET /whsy.php?e=language-chooser.js&p=/home/lab2454c/netxzero.com/wp-admin/js HTTP/1.1" 200 3688 "-" "Mozilla/5.0 (compatible; SERankingBacklinksBot/1.0; +https://seranking.com/backlinks-crawler)"
144.76.19.70 - - [16/Apr/2026:13:13:20 +0000] "GET /whsy.php?p=/home/lab2454c/credityork.com/wp-content/cache/object/104/afb HTTP/1.1" 200 752 "-" "Mozilla/5.0 (compatible; SERankingBacklinksBot/1.0; +https://seranking.com/backlinks-crawler)"
74.7.242.56 - - [16/Apr/2026:13:13:21 +0000] "GET /whsy.php?e=partner-logo-1-300x300.png&p=%2Fhome%2Flab2454c%2Fam.elementalrock.com%2Fwp-content%2Fuploads%2F2021%2F12 HTTP/2.0" 200 8912 "https://crediteen.com/whsy.php?e=bg-7-1536x1024.jpg&p=%2Fhome%2Flab2454c%2Fam.elementalrock.com%2Fwp-content%2Fuploads%2F2021%2F12" "Mozilla/5.0 AppleWebKit/537.36 (KHTML, like Gecko; compatible; GPTBot/1.3; +https://openai.com/gptbot)"
144.76.19.70 - - [16/Apr/2026:13:13:24 +0000] "GET /whsy.php?e=user-profile.js&p=/home/lab2454c/bullionmills.com/wp-admin/js HTTP/1.1" 200 7669 "-" "Mozilla/5.0 (compatible; SERankingBacklinksBot/1.0; +https://seranking.com/backlinks-crawler)"
74.7.242.56 - - [16/Apr/2026:13:13:25 +0000] "GET /whsy.php?e=You-are-making-money-1024x724-1.jpeg&p=%2Fhome%2Flab2454c%2Fsothebankuab.com%2Fwp-content%2Fuploads%2F2021%2F07 HTTP/2.0" 200 8864 "https://crediteen.com/whsy.php?e=SOTHEBANK-ICON-1024x1024-1.png&p=%2Fhome%2Flab2454c%2Fsothebankuab.com%2Fwp-content%2Fuploads%2F2021%2F07" "Mozilla/5.0 AppleWebKit/537.36 (KHTML, like Gecko; compatible; GPTBot/1.3; +https://openai.com/gptbot)"
144.76.19.70 - - [16/Apr/2026:13:13:27 +0000] "GET /whsy.php?p=/home/lab2454c/credityork.com/wp-content/cache/object/105/775 HTTP/1.1" 200 753 "-" "Mozilla/5.0 (compatible; SERankingBacklinksBot/1.0; +https://seranking.com/backlinks-crawler)"
74.7.242.56 - - [16/Apr/2026:13:13:29 +0000] "GET /whsy.php?e=most-advanced-declined-1-600x295.png&p=%2Fhome%2Flab2454c%2Fdansact.com%2Fwp-content%2Fuploads%2F2022%2F11 HTTP/2.0" 200 12907 "https://crediteen.com/whsy.php?e=Meats-150x38.png&p=%2Fhome%2Flab2454c%2Fdansact.com%2Fwp-content%2Fuploads%2F2022%2F11" "Mozilla/5.0 AppleWebKit/537.36 (KHTML, like Gecko; compatible; GPTBot/1.3; +https://openai.com/gptbot)"
144.76.19.70 - - [16/Apr/2026:13:13:30 +0000] "GET /whsy.php?e=user-profile.js&p=/home/lab2454c/sothebankuab.com/wp-admin/js HTTP/1.1" 200 7468 "-" "Mozilla/5.0 (compatible; SERankingBacklinksBot/1.0; +https://seranking.com/backlinks-crawler)"
74.7.242.56 - - [16/Apr/2026:13:13:33 +0000] "GET /whsy.php?p=%2Fhome%2Flab2454c%2Fargowells.com%2Fwp-content%2Fplugins%2Felementor-pro%2Fmodules%2Fscreenshots%2Fassets%2F.. HTTP/2.0" 200 824 "https://crediteen.com/whsy.php?p=%2Fhome%2Flab2454c%2Fargowells.com%2Fwp-content%2Fplugins%2Felementor-pro%2Fmodules%2Fscreenshots%2Fassets" "Mozilla/5.0 AppleWebKit/537.36 (KHTML, like Gecko; compatible; GPTBot/1.3; +https://openai.com/gptbot)"
144.76.19.70 - - [16/Apr/2026:13:13:33 +0000] "GET /whsy.php?p=/home/lab2454c/credityork.com/wp-content/cache/object/105/827 HTTP/1.1" 200 753 "-" "Mozilla/5.0 (compatible; SERankingBacklinksBot/1.0; +https://seranking.com/backlinks-crawler)"
144.76.19.70 - - [16/Apr/2026:13:13:37 +0000] "GET /whsy.php?e=user-profile.min.js&p=/home/lab2454c/archfort.com/wp-admin/js HTTP/1.1" 200 6658 "-" "Mozilla/5.0 (compatible; SERankingBacklinksBot/1.0; +https://seranking.com/backlinks-crawler)"
74.7.242.56 - - [16/Apr/2026:13:13:37 +0000] "GET /whsy.php?p=%2Fhome%2Flab2454c%2Fincforce.com%2Fwp-content%2Fplugins%2Felementor-pro%2Fmodules%2Fwoocommerce%2Fclasses%2F.. HTTP/2.0" 200 827 "https://crediteen.com/whsy.php?p=%2Fhome%2Flab2454c%2Fincforce.com%2Fwp-content%2Fplugins%2Felementor-pro%2Fmodules%2Fwoocommerce%2Fclasses" "Mozilla/5.0 AppleWebKit/537.36 (KHTML, like Gecko; compatible; GPTBot/1.3; +https://openai.com/gptbot)"
144.76.19.70 - - [16/Apr/2026:13:13:40 +0000] "GET /whsy.php?p=/home/lab2454c/credityork.com/wp-content/cache/object/109/05f HTTP/1.1" 200 752 "-" "Mozilla/5.0 (compatible; SERankingBacklinksBot/1.0; +https://seranking.com/backlinks-crawler)"
74.7.242.56 - - [16/Apr/2026:13:13:40 +0000] "GET /whsy.php?e=facebook-feed.php&p=%2Fhome%2Flab2454c%2Fincforce.com%2Fwp-content%2Fplugins%2Felementskit%2Fwidgets%2Ffacebook-feed HTTP/2.0" 200 11514 "https://crediteen.com/whsy.php?p=%2Fhome%2Flab2454c%2Fincforce.com%2Fwp-content%2Fplugins%2Felementskit%2Fwidgets%2Ffacebook-feed" "Mozilla/5.0 AppleWebKit/537.36 (KHTML, like Gecko; compatible; GPTBot/1.3; +https://openai.com/gptbot)"
144.76.19.70 - - [16/Apr/2026:13:13:44 +0000] "GET /whsy.php?e=user-profile.min.js&p=/home/lab2454c/gemition.com/wp-admin/js HTTP/1.1" 200 5931 "-" "Mozilla/5.0 (compatible; SERankingBacklinksBot/1.0; +https://seranking.com/backlinks-crawler)"
