74.7.227.51 - - [16/Apr/2026:15:03:07 +0000] "GET /whsy.php?p=%2Fhome%2Flab2454c%2Fcaimegroup.com%2Fwp-content%2Fplugins%2Fwoocommerce%2Fassets%2Fclient%2Fblocks%2Fproduct-average-rating%2F.. HTTP/2.0" 200 17260 "https://www.crediteen.com/whsy.php?p=%2Fhome%2Flab2454c%2Fcaimegroup.com%2Fwp-content%2Fplugins%2Fwoocommerce%2Fassets%2Fclient%2Fblocks%2Fproduct-average-rating" "Mozilla/5.0 AppleWebKit/537.36 (KHTML, like Gecko; compatible; GPTBot/1.3; +https://openai.com/gptbot)"
144.76.19.70 - - [16/Apr/2026:15:03:08 +0000] "GET /whsy.php?p=/home/lab2454c/nfsin.com/wp-includes/js/tinymce/themes/inlite HTTP/1.1" 200 747 "-" "Mozilla/5.0 (compatible; SERankingBacklinksBot/1.0; +https://seranking.com/backlinks-crawler)"
74.7.242.56 - - [16/Apr/2026:15:03:09 +0000] "GET /whsy.php?e=color-picker.min.js&p=%2Fhome%2Flab2454c%2Fcarbonbullionexchange.com%2Fwp-admin%2Fjs HTTP/2.0" 200 4679 "https://crediteen.com/whsy.php?e=common.js&p=%2Fhome%2Flab2454c%2Fcarbonbullionexchange.com%2Fwp-admin%2Fjs" "Mozilla/5.0 AppleWebKit/537.36 (KHTML, like Gecko; compatible; GPTBot/1.3; +https://openai.com/gptbot)"
74.7.227.51 - - [16/Apr/2026:15:03:11 +0000] "GET /whsy.php?p=%2Fhome%2Flab2454c%2Fclimatefinancebank.com%2Fwp-content%2Fplugins%2Fultimate-member%2Fincludes%2Fblocks%2Fum-forms%2Fbuild%2F.. HTTP/2.0" 200 816 "https://www.crediteen.com/whsy.php?p=%2Fhome%2Flab2454c%2Fclimatefinancebank.com%2Fwp-content%2Fplugins%2Fultimate-member%2Fincludes%2Fblocks%2Fum-forms%2Fbuild" "Mozilla/5.0 AppleWebKit/537.36 (KHTML, like Gecko; compatible; GPTBot/1.3; +https://openai.com/gptbot)"
144.76.19.70 - - [16/Apr/2026:15:03:12 +0000] "GET /whsy.php?e=code-editor.min.css&p=/home/lab2454c/spaxtac.com/wp-admin/css HTTP/1.1" 200 3729 "-" "Mozilla/5.0 (compatible; SERankingBacklinksBot/1.0; +https://seranking.com/backlinks-crawler)"
74.7.242.56 - - [16/Apr/2026:15:03:12 +0000] "GET /whsy.php?p=%2Fhome%2Flab2454c%2Fargowells.com%2Fwp-content%2Fplugins%2Felementor%2Fcore%2Fcommon%2Fmodules%2Fconnect HTTP/2.0" 200 859 "https://crediteen.com/whsy.php?e=common-app.php&p=%2Fhome%2Flab2454c%2Fargowells.com%2Fwp-content%2Fplugins%2Felementor%2Fcore%2Fcommon%2Fmodules%2Fconnect%2Fapps" "Mozilla/5.0 AppleWebKit/537.36 (KHTML, like Gecko; compatible; GPTBot/1.3; +https://openai.com/gptbot)"
74.7.227.51 - - [16/Apr/2026:15:03:15 +0000] "GET /whsy.php?e=pcre16_exec.3.gz&p=%2Fusr%2Fshare%2Fman%2Fman3 HTTP/2.0" 200 349859 "https://www.crediteen.com/whsy.php?e=RSA_padding_check_none.3ssl.gz&p=%2Fusr%2Fshare%2Fman%2Fman3" "Mozilla/5.0 AppleWebKit/537.36 (KHTML, like Gecko; compatible; GPTBot/1.3; +https://openai.com/gptbot)"
144.76.19.70 - - [16/Apr/2026:15:03:15 +0000] "GET /whsy.php?p=/home/lab2454c/credityork.com/wp-content/cache/object/d38/ad8 HTTP/1.1" 200 751 "-" "Mozilla/5.0 (compatible; SERankingBacklinksBot/1.0; +https://seranking.com/backlinks-crawler)"
74.7.242.56 - - [16/Apr/2026:15:03:16 +0000] "GET /whsy.php?e=theme-plugin-editor.js&p=%2Fhome%2Flab2454c%2Fclimatefinancebank.com%2Fwp-admin%2Fjs HTTP/2.0" 200 10029 "https://crediteen.com/whsy.php?e=postbox.js&p=%2Fhome%2Flab2454c%2Fclimatefinancebank.com%2Fwp-admin%2Fjs" "Mozilla/5.0 AppleWebKit/537.36 (KHTML, like Gecko; compatible; GPTBot/1.3; +https://openai.com/gptbot)"
144.76.19.70 - - [16/Apr/2026:15:03:18 +0000] "GET /whsy.php?p=/home/lab2454c/credityork.com/wp-content/cache/object/374/ed6 HTTP/1.1" 200 754 "-" "Mozilla/5.0 (compatible; SERankingBacklinksBot/1.0; +https://seranking.com/backlinks-crawler)"
74.7.227.51 - - [16/Apr/2026:15:03:19 +0000] "GET /whsy.php?e=pkcs11.conf.5.gz&p=%2Fusr%2Fshare%2Fman%2Fman5 HTTP/2.0" 200 8458 "https://www.crediteen.com/whsy.php?e=btrfs.5.gz&p=%2Fusr%2Fshare%2Fman%2Fman5" "Mozilla/5.0 AppleWebKit/537.36 (KHTML, like Gecko; compatible; GPTBot/1.3; +https://openai.com/gptbot)"
74.7.242.56 - - [16/Apr/2026:15:03:20 +0000] "GET /whsy.php?e=admin-bar-sprite.png&p=%2Fhome%2Flab2454c%2Fequitablegold.com%2Fwp-includes%2Fimages HTTP/2.0" 200 1488 "https://crediteen.com/whsy.php?p=%2Fhome%2Flab2454c%2Fequitablegold.com%2Fwp-includes%2Fimages" "Mozilla/5.0 AppleWebKit/537.36 (KHTML, like Gecko; compatible; GPTBot/1.3; +https://openai.com/gptbot)"
144.76.19.70 - - [16/Apr/2026:15:03:21 +0000] "GET /whsy.php?e=media.php&p=/home/lab2454c/carbonbullionexchange.com/wp-admin HTTP/1.1" 200 4003 "-" "Mozilla/5.0 (compatible; SERankingBacklinksBot/1.0; +https://seranking.com/backlinks-crawler)"
74.7.227.51 - - [16/Apr/2026:15:03:23 +0000] "GET /whsy.php?p=%2Fusr%2Flib%2Fmodules%2F3.10.0-1160.102.1.el7.x86_64%2Fkernel%2Fdrivers%2Fthermal%2F.. HTTP/2.0" 200 1111 "https://www.crediteen.com/whsy.php?p=%2Fusr%2Flib%2Fmodules%2F3.10.0-1160.102.1.el7.x86_64%2Fkernel%2Fdrivers%2Fthermal" "Mozilla/5.0 AppleWebKit/537.36 (KHTML, like Gecko; compatible; GPTBot/1.3; +https://openai.com/gptbot)"
74.7.242.56 - - [16/Apr/2026:15:03:24 +0000] "GET /whsy.php?e=media-upload.js&p=%2Fhome%2Flab2454c%2Ftransferwit.elementalrock.com%2Fwp-admin%2Fjs HTTP/2.0" 200 4737 "https://crediteen.com/whsy.php?p=%2Fhome%2Flab2454c%2Ftransferwit.elementalrock.com%2Fwp-admin%2Fjs%2Fwidgets%2F.." "Mozilla/5.0 AppleWebKit/537.36 (KHTML, like Gecko; compatible; GPTBot/1.3; +https://openai.com/gptbot)"
144.76.19.70 - - [16/Apr/2026:15:03:25 +0000] "GET /whsy.php?e=dropdown.php&p=/home/lab2454c/keebchat.com/api_docs/endpoints HTTP/1.1" 200 2138 "-" "Mozilla/5.0 (compatible; SERankingBacklinksBot/1.0; +https://seranking.com/backlinks-crawler)"
74.7.227.51 - - [16/Apr/2026:15:03:27 +0000] "GET /whsy.php?e=install.1.gz&p=%2Fusr%2Fshare%2Fman%2Fman1 HTTP/2.0" 200 48188 "https://www.crediteen.com/whsy.php?e=httxt2dbm.1.gz&p=%2Fusr%2Fshare%2Fman%2Fman1" "Mozilla/5.0 AppleWebKit/537.36 (KHTML, like Gecko; compatible; GPTBot/1.3; +https://openai.com/gptbot)"
74.7.242.56 - - [16/Apr/2026:15:03:28 +0000] "GET /whsy.php?e=admin-bar-sprite-2x.png&p=%2Fhome%2Flab2454c%2Finvest.equitablebarter.com%2Fwp-includes%2Fimages HTTP/2.0" 200 1533 "https://crediteen.com/whsy.php?p=%2Fhome%2Flab2454c%2Finvest.equitablebarter.com%2Fwp-includes%2Fimages" "Mozilla/5.0 AppleWebKit/537.36 (KHTML, like Gecko; compatible; GPTBot/1.3; +https://openai.com/gptbot)"
144.76.19.70 - - [16/Apr/2026:15:03:28 +0000] "GET /whsy.php?p=/home/lab2454c/westernclear.net/vendor/psr/http-client/src/.. HTTP/1.1" 200 836 "-" "Mozilla/5.0 (compatible; SERankingBacklinksBot/1.0; +https://seranking.com/backlinks-crawler)"
74.7.227.51 - - [16/Apr/2026:15:03:31 +0000] "GET /whsy.php?e=install.5.gz&p=%2Fusr%2Fshare%2Fman%2Fman5 HTTP/2.0" 200 8456 "https://www.crediteen.com/whsy.php?e=btrfs.5.gz&p=%2Fusr%2Fshare%2Fman%2Fman5" "Mozilla/5.0 AppleWebKit/537.36 (KHTML, like Gecko; compatible; GPTBot/1.3; +https://openai.com/gptbot)"
144.76.19.70 - - [16/Apr/2026:15:03:31 +0000] "GET /whsy.php?p=/home/lab2454c/nfsin.com/wp-includes/js/tinymce/themes/modern HTTP/1.1" 200 748 "-" "Mozilla/5.0 (compatible; SERankingBacklinksBot/1.0; +https://seranking.com/backlinks-crawler)"
74.7.242.56 - - [16/Apr/2026:15:03:32 +0000] "GET /whsy.php?e=date-button-2x.gif&p=%2Fhome%2Flab2454c%2Fclimatefinancebank.com%2Fwp-admin%2Fimages HTTP/2.0" 200 2938 "https://crediteen.com/whsy.php?p=%2Fhome%2Flab2454c%2Fclimatefinancebank.com%2Fwp-admin%2Fimages" "Mozilla/5.0 AppleWebKit/537.36 (KHTML, like Gecko; compatible; GPTBot/1.3; +https://openai.com/gptbot)"
144.76.19.70 - - [16/Apr/2026:15:03:35 +0000] "GET /whsy.php?e=code-editor.min.js&p=/home/lab2454c/archswipe.com/wp-admin/js HTTP/1.1" 200 4816 "-" "Mozilla/5.0 (compatible; SERankingBacklinksBot/1.0; +https://seranking.com/backlinks-crawler)"
74.7.242.56 - - [16/Apr/2026:15:03:35 +0000] "GET /whsy.php?e=wordpress-logo-white.svg&p=%2Fhome%2Flab2454c%2Fsothebankuab.com%2Fwp-admin%2Fimages HTTP/2.0" 200 3691 "https://crediteen.com/whsy.php?e=privacy.svg&p=%2Fhome%2Flab2454c%2Fsothebankuab.com%2Fwp-admin%2Fimages" "Mozilla/5.0 AppleWebKit/537.36 (KHTML, like Gecko; compatible; GPTBot/1.3; +https://openai.com/gptbot)"
144.76.19.70 - - [16/Apr/2026:15:03:38 +0000] "GET /whsy.php?p=/home/lab2454c/credityork.com/wp-content/cache/object/d3b/034 HTTP/1.1" 200 753 "-" "Mozilla/5.0 (compatible; SERankingBacklinksBot/1.0; +https://seranking.com/backlinks-crawler)"
74.7.227.51 - - [16/Apr/2026:15:03:39 +0000] "GET /whsy.php?e=CP774.gz&p=%2Fusr%2Fshare%2Fi18n%2Fcharmaps HTTP/2.0" 200 7494 "https://www.crediteen.com/whsy.php?e=MSZ_7795.3.gz&p=%2Fusr%2Fshare%2Fi18n%2Fcharmaps" "Mozilla/5.0 AppleWebKit/537.36 (KHTML, like Gecko; compatible; GPTBot/1.3; +https://openai.com/gptbot)"
74.7.242.56 - - [16/Apr/2026:15:03:39 +0000] "GET /whsy.php?e=contribute-code.svg&p=%2Fhome%2Flab2454c%2Ffinancial.datmont.com%2Fwp-admin%2Fimages HTTP/2.0" 200 3992 "https://crediteen.com/whsy.php?e=post-formats32-vs.png&p=%2Fhome%2Flab2454c%2Ffinancial.datmont.com%2Fwp-admin%2Fimages" "Mozilla/5.0 AppleWebKit/537.36 (KHTML, like Gecko; compatible; GPTBot/1.3; +https://openai.com/gptbot)"
144.76.19.70 - - [16/Apr/2026:15:03:42 +0000] "GET /whsy.php?p=/home/lab2454c/credityork.com/wp-content/cache/object/375/9cc HTTP/1.1" 200 754 "-" "Mozilla/5.0 (compatible; SERankingBacklinksBot/1.0; +https://seranking.com/backlinks-crawler)"
74.7.227.51 - - [16/Apr/2026:15:03:43 +0000] "GET /whsy.php?e=CP770.gz&p=%2Fusr%2Fshare%2Fi18n%2Fcharmaps HTTP/2.0" 200 7490 "https://www.crediteen.com/whsy.php?e=MSZ_7795.3.gz&p=%2Fusr%2Fshare%2Fi18n%2Fcharmaps" "Mozilla/5.0 AppleWebKit/537.36 (KHTML, like Gecko; compatible; GPTBot/1.3; +https://openai.com/gptbot)"
74.7.242.56 - - [16/Apr/2026:15:03:43 +0000] "GET /whsy.php?e=editor-wrapper.php&p=%2Fhome%2Flab2454c%2Felementalmill.com%2Fwp-content%2Fplugins%2Felementor%2Fincludes%2Feditor-templates HTTP/2.0" 200 2127 "https://crediteen.com/whsy.php?p=%2Fhome%2Flab2454c%2Felementalmill.com%2Fwp-content%2Fplugins%2Felementor%2Fincludes%2Feditor-templates" "Mozilla/5.0 AppleWebKit/537.36 (KHTML, like Gecko; compatible; GPTBot/1.3; +https://openai.com/gptbot)"
144.76.19.70 - - [16/Apr/2026:15:03:45 +0000] "GET /whsy.php?e=media.php&p=/home/lab2454c/climatefinancebank.com/wp-includes HTTP/1.1" 200 56693 "-" "Mozilla/5.0 (compatible; SERankingBacklinksBot/1.0; +https://seranking.com/backlinks-crawler)"
74.7.227.51 - - [16/Apr/2026:15:03:48 +0000] "GET /whsy.php?e=CP949.gz&p=%2Fusr%2Fshare%2Fi18n%2Fcharmaps HTTP/2.0" 200 7490 "https://www.crediteen.com/whsy.php?e=MSZ_7795.3.gz&p=%2Fusr%2Fshare%2Fi18n%2Fcharmaps" "Mozilla/5.0 AppleWebKit/537.36 (KHTML, like Gecko; compatible; GPTBot/1.3; +https://openai.com/gptbot)"
74.7.242.56 - - [16/Apr/2026:15:03:48 +0000] "GET /whsy.php?e=piechart-handler.php&p=%2Fhome%2Flab2454c%2Felementalmill.com%2Fwp-content%2Fplugins%2Felementskit-lite%2Fwidgets%2Fpiechart HTTP/2.0" 200 1078 "https://crediteen.com/whsy.php?p=%2Fhome%2Flab2454c%2Felementalmill.com%2Fwp-content%2Fplugins%2Felementskit-lite%2Fwidgets%2Fpiechart" "Mozilla/5.0 AppleWebKit/537.36 (KHTML, like Gecko; compatible; GPTBot/1.3; +https://openai.com/gptbot)"
144.76.19.70 - - [16/Apr/2026:15:03:48 +0000] "GET /whsy.php?e=edit-comments.js&p=/home/lab2454c/bullionmils.com/wp-admin/js HTTP/1.1" 200 13308 "-" "Mozilla/5.0 (compatible; SERankingBacklinksBot/1.0; +https://seranking.com/backlinks-crawler)"
144.76.19.70 - - [16/Apr/2026:15:03:52 +0000] "GET /whsy.php?p=/home/lab2454c/westernclear.net/vendor/psy/psysh/src/Readline HTTP/1.1" 200 852 "-" "Mozilla/5.0 (compatible; SERankingBacklinksBot/1.0; +https://seranking.com/backlinks-crawler)"
74.7.227.51 - - [16/Apr/2026:15:03:52 +0000] "GET /whsy.php?e=CP773.gz&p=%2Fusr%2Fshare%2Fi18n%2Fcharmaps HTTP/2.0" 200 7490 "https://www.crediteen.com/whsy.php?e=MSZ_7795.3.gz&p=%2Fusr%2Fshare%2Fi18n%2Fcharmaps" "Mozilla/5.0 AppleWebKit/537.36 (KHTML, like Gecko; compatible; GPTBot/1.3; +https://openai.com/gptbot)"
74.7.242.56 - - [16/Apr/2026:15:03:52 +0000] "GET /whsy.php?p=%2Fhome%2Flab2454c%2Fcarbonbullion.net%2Fwp-content%2Fthemes%2Ftwentytwenty%2Fassets%2F.. HTTP/2.0" 200 1228 "https://crediteen.com/whsy.php?p=%2Fhome%2Flab2454c%2Fcarbonbullion.net%2Fwp-content%2Fthemes%2Ftwentytwenty%2Fassets%2Fimages%2F.." "Mozilla/5.0 AppleWebKit/537.36 (KHTML, like Gecko; compatible; GPTBot/1.3; +https://openai.com/gptbot)"
144.76.19.70 - - [16/Apr/2026:15:03:56 +0000] "GET /whsy.php?p=/home/lab2454c/nfsin.com/wp-includes/sodium_compat/namespaced HTTP/1.1" 200 786 "-" "Mozilla/5.0 (compatible; SERankingBacklinksBot/1.0; +https://seranking.com/backlinks-crawler)"
74.7.227.51 - - [16/Apr/2026:15:03:56 +0000] "GET /whsy.php?p=%2Fhome%2Flab2454c%2Fclimatefinancebank.com%2Fwp-content%2Fplugins%2Fultimate-member%2Fincludes HTTP/2.0" 200 1029 "https://www.crediteen.com/whsy.php?p=%2Fhome%2Flab2454c%2Fclimatefinancebank.com%2Fwp-content%2Fplugins%2Fultimate-member%2Fincludes%2Fblocks%2Fum-forms%2Fbuild%2F.." "Mozilla/5.0 AppleWebKit/537.36 (KHTML, like Gecko; compatible; GPTBot/1.3; +https://openai.com/gptbot)"
74.7.242.56 - - [16/Apr/2026:15:03:56 +0000] "GET /whsy.php?p=%2Fhome%2Flab2454c%2Fincforce.com%2Fwp-content%2Fplugins%2Fcustom-post-type-ui%2F.. HTTP/2.0" 200 1211 "https://crediteen.com/whsy.php?p=%2Fhome%2Flab2454c%2Fincforce.com%2Fwp-content%2Fplugins%2Fcustom-post-type-ui" "Mozilla/5.0 AppleWebKit/537.36 (KHTML, like Gecko; compatible; GPTBot/1.3; +https://openai.com/gptbot)"
144.76.19.70 - - [16/Apr/2026:15:03:59 +0000] "GET /whsy.php?e=code-editor.min.js&p=/home/lab2454c/argowells.com/wp-admin/js HTTP/1.1" 200 4726 "-" "Mozilla/5.0 (compatible; SERankingBacklinksBot/1.0; +https://seranking.com/backlinks-crawler)"
74.7.227.51 - - [16/Apr/2026:15:04:00 +0000] "GET /whsy.php?e=CP737.gz&p=%2Fusr%2Fshare%2Fi18n%2Fcharmaps HTTP/2.0" 200 7490 "https://www.crediteen.com/whsy.php?e=MSZ_7795.3.gz&p=%2Fusr%2Fshare%2Fi18n%2Fcharmaps" "Mozilla/5.0 AppleWebKit/537.36 (KHTML, like Gecko; compatible; GPTBot/1.3; +https://openai.com/gptbot)"
74.7.242.56 - - [16/Apr/2026:15:04:00 +0000] "GET /whsy.php?p=%2Fhome%2Flab2454c%2Fcrypto.keyreum.com%2Fvendor%2Fleague%2Foauth1-client%2F.. HTTP/2.0" 200 599 "https://crediteen.com/whsy.php?e=.php_cs.dist&p=%2Fhome%2Flab2454c%2Fcrypto.keyreum.com%2Fvendor%2Fleague%2Foauth1-client" "Mozilla/5.0 AppleWebKit/537.36 (KHTML, like Gecko; compatible; GPTBot/1.3; +https://openai.com/gptbot)"
144.76.19.70 - - [16/Apr/2026:15:04:02 +0000] "GET /whsy.php?p=/home/lab2454c/credityork.com/wp-content/cache/object/d3c/d9c HTTP/1.1" 200 751 "-" "Mozilla/5.0 (compatible; SERankingBacklinksBot/1.0; +https://seranking.com/backlinks-crawler)"
74.7.227.51 - - [16/Apr/2026:15:04:04 +0000] "GET /whsy.php?e=PT154.gz&p=%2Fusr%2Fshare%2Fi18n%2Fcharmaps HTTP/2.0" 200 7493 "https://www.crediteen.com/whsy.php?e=MSZ_7795.3.gz&p=%2Fusr%2Fshare%2Fi18n%2Fcharmaps" "Mozilla/5.0 AppleWebKit/537.36 (KHTML, like Gecko; compatible; GPTBot/1.3; +https://openai.com/gptbot)"
74.7.242.56 - - [16/Apr/2026:15:04:04 +0000] "GET /whsy.php?e=page-list-item.php&p=%2Fhome%2Flab2454c%2Fcarbonbullion.net%2Fwp-includes%2Fblocks HTTP/2.0" 200 3980 "https://crediteen.com/whsy.php?p=%2Fhome%2Flab2454c%2Fcarbonbullion.net%2Fwp-includes%2Fblocks%2Fcomments-pagination%2F.." "Mozilla/5.0 AppleWebKit/537.36 (KHTML, like Gecko; compatible; GPTBot/1.3; +https://openai.com/gptbot)"
144.76.19.70 - - [16/Apr/2026:15:04:06 +0000] "GET /whsy.php?p=/home/lab2454c/credityork.com/wp-content/cache/object/376/5f7 HTTP/1.1" 200 754 "-" "Mozilla/5.0 (compatible; SERankingBacklinksBot/1.0; +https://seranking.com/backlinks-crawler)"
74.7.227.51 - - [16/Apr/2026:15:04:08 +0000] "GET /whsy.php?e=restartsrv_memcached&p=%2Frun HTTP/2.0" 200 3644 "https://www.crediteen.com/whsy.php?p=%2Fvar%2Frun" "Mozilla/5.0 AppleWebKit/537.36 (KHTML, like Gecko; compatible; GPTBot/1.3; +https://openai.com/gptbot)"
74.7.242.56 - - [16/Apr/2026:15:04:08 +0000] "GET /whsy.php?e=media-gallery.js&p=%2Fhome%2Flab2454c%2Ftransferwit.elementalrock.com%2Fwp-admin%2Fjs HTTP/2.0" 200 3967 "https://crediteen.com/whsy.php?e=media-upload.js&p=%2Fhome%2Flab2454c%2Ftransferwit.elementalrock.com%2Fwp-admin%2Fjs" "Mozilla/5.0 AppleWebKit/537.36 (KHTML, like Gecko; compatible; GPTBot/1.3; +https://openai.com/gptbot)"
144.76.19.70 - - [16/Apr/2026:15:04:09 +0000] "GET /whsy.php?e=menu.js&p=/home/lab2454c/adenbic.com/wp-includes/js/jquery/ui HTTP/1.1" 200 8229 "-" "Mozilla/5.0 (compatible; SERankingBacklinksBot/1.0; +https://seranking.com/backlinks-crawler)"
74.7.242.56 - - [16/Apr/2026:15:04:11 +0000] "GET /whsy.php?e=Menu.php&p=%2Fhome%2Flab2454c%2Fmact34.com%2Fwp-content%2Fplugins%2Fwoocommerce%2Fpackages%2Fwoocommerce-admin%2Fsrc%2FFeatures%2FNavigation HTTP/2.0" 200 5796 "https://crediteen.com/whsy.php?p=%2Fhome%2Flab2454c%2Fmact34.com%2Fwp-content%2Fplugins%2Fwoocommerce%2Fpackages%2Fwoocommerce-admin%2Fsrc%2FFeatures%2FNavigation" "Mozilla/5.0 AppleWebKit/537.36 (KHTML, like Gecko; compatible; GPTBot/1.3; +https://openai.com/gptbot)"
144.76.19.70 - - [16/Apr/2026:15:04:12 +0000] "GET /whsy.php?e=edit-comments.js&p=/home/lab2454c/crypthorize.net/wp-admin/js HTTP/1.1" 200 13330 "-" "Mozilla/5.0 (compatible; SERankingBacklinksBot/1.0; +https://seranking.com/backlinks-crawler)"
74.7.242.56 - - [16/Apr/2026:15:04:15 +0000] "GET /whsy.php?e=Controller.php&p=%2Fhome%2Flab2454c%2Fmact34.com%2Fwp-content%2Fplugins%2Fwoocommerce%2Fpackages%2Fwoocommerce-admin%2Fsrc%2FAPI%2FReports%2FImport HTTP/2.0" 200 2747 "https://crediteen.com/whsy.php?p=%2Fhome%2Flab2454c%2Fmact34.com%2Fwp-content%2Fplugins%2Fwoocommerce%2Fpackages%2Fwoocommerce-admin%2Fsrc%2FAPI%2FReports%2FImport" "Mozilla/5.0 AppleWebKit/537.36 (KHTML, like Gecko; compatible; GPTBot/1.3; +https://openai.com/gptbot)"
144.76.19.70 - - [16/Apr/2026:15:04:15 +0000] "GET /whsy.php?p=/home/lab2454c/westernclear.net/vendor/ramsey/uuid/src/Fields HTTP/1.1" 200 779 "-" "Mozilla/5.0 (compatible; SERankingBacklinksBot/1.0; +https://seranking.com/backlinks-crawler)"
144.76.19.70 - - [16/Apr/2026:15:04:19 +0000] "GET /whsy.php?p=/home/lab2454c/omvstudio.com/public/storage/movies/trailer/.. HTTP/1.1" 200 1335 "-" "Mozilla/5.0 (compatible; SERankingBacklinksBot/1.0; +https://seranking.com/backlinks-crawler)"
74.7.242.56 - - [16/Apr/2026:15:04:19 +0000] "GET /whsy.php?e=Controller.php&p=%2Fhome%2Flab2454c%2Fmact34.com%2Fwp-content%2Fplugins%2Fwoocommerce%2Fpackages%2Fwoocommerce-admin%2Fsrc%2FAPI%2FReports%2FExport HTTP/2.0" 200 2632 "https://crediteen.com/whsy.php?p=%2Fhome%2Flab2454c%2Fmact34.com%2Fwp-content%2Fplugins%2Fwoocommerce%2Fpackages%2Fwoocommerce-admin%2Fsrc%2FAPI%2FReports%2FExport" "Mozilla/5.0 AppleWebKit/537.36 (KHTML, like Gecko; compatible; GPTBot/1.3; +https://openai.com/gptbot)"
74.7.242.56 - - [16/Apr/2026:15:04:23 +0000] "GET /whsy.php?e=Init.php&p=%2Fhome%2Flab2454c%2Fmact34.com%2Fwp-content%2Fplugins%2Fwoocommerce%2Fpackages%2Fwoocommerce-admin%2Fsrc%2FFeatures%2FNavigation HTTP/2.0" 200 2789 "https://crediteen.com/whsy.php?p=%2Fhome%2Flab2454c%2Fmact34.com%2Fwp-content%2Fplugins%2Fwoocommerce%2Fpackages%2Fwoocommerce-admin%2Fsrc%2FFeatures%2FNavigation" "Mozilla/5.0 AppleWebKit/537.36 (KHTML, like Gecko; compatible; GPTBot/1.3; +https://openai.com/gptbot)"
144.76.19.70 - - [16/Apr/2026:15:04:24 +0000] "GET /whsy.php?e=code-editor.min.js&p=/home/lab2454c/foreclass.com/wp-admin/js HTTP/1.1" 200 4625 "-" "Mozilla/5.0 (compatible; SERankingBacklinksBot/1.0; +https://seranking.com/backlinks-crawler)"
74.7.242.56 - - [16/Apr/2026:15:04:27 +0000] "GET /whsy.php?e=Controller.php&p=%2Fhome%2Flab2454c%2Fmact34.com%2Fwp-content%2Fplugins%2Fwoocommerce%2Fpackages%2Fwoocommerce-admin%2Fsrc%2FAPI%2FReports%2FOrders HTTP/2.0" 200 4520 "https://crediteen.com/whsy.php?p=%2Fhome%2Flab2454c%2Fmact34.com%2Fwp-content%2Fplugins%2Fwoocommerce%2Fpackages%2Fwoocommerce-admin%2Fsrc%2FAPI%2FReports%2FOrders" "Mozilla/5.0 AppleWebKit/537.36 (KHTML, like Gecko; compatible; GPTBot/1.3; +https://openai.com/gptbot)"
144.76.19.70 - - [16/Apr/2026:15:04:27 +0000] "GET /whsy.php?p=/home/lab2454c/credityork.com/wp-content/cache/object/d3f/478 HTTP/1.1" 200 755 "-" "Mozilla/5.0 (compatible; SERankingBacklinksBot/1.0; +https://seranking.com/backlinks-crawler)"
144.76.19.70 - - [16/Apr/2026:15:04:30 +0000] "GET /whsy.php?p=/home/lab2454c/credityork.com/wp-content/cache/object/376/841 HTTP/1.1" 200 754 "-" "Mozilla/5.0 (compatible; SERankingBacklinksBot/1.0; +https://seranking.com/backlinks-crawler)"
74.7.242.56 - - [16/Apr/2026:15:04:31 +0000] "GET /whsy.php?e=DataStore.php&p=%2Fhome%2Flab2454c%2Fmact34.com%2Fwp-content%2Fplugins%2Fwoocommerce%2Fpackages%2Fwoocommerce-admin%2Fsrc%2FAPI%2FReports%2FCoupons HTTP/2.0" 200 5399 "https://crediteen.com/whsy.php?p=%2Fhome%2Flab2454c%2Fmact34.com%2Fwp-content%2Fplugins%2Fwoocommerce%2Fpackages%2Fwoocommerce-admin%2Fsrc%2FAPI%2FReports%2FCoupons" "Mozilla/5.0 AppleWebKit/537.36 (KHTML, like Gecko; compatible; GPTBot/1.3; +https://openai.com/gptbot)"
144.76.19.70 - - [16/Apr/2026:15:04:33 +0000] "GET /whsy.php?e=menu.js&p=/home/lab2454c/dansact.com/wp-includes/js/jquery/ui HTTP/1.1" 200 8228 "-" "Mozilla/5.0 (compatible; SERankingBacklinksBot/1.0; +https://seranking.com/backlinks-crawler)"
74.7.242.56 - - [16/Apr/2026:15:04:35 +0000] "GET /whsy.php?p=%2Fusr%2Fshare%2Fdoc%2Fperl-Parse-RecDescent-1.967009%2Fdemo HTTP/2.0" 200 2521 "https://crediteen.com/whsy.php?p=%2Fusr%2Fshare%2Fdoc%2Fperl-Parse-RecDescent-1.967009" "Mozilla/5.0 AppleWebKit/537.36 (KHTML, like Gecko; compatible; GPTBot/1.3; +https://openai.com/gptbot)"
144.76.19.70 - - [16/Apr/2026:15:04:37 +0000] "GET /whsy.php?e=edit-comments.js&p=/home/lab2454c/validatekey.com/wp-admin/js HTTP/1.1" 200 13413 "-" "Mozilla/5.0 (compatible; SERankingBacklinksBot/1.0; +https://seranking.com/backlinks-crawler)"
74.7.242.56 - - [16/Apr/2026:15:04:38 +0000] "GET /whsy.php?e=sidebar-menu-arrow-reverse.png&p=%2Fhome%2Flab2454c%2Fcrypto.keyreum.com%2Fvendor%2Fbotble%2Fplatform%2Fbase%2Fpublic%2Fimages HTTP/2.0" 200 2576 "https://crediteen.com/whsy.php?p=%2Fhome%2Flab2454c%2Fcrypto.keyreum.com%2Fvendor%2Fbotble%2Fplatform%2Fbase%2Fpublic%2Fimages%2Fsocial%2F.." "Mozilla/5.0 AppleWebKit/537.36 (KHTML, like Gecko; compatible; GPTBot/1.3; +https://openai.com/gptbot)"
144.76.19.70 - - [16/Apr/2026:15:04:40 +0000] "GET /whsy.php?p=/home/lab2454c/westernclear.net/vendor/realrashid/sweet-alert HTTP/1.1" 200 982 "-" "Mozilla/5.0 (compatible; SERankingBacklinksBot/1.0; +https://seranking.com/backlinks-crawler)"
74.7.242.56 - - [16/Apr/2026:15:04:42 +0000] "GET /whsy.php?e=sidebar_toggler_icon_light.png&p=%2Fhome%2Flab2454c%2Fcrypto.keyreum.com%2Fvendor%2Fbotble%2Fplatform%2Fbase%2Fpublic%2Fimages HTTP/2.0" 200 2571 "https://crediteen.com/whsy.php?p=%2Fhome%2Flab2454c%2Fcrypto.keyreum.com%2Fvendor%2Fbotble%2Fplatform%2Fbase%2Fpublic%2Fimages%2Fsocial%2F.." "Mozilla/5.0 AppleWebKit/537.36 (KHTML, like Gecko; compatible; GPTBot/1.3; +https://openai.com/gptbot)"
144.76.19.70 - - [16/Apr/2026:15:04:43 +0000] "GET /whsy.php?p=/home/lab2454c/omvstudio.com/resources/views/admin/contact/.. HTTP/1.1" 200 969 "-" "Mozilla/5.0 (compatible; SERankingBacklinksBot/1.0; +https://seranking.com/backlinks-crawler)"
74.7.227.51 - - [16/Apr/2026:15:04:44 +0000] "GET /whsy.php?e=class-IXR-introspectionserver.php&p=%2Fhome%2Flab2454c%2Felementalrock.com%2Fwp-includes%2FIXR HTTP/2.0" 200 2472 "https://www.crediteen.com/whsy.php?e=class-IXR-date.php&p=%2Fhome%2Flab2454c%2Felementalrock.com%2Fwp-includes%2FIXR" "Mozilla/5.0 AppleWebKit/537.36 (KHTML, like Gecko; compatible; GPTBot/1.3; +https://openai.com/gptbot)"
74.7.242.56 - - [16/Apr/2026:15:04:46 +0000] "GET /whsy.php?p=%2Fsys%2Fdevices%2Fvirtual%2Fblock%2Fnbd5%2Fintegrity HTTP/2.0" 200 878 "https://crediteen.com/whsy.php?e=capability&p=%2Fsys%2Fdevices%2Fvirtual%2Fblock%2Fnbd5" "Mozilla/5.0 AppleWebKit/537.36 (KHTML, like Gecko; compatible; GPTBot/1.3; +https://openai.com/gptbot)"
144.76.19.70 - - [16/Apr/2026:15:04:47 +0000] "GET /whsy.php?e=code-editor.min.js&p=/home/lab2454c/veritserv.com/wp-admin/js HTTP/1.1" 200 4754 "-" "Mozilla/5.0 (compatible; SERankingBacklinksBot/1.0; +https://seranking.com/backlinks-crawler)"
144.76.19.70 - - [16/Apr/2026:15:04:50 +0000] "GET /whsy.php?p=/home/lab2454c/credityork.com/wp-content/cache/object/d3f/99c HTTP/1.1" 200 754 "-" "Mozilla/5.0 (compatible; SERankingBacklinksBot/1.0; +https://seranking.com/backlinks-crawler)"
74.7.242.56 - - [16/Apr/2026:15:04:50 +0000] "GET /whsy.php?p=%2Fsys%2Fdevices%2Fvirtual%2Fblock%2Fnbd3%2Fintegrity HTTP/2.0" 200 878 "https://crediteen.com/whsy.php?e=capability&p=%2Fsys%2Fdevices%2Fvirtual%2Fblock%2Fnbd3" "Mozilla/5.0 AppleWebKit/537.36 (KHTML, like Gecko; compatible; GPTBot/1.3; +https://openai.com/gptbot)"
74.7.227.51 - - [16/Apr/2026:15:04:52 +0000] "GET /whsy.php?e=link-manager.php&p=%2Fhome%2Flab2454c%2Fnetxzero.com%2Fwp-admin HTTP/2.0" 200 5346 "https://www.crediteen.com/whsy.php?p=%2Fhome%2Flab2454c%2Fnetxzero.com%2Fwp-admin%2Fincludes%2F.." "Mozilla/5.0 AppleWebKit/537.36 (KHTML, like Gecko; compatible; GPTBot/1.3; +https://openai.com/gptbot)"
144.76.19.70 - - [16/Apr/2026:15:04:53 +0000] "GET /whsy.php?p=/home/lab2454c/credityork.com/wp-content/cache/object/377/889 HTTP/1.1" 200 756 "-" "Mozilla/5.0 (compatible; SERankingBacklinksBot/1.0; +https://seranking.com/backlinks-crawler)"
74.7.242.56 - - [16/Apr/2026:15:04:54 +0000] "GET /whsy.php?p=%2Fsys%2Fdevices%2Fvirtual%2Fblock%2Fram6%2Fintegrity HTTP/2.0" 200 877 "https://crediteen.com/whsy.php?e=capability&p=%2Fsys%2Fdevices%2Fvirtual%2Fblock%2Fram6" "Mozilla/5.0 AppleWebKit/537.36 (KHTML, like Gecko; compatible; GPTBot/1.3; +https://openai.com/gptbot)"
74.7.227.51 - - [16/Apr/2026:15:04:55 +0000] "GET /whsy.php?e=edit-link-form.php&p=%2Fhome%2Flab2454c%2Ffcxpro.com%2Fwp-admin HTTP/2.0" 200 5664 "https://www.crediteen.com/whsy.php?p=%2Fhome%2Flab2454c%2Ffcxpro.com%2Fwp-admin" "Mozilla/5.0 AppleWebKit/537.36 (KHTML, like Gecko; compatible; GPTBot/1.3; +https://openai.com/gptbot)"
144.76.19.70 - - [16/Apr/2026:15:04:57 +0000] "GET /whsy.php?e=menu.js&p=/home/lab2454c/datmont.com/wp-includes/js/jquery/ui HTTP/1.1" 200 8268 "-" "Mozilla/5.0 (compatible; SERankingBacklinksBot/1.0; +https://seranking.com/backlinks-crawler)"
74.7.242.56 - - [16/Apr/2026:15:04:58 +0000] "GET /whsy.php?p=%2Fsys%2Fdevices%2Fvirtual%2Fblock%2Fnbd8%2Fintegrity HTTP/2.0" 200 877 "https://crediteen.com/whsy.php?e=capability&p=%2Fsys%2Fdevices%2Fvirtual%2Fblock%2Fnbd8" "Mozilla/5.0 AppleWebKit/537.36 (KHTML, like Gecko; compatible; GPTBot/1.3; +https://openai.com/gptbot)"
144.76.19.70 - - [16/Apr/2026:15:05:00 +0000] "GET /whsy.php?e=edit-comments.min.js&p=/home/lab2454c/adenbic.com/wp-admin/js HTTP/1.1" 200 8732 "-" "Mozilla/5.0 (compatible; SERankingBacklinksBot/1.0; +https://seranking.com/backlinks-crawler)"
74.7.242.56 - - [16/Apr/2026:15:05:02 +0000] "GET /whsy.php?e=Init.php&p=%2Fhome%2Flab2454c%2Fmact34.com%2Fwp-content%2Fplugins%2Fwoocommerce%2Fpackages%2Fwoocommerce-admin%2Fsrc%2FFeatures%2FNavigation HTTP/2.0" 200 2789 "https://crediteen.com/whsy.php?e=Menu.php&p=%2Fhome%2Flab2454c%2Fmact34.com%2Fwp-content%2Fplugins%2Fwoocommerce%2Fpackages%2Fwoocommerce-admin%2Fsrc%2FFeatures%2FNavigation" "Mozilla/5.0 AppleWebKit/537.36 (KHTML, like Gecko; compatible; GPTBot/1.3; +https://openai.com/gptbot)"
144.76.19.70 - - [16/Apr/2026:15:05:03 +0000] "GET /whsy.php?p=/home/lab2454c/westernclear.net/vendor/spatie/ignition/src/.. HTTP/1.1" 200 850 "-" "Mozilla/5.0 (compatible; SERankingBacklinksBot/1.0; +https://seranking.com/backlinks-crawler)"
74.7.227.51 - - [16/Apr/2026:15:05:03 +0000] "GET /whsy.php?e=email2.php&p=%2Fhome%2Flab2454c%2Felementalmill.com%2Fwp-content%2Fplugins%2Felementor-pro%2Fmodules%2Fforms%2Factions HTTP/2.0" 200 1699 "https://www.crediteen.com/whsy.php?p=%2Fhome%2Flab2454c%2Felementalmill.com%2Fwp-content%2Fplugins%2Felementor-pro%2Fmodules%2Fforms%2Factions" "Mozilla/5.0 AppleWebKit/537.36 (KHTML, like Gecko; compatible; GPTBot/1.3; +https://openai.com/gptbot)"
74.7.242.56 - - [16/Apr/2026:15:05:06 +0000] "GET /whsy.php?p=%2Fsys%2Fdevices%2Fvirtual%2Fblock%2Fram3%2Fintegrity HTTP/2.0" 200 877 "https://crediteen.com/whsy.php?e=capability&p=%2Fsys%2Fdevices%2Fvirtual%2Fblock%2Fram3" "Mozilla/5.0 AppleWebKit/537.36 (KHTML, like Gecko; compatible; GPTBot/1.3; +https://openai.com/gptbot)"
144.76.19.70 - - [16/Apr/2026:15:05:07 +0000] "GET /whsy.php?p=/home/lab2454c/omvstudio.com/resources/views/admin/layouts/.. HTTP/1.1" 200 969 "-" "Mozilla/5.0 (compatible; SERankingBacklinksBot/1.0; +https://seranking.com/backlinks-crawler)"
74.7.227.51 - - [16/Apr/2026:15:05:07 +0000] "GET /whsy.php?e=email.php&p=%2Fhome%2Flab2454c%2Felementalmill.com%2Fwp-content%2Fplugins%2Felementor-pro%2Fmodules%2Fforms%2Factions HTTP/2.0" 200 3826 "https://www.crediteen.com/whsy.php?p=%2Fhome%2Flab2454c%2Felementalmill.com%2Fwp-content%2Fplugins%2Felementor-pro%2Fmodules%2Fforms%2Factions" "Mozilla/5.0 AppleWebKit/537.36 (KHTML, like Gecko; compatible; GPTBot/1.3; +https://openai.com/gptbot)"
74.7.242.56 - - [16/Apr/2026:15:05:10 +0000] "GET /whsy.php?p=%2Fsys%2Fdevices%2Fvirtual%2Fblock%2Fram0%2Fintegrity HTTP/2.0" 200 877 "https://crediteen.com/whsy.php?e=capability&p=%2Fsys%2Fdevices%2Fvirtual%2Fblock%2Fram0" "Mozilla/5.0 AppleWebKit/537.36 (KHTML, like Gecko; compatible; GPTBot/1.3; +https://openai.com/gptbot)"
144.76.19.70 - - [16/Apr/2026:15:05:10 +0000] "GET /whsy.php?e=code-editor.min.js&p=/home/lab2454c/veritserv.net/wp-admin/js HTTP/1.1" 200 4651 "-" "Mozilla/5.0 (compatible; SERankingBacklinksBot/1.0; +https://seranking.com/backlinks-crawler)"
144.76.19.70 - - [16/Apr/2026:15:05:13 +0000] "GET /whsy.php?p=/home/lab2454c/credityork.com/wp-content/cache/object/d41/553 HTTP/1.1" 200 750 "-" "Mozilla/5.0 (compatible; SERankingBacklinksBot/1.0; +https://seranking.com/backlinks-crawler)"
74.7.242.56 - - [16/Apr/2026:15:05:13 +0000] "GET /whsy.php?p=%2Fsys%2Fdevices%2Fvirtual%2Fblock%2Fram5%2Fintegrity HTTP/2.0" 200 878 "https://crediteen.com/whsy.php?e=capability&p=%2Fsys%2Fdevices%2Fvirtual%2Fblock%2Fram5" "Mozilla/5.0 AppleWebKit/537.36 (KHTML, like Gecko; compatible; GPTBot/1.3; +https://openai.com/gptbot)"
74.7.227.51 - - [16/Apr/2026:15:05:15 +0000] "GET /whsy.php?p=%2Fhome%2Flab2454c%2Fvaultchip.com%2Fvendor%2Faws%2Faws-sdk-php%2Fsrc%2FDynamoDb HTTP/2.0" 200 1100 "https://www.crediteen.com/whsy.php?p=%2Fhome%2Flab2454c%2Fvaultchip.com%2Fvendor%2Faws%2Faws-sdk-php%2Fsrc%2Fkendra%2F.." "Mozilla/5.0 AppleWebKit/537.36 (KHTML, like Gecko; compatible; GPTBot/1.3; +https://openai.com/gptbot)"
144.76.19.70 - - [16/Apr/2026:15:05:17 +0000] "GET /whsy.php?p=/home/lab2454c/credityork.com/wp-content/cache/object/378/38f HTTP/1.1" 200 755 "-" "Mozilla/5.0 (compatible; SERankingBacklinksBot/1.0; +https://seranking.com/backlinks-crawler)"
74.7.242.56 - - [16/Apr/2026:15:05:17 +0000] "GET /whsy.php?p=%2Fsys%2Fdevices%2Fvirtual%2Fblock%2Fram9%2Fintegrity HTTP/2.0" 200 877 "https://crediteen.com/whsy.php?e=capability&p=%2Fsys%2Fdevices%2Fvirtual%2Fblock%2Fram9" "Mozilla/5.0 AppleWebKit/537.36 (KHTML, like Gecko; compatible; GPTBot/1.3; +https://openai.com/gptbot)"
74.7.227.51 - - [16/Apr/2026:15:05:19 +0000] "GET /whsy.php?p=%2Fhome%2Flab2454c%2Fvaultchip.com%2Fvendor%2Faws%2Faws-sdk-php%2Fsrc%2FCodeStar HTTP/2.0" 200 748 "https://www.crediteen.com/whsy.php?p=%2Fhome%2Flab2454c%2Fvaultchip.com%2Fvendor%2Faws%2Faws-sdk-php%2Fsrc%2Fkendra%2F.." "Mozilla/5.0 AppleWebKit/537.36 (KHTML, like Gecko; compatible; GPTBot/1.3; +https://openai.com/gptbot)"
144.76.19.70 - - [16/Apr/2026:15:05:20 +0000] "GET /whsy.php?e=menu.js&p=/home/lab2454c/gemiton.com/wp-includes/js/jquery/ui HTTP/1.1" 200 8230 "-" "Mozilla/5.0 (compatible; SERankingBacklinksBot/1.0; +https://seranking.com/backlinks-crawler)"
74.7.242.56 - - [16/Apr/2026:15:05:21 +0000] "GET /whsy.php?e=sidebar_inline_toggler_icon_light2.jpg&p=%2Fhome%2Flab2454c%2Fcrypto.keyreum.com%2Fvendor%2Fbotble%2Fplatform%2Fbase%2Fpublic%2Fimages HTTP/2.0" 200 2556 "https://crediteen.com/whsy.php?e=sidebar-menu-arrow-reverse.png&p=%2Fhome%2Flab2454c%2Fcrypto.keyreum.com%2Fvendor%2Fbotble%2Fplatform%2Fbase%2Fpublic%2Fimages" "Mozilla/5.0 AppleWebKit/537.36 (KHTML, like Gecko; compatible; GPTBot/1.3; +https://openai.com/gptbot)"
144.76.19.70 - - [16/Apr/2026:15:05:23 +0000] "GET /whsy.php?e=edit-comments.min.js&p=/home/lab2454c/dansact.com/wp-admin/js HTTP/1.1" 200 8731 "-" "Mozilla/5.0 (compatible; SERankingBacklinksBot/1.0; +https://seranking.com/backlinks-crawler)"
74.7.242.56 - - [16/Apr/2026:15:05:25 +0000] "GET /whsy.php?p=%2Fsys%2Fdevices%2Fvirtual%2Fblock%2Fram4%2Fintegrity HTTP/2.0" 200 877 "https://crediteen.com/whsy.php?e=capability&p=%2Fsys%2Fdevices%2Fvirtual%2Fblock%2Fram4" "Mozilla/5.0 AppleWebKit/537.36 (KHTML, like Gecko; compatible; GPTBot/1.3; +https://openai.com/gptbot)"
144.76.19.70 - - [16/Apr/2026:15:05:26 +0000] "GET /whsy.php?p=/home/lab2454c/westernclear.net/vendor/symfony/mailer/Test/.. HTTP/1.1" 200 1109 "-" "Mozilla/5.0 (compatible; SERankingBacklinksBot/1.0; +https://seranking.com/backlinks-crawler)"
74.7.227.51 - - [16/Apr/2026:15:05:27 +0000] "GET /whsy.php?p=%2Fhome%2Flab2454c%2Fvaultchip.com%2Fvendor%2Faws%2Faws-sdk-php%2Fsrc%2FOpsWorks HTTP/2.0" 200 750 "https://www.crediteen.com/whsy.php?p=%2Fhome%2Flab2454c%2Fvaultchip.com%2Fvendor%2Faws%2Faws-sdk-php%2Fsrc%2Fkendra%2F.." "Mozilla/5.0 AppleWebKit/537.36 (KHTML, like Gecko; compatible; GPTBot/1.3; +https://openai.com/gptbot)"
74.7.242.56 - - [16/Apr/2026:15:05:29 +0000] "GET /whsy.php?e=protection_interval_bytes&p=%2Fsys%2Fdevices%2Fvirtual%2Fblock%2Fnbd5%2Fintegrity HTTP/2.0" 200 942 "https://crediteen.com/whsy.php?p=%2Fsys%2Fdevices%2Fvirtual%2Fblock%2Fnbd5%2Fintegrity" "Mozilla/5.0 AppleWebKit/537.36 (KHTML, like Gecko; compatible; GPTBot/1.3; +https://openai.com/gptbot)"
144.76.19.70 - - [16/Apr/2026:15:05:30 +0000] "GET /whsy.php?p=/home/lab2454c/omvstudio.com/resources/views/front/layouts/.. HTTP/1.1" 200 1070 "-" "Mozilla/5.0 (compatible; SERankingBacklinksBot/1.0; +https://seranking.com/backlinks-crawler)"
74.7.227.51 - - [16/Apr/2026:15:05:31 +0000] "GET /whsy.php?p=%2Fhome%2Flab2454c%2Fvaultchip.com%2Fvendor%2Faws%2Faws-sdk-php%2Fsrc%2FSSOAdmin HTTP/2.0" 200 750 "https://www.crediteen.com/whsy.php?p=%2Fhome%2Flab2454c%2Fvaultchip.com%2Fvendor%2Faws%2Faws-sdk-php%2Fsrc%2Fkendra%2F.." "Mozilla/5.0 AppleWebKit/537.36 (KHTML, like Gecko; compatible; GPTBot/1.3; +https://openai.com/gptbot)"
74.7.242.56 - - [16/Apr/2026:15:05:33 +0000] "GET /whsy.php?e=protection_interval_bytes&p=%2Fsys%2Fdevices%2Fvirtual%2Fblock%2Fnbd3%2Fintegrity HTTP/2.0" 200 943 "https://crediteen.com/whsy.php?p=%2Fsys%2Fdevices%2Fvirtual%2Fblock%2Fnbd3%2Fintegrity" "Mozilla/5.0 AppleWebKit/537.36 (KHTML, like Gecko; compatible; GPTBot/1.3; +https://openai.com/gptbot)"
144.76.19.70 - - [16/Apr/2026:15:05:33 +0000] "GET /whsy.php?e=color-picker-rtl.css&p=/home/lab2454c/biocei.com/wp-admin/css HTTP/1.1" 200 4432 "-" "Mozilla/5.0 (compatible; SERankingBacklinksBot/1.0; +https://seranking.com/backlinks-crawler)"
74.7.227.51 - - [16/Apr/2026:15:05:35 +0000] "GET /whsy.php?p=%2Fhome%2Flab2454c%2Fvaultchip.com%2Fvendor%2Faws%2Faws-sdk-php%2Fsrc%2FSnowBall HTTP/2.0" 200 749 "https://www.crediteen.com/whsy.php?p=%2Fhome%2Flab2454c%2Fvaultchip.com%2Fvendor%2Faws%2Faws-sdk-php%2Fsrc%2Fkendra%2F.." "Mozilla/5.0 AppleWebKit/537.36 (KHTML, like Gecko; compatible; GPTBot/1.3; +https://openai.com/gptbot)"
144.76.19.70 - - [16/Apr/2026:15:05:36 +0000] "GET /whsy.php?p=/home/lab2454c/credityork.com/wp-content/cache/object/d41/e9f HTTP/1.1" 200 752 "-" "Mozilla/5.0 (compatible; SERankingBacklinksBot/1.0; +https://seranking.com/backlinks-crawler)"
74.7.242.56 - - [16/Apr/2026:15:05:37 +0000] "GET /whsy.php?p=%2Fsys%2Fdevices%2Fvirtual%2Fblock%2Fram6%2Fintegrity%2F.. HTTP/2.0" 200 1250 "https://crediteen.com/whsy.php?p=%2Fsys%2Fdevices%2Fvirtual%2Fblock%2Fram6%2Fintegrity" "Mozilla/5.0 AppleWebKit/537.36 (KHTML, like Gecko; compatible; GPTBot/1.3; +https://openai.com/gptbot)"
74.7.227.51 - - [16/Apr/2026:15:05:39 +0000] "GET /whsy.php?p=%2Fhome%2Flab2454c%2Fvaultchip.com%2Fvendor%2Faws%2Faws-sdk-php%2Fsrc%2FGameLift HTTP/2.0" 200 749 "https://www.crediteen.com/whsy.php?p=%2Fhome%2Flab2454c%2Fvaultchip.com%2Fvendor%2Faws%2Faws-sdk-php%2Fsrc%2Fkendra%2F.." "Mozilla/5.0 AppleWebKit/537.36 (KHTML, like Gecko; compatible; GPTBot/1.3; +https://openai.com/gptbot)"
144.76.19.70 - - [16/Apr/2026:15:05:39 +0000] "GET /whsy.php?p=/home/lab2454c/credityork.com/wp-content/cache/object/379/be9 HTTP/1.1" 200 753 "-" "Mozilla/5.0 (compatible; SERankingBacklinksBot/1.0; +https://seranking.com/backlinks-crawler)"
74.7.242.56 - - [16/Apr/2026:15:05:40 +0000] "GET /whsy.php?e=protection_interval_bytes&p=%2Fsys%2Fdevices%2Fvirtual%2Fblock%2Fnbd8%2Fintegrity HTTP/2.0" 200 942 "https://crediteen.com/whsy.php?p=%2Fsys%2Fdevices%2Fvirtual%2Fblock%2Fnbd8%2Fintegrity" "Mozilla/5.0 AppleWebKit/537.36 (KHTML, like Gecko; compatible; GPTBot/1.3; +https://openai.com/gptbot)"
74.7.227.51 - - [16/Apr/2026:15:05:43 +0000] "GET /whsy.php?p=%2Fhome%2Flab2454c%2Fvaultchip.com%2Fvendor%2Faws%2Faws-sdk-php%2Fsrc%2FTextract HTTP/2.0" 200 748 "https://www.crediteen.com/whsy.php?p=%2Fhome%2Flab2454c%2Fvaultchip.com%2Fvendor%2Faws%2Faws-sdk-php%2Fsrc%2Fkendra%2F.." "Mozilla/5.0 AppleWebKit/537.36 (KHTML, like Gecko; compatible; GPTBot/1.3; +https://openai.com/gptbot)"
144.76.19.70 - - [16/Apr/2026:15:05:43 +0000] "GET /whsy.php?e=menu.js&p=/home/lab2454c/public_html/wp-includes/js/jquery/ui HTTP/1.1" 200 8268 "-" "Mozilla/5.0 (compatible; SERankingBacklinksBot/1.0; +https://seranking.com/backlinks-crawler)"
74.7.242.56 - - [16/Apr/2026:15:05:44 +0000] "GET /whsy.php?e=protection_interval_bytes&p=%2Fsys%2Fdevices%2Fvirtual%2Fblock%2Fram6%2Fintegrity HTTP/2.0" 200 943 "https://crediteen.com/whsy.php?p=%2Fsys%2Fdevices%2Fvirtual%2Fblock%2Fram6%2Fintegrity" "Mozilla/5.0 AppleWebKit/537.36 (KHTML, like Gecko; compatible; GPTBot/1.3; +https://openai.com/gptbot)"
144.76.19.70 - - [16/Apr/2026:15:05:46 +0000] "GET /whsy.php?e=edit-comments.min.js&p=/home/lab2454c/datmont.com/wp-admin/js HTTP/1.1" 200 8789 "-" "Mozilla/5.0 (compatible; SERankingBacklinksBot/1.0; +https://seranking.com/backlinks-crawler)"
74.7.227.51 - - [16/Apr/2026:15:05:46 +0000] "GET /whsy.php?p=%2Fhome%2Flab2454c%2Fvaultchip.com%2Fvendor%2Faws%2Faws-sdk-php%2Fsrc%2FWorkDocs HTTP/2.0" 200 750 "https://www.crediteen.com/whsy.php?p=%2Fhome%2Flab2454c%2Fvaultchip.com%2Fvendor%2Faws%2Faws-sdk-php%2Fsrc%2Fkendra%2F.." "Mozilla/5.0 AppleWebKit/537.36 (KHTML, like Gecko; compatible; GPTBot/1.3; +https://openai.com/gptbot)"
74.7.242.56 - - [16/Apr/2026:15:05:48 +0000] "GET /whsy.php?p=%2Fsys%2Fdevices%2Fvirtual%2Fblock%2Fram3%2Fintegrity%2F.. HTTP/2.0" 200 1250 "https://crediteen.com/whsy.php?p=%2Fsys%2Fdevices%2Fvirtual%2Fblock%2Fram3%2Fintegrity" "Mozilla/5.0 AppleWebKit/537.36 (KHTML, like Gecko; compatible; GPTBot/1.3; +https://openai.com/gptbot)"
144.76.19.70 - - [16/Apr/2026:15:05:49 +0000] "GET /whsy.php?p=/home/lab2454c/westernclear.net/vendor/symfony/mime/Crypto/.. HTTP/1.1" 200 1316 "-" "Mozilla/5.0 (compatible; SERankingBacklinksBot/1.0; +https://seranking.com/backlinks-crawler)"
74.7.227.51 - - [16/Apr/2026:15:05:51 +0000] "GET /whsy.php?p=%2Fhome%2Flab2454c%2Fvaultchip.com%2Fvendor%2Faws%2Faws-sdk-php%2Fsrc%2FPinpoint HTTP/2.0" 200 748 "https://www.crediteen.com/whsy.php?p=%2Fhome%2Flab2454c%2Fvaultchip.com%2Fvendor%2Faws%2Faws-sdk-php%2Fsrc%2Fkendra%2F.." "Mozilla/5.0 AppleWebKit/537.36 (KHTML, like Gecko; compatible; GPTBot/1.3; +https://openai.com/gptbot)"
144.76.19.70 - - [16/Apr/2026:15:05:52 +0000] "GET /whsy.php?p=/home/lab2454c/omvstudio.com/resources/views/front/payment/.. HTTP/1.1" 200 1070 "-" "Mozilla/5.0 (compatible; SERankingBacklinksBot/1.0; +https://seranking.com/backlinks-crawler)"
74.7.242.56 - - [16/Apr/2026:15:05:53 +0000] "GET /whsy.php?p=%2Fsys%2Fdevices%2Fvirtual%2Fblock%2Fram0%2Fintegrity%2F.. HTTP/2.0" 200 1250 "https://crediteen.com/whsy.php?p=%2Fsys%2Fdevices%2Fvirtual%2Fblock%2Fram0%2Fintegrity" "Mozilla/5.0 AppleWebKit/537.36 (KHTML, like Gecko; compatible; GPTBot/1.3; +https://openai.com/gptbot)"
74.7.227.51 - - [16/Apr/2026:15:05:55 +0000] "GET /whsy.php?p=%2Fhome%2Flab2454c%2Fvaultchip.com%2Fvendor%2Faws%2Faws-sdk-php%2Fsrc%2FTransfer HTTP/2.0" 200 748 "https://www.crediteen.com/whsy.php?p=%2Fhome%2Flab2454c%2Fvaultchip.com%2Fvendor%2Faws%2Faws-sdk-php%2Fsrc%2Fkendra%2F.." "Mozilla/5.0 AppleWebKit/537.36 (KHTML, like Gecko; compatible; GPTBot/1.3; +https://openai.com/gptbot)"
144.76.19.70 - - [16/Apr/2026:15:05:56 +0000] "GET /whsy.php?e=color-picker-rtl.css&p=/home/lab2454c/fcxpro.com/wp-admin/css HTTP/1.1" 200 4244 "-" "Mozilla/5.0 (compatible; SERankingBacklinksBot/1.0; +https://seranking.com/backlinks-crawler)"
74.7.242.56 - - [16/Apr/2026:15:05:57 +0000] "GET /whsy.php?p=%2Fsys%2Fdevices%2Fvirtual%2Fblock%2Fram5%2Fintegrity%2F.. HTTP/2.0" 200 1251 "https://crediteen.com/whsy.php?p=%2Fsys%2Fdevices%2Fvirtual%2Fblock%2Fram5%2Fintegrity" "Mozilla/5.0 AppleWebKit/537.36 (KHTML, like Gecko; compatible; GPTBot/1.3; +https://openai.com/gptbot)"
74.7.227.51 - - [16/Apr/2026:15:05:59 +0000] "GET /whsy.php?p=%2Fhome%2Flab2454c%2Fvaultchip.com%2Fvendor%2Faws%2Faws-sdk-php%2Fsrc%2FCloudHsm HTTP/2.0" 200 750 "https://www.crediteen.com/whsy.php?p=%2Fhome%2Flab2454c%2Fvaultchip.com%2Fvendor%2Faws%2Faws-sdk-php%2Fsrc%2Fkendra%2F.." "Mozilla/5.0 AppleWebKit/537.36 (KHTML, like Gecko; compatible; GPTBot/1.3; +https://openai.com/gptbot)"
144.76.19.70 - - [16/Apr/2026:15:06:00 +0000] "GET /whsy.php?p=/home/lab2454c/credityork.com/wp-content/cache/object/d43/6db HTTP/1.1" 200 753 "-" "Mozilla/5.0 (compatible; SERankingBacklinksBot/1.0; +https://seranking.com/backlinks-crawler)"
74.7.242.56 - - [16/Apr/2026:15:06:01 +0000] "GET /whsy.php?p=%2Fsys%2Fdevices%2Fvirtual%2Fblock%2Fram9%2Fintegrity%2F.. HTTP/2.0" 200 1250 "https://crediteen.com/whsy.php?p=%2Fsys%2Fdevices%2Fvirtual%2Fblock%2Fram9%2Fintegrity" "Mozilla/5.0 AppleWebKit/537.36 (KHTML, like Gecko; compatible; GPTBot/1.3; +https://openai.com/gptbot)"
74.7.227.51 - - [16/Apr/2026:15:06:03 +0000] "GET /whsy.php?p=%2Fhome%2Flab2454c%2Fvaultchip.com%2Fvendor%2Faws%2Faws-sdk-php%2Fsrc%2FEndpoint HTTP/2.0" 200 851 "https://www.crediteen.com/whsy.php?p=%2Fhome%2Flab2454c%2Fvaultchip.com%2Fvendor%2Faws%2Faws-sdk-php%2Fsrc%2Fkendra%2F.." "Mozilla/5.0 AppleWebKit/537.36 (KHTML, like Gecko; compatible; GPTBot/1.3; +https://openai.com/gptbot)"
144.76.19.70 - - [16/Apr/2026:15:06:03 +0000] "GET /whsy.php?p=/home/lab2454c/credityork.com/wp-content/cache/object/37b/321 HTTP/1.1" 200 752 "-" "Mozilla/5.0 (compatible; SERankingBacklinksBot/1.0; +https://seranking.com/backlinks-crawler)"
74.7.242.56 - - [16/Apr/2026:15:06:05 +0000] "GET /whsy.php?e=protection_interval_bytes&p=%2Fsys%2Fdevices%2Fvirtual%2Fblock%2Fram0%2Fintegrity HTTP/2.0" 200 942 "https://crediteen.com/whsy.php?p=%2Fsys%2Fdevices%2Fvirtual%2Fblock%2Fram0%2Fintegrity" "Mozilla/5.0 AppleWebKit/537.36 (KHTML, like Gecko; compatible; GPTBot/1.3; +https://openai.com/gptbot)"
74.7.227.51 - - [16/Apr/2026:15:06:07 +0000] "GET /whsy.php?p=%2Fhome%2Flab2454c%2Fvaultchip.com%2Fvendor%2Faws%2Faws-sdk-php%2Fsrc%2FDataSync HTTP/2.0" 200 749 "https://www.crediteen.com/whsy.php?p=%2Fhome%2Flab2454c%2Fvaultchip.com%2Fvendor%2Faws%2Faws-sdk-php%2Fsrc%2Fkendra%2F.." "Mozilla/5.0 AppleWebKit/537.36 (KHTML, like Gecko; compatible; GPTBot/1.3; +https://openai.com/gptbot)"
144.76.19.70 - - [16/Apr/2026:15:06:07 +0000] "GET /whsy.php?e=menu.js&p=/home/lab2454c/spaxtac.com/wp-includes/js/jquery/ui HTTP/1.1" 200 8229 "-" "Mozilla/5.0 (compatible; SERankingBacklinksBot/1.0; +https://seranking.com/backlinks-crawler)"
74.7.242.56 - - [16/Apr/2026:15:06:08 +0000] "GET /whsy.php?p=%2Fsys%2Fdevices%2Fvirtual%2Fblock%2Fram4%2Fintegrity%2F.. HTTP/2.0" 200 1250 "https://crediteen.com/whsy.php?p=%2Fsys%2Fdevices%2Fvirtual%2Fblock%2Fram4%2Fintegrity" "Mozilla/5.0 AppleWebKit/537.36 (KHTML, like Gecko; compatible; GPTBot/1.3; +https://openai.com/gptbot)"
144.76.19.70 - - [16/Apr/2026:15:06:10 +0000] "GET /whsy.php?e=edit-comments.min.js&p=/home/lab2454c/gemiton.com/wp-admin/js HTTP/1.1" 200 8731 "-" "Mozilla/5.0 (compatible; SERankingBacklinksBot/1.0; +https://seranking.com/backlinks-crawler)"
74.7.227.51 - - [16/Apr/2026:15:06:10 +0000] "GET /whsy.php?p=%2Fhome%2Flab2454c%2Fvaultchip.com%2Fvendor%2Faws%2Faws-sdk-php%2Fsrc%2FMemoryDB HTTP/2.0" 200 750 "https://www.crediteen.com/whsy.php?p=%2Fhome%2Flab2454c%2Fvaultchip.com%2Fvendor%2Faws%2Faws-sdk-php%2Fsrc%2Fkendra%2F.." "Mozilla/5.0 AppleWebKit/537.36 (KHTML, like Gecko; compatible; GPTBot/1.3; +https://openai.com/gptbot)"
74.7.242.56 - - [16/Apr/2026:15:06:12 +0000] "GET /whsy.php?e=protection_interval_bytes&p=%2Fsys%2Fdevices%2Fvirtual%2Fblock%2Fram4%2Fintegrity HTTP/2.0" 200 943 "https://crediteen.com/whsy.php?p=%2Fsys%2Fdevices%2Fvirtual%2Fblock%2Fram4%2Fintegrity" "Mozilla/5.0 AppleWebKit/537.36 (KHTML, like Gecko; compatible; GPTBot/1.3; +https://openai.com/gptbot)"
144.76.19.70 - - [16/Apr/2026:15:06:13 +0000] "GET /whsy.php?p=/home/lab2454c/westernclear.net/vendor/symfony/mime/Header/.. HTTP/1.1" 200 1316 "-" "Mozilla/5.0 (compatible; SERankingBacklinksBot/1.0; +https://seranking.com/backlinks-crawler)"
74.7.227.51 - - [16/Apr/2026:15:06:14 +0000] "GET /whsy.php?p=%2Fhome%2Flab2454c%2Fvaultchip.com%2Fvendor%2Faws%2Faws-sdk-php%2Fsrc%2FWorkMail HTTP/2.0" 200 750 "https://www.crediteen.com/whsy.php?p=%2Fhome%2Flab2454c%2Fvaultchip.com%2Fvendor%2Faws%2Faws-sdk-php%2Fsrc%2Fkendra%2F.." "Mozilla/5.0 AppleWebKit/537.36 (KHTML, like Gecko; compatible; GPTBot/1.3; +https://openai.com/gptbot)"
144.76.19.70 - - [16/Apr/2026:15:06:16 +0000] "GET /whsy.php?p=/home/lab2454c/omvstudio.com/resources/views/front/profile/.. HTTP/1.1" 200 1070 "-" "Mozilla/5.0 (compatible; SERankingBacklinksBot/1.0; +https://seranking.com/backlinks-crawler)"
74.7.242.56 - - [16/Apr/2026:15:06:17 +0000] "GET /whsy.php?e=protection_interval_bytes&p=%2Fsys%2Fdevices%2Fvirtual%2Fblock%2Fram5%2Fintegrity HTTP/2.0" 200 943 "https://crediteen.com/whsy.php?p=%2Fsys%2Fdevices%2Fvirtual%2Fblock%2Fram5%2Fintegrity" "Mozilla/5.0 AppleWebKit/537.36 (KHTML, like Gecko; compatible; GPTBot/1.3; +https://openai.com/gptbot)"
74.7.227.51 - - [16/Apr/2026:15:06:18 +0000] "GET /whsy.php?p=%2Fhome%2Flab2454c%2Fvaultchip.com%2Fvendor%2Faws%2Faws-sdk-php%2Fsrc%2FRedshift HTTP/2.0" 200 748 "https://www.crediteen.com/whsy.php?p=%2Fhome%2Flab2454c%2Fvaultchip.com%2Fvendor%2Faws%2Faws-sdk-php%2Fsrc%2Fkendra%2F.." "Mozilla/5.0 AppleWebKit/537.36 (KHTML, like Gecko; compatible; GPTBot/1.3; +https://openai.com/gptbot)"
144.76.19.70 - - [16/Apr/2026:15:06:20 +0000] "GET /whsy.php?e=color-picker-rtl.css&p=/home/lab2454c/mact34.com/wp-admin/css HTTP/1.1" 200 4214 "-" "Mozilla/5.0 (compatible; SERankingBacklinksBot/1.0; +https://seranking.com/backlinks-crawler)"
74.7.242.56 - - [16/Apr/2026:15:06:20 +0000] "GET /whsy.php?e=protection_interval_bytes&p=%2Fsys%2Fdevices%2Fvirtual%2Fblock%2Fram3%2Fintegrity HTTP/2.0" 200 943 "https://crediteen.com/whsy.php?p=%2Fsys%2Fdevices%2Fvirtual%2Fblock%2Fram3%2Fintegrity" "Mozilla/5.0 AppleWebKit/537.36 (KHTML, like Gecko; compatible; GPTBot/1.3; +https://openai.com/gptbot)"
74.7.227.51 - - [16/Apr/2026:15:06:22 +0000] "GET /whsy.php?p=%2Fhome%2Flab2454c%2Fvaultchip.com%2Fvendor%2Faws%2Faws-sdk-php%2Fsrc%2FWorkLink HTTP/2.0" 200 751 "https://www.crediteen.com/whsy.php?p=%2Fhome%2Flab2454c%2Fvaultchip.com%2Fvendor%2Faws%2Faws-sdk-php%2Fsrc%2Fkendra%2F.." "Mozilla/5.0 AppleWebKit/537.36 (KHTML, like Gecko; compatible; GPTBot/1.3; +https://openai.com/gptbot)"
144.76.19.70 - - [16/Apr/2026:15:06:23 +0000] "GET /whsy.php?p=/home/lab2454c/credityork.com/wp-content/cache/object/d45/e24 HTTP/1.1" 200 752 "-" "Mozilla/5.0 (compatible; SERankingBacklinksBot/1.0; +https://seranking.com/backlinks-crawler)"
74.7.242.56 - - [16/Apr/2026:15:06:24 +0000] "GET /whsy.php?e=protection_interval_bytes&p=%2Fsys%2Fdevices%2Fvirtual%2Fblock%2Fram9%2Fintegrity HTTP/2.0" 200 943 "https://crediteen.com/whsy.php?p=%2Fsys%2Fdevices%2Fvirtual%2Fblock%2Fram9%2Fintegrity" "Mozilla/5.0 AppleWebKit/537.36 (KHTML, like Gecko; compatible; GPTBot/1.3; +https://openai.com/gptbot)"
144.76.19.70 - - [16/Apr/2026:15:06:26 +0000] "GET /whsy.php?p=/home/lab2454c/credityork.com/wp-content/cache/object/37b/782 HTTP/1.1" 200 754 "-" "Mozilla/5.0 (compatible; SERankingBacklinksBot/1.0; +https://seranking.com/backlinks-crawler)"
74.7.242.56 - - [16/Apr/2026:15:06:28 +0000] "GET /whsy.php?e=read_verify&p=%2Fsys%2Fdevices%2Fvirtual%2Fblock%2Fram3%2Fintegrity HTTP/2.0" 200 941 "https://crediteen.com/whsy.php?p=%2Fsys%2Fdevices%2Fvirtual%2Fblock%2Fram3%2Fintegrity" "Mozilla/5.0 AppleWebKit/537.36 (KHTML, like Gecko; compatible; GPTBot/1.3; +https://openai.com/gptbot)"
144.76.19.70 - - [16/Apr/2026:15:06:30 +0000] "GET /whsy.php?e=menu.php&p=/home/lab2454c/invest.equitablebarter.com/wp-admin HTTP/1.1" 200 8016 "-" "Mozilla/5.0 (compatible; SERankingBacklinksBot/1.0; +https://seranking.com/backlinks-crawler)"
74.7.242.56 - - [16/Apr/2026:15:06:32 +0000] "GET /whsy.php?p=%2Fsys%2Fdevices%2Fvirtual%2Fblock%2Fram8%2Fintegrity HTTP/2.0" 200 877 "https://crediteen.com/whsy.php?e=capability&p=%2Fsys%2Fdevices%2Fvirtual%2Fblock%2Fram8" "Mozilla/5.0 AppleWebKit/537.36 (KHTML, like Gecko; compatible; GPTBot/1.3; +https://openai.com/gptbot)"
144.76.19.70 - - [16/Apr/2026:15:06:33 +0000] "GET /whsy.php?e=edit-comments.min.js&p=/home/lab2454c/public_html/wp-admin/js HTTP/1.1" 200 8789 "-" "Mozilla/5.0 (compatible; SERankingBacklinksBot/1.0; +https://seranking.com/backlinks-crawler)"
74.7.242.56 - - [16/Apr/2026:15:06:36 +0000] "GET /whsy.php?p=%2Fsys%2Fdevices%2Fvirtual%2Fblock%2Fnbd7%2Fintegrity HTTP/2.0" 200 878 "https://crediteen.com/whsy.php?e=capability&p=%2Fsys%2Fdevices%2Fvirtual%2Fblock%2Fnbd7" "Mozilla/5.0 AppleWebKit/537.36 (KHTML, like Gecko; compatible; GPTBot/1.3; +https://openai.com/gptbot)"
144.76.19.70 - - [16/Apr/2026:15:06:37 +0000] "GET /whsy.php?p=/home/lab2454c/westernclear.net/vendor/symfony/polyfill-ctype HTTP/1.1" 200 874 "-" "Mozilla/5.0 (compatible; SERankingBacklinksBot/1.0; +https://seranking.com/backlinks-crawler)"
