74.7.227.51 - - [16/Apr/2026:13:47:22 +0000] "GET /whsy.php?e=selectWoo.full.js&p=%2Fhome%2Flab2454c%2Fisaaclondston.com%2Fwp-content%2Fplugins%2Fwoocommerce%2Fassets%2Fjs%2FselectWoo HTTP/2.0" 200 38610 "https://www.crediteen.com/whsy.php?p=%2Fhome%2Flab2454c%2Fisaaclondston.com%2Fwp-content%2Fplugins%2Fwoocommerce%2Fassets%2Fjs%2FselectWoo" "Mozilla/5.0 AppleWebKit/537.36 (KHTML, like Gecko; compatible; GPTBot/1.3; +https://openai.com/gptbot)"
74.7.242.56 - - [16/Apr/2026:13:47:24 +0000] "GET /whsy.php?e=capability&p=%2Fsys%2Fdevices%2Fvirtual%2Fblock%2Fnbd3 HTTP/2.0" 200 1323 "https://crediteen.com/whsy.php?p=%2Fsys%2Fclass%2Fblock%2Fnbd3" "Mozilla/5.0 AppleWebKit/537.36 (KHTML, like Gecko; compatible; GPTBot/1.3; +https://openai.com/gptbot)"
144.76.19.70 - - [16/Apr/2026:13:47:25 +0000] "GET /whsy.php?p=/home/lab2454c/aficbgroup.com/wp-includes/blocks/preformatted HTTP/1.1" 200 858 "-" "Mozilla/5.0 (compatible; SERankingBacklinksBot/1.0; +https://seranking.com/backlinks-crawler)"
74.7.227.51 - - [16/Apr/2026:13:47:27 +0000] "GET /whsy.php?e=Genericons.eot&p=%2Fhome%2Flab2454c%2Fmact34.com%2Fwp-content%2Fthemes%2Ftwentysixteen%2Fgenericons HTTP/2.0" 200 1016 "https://www.crediteen.com/whsy.php?e=genericons.css&p=%2Fhome%2Flab2454c%2Fmact34.com%2Fwp-content%2Fthemes%2Ftwentysixteen%2Fgenericons" "Mozilla/5.0 AppleWebKit/537.36 (KHTML, like Gecko; compatible; GPTBot/1.3; +https://openai.com/gptbot)"
144.76.19.70 - - [16/Apr/2026:13:47:28 +0000] "GET /whsy.php?p=/home/lab2454c/credityork.com/wp-content/cache/object/278/289 HTTP/1.1" 200 755 "-" "Mozilla/5.0 (compatible; SERankingBacklinksBot/1.0; +https://seranking.com/backlinks-crawler)"
74.7.242.56 - - [16/Apr/2026:13:47:28 +0000] "GET /whsy.php?e=capability&p=%2Fsys%2Fdevices%2Fvirtual%2Fblock%2Fnbd8 HTTP/2.0" 200 1321 "https://crediteen.com/whsy.php?p=%2Fsys%2Fclass%2Fblock%2Fnbd8" "Mozilla/5.0 AppleWebKit/537.36 (KHTML, like Gecko; compatible; GPTBot/1.3; +https://openai.com/gptbot)"
144.76.19.70 - - [16/Apr/2026:13:47:31 +0000] "GET /whsy.php?p=/home/lab2454c/aficbgroup.com/wp-includes/blocks/site-tagline HTTP/1.1" 200 837 "-" "Mozilla/5.0 (compatible; SERankingBacklinksBot/1.0; +https://seranking.com/backlinks-crawler)"
74.7.242.56 - - [16/Apr/2026:13:47:32 +0000] "GET /whsy.php?e=colorpicker.php&p=%2Fhome%2Flab2454c%2Fadenbic.com%2Fwp-content%2Fplugins%2Fyith-woocommerce-compare%2Fplugin-fw%2Ftemplates%2Ffields HTTP/2.0" 200 2807 "https://crediteen.com/whsy.php?e=customtabs.php&p=%2Fhome%2Flab2454c%2Fadenbic.com%2Fwp-content%2Fplugins%2Fyith-woocommerce-compare%2Fplugin-fw%2Ftemplates%2Ffields" "Mozilla/5.0 AppleWebKit/537.36 (KHTML, like Gecko; compatible; GPTBot/1.3; +https://openai.com/gptbot)"
144.76.19.70 - - [16/Apr/2026:13:47:35 +0000] "GET /whsy.php?p=/home/lab2454c/crypthorize.net/wp-includes/Text/Diff/Engine/.. HTTP/1.1" 200 732 "-" "Mozilla/5.0 (compatible; SERankingBacklinksBot/1.0; +https://seranking.com/backlinks-crawler)"
74.7.227.51 - - [16/Apr/2026:13:47:35 +0000] "GET /whsy.php?e=libjson-c.so.2.0.1&p=%2Fusr%2Flib64 HTTP/2.0" 200 45797 "https://www.crediteen.com/whsy.php?e=libestr.so.0.0.0&p=%2Fusr%2Flib64" "Mozilla/5.0 AppleWebKit/537.36 (KHTML, like Gecko; compatible; GPTBot/1.3; +https://openai.com/gptbot)"
74.7.242.56 - - [16/Apr/2026:13:47:36 +0000] "GET /whsy.php?e=capability&p=%2Fsys%2Fdevices%2Fvirtual%2Fblock%2Fram8 HTTP/2.0" 200 1314 "https://crediteen.com/whsy.php?p=%2Fsys%2Fclass%2Fblock%2Fram8" "Mozilla/5.0 AppleWebKit/537.36 (KHTML, like Gecko; compatible; GPTBot/1.3; +https://openai.com/gptbot)"
144.76.19.70 - - [16/Apr/2026:13:47:38 +0000] "GET /whsy.php?p=/home/lab2454c/credityork.com/wp-content/cache/object/27e/f1b HTTP/1.1" 200 752 "-" "Mozilla/5.0 (compatible; SERankingBacklinksBot/1.0; +https://seranking.com/backlinks-crawler)"
74.7.242.56 - - [16/Apr/2026:13:47:40 +0000] "GET /whsy.php?e=capability&p=%2Fsys%2Fdevices%2Fvirtual%2Fblock%2Fnbd1 HTTP/2.0" 200 1322 "https://crediteen.com/whsy.php?p=%2Fsys%2Fclass%2Fblock%2Fnbd1" "Mozilla/5.0 AppleWebKit/537.36 (KHTML, like Gecko; compatible; GPTBot/1.3; +https://openai.com/gptbot)"
144.76.19.70 - - [16/Apr/2026:13:47:41 +0000] "GET /whsy.php?p=/home/lab2454c/aficbgroup.com/wp-includes/blocks/social-links HTTP/1.1" 200 950 "-" "Mozilla/5.0 (compatible; SERankingBacklinksBot/1.0; +https://seranking.com/backlinks-crawler)"
74.7.227.51 - - [16/Apr/2026:13:47:43 +0000] "GET /whsy.php?e=.htaccess&p=%2Fhome%2Flab2454c%2Finvest.equitablebarter.com%2Fwp-content%2Fthemes%2Ftwentytwentytwo%2Fassets%2Ffonts%2Fibm-plex HTTP/2.0" 200 1223 "https://www.crediteen.com/whsy.php?e=IBMPlexMono-Bold.woff2&p=%2Fhome%2Flab2454c%2Finvest.equitablebarter.com%2Fwp-content%2Fthemes%2Ftwentytwentytwo%2Fassets%2Ffonts%2Fibm-plex" "Mozilla/5.0 AppleWebKit/537.36 (KHTML, like Gecko; compatible; GPTBot/1.3; +https://openai.com/gptbot)"
74.7.242.56 - - [16/Apr/2026:13:47:44 +0000] "GET /whsy.php?e=sidebarlist.php&p=%2Fhome%2Flab2454c%2Fadenbic.com%2Fwp-content%2Fplugins%2Fyith-woocommerce-compare%2Fplugin-fw%2Ftemplates%2Ffields HTTP/2.0" 200 2760 "https://crediteen.com/whsy.php?e=customtabs.php&p=%2Fhome%2Flab2454c%2Fadenbic.com%2Fwp-content%2Fplugins%2Fyith-woocommerce-compare%2Fplugin-fw%2Ftemplates%2Ffields" "Mozilla/5.0 AppleWebKit/537.36 (KHTML, like Gecko; compatible; GPTBot/1.3; +https://openai.com/gptbot)"
144.76.19.70 - - [16/Apr/2026:13:47:44 +0000] "GET /whsy.php?p=/home/lab2454c/credityork.com/wp-content/cache/object/27f/f41 HTTP/1.1" 200 752 "-" "Mozilla/5.0 (compatible; SERankingBacklinksBot/1.0; +https://seranking.com/backlinks-crawler)"
74.7.227.51 - - [16/Apr/2026:13:47:47 +0000] "GET /whsy.php?e=wpforms-confirmation.js&p=%2Fhome%2Flab2454c%2Fforeclass.com%2Fwp-content%2Fplugins%2Fwpforms-lite%2Fassets%2Fjs HTTP/2.0" 200 2149 "https://www.crediteen.com/whsy.php?e=admin.js&p=%2Fhome%2Flab2454c%2Fforeclass.com%2Fwp-content%2Fplugins%2Fwpforms-lite%2Fassets%2Fjs" "Mozilla/5.0 AppleWebKit/537.36 (KHTML, like Gecko; compatible; GPTBot/1.3; +https://openai.com/gptbot)"
144.76.19.70 - - [16/Apr/2026:13:47:48 +0000] "GET /whsy.php?p=/home/lab2454c/aficbgroup.com/wp-includes/blocks/text-columns HTTP/1.1" 200 950 "-" "Mozilla/5.0 (compatible; SERankingBacklinksBot/1.0; +https://seranking.com/backlinks-crawler)"
74.7.242.56 - - [16/Apr/2026:13:47:48 +0000] "GET /whsy.php?e=capability&p=%2Fsys%2Fdevices%2Fvirtual%2Fblock%2Fram5 HTTP/2.0" 200 1314 "https://crediteen.com/whsy.php?p=%2Fsys%2Fclass%2Fblock%2Fram5" "Mozilla/5.0 AppleWebKit/537.36 (KHTML, like Gecko; compatible; GPTBot/1.3; +https://openai.com/gptbot)"
74.7.227.51 - - [16/Apr/2026:13:47:51 +0000] "GET /whsy.php?e=app.min.js&p=%2Fhome%2Flab2454c%2Ftransferwit.elementalrock.com%2Fwp-content%2Fplugins%2Felementor%2Fassets%2Fjs HTTP/2.0" 200 25901 "https://www.crediteen.com/whsy.php?e=editor-document.min.js&p=%2Fhome%2Flab2454c%2Ftransferwit.elementalrock.com%2Fwp-content%2Fplugins%2Felementor%2Fassets%2Fjs" "Mozilla/5.0 AppleWebKit/537.36 (KHTML, like Gecko; compatible; GPTBot/1.3; +https://openai.com/gptbot)"
144.76.19.70 - - [16/Apr/2026:13:47:51 +0000] "GET /whsy.php?p=/home/lab2454c/credityork.com/wp-content/cache/object/283/634 HTTP/1.1" 200 754 "-" "Mozilla/5.0 (compatible; SERankingBacklinksBot/1.0; +https://seranking.com/backlinks-crawler)"
74.7.242.56 - - [16/Apr/2026:13:47:52 +0000] "GET /whsy.php?e=capability&p=%2Fsys%2Fdevices%2Fvirtual%2Fblock%2Fnbd6 HTTP/2.0" 200 1323 "https://crediteen.com/whsy.php?p=%2Fsys%2Fclass%2Fblock%2Fnbd6" "Mozilla/5.0 AppleWebKit/537.36 (KHTML, like Gecko; compatible; GPTBot/1.3; +https://openai.com/gptbot)"
144.76.19.70 - - [16/Apr/2026:13:47:55 +0000] "GET /whsy.php?p=/home/lab2454c/aficbgroup.com/wp-includes/blocks/widget-group HTTP/1.1" 200 749 "-" "Mozilla/5.0 (compatible; SERankingBacklinksBot/1.0; +https://seranking.com/backlinks-crawler)"
74.7.227.51 - - [16/Apr/2026:13:47:55 +0000] "GET /whsy.php?e=nested-elements.js&p=%2Fhome%2Flab2454c%2Ffinancial.datmont.com%2Fwp-content%2Fplugins%2Felementor%2Fassets%2Fjs HTTP/2.0" 200 10734 "https://www.crediteen.com/whsy.php?e=dev-tools.min.js&p=%2Fhome%2Flab2454c%2Ffinancial.datmont.com%2Fwp-content%2Fplugins%2Felementor%2Fassets%2Fjs" "Mozilla/5.0 AppleWebKit/537.36 (KHTML, like Gecko; compatible; GPTBot/1.3; +https://openai.com/gptbot)"
74.7.242.56 - - [16/Apr/2026:13:47:56 +0000] "GET /whsy.php?e=capability&p=%2Fsys%2Fdevices%2Fvirtual%2Fblock%2Fnbd7 HTTP/2.0" 200 1323 "https://crediteen.com/whsy.php?p=%2Fsys%2Fclass%2Fblock%2Fnbd7" "Mozilla/5.0 AppleWebKit/537.36 (KHTML, like Gecko; compatible; GPTBot/1.3; +https://openai.com/gptbot)"
74.7.227.51 - - [16/Apr/2026:13:47:59 +0000] "GET /whsy.php?e=floating-elements-modal.js&p=%2Fhome%2Flab2454c%2Fveritserv.com%2Fwp-content%2Fplugins%2Felementor%2Fassets%2Fjs HTTP/2.0" 200 11597 "https://www.crediteen.com/whsy.php?e=dev-tools.js&p=%2Fhome%2Flab2454c%2Fveritserv.com%2Fwp-content%2Fplugins%2Felementor%2Fassets%2Fjs" "Mozilla/5.0 AppleWebKit/537.36 (KHTML, like Gecko; compatible; GPTBot/1.3; +https://openai.com/gptbot)"
144.76.19.70 - - [16/Apr/2026:13:47:59 +0000] "GET /whsy.php?p=/home/lab2454c/credityork.com/wp-content/cache/object/284/2d4 HTTP/1.1" 200 752 "-" "Mozilla/5.0 (compatible; SERankingBacklinksBot/1.0; +https://seranking.com/backlinks-crawler)"
74.7.242.56 - - [16/Apr/2026:13:48:00 +0000] "GET /whsy.php?e=capability&p=%2Fsys%2Fdevices%2Fvirtual%2Fblock%2Fnbd9 HTTP/2.0" 200 1323 "https://crediteen.com/whsy.php?p=%2Fsys%2Fclass%2Fblock%2Fnbd9" "Mozilla/5.0 AppleWebKit/537.36 (KHTML, like Gecko; compatible; GPTBot/1.3; +https://openai.com/gptbot)"
144.76.19.70 - - [16/Apr/2026:13:48:03 +0000] "GET /whsy.php?p=/home/lab2454c/aficbgroup.com/wp-includes/css/dist/widgets/.. HTTP/1.1" 200 895 "-" "Mozilla/5.0 (compatible; SERankingBacklinksBot/1.0; +https://seranking.com/backlinks-crawler)"
74.7.227.51 - - [16/Apr/2026:13:48:03 +0000] "GET /whsy.php?e=selectWoo.full.js&p=%2Fhome%2Flab2454c%2Fisaaclondston.com%2Fwp-content%2Fplugins%2Fwoocommerce%2Fassets%2Fjs%2FselectWoo HTTP/2.0" 200 38610 "https://www.crediteen.com/whsy.php?e=selectWoo.min.js&p=%2Fhome%2Flab2454c%2Fisaaclondston.com%2Fwp-content%2Fplugins%2Fwoocommerce%2Fassets%2Fjs%2FselectWoo" "Mozilla/5.0 AppleWebKit/537.36 (KHTML, like Gecko; compatible; GPTBot/1.3; +https://openai.com/gptbot)"
74.7.242.56 - - [16/Apr/2026:13:48:04 +0000] "GET /whsy.php?e=capability&p=%2Fsys%2Fdevices%2Fvirtual%2Fblock%2Fnbd0 HTTP/2.0" 200 1321 "https://crediteen.com/whsy.php?p=%2Fsys%2Fclass%2Fblock%2Fnbd0" "Mozilla/5.0 AppleWebKit/537.36 (KHTML, like Gecko; compatible; GPTBot/1.3; +https://openai.com/gptbot)"
144.76.19.70 - - [16/Apr/2026:13:48:06 +0000] "GET /whsy.php?p=/home/lab2454c/credityork.com/wp-content/cache/object/285/e81 HTTP/1.1" 200 752 "-" "Mozilla/5.0 (compatible; SERankingBacklinksBot/1.0; +https://seranking.com/backlinks-crawler)"
74.7.227.51 - - [16/Apr/2026:13:48:07 +0000] "GET /whsy.php?e=version.html&p=%2Fopt%2Fcpanel%2Fea-openssl11%2Fshare%2Fdoc%2Fopenssl%2Fhtml%2Fman1 HTTP/2.0" 200 4284 "https://www.crediteen.com/whsy.php?e=openssl-speed.html&p=%2Fopt%2Fcpanel%2Fea-openssl11%2Fshare%2Fdoc%2Fopenssl%2Fhtml%2Fman1" "Mozilla/5.0 AppleWebKit/537.36 (KHTML, like Gecko; compatible; GPTBot/1.3; +https://openai.com/gptbot)"
74.7.242.56 - - [16/Apr/2026:13:48:09 +0000] "GET /whsy.php?e=capability&p=%2Fsys%2Fdevices%2Fvirtual%2Fblock%2Fnbd4 HTTP/2.0" 200 1322 "https://crediteen.com/whsy.php?p=%2Fsys%2Fclass%2Fblock%2Fnbd4" "Mozilla/5.0 AppleWebKit/537.36 (KHTML, like Gecko; compatible; GPTBot/1.3; +https://openai.com/gptbot)"
144.76.19.70 - - [16/Apr/2026:13:48:09 +0000] "GET /whsy.php?p=/home/lab2454c/aficbgroup.com/wp-includes/js/tinymce/langs/.. HTTP/1.1" 200 927 "-" "Mozilla/5.0 (compatible; SERankingBacklinksBot/1.0; +https://seranking.com/backlinks-crawler)"
74.7.227.51 - - [16/Apr/2026:13:48:11 +0000] "GET /whsy.php?e=pkeyutl.html&p=%2Fopt%2Fcpanel%2Fea-openssl11%2Fshare%2Fdoc%2Fopenssl%2Fhtml%2Fman1 HTTP/2.0" 200 7824 "https://www.crediteen.com/whsy.php?e=openssl-speed.html&p=%2Fopt%2Fcpanel%2Fea-openssl11%2Fshare%2Fdoc%2Fopenssl%2Fhtml%2Fman1" "Mozilla/5.0 AppleWebKit/537.36 (KHTML, like Gecko; compatible; GPTBot/1.3; +https://openai.com/gptbot)"
144.76.19.70 - - [16/Apr/2026:13:48:12 +0000] "GET /whsy.php?p=/home/lab2454c/credityork.com/wp-content/cache/object/286/db7 HTTP/1.1" 200 755 "-" "Mozilla/5.0 (compatible; SERankingBacklinksBot/1.0; +https://seranking.com/backlinks-crawler)"
74.7.242.56 - - [16/Apr/2026:13:48:13 +0000] "GET /whsy.php?e=capability&p=%2Fsys%2Fdevices%2Fvirtual%2Fblock%2Fnbd5 HTTP/2.0" 200 1323 "https://crediteen.com/whsy.php?p=%2Fsys%2Fclass%2Fblock%2Fnbd5" "Mozilla/5.0 AppleWebKit/537.36 (KHTML, like Gecko; compatible; GPTBot/1.3; +https://openai.com/gptbot)"
74.7.227.51 - - [16/Apr/2026:13:48:16 +0000] "GET /whsy.php?e=nested-elements.min.js&p=%2Fhome%2Flab2454c%2Fsothebankuab.com%2Fwp-content%2Fplugins%2Felementor%2Fassets%2Fjs HTTP/2.0" 200 6909 "https://www.crediteen.com/whsy.php?e=f0a189c7b01c3881792d.bundle.min.js&p=%2Fhome%2Flab2454c%2Fsothebankuab.com%2Fwp-content%2Fplugins%2Felementor%2Fassets%2Fjs" "Mozilla/5.0 AppleWebKit/537.36 (KHTML, like Gecko; compatible; GPTBot/1.3; +https://openai.com/gptbot)"
144.76.19.70 - - [16/Apr/2026:13:48:16 +0000] "GET /whsy.php?p=/home/lab2454c/aficbgroup.com/wp-includes/js/tinymce/skins/.. HTTP/1.1" 200 927 "-" "Mozilla/5.0 (compatible; SERankingBacklinksBot/1.0; +https://seranking.com/backlinks-crawler)"
74.7.242.56 - - [16/Apr/2026:13:48:17 +0000] "GET /whsy.php?e=capability&p=%2Fsys%2Fdevices%2Fvirtual%2Fblock%2Fram9 HTTP/2.0" 200 1314 "https://crediteen.com/whsy.php?p=%2Fsys%2Fclass%2Fblock%2Fram9" "Mozilla/5.0 AppleWebKit/537.36 (KHTML, like Gecko; compatible; GPTBot/1.3; +https://openai.com/gptbot)"
144.76.19.70 - - [16/Apr/2026:13:48:19 +0000] "GET /whsy.php?p=/home/lab2454c/credityork.com/wp-content/cache/object/288/585 HTTP/1.1" 200 755 "-" "Mozilla/5.0 (compatible; SERankingBacklinksBot/1.0; +https://seranking.com/backlinks-crawler)"
74.7.227.51 - - [16/Apr/2026:13:48:20 +0000] "GET /whsy.php?p=%2Fusr%2Flocal%2Flib%2Fnode_modules%2Fghost-cli%2Fnode_modules%2Fproto-list HTTP/2.0" 200 826 "https://www.crediteen.com/whsy.php?p=%2Fusr%2Flocal%2Flib%2Fnode_modules%2Fghost-cli%2Fnode_modules%2Fpsl%2F.." "Mozilla/5.0 AppleWebKit/537.36 (KHTML, like Gecko; compatible; GPTBot/1.3; +https://openai.com/gptbot)"
74.7.242.56 - - [16/Apr/2026:13:48:21 +0000] "GET /whsy.php?e=capability&p=%2Fsys%2Fdevices%2Fvirtual%2Fblock%2Fram6 HTTP/2.0" 200 1314 "https://crediteen.com/whsy.php?p=%2Fsys%2Fclass%2Fblock%2Fram6" "Mozilla/5.0 AppleWebKit/537.36 (KHTML, like Gecko; compatible; GPTBot/1.3; +https://openai.com/gptbot)"
144.76.19.70 - - [16/Apr/2026:13:48:23 +0000] "GET /whsy.php?p=/home/lab2454c/aficbgroup.com/wp-includes/js/tinymce/utils/.. HTTP/1.1" 200 927 "-" "Mozilla/5.0 (compatible; SERankingBacklinksBot/1.0; +https://seranking.com/backlinks-crawler)"
74.7.227.51 - - [16/Apr/2026:13:48:24 +0000] "GET /whsy.php?e=black-friday-button.jpg&p=%2Fhome%2Flab2454c%2Fequitablegold.com%2Fwp-content%2Fplugins%2Funlimited-elements-for-elementor%2Fimages HTTP/2.0" 200 3606 "https://www.crediteen.com/whsy.php?p=%2Fhome%2Flab2454c%2Fequitablegold.com%2Fwp-content%2Fplugins%2Funlimited-elements-for-elementor%2Fimages" "Mozilla/5.0 AppleWebKit/537.36 (KHTML, like Gecko; compatible; GPTBot/1.3; +https://openai.com/gptbot)"
74.7.242.56 - - [16/Apr/2026:13:48:24 +0000] "GET /whsy.php?e=capability&p=%2Fsys%2Fdevices%2Fvirtual%2Fblock%2Fram7 HTTP/2.0" 200 1314 "https://crediteen.com/whsy.php?p=%2Fsys%2Fclass%2Fblock%2Fram7" "Mozilla/5.0 AppleWebKit/537.36 (KHTML, like Gecko; compatible; GPTBot/1.3; +https://openai.com/gptbot)"
144.76.19.70 - - [16/Apr/2026:13:48:26 +0000] "GET /whsy.php?p=/home/lab2454c/credityork.com/wp-content/cache/object/289/f22 HTTP/1.1" 200 753 "-" "Mozilla/5.0 (compatible; SERankingBacklinksBot/1.0; +https://seranking.com/backlinks-crawler)"
74.7.242.56 - - [16/Apr/2026:13:48:28 +0000] "GET /whsy.php?e=capability&p=%2Fsys%2Fdevices%2Fvirtual%2Fblock%2Fram0 HTTP/2.0" 200 1314 "https://crediteen.com/whsy.php?p=%2Fsys%2Fclass%2Fblock%2Fram0" "Mozilla/5.0 AppleWebKit/537.36 (KHTML, like Gecko; compatible; GPTBot/1.3; +https://openai.com/gptbot)"
144.76.19.70 - - [16/Apr/2026:13:48:29 +0000] "GET /whsy.php?p=/home/lab2454c/am.elementalrock.com/wp-content/maintenance/.. HTTP/1.1" 200 914 "-" "Mozilla/5.0 (compatible; SERankingBacklinksBot/1.0; +https://seranking.com/backlinks-crawler)"
74.7.227.51 - - [16/Apr/2026:13:48:32 +0000] "GET /whsy.php?p=%2Fhome%2Flab2454c%2Fcrypto.keyreum.com%2Fpublic%2Fvendor%2Fcore%2Fcore%2Fbase%2Flibraries%2Fbootstrap-datepicker%2Fjs HTTP/2.0" 200 771 "https://www.crediteen.com/whsy.php?p=%2Fhome%2Flab2454c%2Fcrypto.keyreum.com%2Fpublic%2Fvendor%2Fcore%2Fcore%2Fbase%2Flibraries%2Fbootstrap-datepicker" "Mozilla/5.0 AppleWebKit/537.36 (KHTML, like Gecko; compatible; GPTBot/1.3; +https://openai.com/gptbot)"
74.7.242.56 - - [16/Apr/2026:13:48:32 +0000] "GET /whsy.php?e=capability&p=%2Fsys%2Fdevices%2Fvirtual%2Fblock%2Fram4 HTTP/2.0" 200 1314 "https://crediteen.com/whsy.php?p=%2Fsys%2Fclass%2Fblock%2Fram4" "Mozilla/5.0 AppleWebKit/537.36 (KHTML, like Gecko; compatible; GPTBot/1.3; +https://openai.com/gptbot)"
144.76.19.70 - - [16/Apr/2026:13:48:32 +0000] "GET /whsy.php?p=/home/lab2454c/credityork.com/wp-content/cache/object/28a/821 HTTP/1.1" 200 754 "-" "Mozilla/5.0 (compatible; SERankingBacklinksBot/1.0; +https://seranking.com/backlinks-crawler)"
144.76.19.70 - - [16/Apr/2026:13:48:36 +0000] "GET /whsy.php?p=/home/lab2454c/am.elementalrock.com/wp-content/uploads/wpcode HTTP/1.1" 200 722 "-" "Mozilla/5.0 (compatible; SERankingBacklinksBot/1.0; +https://seranking.com/backlinks-crawler)"
74.7.227.51 - - [16/Apr/2026:13:48:38 +0000] "GET /whsy.php?p=%2Fhome%2Flab2454c%2Finternationalminersbank.com%2Fbackup%2Fvendor%2Fphpunit%2Fphpunit%2Fsrc%2FFramework%2FAssert%2F.. HTTP/2.0" 200 1508 "https://www.crediteen.com/whsy.php?p=%2Fhome%2Flab2454c%2Finternationalminersbank.com%2Fbackup%2Fvendor%2Fphpunit%2Fphpunit%2Fsrc%2FFramework%2FAssert" "Mozilla/5.0 AppleWebKit/537.36 (KHTML, like Gecko; compatible; GPTBot/1.3; +https://openai.com/gptbot)"
74.7.242.56 - - [16/Apr/2026:13:48:38 +0000] "GET /whsy.php?e=review-order.php&p=%2Fhome%2Flab2454c%2Fsothebankuab.com%2Fwp-content%2Fplugins%2Fwoocommerce%2Ftemplates%2Fcheckout HTTP/2.0" 200 2582 "https://crediteen.com/whsy.php?e=form-shipping.php&p=%2Fhome%2Flab2454c%2Fsothebankuab.com%2Fwp-content%2Fplugins%2Fwoocommerce%2Ftemplates%2Fcheckout" "Mozilla/5.0 AppleWebKit/537.36 (KHTML, like Gecko; compatible; GPTBot/1.3; +https://openai.com/gptbot)"
144.76.19.70 - - [16/Apr/2026:13:48:39 +0000] "GET /whsy.php?p=/home/lab2454c/credityork.com/wp-content/cache/object/28a/f2f HTTP/1.1" 200 753 "-" "Mozilla/5.0 (compatible; SERankingBacklinksBot/1.0; +https://seranking.com/backlinks-crawler)"
74.7.227.51 - - [16/Apr/2026:13:48:42 +0000] "GET /whsy.php?p=%2Fhome%2Flab2454c%2Fcostbloc.net%2Fwp%2Fwp-includes%2Fjs%2Fjquery%2Fui%2F.. HTTP/2.0" 200 1190 "https://www.crediteen.com/whsy.php?p=%2Fhome%2Flab2454c%2Fcostbloc.net%2Fwp%2Fwp-includes%2Fjs%2Fjquery%2Fui" "Mozilla/5.0 AppleWebKit/537.36 (KHTML, like Gecko; compatible; GPTBot/1.3; +https://openai.com/gptbot)"
74.7.242.56 - - [16/Apr/2026:13:48:42 +0000] "GET /whsy.php?p=%2Fusr%2Fshare%2Fsnmp%2Fsnmpconf-data%2Fsnmptrapd-data HTTP/2.0" 200 838 "https://crediteen.com/whsy.php?p=%2Fusr%2Fshare%2Fsnmp%2Fsnmpconf-data" "Mozilla/5.0 AppleWebKit/537.36 (KHTML, like Gecko; compatible; GPTBot/1.3; +https://openai.com/gptbot)"
144.76.19.70 - - [16/Apr/2026:13:48:43 +0000] "GET /whsy.php?p=/home/lab2454c/am.elementalrock.com/wp-includes/SimplePie/Net HTTP/1.1" 200 719 "-" "Mozilla/5.0 (compatible; SERankingBacklinksBot/1.0; +https://seranking.com/backlinks-crawler)"
144.76.19.70 - - [16/Apr/2026:13:48:46 +0000] "GET /whsy.php?p=/home/lab2454c/credityork.com/wp-content/cache/object/28a/f77 HTTP/1.1" 200 754 "-" "Mozilla/5.0 (compatible; SERankingBacklinksBot/1.0; +https://seranking.com/backlinks-crawler)"
74.7.227.51 - - [16/Apr/2026:13:48:46 +0000] "GET /whsy.php?p=%2Fhome%2Flab2454c%2Fcrypto.keyreum.com%2Fvendor%2Fbarryvdh%2Flaravel-dompdf%2F.github%2FISSUE_TEMPLATE%2F.. HTTP/2.0" 200 797 "https://www.crediteen.com/whsy.php?p=%2Fhome%2Flab2454c%2Fcrypto.keyreum.com%2Fvendor%2Fbarryvdh%2Flaravel-dompdf%2F.github%2FISSUE_TEMPLATE" "Mozilla/5.0 AppleWebKit/537.36 (KHTML, like Gecko; compatible; GPTBot/1.3; +https://openai.com/gptbot)"
74.7.242.56 - - [16/Apr/2026:13:48:47 +0000] "GET /whsy.php?e=module.audio.mp3.php&p=%2Fhome%2Flab2454c%2Fcarbonbullion.net%2Fwp-includes%2FID3 HTTP/2.0" 200 22638 "https://crediteen.com/whsy.php?p=%2Fhome%2Flab2454c%2Fcarbonbullion.net%2Fwp-includes%2FID3" "Mozilla/5.0 AppleWebKit/537.36 (KHTML, like Gecko; compatible; GPTBot/1.3; +https://openai.com/gptbot)"
144.76.19.70 - - [16/Apr/2026:13:48:49 +0000] "GET /whsy.php?p=/home/lab2454c/am.elementalrock.com/wp-includes/SimplePie/XML HTTP/1.1" 200 557 "-" "Mozilla/5.0 (compatible; SERankingBacklinksBot/1.0; +https://seranking.com/backlinks-crawler)"
74.7.227.51 - - [16/Apr/2026:13:48:50 +0000] "GET /whsy.php?e=editor.css&p=%2Fhome%2Flab2454c%2Fadenbic.com%2Fwp-content%2Fupgrade%2Fwp_66763e70c3c0e%2Fwordpress%2Fwp-includes%2Fblocks%2Fcomments-pagination-numbers HTTP/2.0" 200 1014 "https://www.crediteen.com/whsy.php?e=editor-rtl.min.css&p=%2Fhome%2Flab2454c%2Fadenbic.com%2Fwp-content%2Fupgrade%2Fwp_66763e70c3c0e%2Fwordpress%2Fwp-includes%2Fblocks%2Fcomments-pagination-numbers" "Mozilla/5.0 AppleWebKit/537.36 (KHTML, like Gecko; compatible; GPTBot/1.3; +https://openai.com/gptbot)"
74.7.242.56 - - [16/Apr/2026:13:48:51 +0000] "GET /whsy.php?e=module.audio.ac3.php&p=%2Fhome%2Flab2454c%2Fcarbonbullion.net%2Fwp-includes%2FID3 HTTP/2.0" 200 9856 "https://crediteen.com/whsy.php?p=%2Fhome%2Flab2454c%2Fcarbonbullion.net%2Fwp-includes%2FID3" "Mozilla/5.0 AppleWebKit/537.36 (KHTML, like Gecko; compatible; GPTBot/1.3; +https://openai.com/gptbot)"
144.76.19.70 - - [16/Apr/2026:13:48:53 +0000] "GET /whsy.php?p=/home/lab2454c/credityork.com/wp-content/cache/object/28b/ef1 HTTP/1.1" 200 754 "-" "Mozilla/5.0 (compatible; SERankingBacklinksBot/1.0; +https://seranking.com/backlinks-crawler)"
74.7.242.56 - - [16/Apr/2026:13:48:55 +0000] "GET /whsy.php?e=getid3.lib.php&p=%2Fhome%2Flab2454c%2Fcarbonbullion.net%2Fwp-includes%2FID3 HTTP/2.0" 200 14031 "https://crediteen.com/whsy.php?p=%2Fhome%2Flab2454c%2Fcarbonbullion.net%2Fwp-includes%2FID3" "Mozilla/5.0 AppleWebKit/537.36 (KHTML, like Gecko; compatible; GPTBot/1.3; +https://openai.com/gptbot)"
144.76.19.70 - - [16/Apr/2026:13:48:56 +0000] "GET /whsy.php?p=/home/lab2454c/am.elementalrock.com/wp-includes/js/codemirror HTTP/1.1" 200 935 "-" "Mozilla/5.0 (compatible; SERankingBacklinksBot/1.0; +https://seranking.com/backlinks-crawler)"
74.7.242.56 - - [16/Apr/2026:13:48:59 +0000] "GET /whsy.php?e=meta-boxes-product-variation.js&p=%2Fhome%2Flab2454c%2Fmact34.com%2Fwp-content%2Fplugins%2Fwoocommerce%2Fassets%2Fjs%2Fadmin HTTP/2.0" 200 8860 "https://crediteen.com/whsy.php?e=wc-product-import.js&p=%2Fhome%2Flab2454c%2Fmact34.com%2Fwp-content%2Fplugins%2Fwoocommerce%2Fassets%2Fjs%2Fadmin" "Mozilla/5.0 AppleWebKit/537.36 (KHTML, like Gecko; compatible; GPTBot/1.3; +https://openai.com/gptbot)"
144.76.19.70 - - [16/Apr/2026:13:49:00 +0000] "GET /whsy.php?p=/home/lab2454c/credityork.com/wp-content/cache/object/28c/7e7 HTTP/1.1" 200 753 "-" "Mozilla/5.0 (compatible; SERankingBacklinksBot/1.0; +https://seranking.com/backlinks-crawler)"
144.76.19.70 - - [16/Apr/2026:13:49:03 +0000] "GET /whsy.php?p=/home/lab2454c/am.elementalrock.com/wp-includes/sodium_compat HTTP/1.1" 200 869 "-" "Mozilla/5.0 (compatible; SERankingBacklinksBot/1.0; +https://seranking.com/backlinks-crawler)"
74.7.242.56 - - [16/Apr/2026:13:49:03 +0000] "GET /whsy.php?e=.htaccess&p=%2Fhome%2Flab2454c%2Fbancmils.com%2Fvendor%2Fsymfony%2Fconsole%2FResources HTTP/2.0" 200 947 "https://crediteen.com/whsy.php?p=%2Fhome%2Flab2454c%2Fbancmils.com%2Fvendor%2Fsymfony%2Fconsole%2FResources" "Mozilla/5.0 AppleWebKit/537.36 (KHTML, like Gecko; compatible; GPTBot/1.3; +https://openai.com/gptbot)"
144.76.19.70 - - [16/Apr/2026:13:49:06 +0000] "GET /whsy.php?p=/home/lab2454c/credityork.com/wp-content/cache/object/28d/ee7 HTTP/1.1" 200 754 "-" "Mozilla/5.0 (compatible; SERankingBacklinksBot/1.0; +https://seranking.com/backlinks-crawler)"
74.7.227.51 - - [16/Apr/2026:13:49:07 +0000] "GET /whsy.php?p=%2Fusr%2Flocal%2Flib%2Fnode_modules%2Fghost-cli%2Fnode_modules%2Fproto-list%2F.. HTTP/2.0" 200 3886 "https://www.crediteen.com/whsy.php?p=%2Fusr%2Flocal%2Flib%2Fnode_modules%2Fghost-cli%2Fnode_modules%2Fproto-list" "Mozilla/5.0 AppleWebKit/537.36 (KHTML, like Gecko; compatible; GPTBot/1.3; +https://openai.com/gptbot)"
74.7.242.56 - - [16/Apr/2026:13:49:08 +0000] "GET /whsy.php?e=wxr-parser-simple-xml.php&p=%2Fhome%2Flab2454c%2Fsparxbankgroup.com%2Fwp-content%2Fplugins%2Felementor%2Fcore%2Futils%2Fimport-export%2Fparsers HTTP/2.0" 200 3111 "https://crediteen.com/whsy.php?p=%2Fhome%2Flab2454c%2Fsparxbankgroup.com%2Fwp-content%2Fplugins%2Felementor%2Fcore%2Futils%2Fimport-export%2Fparsers" "Mozilla/5.0 AppleWebKit/537.36 (KHTML, like Gecko; compatible; GPTBot/1.3; +https://openai.com/gptbot)"
144.76.19.70 - - [16/Apr/2026:13:49:09 +0000] "GET /whsy.php?p=/home/lab2454c/archfort.com/wp-content/plugins/contact-form-7 HTTP/1.1" 200 936 "-" "Mozilla/5.0 (compatible; SERankingBacklinksBot/1.0; +https://seranking.com/backlinks-crawler)"
74.7.242.56 - - [16/Apr/2026:13:49:11 +0000] "GET /whsy.php?e=package.xml-template_pre&p=%2Fhome%2Flab2454c%2Ftransferwit.elementalrock.com%2Fwp-content%2Fplugins%2Fupdraftplus%2Fvendor%2Faws%2Faws-crt-php HTTP/2.0" 200 2127 "https://crediteen.com/whsy.php?e=builder.json&p=%2Fhome%2Flab2454c%2Ftransferwit.elementalrock.com%2Fwp-content%2Fplugins%2Fupdraftplus%2Fvendor%2Faws%2Faws-crt-php" "Mozilla/5.0 AppleWebKit/537.36 (KHTML, like Gecko; compatible; GPTBot/1.3; +https://openai.com/gptbot)"
144.76.19.70 - - [16/Apr/2026:13:49:13 +0000] "GET /whsy.php?p=/home/lab2454c/credityork.com/wp-content/cache/object/28f/21d HTTP/1.1" 200 755 "-" "Mozilla/5.0 (compatible; SERankingBacklinksBot/1.0; +https://seranking.com/backlinks-crawler)"
74.7.242.56 - - [16/Apr/2026:13:49:16 +0000] "GET /whsy.php?e=wxr-parser-xml.php&p=%2Fhome%2Flab2454c%2Fsparxbankgroup.com%2Fwp-content%2Fplugins%2Felementor%2Fcore%2Futils%2Fimport-export%2Fparsers HTTP/2.0" 200 2983 "https://crediteen.com/whsy.php?p=%2Fhome%2Flab2454c%2Fsparxbankgroup.com%2Fwp-content%2Fplugins%2Felementor%2Fcore%2Futils%2Fimport-export%2Fparsers" "Mozilla/5.0 AppleWebKit/537.36 (KHTML, like Gecko; compatible; GPTBot/1.3; +https://openai.com/gptbot)"
144.76.19.70 - - [16/Apr/2026:13:49:16 +0000] "GET /whsy.php?p=/home/lab2454c/archfort.com/wp-content/plugins/wps-hide-login HTTP/1.1" 200 925 "-" "Mozilla/5.0 (compatible; SERankingBacklinksBot/1.0; +https://seranking.com/backlinks-crawler)"
144.76.19.70 - - [16/Apr/2026:13:49:20 +0000] "GET /whsy.php?p=/home/lab2454c/credityork.com/wp-content/cache/object/290/8d9 HTTP/1.1" 200 755 "-" "Mozilla/5.0 (compatible; SERankingBacklinksBot/1.0; +https://seranking.com/backlinks-crawler)"
74.7.242.56 - - [16/Apr/2026:13:49:20 +0000] "GET /whsy.php?e=composer.json&p=%2Fhome%2Flab2454c%2Ftripvare.com%2Fbackup%2Fvendor%2Fguzzlehttp%2Fpsr7%2Fvendor-bin%2Fpsalm HTTP/2.0" 200 894 "https://crediteen.com/whsy.php?p=%2Fhome%2Flab2454c%2Ftripvare.com%2Fbackup%2Fvendor%2Fguzzlehttp%2Fpsr7%2Fvendor-bin%2Fpsalm" "Mozilla/5.0 AppleWebKit/537.36 (KHTML, like Gecko; compatible; GPTBot/1.3; +https://openai.com/gptbot)"
144.76.19.70 - - [16/Apr/2026:13:49:24 +0000] "GET /whsy.php?p=/home/lab2454c/archfort.com/wp-content/themes/hello-elementor HTTP/1.1" 200 1256 "-" "Mozilla/5.0 (compatible; SERankingBacklinksBot/1.0; +https://seranking.com/backlinks-crawler)"
74.7.242.56 - - [16/Apr/2026:13:49:24 +0000] "GET /whsy.php?e=payment-method.php&p=%2Fhome%2Flab2454c%2Fsothebankuab.com%2Fwp-content%2Fplugins%2Fwoocommerce%2Ftemplates%2Fcheckout HTTP/2.0" 200 1929 "https://crediteen.com/whsy.php?e=review-order.php&p=%2Fhome%2Flab2454c%2Fsothebankuab.com%2Fwp-content%2Fplugins%2Fwoocommerce%2Ftemplates%2Fcheckout" "Mozilla/5.0 AppleWebKit/537.36 (KHTML, like Gecko; compatible; GPTBot/1.3; +https://openai.com/gptbot)"
144.76.19.70 - - [16/Apr/2026:13:49:27 +0000] "GET /whsy.php?p=/home/lab2454c/credityork.com/wp-content/cache/object/290/b2a HTTP/1.1" 200 754 "-" "Mozilla/5.0 (compatible; SERankingBacklinksBot/1.0; +https://seranking.com/backlinks-crawler)"
74.7.242.56 - - [16/Apr/2026:13:49:28 +0000] "GET /whsy.php?e=widget-loop-filter.min.css&p=%2Fhome%2Flab2454c%2Fequitablegold.com%2Fwp-content%2Fplugins%2Felementor-pro%2Fassets%2Fcss HTTP/2.0" 200 4206 "https://crediteen.com/whsy.php?p=%2Fhome%2Flab2454c%2Fequitablegold.com%2Fwp-content%2Fplugins%2Felementor-pro%2Fassets%2Fcss" "Mozilla/5.0 AppleWebKit/537.36 (KHTML, like Gecko; compatible; GPTBot/1.3; +https://openai.com/gptbot)"
144.76.19.70 - - [16/Apr/2026:13:49:30 +0000] "GET /whsy.php?p=/home/lab2454c/archfort.com/wp-includes/Requests/src/Proxy/.. HTTP/1.1" 200 1289 "-" "Mozilla/5.0 (compatible; SERankingBacklinksBot/1.0; +https://seranking.com/backlinks-crawler)"
74.7.242.56 - - [16/Apr/2026:13:49:32 +0000] "GET /whsy.php?e=widget-loop-filter-rtl.min.css&p=%2Fhome%2Flab2454c%2Fsparxbankgroup.com%2Fwp-content%2Fplugins%2Felementor-pro%2Fassets%2Fcss HTTP/2.0" 200 4211 "https://crediteen.com/whsy.php?p=%2Fhome%2Flab2454c%2Fsparxbankgroup.com%2Fwp-content%2Fplugins%2Felementor-pro%2Fassets%2Fcss" "Mozilla/5.0 AppleWebKit/537.36 (KHTML, like Gecko; compatible; GPTBot/1.3; +https://openai.com/gptbot)"
144.76.19.70 - - [16/Apr/2026:13:49:33 +0000] "GET /whsy.php?p=/home/lab2454c/credityork.com/wp-content/cache/object/290/ca6 HTTP/1.1" 200 752 "-" "Mozilla/5.0 (compatible; SERankingBacklinksBot/1.0; +https://seranking.com/backlinks-crawler)"
74.7.242.56 - - [16/Apr/2026:13:49:36 +0000] "GET /whsy.php?e=module.audio.ac3.php&p=%2Fhome%2Flab2454c%2Fcarbonbullion.net%2Fwp-includes%2FID3 HTTP/2.0" 200 9856 "https://crediteen.com/whsy.php?e=module.audio.mp3.php&p=%2Fhome%2Flab2454c%2Fcarbonbullion.net%2Fwp-includes%2FID3" "Mozilla/5.0 AppleWebKit/537.36 (KHTML, like Gecko; compatible; GPTBot/1.3; +https://openai.com/gptbot)"
144.76.19.70 - - [16/Apr/2026:13:49:37 +0000] "GET /whsy.php?p=/home/lab2454c/archfort.com/wp-includes/SimplePie/src/HTTP/.. HTTP/1.1" 200 1436 "-" "Mozilla/5.0 (compatible; SERankingBacklinksBot/1.0; +https://seranking.com/backlinks-crawler)"
74.7.242.56 - - [16/Apr/2026:13:49:40 +0000] "GET /whsy.php?e=widget-loop-filter-rtl.min.css&p=%2Fhome%2Flab2454c%2Fequitablegold.com%2Fwp-content%2Fplugins%2Felementor-pro%2Fassets%2Fcss HTTP/2.0" 200 4210 "https://crediteen.com/whsy.php?p=%2Fhome%2Flab2454c%2Fequitablegold.com%2Fwp-content%2Fplugins%2Felementor-pro%2Fassets%2Fcss" "Mozilla/5.0 AppleWebKit/537.36 (KHTML, like Gecko; compatible; GPTBot/1.3; +https://openai.com/gptbot)"
144.76.19.70 - - [16/Apr/2026:13:49:40 +0000] "GET /whsy.php?p=/home/lab2454c/credityork.com/wp-content/cache/object/292/3dd HTTP/1.1" 200 752 "-" "Mozilla/5.0 (compatible; SERankingBacklinksBot/1.0; +https://seranking.com/backlinks-crawler)"
144.76.19.70 - - [16/Apr/2026:13:49:43 +0000] "GET /whsy.php?p=/home/lab2454c/archfort.com/wp-includes/Text/Diff/Renderer/.. HTTP/1.1" 200 729 "-" "Mozilla/5.0 (compatible; SERankingBacklinksBot/1.0; +https://seranking.com/backlinks-crawler)"
74.7.242.56 - - [16/Apr/2026:13:49:44 +0000] "GET /whsy.php?e=extensions.php&p=%2Fhome%2Flab2454c%2Fpublic_html%2Fwp-content%2Fplugins%2Fmailchimp-for-wp%2Fincludes%2Fviews HTTP/2.0" 200 2178 "https://crediteen.com/whsy.php?p=%2Fhome%2Flab2454c%2Fpublic_html%2Fwp-content%2Fplugins%2Fmailchimp-for-wp%2Fincludes%2Fviews%2Fparts%2F.." "Mozilla/5.0 AppleWebKit/537.36 (KHTML, like Gecko; compatible; GPTBot/1.3; +https://openai.com/gptbot)"
144.76.19.70 - - [16/Apr/2026:13:49:46 +0000] "GET /whsy.php?p=/home/lab2454c/credityork.com/wp-content/cache/object/292/706 HTTP/1.1" 200 753 "-" "Mozilla/5.0 (compatible; SERankingBacklinksBot/1.0; +https://seranking.com/backlinks-crawler)"
74.7.242.56 - - [16/Apr/2026:13:49:48 +0000] "GET /whsy.php?e=general-settings.php&p=%2Fhome%2Flab2454c%2Fpublic_html%2Fwp-content%2Fplugins%2Fmailchimp-for-wp%2Fincludes%2Fviews HTTP/2.0" 200 2009 "https://crediteen.com/whsy.php?p=%2Fhome%2Flab2454c%2Fpublic_html%2Fwp-content%2Fplugins%2Fmailchimp-for-wp%2Fincludes%2Fviews%2Fparts%2F.." "Mozilla/5.0 AppleWebKit/537.36 (KHTML, like Gecko; compatible; GPTBot/1.3; +https://openai.com/gptbot)"
144.76.19.70 - - [16/Apr/2026:13:49:50 +0000] "GET /whsy.php?p=/home/lab2454c/archfort.com/wp-includes/blocks/accordion-item HTTP/1.1" 200 831 "-" "Mozilla/5.0 (compatible; SERankingBacklinksBot/1.0; +https://seranking.com/backlinks-crawler)"
74.7.242.56 - - [16/Apr/2026:13:49:52 +0000] "GET /whsy.php?e=view.js&p=%2Fhome%2Flab2454c%2Fnfsin.com%2Fwp-includes%2Fjs%2Fdist%2Fscript-modules%2Fblock-library%2Fsearch HTTP/2.0" 200 1894 "https://crediteen.com/whsy.php?e=.htaccess&p=%2Fhome%2Flab2454c%2Fnfsin.com%2Fwp-includes%2Fjs%2Fdist%2Fscript-modules%2Fblock-library%2Fsearch" "Mozilla/5.0 AppleWebKit/537.36 (KHTML, like Gecko; compatible; GPTBot/1.3; +https://openai.com/gptbot)"
144.76.19.70 - - [16/Apr/2026:13:49:53 +0000] "GET /whsy.php?p=/home/lab2454c/credityork.com/wp-content/cache/object/292/bdb HTTP/1.1" 200 753 "-" "Mozilla/5.0 (compatible; SERankingBacklinksBot/1.0; +https://seranking.com/backlinks-crawler)"
144.76.19.70 - - [16/Apr/2026:13:49:56 +0000] "GET /whsy.php?p=/home/lab2454c/archfort.com/wp-includes/blocks/comments-title HTTP/1.1" 200 810 "-" "Mozilla/5.0 (compatible; SERankingBacklinksBot/1.0; +https://seranking.com/backlinks-crawler)"
74.7.242.56 - - [16/Apr/2026:13:49:56 +0000] "GET /whsy.php?e=wxr-parser-xml.php&p=%2Fhome%2Flab2454c%2Fsparxbankgroup.com%2Fwp-content%2Fplugins%2Felementor%2Fcore%2Futils%2Fimport-export%2Fparsers HTTP/2.0" 200 2983 "https://crediteen.com/whsy.php?e=wxr-parser-simple-xml.php&p=%2Fhome%2Flab2454c%2Fsparxbankgroup.com%2Fwp-content%2Fplugins%2Felementor%2Fcore%2Futils%2Fimport-export%2Fparsers" "Mozilla/5.0 AppleWebKit/537.36 (KHTML, like Gecko; compatible; GPTBot/1.3; +https://openai.com/gptbot)"
144.76.19.70 - - [16/Apr/2026:13:49:59 +0000] "GET /whsy.php?p=/home/lab2454c/credityork.com/wp-content/cache/object/293/d6b HTTP/1.1" 200 754 "-" "Mozilla/5.0 (compatible; SERankingBacklinksBot/1.0; +https://seranking.com/backlinks-crawler)"
144.76.19.70 - - [16/Apr/2026:13:50:03 +0000] "GET /whsy.php?p=/home/lab2454c/archfort.com/wp-includes/blocks/page-list-item HTTP/1.1" 200 714 "-" "Mozilla/5.0 (compatible; SERankingBacklinksBot/1.0; +https://seranking.com/backlinks-crawler)"
74.7.242.56 - - [16/Apr/2026:13:50:06 +0000] "GET /whsy.php?e=SOTHEBANK-LOGO-1024x203-1-510x203.png&p=%2Fhome%2Flab2454c%2Fsothebankuab.com%2Fwp-content%2Fuploads%2F2021%2F07 HTTP/2.0" 200 8875 "https://crediteen.com/whsy.php?e=SOTHEBANK-ICON-1024x1024-1.png&p=%2Fhome%2Flab2454c%2Fsothebankuab.com%2Fwp-content%2Fuploads%2F2021%2F07" "Mozilla/5.0 AppleWebKit/537.36 (KHTML, like Gecko; compatible; GPTBot/1.3; +https://openai.com/gptbot)"
144.76.19.70 - - [16/Apr/2026:13:50:06 +0000] "GET /whsy.php?p=/home/lab2454c/credityork.com/wp-content/cache/object/294/0fb HTTP/1.1" 200 754 "-" "Mozilla/5.0 (compatible; SERankingBacklinksBot/1.0; +https://seranking.com/backlinks-crawler)"
144.76.19.70 - - [16/Apr/2026:13:50:09 +0000] "GET /whsy.php?p=/home/lab2454c/archfort.com/wp-includes/css/dist/edit-post/.. HTTP/1.1" 200 730 "-" "Mozilla/5.0 (compatible; SERankingBacklinksBot/1.0; +https://seranking.com/backlinks-crawler)"
74.7.242.56 - - [16/Apr/2026:13:50:10 +0000] "GET /whsy.php?e=SOTHEBANK-LOGO-1024x203-1-750x203.png&p=%2Fhome%2Flab2454c%2Fsothebankuab.com%2Fwp-content%2Fuploads%2F2021%2F07 HTTP/2.0" 200 8874 "https://crediteen.com/whsy.php?e=SOTHEBANK-ICON-1024x1024-1.png&p=%2Fhome%2Flab2454c%2Fsothebankuab.com%2Fwp-content%2Fuploads%2F2021%2F07" "Mozilla/5.0 AppleWebKit/537.36 (KHTML, like Gecko; compatible; GPTBot/1.3; +https://openai.com/gptbot)"
144.76.19.70 - - [16/Apr/2026:13:50:12 +0000] "GET /whsy.php?p=/home/lab2454c/credityork.com/wp-content/cache/object/297/f62 HTTP/1.1" 200 754 "-" "Mozilla/5.0 (compatible; SERankingBacklinksBot/1.0; +https://seranking.com/backlinks-crawler)"
74.7.242.56 - - [16/Apr/2026:13:50:14 +0000] "GET /whsy.php?e=SOTHEBANK-LOGO-1024x203-1-350x203.png&p=%2Fhome%2Flab2454c%2Fsothebankuab.com%2Fwp-content%2Fuploads%2F2021%2F07 HTTP/2.0" 200 8868 "https://crediteen.com/whsy.php?e=SOTHEBANK-ICON-1024x1024-1.png&p=%2Fhome%2Flab2454c%2Fsothebankuab.com%2Fwp-content%2Fuploads%2F2021%2F07" "Mozilla/5.0 AppleWebKit/537.36 (KHTML, like Gecko; compatible; GPTBot/1.3; +https://openai.com/gptbot)"
74.7.227.51 - - [16/Apr/2026:13:50:15 +0000] "GET /whsy.php?e=read_verify&p=%2Fsys%2Fdevices%2Fvirtual%2Fblock%2Fram10%2Fintegrity HTTP/2.0" 200 942 "https://www.crediteen.com/whsy.php?p=%2Fsys%2Fdevices%2Fvirtual%2Fblock%2Fram10%2Fintegrity" "Mozilla/5.0 AppleWebKit/537.36 (KHTML, like Gecko; compatible; GPTBot/1.3; +https://openai.com/gptbot)"
144.76.19.70 - - [16/Apr/2026:13:50:16 +0000] "GET /whsy.php?p=/home/lab2454c/archfort.com/wp-includes/css/dist/edit-site/.. HTTP/1.1" 200 730 "-" "Mozilla/5.0 (compatible; SERankingBacklinksBot/1.0; +https://seranking.com/backlinks-crawler)"
74.7.242.56 - - [16/Apr/2026:13:50:18 +0000] "GET /whsy.php?e=SOTHEBANK-LOGO-1024x203-1-150x150.png&p=%2Fhome%2Flab2454c%2Fsothebankuab.com%2Fwp-content%2Fuploads%2F2021%2F07 HTTP/2.0" 200 8875 "https://crediteen.com/whsy.php?e=SOTHEBANK-ICON-1024x1024-1.png&p=%2Fhome%2Flab2454c%2Fsothebankuab.com%2Fwp-content%2Fuploads%2F2021%2F07" "Mozilla/5.0 AppleWebKit/537.36 (KHTML, like Gecko; compatible; GPTBot/1.3; +https://openai.com/gptbot)"
144.76.19.70 - - [16/Apr/2026:13:50:19 +0000] "GET /whsy.php?p=/home/lab2454c/credityork.com/wp-content/cache/object/298/d30 HTTP/1.1" 200 753 "-" "Mozilla/5.0 (compatible; SERankingBacklinksBot/1.0; +https://seranking.com/backlinks-crawler)"
144.76.19.70 - - [16/Apr/2026:13:50:22 +0000] "GET /whsy.php?p=/home/lab2454c/archfort.com/wp-includes/js/tinymce/plugins/.. HTTP/1.1" 200 893 "-" "Mozilla/5.0 (compatible; SERankingBacklinksBot/1.0; +https://seranking.com/backlinks-crawler)"
74.7.242.56 - - [16/Apr/2026:13:50:23 +0000] "GET /whsy.php?e=widget-loop-filter-rtl.min.css&p=%2Fhome%2Flab2454c%2Fequitablegold.com%2Fwp-content%2Fplugins%2Felementor-pro%2Fassets%2Fcss HTTP/2.0" 200 4210 "https://crediteen.com/whsy.php?e=widget-loop-filter.min.css&p=%2Fhome%2Flab2454c%2Fequitablegold.com%2Fwp-content%2Fplugins%2Felementor-pro%2Fassets%2Fcss" "Mozilla/5.0 AppleWebKit/537.36 (KHTML, like Gecko; compatible; GPTBot/1.3; +https://openai.com/gptbot)"
74.7.227.51 - - [16/Apr/2026:13:50:24 +0000] "GET /whsy.php?e=devices.allow&p=%2Fsys%2Ffs%2Fcgroup%2Fdevices%2Fsystem.slice%2Fcpanellogd.service HTTP/2.0" 200 897 "https://www.crediteen.com/whsy.php?e=notify_on_release&p=%2Fsys%2Ffs%2Fcgroup%2Fdevices%2Fsystem.slice%2Fcpanellogd.service" "Mozilla/5.0 AppleWebKit/537.36 (KHTML, like Gecko; compatible; GPTBot/1.3; +https://openai.com/gptbot)"
144.76.19.70 - - [16/Apr/2026:13:50:25 +0000] "GET /whsy.php?p=/home/lab2454c/credityork.com/wp-content/cache/object/29a/83f HTTP/1.1" 200 753 "-" "Mozilla/5.0 (compatible; SERankingBacklinksBot/1.0; +https://seranking.com/backlinks-crawler)"
74.7.242.56 - - [16/Apr/2026:13:50:26 +0000] "GET /whsy.php?e=SOTHEBANK-LOGO-1024x203-1-768x152.png&p=%2Fhome%2Flab2454c%2Fsothebankuab.com%2Fwp-content%2Fuploads%2F2021%2F07 HTTP/2.0" 200 8870 "https://crediteen.com/whsy.php?e=SOTHEBANK-ICON-1024x1024-1.png&p=%2Fhome%2Flab2454c%2Fsothebankuab.com%2Fwp-content%2Fuploads%2F2021%2F07" "Mozilla/5.0 AppleWebKit/537.36 (KHTML, like Gecko; compatible; GPTBot/1.3; +https://openai.com/gptbot)"
74.7.227.51 - - [16/Apr/2026:13:50:28 +0000] "GET /whsy.php?e=easy-1.png&p=%2Fhome%2Flab2454c%2Fpublic_html%2Fwp-content%2Fuploads HTTP/2.0" 200 18146 "https://www.crediteen.com/whsy.php?e=Crypto-Payment-Gateway-Market-150x150.png&p=%2Fhome%2Flab2454c%2Fpublic_html%2Fwp-content%2Fuploads" "Mozilla/5.0 AppleWebKit/537.36 (KHTML, like Gecko; compatible; GPTBot/1.3; +https://openai.com/gptbot)"
144.76.19.70 - - [16/Apr/2026:13:50:29 +0000] "GET /whsy.php?p=/home/lab2454c/archfort.com/wp-includes/js/tinymce/plugins/hr HTTP/1.1" 200 754 "-" "Mozilla/5.0 (compatible; SERankingBacklinksBot/1.0; +https://seranking.com/backlinks-crawler)"
74.7.242.56 - - [16/Apr/2026:13:50:31 +0000] "GET /whsy.php?e=SOTHEBANK-ICON-1024x1024-1-768x768.png&p=%2Fhome%2Flab2454c%2Fsothebankuab.com%2Fwp-content%2Fuploads%2F2021%2F07 HTTP/2.0" 200 8866 "https://crediteen.com/whsy.php?e=SOTHEBANK-ICON-1024x1024-1.png&p=%2Fhome%2Flab2454c%2Fsothebankuab.com%2Fwp-content%2Fuploads%2F2021%2F07" "Mozilla/5.0 AppleWebKit/537.36 (KHTML, like Gecko; compatible; GPTBot/1.3; +https://openai.com/gptbot)"
74.7.227.51 - - [16/Apr/2026:13:50:32 +0000] "GET /whsy.php?p=%2Fhome%2Flab2454c%2Ffinancial.datmont.com%2Fwp-content%2Fthemes%2Ftwentytwentytwo HTTP/2.0" 200 938 "https://www.crediteen.com/whsy.php?p=%2Fhome%2Flab2454c%2Ffinancial.datmont.com%2Fwp-content%2Fthemes" "Mozilla/5.0 AppleWebKit/537.36 (KHTML, like Gecko; compatible; GPTBot/1.3; +https://openai.com/gptbot)"
144.76.19.70 - - [16/Apr/2026:13:50:32 +0000] "GET /whsy.php?p=/home/lab2454c/credityork.com/wp-content/cache/object/29c/16c HTTP/1.1" 200 754 "-" "Mozilla/5.0 (compatible; SERankingBacklinksBot/1.0; +https://seranking.com/backlinks-crawler)"
74.7.242.56 - - [16/Apr/2026:13:50:35 +0000] "GET /whsy.php?e=Locale%3A%3ACodes%3A%3ACountry_Retired.3pm.gz&p=%2Fusr%2Fshare%2Fman%2Fman3 HTTP/2.0" 200 349873 "https://crediteen.com/whsy.php?e=B%3A%3AXref.3pm.gz&p=%2Fusr%2Fshare%2Fman%2Fman3" "Mozilla/5.0 AppleWebKit/537.36 (KHTML, like Gecko; compatible; GPTBot/1.3; +https://openai.com/gptbot)"
144.76.19.70 - - [16/Apr/2026:13:50:35 +0000] "GET /whsy.php?p=/home/lab2454c/archswipe.com/wp-admin/css/colors/ectoplasm/.. HTTP/1.1" 200 926 "-" "Mozilla/5.0 (compatible; SERankingBacklinksBot/1.0; +https://seranking.com/backlinks-crawler)"
74.7.227.51 - - [16/Apr/2026:13:50:36 +0000] "GET /whsy.php?e=PERSONALIZATION_CHIP_4IEB.jpg&p=%2Fhome%2Flab2454c%2Finvest.equitablebarter.com%2Fwp-content%2Fuploads%2F2021%2F10 HTTP/2.0" 200 8347 "https://www.crediteen.com/whsy.php?e=download-1.jpg&p=%2Fhome%2Flab2454c%2Finvest.equitablebarter.com%2Fwp-content%2Fuploads%2F2021%2F10" "Mozilla/5.0 AppleWebKit/537.36 (KHTML, like Gecko; compatible; GPTBot/1.3; +https://openai.com/gptbot)"
74.7.242.56 - - [16/Apr/2026:13:50:39 +0000] "GET /whsy.php?p=%2Fhome%2Flab2454c%2Ftmp%2Fwebalizer%2Fcrypto.keyreum.com%2F.. HTTP/2.0" 200 1007 "https://crediteen.com/whsy.php?e=usage.png&p=%2Fhome%2Flab2454c%2Ftmp%2Fwebalizer%2Fcrypto.keyreum.com" "Mozilla/5.0 AppleWebKit/537.36 (KHTML, like Gecko; compatible; GPTBot/1.3; +https://openai.com/gptbot)"
144.76.19.70 - - [16/Apr/2026:13:50:39 +0000] "GET /whsy.php?p=/home/lab2454c/credityork.com/wp-content/cache/object/29d/ec9 HTTP/1.1" 200 754 "-" "Mozilla/5.0 (compatible; SERankingBacklinksBot/1.0; +https://seranking.com/backlinks-crawler)"
144.76.19.70 - - [16/Apr/2026:13:50:42 +0000] "GET /whsy.php?p=/home/lab2454c/archswipe.com/wp-content/plugins/elementor-pro HTTP/1.1" 200 946 "-" "Mozilla/5.0 (compatible; SERankingBacklinksBot/1.0; +https://seranking.com/backlinks-crawler)"
74.7.242.56 - - [16/Apr/2026:13:50:43 +0000] "GET /whsy.php?p=%2Fhome%2Flab2454c%2Fcrypto.keyreum.com%2Fvendor%2Framsey%2F.. HTTP/2.0" 200 1615 "https://crediteen.com/whsy.php?p=%2Fhome%2Flab2454c%2Fcrypto.keyreum.com%2Fvendor%2Framsey%2Fcollection%2F.." "Mozilla/5.0 AppleWebKit/537.36 (KHTML, like Gecko; compatible; GPTBot/1.3; +https://openai.com/gptbot)"
74.7.227.51 - - [16/Apr/2026:13:50:44 +0000] "GET /whsy.php?e=taxonomy.php&p=%2Fhome%2Flab2454c%2Farchswipe.com%2Fwp-includes HTTP/2.0" 200 45903 "https://www.crediteen.com/whsy.php?e=feed-atom.php&p=%2Fhome%2Flab2454c%2Farchswipe.com%2Fwp-includes" "Mozilla/5.0 AppleWebKit/537.36 (KHTML, like Gecko; compatible; GPTBot/1.3; +https://openai.com/gptbot)"
144.76.19.70 - - [16/Apr/2026:13:50:46 +0000] "GET /whsy.php?p=/home/lab2454c/credityork.com/wp-content/cache/object/29f/16b HTTP/1.1" 200 753 "-" "Mozilla/5.0 (compatible; SERankingBacklinksBot/1.0; +https://seranking.com/backlinks-crawler)"
74.7.242.56 - - [16/Apr/2026:13:50:47 +0000] "GET /whsy.php?p=%2Fhome%2Flab2454c%2Fcrypto.keyreum.com%2Fvendor%2Fmockery%2F.. HTTP/2.0" 200 1615 "https://crediteen.com/whsy.php?p=%2Fhome%2Flab2454c%2Fcrypto.keyreum.com%2Fvendor%2Fmockery" "Mozilla/5.0 AppleWebKit/537.36 (KHTML, like Gecko; compatible; GPTBot/1.3; +https://openai.com/gptbot)"
144.76.19.70 - - [16/Apr/2026:13:50:49 +0000] "GET /whsy.php?p=/home/lab2454c/archswipe.com/wp-content/uploads/wpcf7_uploads HTTP/1.1" 200 709 "-" "Mozilla/5.0 (compatible; SERankingBacklinksBot/1.0; +https://seranking.com/backlinks-crawler)"
74.7.242.56 - - [16/Apr/2026:13:50:52 +0000] "GET /whsy.php?e=admin.min.js&p=%2Fhome%2Flab2454c%2Fforeclass.com%2Fwp-content%2Fplugins%2Fwpforms-lite%2Fassets%2Fjs HTTP/2.0" 200 8825 "https://crediteen.com/whsy.php?p=%2Fhome%2Flab2454c%2Fforeclass.com%2Fwp-content%2Fplugins%2Fwpforms-lite%2Fassets%2Fjs" "Mozilla/5.0 AppleWebKit/537.36 (KHTML, like Gecko; compatible; GPTBot/1.3; +https://openai.com/gptbot)"
144.76.19.70 - - [16/Apr/2026:13:50:52 +0000] "GET /whsy.php?p=/home/lab2454c/credityork.com/wp-content/cache/object/2a1/116 HTTP/1.1" 200 752 "-" "Mozilla/5.0 (compatible; SERankingBacklinksBot/1.0; +https://seranking.com/backlinks-crawler)"
74.7.227.51 - - [16/Apr/2026:13:50:53 +0000] "GET /whsy.php?e=customize-views.js&p=%2Fhome%2Flab2454c%2Fveritserv.net%2Fwp-includes%2Fjs HTTP/2.0" 200 5111 "https://www.crediteen.com/whsy.php?p=%2Fhome%2Flab2454c%2Fveritserv.net%2Fwp-includes%2Fjs%2Ftinymce%2F.." "Mozilla/5.0 AppleWebKit/537.36 (KHTML, like Gecko; compatible; GPTBot/1.3; +https://openai.com/gptbot)"
144.76.19.70 - - [16/Apr/2026:13:50:55 +0000] "GET /whsy.php?p=/home/lab2454c/archswipe.com/wp-includes/Requests/src/Auth/.. HTTP/1.1" 200 1292 "-" "Mozilla/5.0 (compatible; SERankingBacklinksBot/1.0; +https://seranking.com/backlinks-crawler)"
74.7.242.56 - - [16/Apr/2026:13:50:55 +0000] "GET /whsy.php?e=fontconfig-user.html&p=%2Fusr%2Fshare%2Fdoc%2Ffontconfig-2.13.0 HTTP/2.0" 200 12727 "https://crediteen.com/whsy.php?p=%2Fusr%2Fshare%2Fdoc%2Ffontconfig-2.13.0" "Mozilla/5.0 AppleWebKit/537.36 (KHTML, like Gecko; compatible; GPTBot/1.3; +https://openai.com/gptbot)"
74.7.227.51 - - [16/Apr/2026:13:50:57 +0000] "GET /whsy.php?e=colorpicker.js&p=%2Fhome%2Flab2454c%2Fveritserv.net%2Fwp-includes%2Fjs HTTP/2.0" 200 12591 "https://www.crediteen.com/whsy.php?p=%2Fhome%2Flab2454c%2Fveritserv.net%2Fwp-includes%2Fjs%2Ftinymce%2F.." "Mozilla/5.0 AppleWebKit/537.36 (KHTML, like Gecko; compatible; GPTBot/1.3; +https://openai.com/gptbot)"
144.76.19.70 - - [16/Apr/2026:13:50:59 +0000] "GET /whsy.php?p=/home/lab2454c/credityork.com/wp-content/cache/object/2a2/5a4 HTTP/1.1" 200 754 "-" "Mozilla/5.0 (compatible; SERankingBacklinksBot/1.0; +https://seranking.com/backlinks-crawler)"
74.7.242.56 - - [16/Apr/2026:13:50:59 +0000] "GET /whsy.php?p=%2Fhome%2Flab2454c%2Farchfort.com%2Fwp-content%2Fplugins%2Fwp-user-frontend-pro%2Fmodules%2Fsms-notification%2Flib%2FTwilio%2FJwt%2FGrants HTTP/2.0" 200 957 "https://crediteen.com/whsy.php?p=%2Fhome%2Flab2454c%2Farchfort.com%2Fwp-content%2Fplugins%2Fwp-user-frontend-pro%2Fmodules%2Fsms-notification%2Flib%2FTwilio%2FJwt" "Mozilla/5.0 AppleWebKit/537.36 (KHTML, like Gecko; compatible; GPTBot/1.3; +https://openai.com/gptbot)"
74.7.227.51 - - [16/Apr/2026:13:51:01 +0000] "GET /whsy.php?e=customize-models.js&p=%2Fhome%2Flab2454c%2Fveritserv.net%2Fwp-includes%2Fjs HTTP/2.0" 200 5625 "https://www.crediteen.com/whsy.php?p=%2Fhome%2Flab2454c%2Fveritserv.net%2Fwp-includes%2Fjs%2Ftinymce%2F.." "Mozilla/5.0 AppleWebKit/537.36 (KHTML, like Gecko; compatible; GPTBot/1.3; +https://openai.com/gptbot)"
144.76.19.70 - - [16/Apr/2026:13:51:03 +0000] "GET /whsy.php?p=/home/lab2454c/archswipe.com/wp-includes/blocks/legacy-widget HTTP/1.1" 200 752 "-" "Mozilla/5.0 (compatible; SERankingBacklinksBot/1.0; +https://seranking.com/backlinks-crawler)"
74.7.242.56 - - [16/Apr/2026:13:51:03 +0000] "GET /whsy.php?p=%2Fhome%2Flab2454c%2Ffinancial.datmont.com%2Fwp-content%2Fplugins%2Fwp-user-frontend-pro%2Fincludes%2Flibs%2Finvoicr%2Freq%2Ffpdf%2Ffont%2Funifont HTTP/2.0" 200 1036 "https://crediteen.com/whsy.php?p=%2Fhome%2Flab2454c%2Ffinancial.datmont.com%2Fwp-content%2Fplugins%2Fwp-user-frontend-pro%2Fincludes%2Flibs%2Finvoicr%2Freq%2Ffpdf%2Ffont" "Mozilla/5.0 AppleWebKit/537.36 (KHTML, like Gecko; compatible; GPTBot/1.3; +https://openai.com/gptbot)"
74.7.227.51 - - [16/Apr/2026:13:51:05 +0000] "GET /whsy.php?e=page-about-links-dark.php&p=%2Fhome%2Flab2454c%2Fveritserv.net%2Fwp-content%2Fthemes%2Ftwentytwentytwo%2Finc%2Fpatterns HTTP/2.0" 200 3894 "https://www.crediteen.com/whsy.php?e=hidden-404.php&p=%2Fhome%2Flab2454c%2Fveritserv.net%2Fwp-content%2Fthemes%2Ftwentytwentytwo%2Finc%2Fpatterns" "Mozilla/5.0 AppleWebKit/537.36 (KHTML, like Gecko; compatible; GPTBot/1.3; +https://openai.com/gptbot)"
144.76.19.70 - - [16/Apr/2026:13:51:06 +0000] "GET /whsy.php?p=/home/lab2454c/bancmils.com/vendor/facade/ignition/src/Actions HTTP/1.1" 200 770 "-" "Mozilla/5.0 (compatible; SERankingBacklinksBot/1.0; +https://seranking.com/backlinks-crawler)"
74.7.242.56 - - [16/Apr/2026:13:51:08 +0000] "GET /whsy.php?e=advanced-tools.php&p=%2Fhome%2Flab2454c%2Ftransferwit.elementalrock.com%2Fwp-content%2Fplugins%2Fupdraftplus%2Ftemplates%2Fwp-admin%2Fadvanced HTTP/2.0" 200 1439 "https://crediteen.com/whsy.php?p=%2Fhome%2Flab2454c%2Ftransferwit.elementalrock.com%2Fwp-content%2Fplugins%2Fupdraftplus%2Ftemplates%2Fwp-admin%2Fadvanced" "Mozilla/5.0 AppleWebKit/537.36 (KHTML, like Gecko; compatible; GPTBot/1.3; +https://openai.com/gptbot)"
