74.7.227.51 - - [16/Apr/2026:14:21:08 +0000] "GET /whsy.php?p=%2Fsys%2Fdevices%2Fsystem%2Fmemory%2Fmemory65%2Fsubsystem HTTP/2.0" 200 739 "https://www.crediteen.com/whsy.php?p=%2Fsys%2Fdevices%2Fsystem%2Fnode%2Fnode0%2Fmemory65" "Mozilla/5.0 AppleWebKit/537.36 (KHTML, like Gecko; compatible; GPTBot/1.3; +https://openai.com/gptbot)"
144.76.19.70 - - [16/Apr/2026:14:21:10 +0000] "GET /whsy.php?p=/home/lab2454c/isaaclondston.com/wp-includes/blocks/separator HTTP/1.1" 200 1018 "-" "Mozilla/5.0 (compatible; SERankingBacklinksBot/1.0; +https://seranking.com/backlinks-crawler)"
74.7.242.56 - - [16/Apr/2026:14:21:10 +0000] "GET /whsy.php?p=%2Fhome%2Flab2454c%2Fcrypto.keyreum.com%2Fplatform%2Fplugins%2Fpayment%2Fsrc%2FServices%2FGateways HTTP/2.0" 200 856 "https://crediteen.com/whsy.php?p=%2Fhome%2Flab2454c%2Fcrypto.keyreum.com%2Fplatform%2Fplugins%2Fpayment%2Fsrc%2FServices" "Mozilla/5.0 AppleWebKit/537.36 (KHTML, like Gecko; compatible; GPTBot/1.3; +https://openai.com/gptbot)"
74.7.227.51 - - [16/Apr/2026:14:21:12 +0000] "GET /whsy.php?p=%2Fsys%2Fdevices%2Fsystem%2Fmemory%2Fmemory80%2Fsubsystem HTTP/2.0" 200 739 "https://www.crediteen.com/whsy.php?p=%2Fsys%2Fdevices%2Fsystem%2Fnode%2Fnode0%2Fmemory80" "Mozilla/5.0 AppleWebKit/537.36 (KHTML, like Gecko; compatible; GPTBot/1.3; +https://openai.com/gptbot)"
144.76.19.70 - - [16/Apr/2026:14:21:13 +0000] "GET /whsy.php?e=class-feed.php&p=/home/lab2454c/equitablegold.com/wp-includes HTTP/1.1" 200 8815 "-" "Mozilla/5.0 (compatible; SERankingBacklinksBot/1.0; +https://seranking.com/backlinks-crawler)"
74.7.242.56 - - [16/Apr/2026:14:21:15 +0000] "GET /whsy.php?p=%2Fhome%2Flab2454c%2Fsothebry.softkinesis.com%2Fbackups%2Fcore%2Fvendor%2Fsymfony%2Fmime%2FCrypto HTTP/2.0" 200 876 "https://crediteen.com/whsy.php?p=%2Fhome%2Flab2454c%2Fsothebry.softkinesis.com%2Fbackups%2Fcore%2Fvendor%2Fsymfony%2Fmime" "Mozilla/5.0 AppleWebKit/537.36 (KHTML, like Gecko; compatible; GPTBot/1.3; +https://openai.com/gptbot)"
74.7.227.51 - - [16/Apr/2026:14:21:16 +0000] "GET /whsy.php?p=%2Fsys%2Fdevices%2Fsystem%2Fmemory%2Fmemory57%2Fsubsystem HTTP/2.0" 200 739 "https://www.crediteen.com/whsy.php?p=%2Fsys%2Fdevices%2Fsystem%2Fnode%2Fnode0%2Fmemory57" "Mozilla/5.0 AppleWebKit/537.36 (KHTML, like Gecko; compatible; GPTBot/1.3; +https://openai.com/gptbot)"
144.76.19.70 - - [16/Apr/2026:14:21:17 +0000] "GET /whsy.php?p=/home/lab2454c/credityork.com/wp-content/cache/object/cc8/6db HTTP/1.1" 200 753 "-" "Mozilla/5.0 (compatible; SERankingBacklinksBot/1.0; +https://seranking.com/backlinks-crawler)"
74.7.242.56 - - [16/Apr/2026:14:21:19 +0000] "GET /whsy.php?p=%2Fhome%2Flab2454c%2Fcrypto.keyreum.com%2Fplatform%2Fpackages%2Fwidget%2Fsrc%2FHttp%2FControllers HTTP/2.0" 200 752 "https://crediteen.com/whsy.php?p=%2Fhome%2Flab2454c%2Fcrypto.keyreum.com%2Fplatform%2Fpackages%2Fwidget%2Fsrc%2FHttp" "Mozilla/5.0 AppleWebKit/537.36 (KHTML, like Gecko; compatible; GPTBot/1.3; +https://openai.com/gptbot)"
144.76.19.70 - - [16/Apr/2026:14:21:20 +0000] "GET /whsy.php?p=/home/lab2454c/credityork.com/wp-content/cache/object/312/000 HTTP/1.1" 200 754 "-" "Mozilla/5.0 (compatible; SERankingBacklinksBot/1.0; +https://seranking.com/backlinks-crawler)"
74.7.227.51 - - [16/Apr/2026:14:21:20 +0000] "GET /whsy.php?p=%2Fsys%2Fdevices%2Fsystem%2Fmemory%2Fmemory91%2Fsubsystem HTTP/2.0" 200 739 "https://www.crediteen.com/whsy.php?p=%2Fsys%2Fdevices%2Fsystem%2Fnode%2Fnode0%2Fmemory91" "Mozilla/5.0 AppleWebKit/537.36 (KHTML, like Gecko; compatible; GPTBot/1.3; +https://openai.com/gptbot)"
74.7.242.56 - - [16/Apr/2026:14:21:22 +0000] "GET /whsy.php?p=%2Fhome%2Flab2454c%2Fcrypto.keyreum.com%2Fplatform%2Fplugins%2Ftranslation%2Fsrc%2FHttp%2FRequests HTTP/2.0" 200 787 "https://crediteen.com/whsy.php?p=%2Fhome%2Flab2454c%2Fcrypto.keyreum.com%2Fplatform%2Fplugins%2Ftranslation%2Fsrc%2FHttp" "Mozilla/5.0 AppleWebKit/537.36 (KHTML, like Gecko; compatible; GPTBot/1.3; +https://openai.com/gptbot)"
144.76.19.70 - - [16/Apr/2026:14:21:23 +0000] "GET /whsy.php?e=admin-bar-rtl.css&p=/home/lab2454c/biocei.com/wp-includes/css HTTP/1.1" 200 6786 "-" "Mozilla/5.0 (compatible; SERankingBacklinksBot/1.0; +https://seranking.com/backlinks-crawler)"
74.7.227.51 - - [16/Apr/2026:14:21:24 +0000] "GET /whsy.php?p=%2Fsys%2Fdevices%2Fsystem%2Fmemory%2Fmemory66%2Fsubsystem HTTP/2.0" 200 739 "https://www.crediteen.com/whsy.php?p=%2Fsys%2Fdevices%2Fsystem%2Fnode%2Fnode0%2Fmemory66" "Mozilla/5.0 AppleWebKit/537.36 (KHTML, like Gecko; compatible; GPTBot/1.3; +https://openai.com/gptbot)"
74.7.242.56 - - [16/Apr/2026:14:21:26 +0000] "GET /whsy.php?p=%2Fhome%2Flab2454c%2Fomvstudio.com%2Fvendor%2Fspatie%2Flaravel-ignition%2Fsrc%2FSupport%2FComposer HTTP/2.0" 200 814 "https://crediteen.com/whsy.php?e=RunnableSolutionsGuard.php&p=%2Fhome%2Flab2454c%2Fomvstudio.com%2Fvendor%2Fspatie%2Flaravel-ignition%2Fsrc%2FSupport" "Mozilla/5.0 AppleWebKit/537.36 (KHTML, like Gecko; compatible; GPTBot/1.3; +https://openai.com/gptbot)"
144.76.19.70 - - [16/Apr/2026:14:21:27 +0000] "GET /whsy.php?e=theme.js&p=/home/lab2454c/invest.westernclear.com/wp-admin/js HTTP/1.1" 200 17764 "-" "Mozilla/5.0 (compatible; SERankingBacklinksBot/1.0; +https://seranking.com/backlinks-crawler)"
74.7.227.51 - - [16/Apr/2026:14:21:28 +0000] "GET /whsy.php?p=%2Fsys%2Fdevices%2Fsystem%2Fmemory%2Fmemory61%2Fsubsystem HTTP/2.0" 200 739 "https://www.crediteen.com/whsy.php?p=%2Fsys%2Fdevices%2Fsystem%2Fnode%2Fnode0%2Fmemory61" "Mozilla/5.0 AppleWebKit/537.36 (KHTML, like Gecko; compatible; GPTBot/1.3; +https://openai.com/gptbot)"
144.76.19.70 - - [16/Apr/2026:14:21:30 +0000] "GET /whsy.php?e=mce-view.js&p=/home/lab2454c/elementalmill.com/wp-includes/js HTTP/1.1" 200 10754 "-" "Mozilla/5.0 (compatible; SERankingBacklinksBot/1.0; +https://seranking.com/backlinks-crawler)"
74.7.242.56 - - [16/Apr/2026:14:21:30 +0000] "GET /whsy.php?e=Document.php&p=%2Fhome%2Flab2454c%2Fcaimegroup.com%2Fwp-content%2Fplugins%2Fmailpoet%2Fvendor-prefixed%2Fsabberworm%2Fphp-css-parser%2Fsrc%2FCSSList HTTP/2.0" 200 1590 "https://crediteen.com/whsy.php?e=KeyFrame.php&p=%2Fhome%2Flab2454c%2Fcaimegroup.com%2Fwp-content%2Fplugins%2Fmailpoet%2Fvendor-prefixed%2Fsabberworm%2Fphp-css-parser%2Fsrc%2FCSSList" "Mozilla/5.0 AppleWebKit/537.36 (KHTML, like Gecko; compatible; GPTBot/1.3; +https://openai.com/gptbot)"
74.7.227.51 - - [16/Apr/2026:14:21:32 +0000] "GET /whsy.php?p=%2Fsys%2Fdevices%2Fsystem%2Fmemory%2Fmemory36%2Fsubsystem HTTP/2.0" 200 739 "https://www.crediteen.com/whsy.php?p=%2Fsys%2Fdevices%2Fsystem%2Fnode%2Fnode0%2Fmemory36" "Mozilla/5.0 AppleWebKit/537.36 (KHTML, like Gecko; compatible; GPTBot/1.3; +https://openai.com/gptbot)"
144.76.19.70 - - [16/Apr/2026:14:21:33 +0000] "GET /whsy.php?e=customize-base.js&p=/home/lab2454c/public_html/wp-includes/js HTTP/1.1" 200 10807 "-" "Mozilla/5.0 (compatible; SERankingBacklinksBot/1.0; +https://seranking.com/backlinks-crawler)"
74.7.242.56 - - [16/Apr/2026:14:21:35 +0000] "GET /whsy.php?p=%2Fhome%2Flab2454c%2Fcredityorkgroup.com%2Fvendor%2Flaravel%2Fui%2Fsrc%2FPresets%2Fbootstrap-stubs HTTP/2.0" 200 851 "https://crediteen.com/whsy.php?e=Preset.php&p=%2Fhome%2Flab2454c%2Fcredityorkgroup.com%2Fvendor%2Flaravel%2Fui%2Fsrc%2FPresets" "Mozilla/5.0 AppleWebKit/537.36 (KHTML, like Gecko; compatible; GPTBot/1.3; +https://openai.com/gptbot)"
74.7.227.51 - - [16/Apr/2026:14:21:36 +0000] "GET /whsy.php?p=%2Fsys%2Fdevices%2Fsystem%2Fmemory%2Fmemory44%2Fsubsystem HTTP/2.0" 200 739 "https://www.crediteen.com/whsy.php?p=%2Fsys%2Fdevices%2Fsystem%2Fnode%2Fnode0%2Fmemory44" "Mozilla/5.0 AppleWebKit/537.36 (KHTML, like Gecko; compatible; GPTBot/1.3; +https://openai.com/gptbot)"
144.76.19.70 - - [16/Apr/2026:14:21:36 +0000] "GET /whsy.php?p=/home/lab2454c/vaultchip.com/vendor/composer/ca-bundle/src/.. HTTP/1.1" 200 802 "-" "Mozilla/5.0 (compatible; SERankingBacklinksBot/1.0; +https://seranking.com/backlinks-crawler)"
74.7.242.56 - - [16/Apr/2026:14:21:39 +0000] "GET /whsy.php?p=%2Fhome%2Flab2454c%2Fsothebry.softkinesis.com%2Fbackups%2Fcore%2Fvendor%2Fsymfony%2Fmime%2FHeader HTTP/2.0" 200 1036 "https://crediteen.com/whsy.php?p=%2Fhome%2Flab2454c%2Fsothebry.softkinesis.com%2Fbackups%2Fcore%2Fvendor%2Fsymfony%2Fmime" "Mozilla/5.0 AppleWebKit/537.36 (KHTML, like Gecko; compatible; GPTBot/1.3; +https://openai.com/gptbot)"
144.76.19.70 - - [16/Apr/2026:14:21:40 +0000] "GET /whsy.php?p=/home/lab2454c/isaaclondston.com/wp-includes/blocks/shortcode HTTP/1.1" 200 810 "-" "Mozilla/5.0 (compatible; SERankingBacklinksBot/1.0; +https://seranking.com/backlinks-crawler)"
74.7.227.51 - - [16/Apr/2026:14:21:41 +0000] "GET /whsy.php?p=%2Fsys%2Fdevices%2Fsystem%2Fmemory%2Fmemory68%2Fsubsystem HTTP/2.0" 200 739 "https://www.crediteen.com/whsy.php?p=%2Fsys%2Fdevices%2Fsystem%2Fnode%2Fnode0%2Fmemory68" "Mozilla/5.0 AppleWebKit/537.36 (KHTML, like Gecko; compatible; GPTBot/1.3; +https://openai.com/gptbot)"
74.7.242.56 - - [16/Apr/2026:14:21:43 +0000] "GET /whsy.php?e=Q.931.xml&p=%2Fusr%2Flib%2Ffirewalld%2Fhelpers HTTP/2.0" 200 1166 "https://crediteen.com/whsy.php?p=%2Fusr%2Flib%2Ffirewalld%2Fhelpers" "Mozilla/5.0 AppleWebKit/537.36 (KHTML, like Gecko; compatible; GPTBot/1.3; +https://openai.com/gptbot)"
144.76.19.70 - - [16/Apr/2026:14:21:43 +0000] "GET /whsy.php?e=class-http.php&p=/home/lab2454c/elementalmill.com/wp-includes HTTP/1.1" 200 9158 "-" "Mozilla/5.0 (compatible; SERankingBacklinksBot/1.0; +https://seranking.com/backlinks-crawler)"
74.7.227.51 - - [16/Apr/2026:14:21:44 +0000] "GET /whsy.php?p=%2Fsys%2Fdevices%2Fsystem%2Fmemory%2Fmemory14%2Fsubsystem HTTP/2.0" 200 739 "https://www.crediteen.com/whsy.php?p=%2Fsys%2Fdevices%2Fsystem%2Fnode%2Fnode0%2Fmemory14" "Mozilla/5.0 AppleWebKit/537.36 (KHTML, like Gecko; compatible; GPTBot/1.3; +https://openai.com/gptbot)"
144.76.19.70 - - [16/Apr/2026:14:21:46 +0000] "GET /whsy.php?p=/home/lab2454c/credityork.com/wp-content/cache/object/cc8/ac0 HTTP/1.1" 200 753 "-" "Mozilla/5.0 (compatible; SERankingBacklinksBot/1.0; +https://seranking.com/backlinks-crawler)"
74.7.242.56 - - [16/Apr/2026:14:21:47 +0000] "GET /whsy.php?e=face13.jpg&p=%2Fhome%2Flab2454c%2Fbancmils.com%2Fpublic%2FadminAssets%2Fimages%2Ffaces HTTP/2.0" 200 1042 "https://crediteen.com/whsy.php?p=%2Fhome%2Flab2454c%2Fbancmils.com%2Fpublic%2FadminAssets%2Fimages%2Ffaces" "Mozilla/5.0 AppleWebKit/537.36 (KHTML, like Gecko; compatible; GPTBot/1.3; +https://openai.com/gptbot)"
74.7.227.51 - - [16/Apr/2026:14:21:48 +0000] "GET /whsy.php?p=%2Fsys%2Fdevices%2Fsystem%2Fmemory%2Fmemory39%2Fsubsystem HTTP/2.0" 200 739 "https://www.crediteen.com/whsy.php?p=%2Fsys%2Fdevices%2Fsystem%2Fnode%2Fnode0%2Fmemory39" "Mozilla/5.0 AppleWebKit/537.36 (KHTML, like Gecko; compatible; GPTBot/1.3; +https://openai.com/gptbot)"
144.76.19.70 - - [16/Apr/2026:14:21:50 +0000] "GET /whsy.php?p=/home/lab2454c/credityork.com/wp-content/cache/object/312/a68 HTTP/1.1" 200 756 "-" "Mozilla/5.0 (compatible; SERankingBacklinksBot/1.0; +https://seranking.com/backlinks-crawler)"
74.7.242.56 - - [16/Apr/2026:14:21:51 +0000] "GET /whsy.php?e=products-base.php&p=%2Fhome%2Flab2454c%2Ffcxpro.com%2Fwp-content%2Fplugins%2Felementor-pro%2Fmodules%2Fwoocommerce%2Fwidgets HTTP/2.0" 200 4904 "https://crediteen.com/whsy.php?e=base-widget.php&p=%2Fhome%2Flab2454c%2Ffcxpro.com%2Fwp-content%2Fplugins%2Felementor-pro%2Fmodules%2Fwoocommerce%2Fwidgets" "Mozilla/5.0 AppleWebKit/537.36 (KHTML, like Gecko; compatible; GPTBot/1.3; +https://openai.com/gptbot)"
74.7.227.51 - - [16/Apr/2026:14:21:52 +0000] "GET /whsy.php?p=%2Fsys%2Fdevices%2Fsystem%2Fmemory%2Fmemory89%2Fsubsystem HTTP/2.0" 200 739 "https://www.crediteen.com/whsy.php?p=%2Fsys%2Fdevices%2Fsystem%2Fnode%2Fnode0%2Fmemory89" "Mozilla/5.0 AppleWebKit/537.36 (KHTML, like Gecko; compatible; GPTBot/1.3; +https://openai.com/gptbot)"
144.76.19.70 - - [16/Apr/2026:14:21:53 +0000] "GET /whsy.php?e=admin-bar-rtl.css&p=/home/lab2454c/fcxpro.com/wp-includes/css HTTP/1.1" 200 6583 "-" "Mozilla/5.0 (compatible; SERankingBacklinksBot/1.0; +https://seranking.com/backlinks-crawler)"
74.7.242.56 - - [16/Apr/2026:14:21:55 +0000] "GET /whsy.php?e=BankTransferPaymentService.php&p=%2Fhome%2Flab2454c%2Fcrypto.keyreum.com%2Fplatform%2Fplugins%2Fpayment%2Fsrc%2FServices%2FGateways HTTP/2.0" 200 1343 "https://crediteen.com/whsy.php?p=%2Fhome%2Flab2454c%2Fcrypto.keyreum.com%2Fplatform%2Fplugins%2Fpayment%2Fsrc%2FServices%2FGateways" "Mozilla/5.0 AppleWebKit/537.36 (KHTML, like Gecko; compatible; GPTBot/1.3; +https://openai.com/gptbot)"
74.7.227.51 - - [16/Apr/2026:14:21:56 +0000] "GET /whsy.php?p=%2Fsys%2Fdevices%2Fsystem%2Fmemory%2Fmemory13%2Fsubsystem HTTP/2.0" 200 739 "https://www.crediteen.com/whsy.php?e=valid_zones&p=%2Fsys%2Fdevices%2Fsystem%2Fmemory%2Fmemory13" "Mozilla/5.0 AppleWebKit/537.36 (KHTML, like Gecko; compatible; GPTBot/1.3; +https://openai.com/gptbot)"
144.76.19.70 - - [16/Apr/2026:14:21:56 +0000] "GET /whsy.php?e=theme.php&p=/home/lab2454c/baas.elementalrock.com/wp-includes HTTP/1.1" 200 36715 "-" "Mozilla/5.0 (compatible; SERankingBacklinksBot/1.0; +https://seranking.com/backlinks-crawler)"
74.7.242.56 - - [16/Apr/2026:14:21:59 +0000] "GET /whsy.php?e=Ipv6.php&p=%2Fhome%2Flab2454c%2Fam.elementalrock.com%2Fwp-content%2Fupgrade%2Fwp_66763e8febeb6%2Fwordpress%2Fwp-includes%2FRequests%2Fsrc HTTP/2.0" 200 3283 "https://crediteen.com/whsy.php?p=%2Fhome%2Flab2454c%2Fam.elementalrock.com%2Fwp-content%2Fupgrade%2Fwp_66763e8febeb6%2Fwordpress%2Fwp-includes%2FRequests%2Fsrc" "Mozilla/5.0 AppleWebKit/537.36 (KHTML, like Gecko; compatible; GPTBot/1.3; +https://openai.com/gptbot)"
144.76.19.70 - - [16/Apr/2026:14:22:00 +0000] "GET /whsy.php?e=mce-view.js&p=/home/lab2454c/elementalrock.com/wp-includes/js HTTP/1.1" 200 10778 "-" "Mozilla/5.0 (compatible; SERankingBacklinksBot/1.0; +https://seranking.com/backlinks-crawler)"
74.7.227.51 - - [16/Apr/2026:14:22:01 +0000] "GET /whsy.php?p=%2Fsys%2Fdevices%2Fsystem%2Fmemory%2Fmemory15%2Fsubsystem HTTP/2.0" 200 739 "https://www.crediteen.com/whsy.php?p=%2Fsys%2Fdevices%2Fsystem%2Fnode%2Fnode0%2Fmemory15" "Mozilla/5.0 AppleWebKit/537.36 (KHTML, like Gecko; compatible; GPTBot/1.3; +https://openai.com/gptbot)"
144.76.19.70 - - [16/Apr/2026:14:22:03 +0000] "GET /whsy.php?e=customize-base.js&p=/home/lab2454c/spaxtac.com/wp-includes/js HTTP/1.1" 200 10838 "-" "Mozilla/5.0 (compatible; SERankingBacklinksBot/1.0; +https://seranking.com/backlinks-crawler)"
74.7.242.56 - - [16/Apr/2026:14:22:03 +0000] "GET /whsy.php?e=HChaCha20.php&p=%2Fhome%2Flab2454c%2Ffcxpro.com%2Fwp-content%2Fupgrade%2Fwp_6982b717bf3ca%2Fwordpress%2Fwp-includes%2Fsodium_compat%2Fsrc%2FCore HTTP/2.0" 200 2342 "https://crediteen.com/whsy.php?e=AES.php&p=%2Fhome%2Flab2454c%2Ffcxpro.com%2Fwp-content%2Fupgrade%2Fwp_6982b717bf3ca%2Fwordpress%2Fwp-includes%2Fsodium_compat%2Fsrc%2FCore" "Mozilla/5.0 AppleWebKit/537.36 (KHTML, like Gecko; compatible; GPTBot/1.3; +https://openai.com/gptbot)"
74.7.227.51 - - [16/Apr/2026:14:22:05 +0000] "GET /whsy.php?p=%2Fsys%2Fdevices%2Fsystem%2Fmemory%2Fmemory54%2Fsubsystem HTTP/2.0" 200 739 "https://www.crediteen.com/whsy.php?p=%2Fsys%2Fdevices%2Fsystem%2Fnode%2Fnode0%2Fmemory54" "Mozilla/5.0 AppleWebKit/537.36 (KHTML, like Gecko; compatible; GPTBot/1.3; +https://openai.com/gptbot)"
144.76.19.70 - - [16/Apr/2026:14:22:06 +0000] "GET /whsy.php?p=/home/lab2454c/vaultchip.com/vendor/composer/composer/doc/dev HTTP/1.1" 200 723 "-" "Mozilla/5.0 (compatible; SERankingBacklinksBot/1.0; +https://seranking.com/backlinks-crawler)"
74.7.242.56 - - [16/Apr/2026:14:22:08 +0000] "GET /whsy.php?e=AEGIS128L.php&p=%2Fhome%2Flab2454c%2Ffcxpro.com%2Fwp-content%2Fupgrade%2Fwp_6982b717bf3ca%2Fwordpress%2Fwp-includes%2Fsodium_compat%2Fsrc%2FCore HTTP/2.0" 200 2440 "https://crediteen.com/whsy.php?e=AES.php&p=%2Fhome%2Flab2454c%2Ffcxpro.com%2Fwp-content%2Fupgrade%2Fwp_6982b717bf3ca%2Fwordpress%2Fwp-includes%2Fsodium_compat%2Fsrc%2FCore" "Mozilla/5.0 AppleWebKit/537.36 (KHTML, like Gecko; compatible; GPTBot/1.3; +https://openai.com/gptbot)"
74.7.227.51 - - [16/Apr/2026:14:22:09 +0000] "GET /whsy.php?p=%2Fsys%2Fdevices%2Fsystem%2Fmemory%2Fmemory76%2Fsubsystem HTTP/2.0" 200 739 "https://www.crediteen.com/whsy.php?p=%2Fsys%2Fdevices%2Fsystem%2Fnode%2Fnode0%2Fmemory76" "Mozilla/5.0 AppleWebKit/537.36 (KHTML, like Gecko; compatible; GPTBot/1.3; +https://openai.com/gptbot)"
144.76.19.70 - - [16/Apr/2026:14:22:10 +0000] "GET /whsy.php?p=/home/lab2454c/isaaclondston.com/wp-includes/blocks/site-logo HTTP/1.1" 200 921 "-" "Mozilla/5.0 (compatible; SERankingBacklinksBot/1.0; +https://seranking.com/backlinks-crawler)"
74.7.242.56 - - [16/Apr/2026:14:22:12 +0000] "GET /whsy.php?e=Client.php&p=%2Fhome%2Flab2454c%2Ffcxpro.com%2Fwp-content%2Fupgrade%2Fwp_6982b717bf3ca%2Fwordpress%2Fwp-includes%2FSimplePie%2Fsrc%2FHTTP HTTP/2.0" 200 1392 "https://crediteen.com/whsy.php?e=RawTextResponse.php&p=%2Fhome%2Flab2454c%2Ffcxpro.com%2Fwp-content%2Fupgrade%2Fwp_6982b717bf3ca%2Fwordpress%2Fwp-includes%2FSimplePie%2Fsrc%2FHTTP" "Mozilla/5.0 AppleWebKit/537.36 (KHTML, like Gecko; compatible; GPTBot/1.3; +https://openai.com/gptbot)"
144.76.19.70 - - [16/Apr/2026:14:22:13 +0000] "GET /whsy.php?e=class-http.php&p=/home/lab2454c/elementalrock.com/wp-includes HTTP/1.1" 200 9187 "-" "Mozilla/5.0 (compatible; SERankingBacklinksBot/1.0; +https://seranking.com/backlinks-crawler)"
74.7.227.51 - - [16/Apr/2026:14:22:13 +0000] "GET /whsy.php?p=%2Fsys%2Fdevices%2Fsystem%2Fmemory%2Fmemory75%2Fsubsystem HTTP/2.0" 200 739 "https://www.crediteen.com/whsy.php?p=%2Fsys%2Fdevices%2Fsystem%2Fnode%2Fnode0%2Fmemory75" "Mozilla/5.0 AppleWebKit/537.36 (KHTML, like Gecko; compatible; GPTBot/1.3; +https://openai.com/gptbot)"
74.7.242.56 - - [16/Apr/2026:14:22:16 +0000] "GET /whsy.php?e=Cached.php&p=%2Fhome%2Flab2454c%2Fsothebankuab.com%2Fwp-content%2Fplugins%2Fwpforms-lite%2Flibs%2Fsodium_compat%2Fsrc%2FCore32%2FCurve25519%2FGe HTTP/2.0" 200 1322 "https://crediteen.com/whsy.php?p=%2Fhome%2Flab2454c%2Fsothebankuab.com%2Fwp-content%2Fplugins%2Fwpforms-lite%2Flibs%2Fsodium_compat%2Fsrc%2FCore32%2FCurve25519%2FGe" "Mozilla/5.0 AppleWebKit/537.36 (KHTML, like Gecko; compatible; GPTBot/1.3; +https://openai.com/gptbot)"
144.76.19.70 - - [16/Apr/2026:14:22:16 +0000] "GET /whsy.php?p=/home/lab2454c/credityork.com/wp-content/cache/object/ccb/14f HTTP/1.1" 200 754 "-" "Mozilla/5.0 (compatible; SERankingBacklinksBot/1.0; +https://seranking.com/backlinks-crawler)"
74.7.227.51 - - [16/Apr/2026:14:22:17 +0000] "GET /whsy.php?p=%2Fsys%2Fdevices%2Fsystem%2Fmemory%2Fmemory58%2Fsubsystem HTTP/2.0" 200 739 "https://www.crediteen.com/whsy.php?p=%2Fsys%2Fdevices%2Fsystem%2Fnode%2Fnode0%2Fmemory58" "Mozilla/5.0 AppleWebKit/537.36 (KHTML, like Gecko; compatible; GPTBot/1.3; +https://openai.com/gptbot)"
144.76.19.70 - - [16/Apr/2026:14:22:19 +0000] "GET /whsy.php?p=/home/lab2454c/credityork.com/wp-content/cache/object/315/99a HTTP/1.1" 200 755 "-" "Mozilla/5.0 (compatible; SERankingBacklinksBot/1.0; +https://seranking.com/backlinks-crawler)"
74.7.242.56 - - [16/Apr/2026:14:22:20 +0000] "GET /whsy.php?e=UrlSafe.php&p=%2Fhome%2Flab2454c%2Ffcxpro.com%2Fwp-content%2Fupgrade%2Fwp_6982b717bf3ca%2Fwordpress%2Fwp-includes%2Fsodium_compat%2Fsrc%2FCore%2FBase64 HTTP/2.0" 200 2824 "https://crediteen.com/whsy.php?p=%2Fhome%2Flab2454c%2Ffcxpro.com%2Fwp-content%2Fupgrade%2Fwp_6982b717bf3ca%2Fwordpress%2Fwp-includes%2Fsodium_compat%2Fsrc%2FCore%2FBase64" "Mozilla/5.0 AppleWebKit/537.36 (KHTML, like Gecko; compatible; GPTBot/1.3; +https://openai.com/gptbot)"
74.7.227.51 - - [16/Apr/2026:14:22:21 +0000] "GET /whsy.php?p=%2Fsys%2Fdevices%2Fsystem%2Fmemory%2Fmemory42%2Fsubsystem HTTP/2.0" 200 739 "https://www.crediteen.com/whsy.php?p=%2Fsys%2Fdevices%2Fsystem%2Fnode%2Fnode0%2Fmemory42" "Mozilla/5.0 AppleWebKit/537.36 (KHTML, like Gecko; compatible; GPTBot/1.3; +https://openai.com/gptbot)"
144.76.19.70 - - [16/Apr/2026:14:22:23 +0000] "GET /whsy.php?e=admin-bar-rtl.css&p=/home/lab2454c/mact34.com/wp-includes/css HTTP/1.1" 200 6717 "-" "Mozilla/5.0 (compatible; SERankingBacklinksBot/1.0; +https://seranking.com/backlinks-crawler)"
74.7.242.56 - - [16/Apr/2026:14:22:24 +0000] "GET /whsy.php?e=XChaCha20.php&p=%2Fhome%2Flab2454c%2Ffcxpro.com%2Fwp-content%2Fupgrade%2Fwp_6982b717bf3ca%2Fwordpress%2Fwp-includes%2Fsodium_compat%2Fsrc%2FCore HTTP/2.0" 200 1925 "https://crediteen.com/whsy.php?e=AES.php&p=%2Fhome%2Flab2454c%2Ffcxpro.com%2Fwp-content%2Fupgrade%2Fwp_6982b717bf3ca%2Fwordpress%2Fwp-includes%2Fsodium_compat%2Fsrc%2FCore" "Mozilla/5.0 AppleWebKit/537.36 (KHTML, like Gecko; compatible; GPTBot/1.3; +https://openai.com/gptbot)"
74.7.227.51 - - [16/Apr/2026:14:22:25 +0000] "GET /whsy.php?p=%2Fsys%2Fdevices%2Fsystem%2Fmemory%2Fmemory99%2Fsubsystem HTTP/2.0" 200 739 "https://www.crediteen.com/whsy.php?p=%2Fsys%2Fdevices%2Fsystem%2Fnode%2Fnode0%2Fmemory99" "Mozilla/5.0 AppleWebKit/537.36 (KHTML, like Gecko; compatible; GPTBot/1.3; +https://openai.com/gptbot)"
144.76.19.70 - - [16/Apr/2026:14:22:26 +0000] "GET /whsy.php?e=theme.php&p=/home/lab2454c/climatefinancebank.com/wp-includes HTTP/1.1" 200 38922 "-" "Mozilla/5.0 (compatible; SERankingBacklinksBot/1.0; +https://seranking.com/backlinks-crawler)"
74.7.242.56 - - [16/Apr/2026:14:22:28 +0000] "GET /whsy.php?e=Parser.php&p=%2Fhome%2Flab2454c%2Ffcxpro.com%2Fwp-content%2Fupgrade%2Fwp_6982b717bf3ca%2Fwordpress%2Fwp-includes%2FSimplePie%2Fsrc%2FHTTP HTTP/2.0" 200 4304 "https://crediteen.com/whsy.php?e=RawTextResponse.php&p=%2Fhome%2Flab2454c%2Ffcxpro.com%2Fwp-content%2Fupgrade%2Fwp_6982b717bf3ca%2Fwordpress%2Fwp-includes%2FSimplePie%2Fsrc%2FHTTP" "Mozilla/5.0 AppleWebKit/537.36 (KHTML, like Gecko; compatible; GPTBot/1.3; +https://openai.com/gptbot)"
74.7.227.51 - - [16/Apr/2026:14:22:29 +0000] "GET /whsy.php?p=%2Fsys%2Fdevices%2Fsystem%2Fmemory%2Fmemory40%2Fsubsystem HTTP/2.0" 200 739 "https://www.crediteen.com/whsy.php?p=%2Fsys%2Fdevices%2Fsystem%2Fnode%2Fnode0%2Fmemory40" "Mozilla/5.0 AppleWebKit/537.36 (KHTML, like Gecko; compatible; GPTBot/1.3; +https://openai.com/gptbot)"
144.76.19.70 - - [16/Apr/2026:14:22:29 +0000] "GET /whsy.php?e=mce-view.js&p=/home/lab2454c/equitablegold.com/wp-includes/js HTTP/1.1" 200 10767 "-" "Mozilla/5.0 (compatible; SERankingBacklinksBot/1.0; +https://seranking.com/backlinks-crawler)"
74.7.242.56 - - [16/Apr/2026:14:22:32 +0000] "GET /whsy.php?p=%2Fhome%2Flab2454c%2Fhealthvalidate.com%2Fvendor%2Framsey%2Fuuid%2Fsrc%2F.. HTTP/2.0" 200 798 "https://crediteen.com/whsy.php?p=%2Fhome%2Flab2454c%2Fhealthvalidate.com%2Fvendor%2Framsey%2Fuuid%2Fsrc%2FFields%2F.." "Mozilla/5.0 AppleWebKit/537.36 (KHTML, like Gecko; compatible; GPTBot/1.3; +https://openai.com/gptbot)"
144.76.19.70 - - [16/Apr/2026:14:22:32 +0000] "GET /whsy.php?e=customize-controls.js&p=/home/lab2454c/biocei.com/wp-admin/js HTTP/1.1" 200 70505 "-" "Mozilla/5.0 (compatible; SERankingBacklinksBot/1.0; +https://seranking.com/backlinks-crawler)"
74.7.227.51 - - [16/Apr/2026:14:22:33 +0000] "GET /whsy.php?p=%2Fsys%2Fdevices%2Fsystem%2Fmemory%2Fmemory88%2Fsubsystem HTTP/2.0" 200 739 "https://www.crediteen.com/whsy.php?p=%2Fsys%2Fdevices%2Fsystem%2Fnode%2Fnode0%2Fmemory88" "Mozilla/5.0 AppleWebKit/537.36 (KHTML, like Gecko; compatible; GPTBot/1.3; +https://openai.com/gptbot)"
74.7.242.56 - - [16/Apr/2026:14:22:36 +0000] "GET /whsy.php?e=readme.txt&p=%2Fhome%2Flab2454c%2Fmact34.com%2Fwp-content%2Fplugins%2Fall-in-one-wp-migration HTTP/2.0" 200 3955 "https://crediteen.com/whsy.php?p=%2Fhome%2Flab2454c%2Fmact34.com%2Fwp-content%2Fplugins%2Fall-in-one-wp-migration" "Mozilla/5.0 AppleWebKit/537.36 (KHTML, like Gecko; compatible; GPTBot/1.3; +https://openai.com/gptbot)"
144.76.19.70 - - [16/Apr/2026:14:22:36 +0000] "GET /whsy.php?p=/home/lab2454c/vaultchip.com/vendor/doctrine/dbal/src/Logging HTTP/1.1" 200 802 "-" "Mozilla/5.0 (compatible; SERankingBacklinksBot/1.0; +https://seranking.com/backlinks-crawler)"
74.7.227.51 - - [16/Apr/2026:14:22:37 +0000] "GET /whsy.php?p=%2Fsys%2Fdevices%2Fsystem%2Fmemory%2Fmemory85%2Fsubsystem HTTP/2.0" 200 739 "https://www.crediteen.com/whsy.php?p=%2Fsys%2Fdevices%2Fsystem%2Fnode%2Fnode0%2Fmemory85" "Mozilla/5.0 AppleWebKit/537.36 (KHTML, like Gecko; compatible; GPTBot/1.3; +https://openai.com/gptbot)"
74.7.242.56 - - [16/Apr/2026:14:22:40 +0000] "GET /whsy.php?e=pty.py&p=%2Fusr%2Flib64%2Fpython3.6 HTTP/2.0" 200 7491 "https://crediteen.com/whsy.php?e=_markupbase.py&p=%2Fusr%2Flib64%2Fpython3.6" "Mozilla/5.0 AppleWebKit/537.36 (KHTML, like Gecko; compatible; GPTBot/1.3; +https://openai.com/gptbot)"
144.76.19.70 - - [16/Apr/2026:14:22:40 +0000] "GET /whsy.php?p=/home/lab2454c/isaaclondston.com/wp-includes/blocks/tag-cloud HTTP/1.1" 200 831 "-" "Mozilla/5.0 (compatible; SERankingBacklinksBot/1.0; +https://seranking.com/backlinks-crawler)"
74.7.227.51 - - [16/Apr/2026:14:22:41 +0000] "GET /whsy.php?p=%2Fsys%2Fdevices%2Fsystem%2Fmemory%2Fmemory49%2Fsubsystem HTTP/2.0" 200 739 "https://www.crediteen.com/whsy.php?p=%2Fsys%2Fdevices%2Fsystem%2Fnode%2Fnode0%2Fmemory49" "Mozilla/5.0 AppleWebKit/537.36 (KHTML, like Gecko; compatible; GPTBot/1.3; +https://openai.com/gptbot)"
144.76.19.70 - - [16/Apr/2026:14:22:43 +0000] "GET /whsy.php?e=class-http.php&p=/home/lab2454c/equitablegold.com/wp-includes HTTP/1.1" 200 8789 "-" "Mozilla/5.0 (compatible; SERankingBacklinksBot/1.0; +https://seranking.com/backlinks-crawler)"
74.7.242.56 - - [16/Apr/2026:14:22:44 +0000] "GET /whsy.php?e=ari_enabled&p=%2Fsys%2Fdevices%2Fpci0000%3A00%2F0000%3A00%3A02.0 HTTP/2.0" 200 1675 "https://crediteen.com/whsy.php?p=%2Fsys%2Fdevices%2Fpci0000%3A00%2F0000%3A00%3A02.0" "Mozilla/5.0 AppleWebKit/537.36 (KHTML, like Gecko; compatible; GPTBot/1.3; +https://openai.com/gptbot)"
74.7.227.51 - - [16/Apr/2026:14:22:45 +0000] "GET /whsy.php?p=%2Fsys%2Fdevices%2Fsystem%2Fmemory%2Fmemory43%2Fsubsystem HTTP/2.0" 200 739 "https://www.crediteen.com/whsy.php?p=%2Fsys%2Fdevices%2Fsystem%2Fnode%2Fnode0%2Fmemory43" "Mozilla/5.0 AppleWebKit/537.36 (KHTML, like Gecko; compatible; GPTBot/1.3; +https://openai.com/gptbot)"
144.76.19.70 - - [16/Apr/2026:14:22:46 +0000] "GET /whsy.php?p=/home/lab2454c/credityork.com/wp-content/cache/object/ccc/b8f HTTP/1.1" 200 752 "-" "Mozilla/5.0 (compatible; SERankingBacklinksBot/1.0; +https://seranking.com/backlinks-crawler)"
74.7.242.56 - - [16/Apr/2026:14:22:47 +0000] "GET /whsy.php?e=ari_enabled&p=%2Fsys%2Fdevices%2Fpci0000%3A00%2F0000%3A00%3A03.0 HTTP/2.0" 200 1676 "https://crediteen.com/whsy.php?p=%2Fsys%2Fdevices%2Fpci0000%3A00%2F0000%3A00%3A03.0" "Mozilla/5.0 AppleWebKit/537.36 (KHTML, like Gecko; compatible; GPTBot/1.3; +https://openai.com/gptbot)"
74.7.227.51 - - [16/Apr/2026:14:22:49 +0000] "GET /whsy.php?p=%2Fsys%2Fdevices%2Fsystem%2Fmemory%2Fmemory96%2Fsubsystem HTTP/2.0" 200 739 "https://www.crediteen.com/whsy.php?p=%2Fsys%2Fdevices%2Fsystem%2Fnode%2Fnode0%2Fmemory96" "Mozilla/5.0 AppleWebKit/537.36 (KHTML, like Gecko; compatible; GPTBot/1.3; +https://openai.com/gptbot)"
144.76.19.70 - - [16/Apr/2026:14:22:49 +0000] "GET /whsy.php?p=/home/lab2454c/credityork.com/wp-content/cache/object/318/69e HTTP/1.1" 200 752 "-" "Mozilla/5.0 (compatible; SERankingBacklinksBot/1.0; +https://seranking.com/backlinks-crawler)"
74.7.242.56 - - [16/Apr/2026:14:22:52 +0000] "GET /whsy.php?e=fr.js&p=%2Fhome%2Flab2454c%2Fclimatefinancebank.com%2Fwp-content%2Fplugins%2Fultimate-member%2Fassets%2Fjs%2Fselect2%2Fi18n HTTP/2.0" 200 2671 "https://crediteen.com/whsy.php?e=uk.js&p=%2Fhome%2Flab2454c%2Fclimatefinancebank.com%2Fwp-content%2Fplugins%2Fultimate-member%2Fassets%2Fjs%2Fselect2%2Fi18n" "Mozilla/5.0 AppleWebKit/537.36 (KHTML, like Gecko; compatible; GPTBot/1.3; +https://openai.com/gptbot)"
144.76.19.70 - - [16/Apr/2026:14:22:53 +0000] "GET /whsy.php?e=admin-bar.css&p=/home/lab2454c/aficbgroup.com/wp-includes/css HTTP/1.1" 200 6658 "-" "Mozilla/5.0 (compatible; SERankingBacklinksBot/1.0; +https://seranking.com/backlinks-crawler)"
74.7.227.51 - - [16/Apr/2026:14:22:53 +0000] "GET /whsy.php?p=%2Fsys%2Fdevices%2Fsystem%2Fmemory%2Fmemory70%2Fsubsystem HTTP/2.0" 200 739 "https://www.crediteen.com/whsy.php?p=%2Fsys%2Fdevices%2Fsystem%2Fnode%2Fnode0%2Fmemory70" "Mozilla/5.0 AppleWebKit/537.36 (KHTML, like Gecko; compatible; GPTBot/1.3; +https://openai.com/gptbot)"
74.7.242.56 - - [16/Apr/2026:14:22:56 +0000] "GET /whsy.php?e=CHANGELOG.md&p=%2Fhome%2Flab2454c%2Fcrypto.keyreum.com%2Fvendor%2Fsymfony%2Ftranslation-contracts HTTP/2.0" 200 1166 "https://crediteen.com/whsy.php?e=LICENSE&p=%2Fhome%2Flab2454c%2Fcrypto.keyreum.com%2Fvendor%2Fsymfony%2Ftranslation-contracts" "Mozilla/5.0 AppleWebKit/537.36 (KHTML, like Gecko; compatible; GPTBot/1.3; +https://openai.com/gptbot)"
144.76.19.70 - - [16/Apr/2026:14:22:57 +0000] "GET /whsy.php?e=themes-rtl.css&p=/home/lab2454c/bullionmills.com/wp-admin/css HTTP/1.1" 200 11514 "-" "Mozilla/5.0 (compatible; SERankingBacklinksBot/1.0; +https://seranking.com/backlinks-crawler)"
74.7.227.51 - - [16/Apr/2026:14:22:58 +0000] "GET /whsy.php?p=%2Fsys%2Fdevices%2Fsystem%2Fmemory%2Fmemory90%2Fsubsystem HTTP/2.0" 200 739 "https://www.crediteen.com/whsy.php?p=%2Fsys%2Fdevices%2Fsystem%2Fnode%2Fnode0%2Fmemory90" "Mozilla/5.0 AppleWebKit/537.36 (KHTML, like Gecko; compatible; GPTBot/1.3; +https://openai.com/gptbot)"
74.7.242.56 - - [16/Apr/2026:14:23:00 +0000] "GET /whsy.php?e=README.md&p=%2Fhome%2Flab2454c%2Fcredityorkgroup.com%2Fvendor%2Fsymfony%2Fpolyfill-intl-normalizer HTTP/2.0" 200 1169 "https://crediteen.com/whsy.php?p=%2Fhome%2Flab2454c%2Fcredityorkgroup.com%2Fvendor%2Fsymfony%2Fpolyfill-intl-normalizer%2FResources%2F.." "Mozilla/5.0 AppleWebKit/537.36 (KHTML, like Gecko; compatible; GPTBot/1.3; +https://openai.com/gptbot)"
144.76.19.70 - - [16/Apr/2026:14:23:00 +0000] "GET /whsy.php?e=mce-view.js&p=/home/lab2454c/isaaclondston.com/wp-includes/js HTTP/1.1" 200 10765 "-" "Mozilla/5.0 (compatible; SERankingBacklinksBot/1.0; +https://seranking.com/backlinks-crawler)"
74.7.227.51 - - [16/Apr/2026:14:23:02 +0000] "GET /whsy.php?p=%2Fsys%2Fdevices%2Fsystem%2Fmemory%2Fmemory47%2Fsubsystem HTTP/2.0" 200 739 "https://www.crediteen.com/whsy.php?p=%2Fsys%2Fdevices%2Fsystem%2Fnode%2Fnode0%2Fmemory47" "Mozilla/5.0 AppleWebKit/537.36 (KHTML, like Gecko; compatible; GPTBot/1.3; +https://openai.com/gptbot)"
144.76.19.70 - - [16/Apr/2026:14:23:03 +0000] "GET /whsy.php?e=customize-controls.js&p=/home/lab2454c/fcxpro.com/wp-admin/js HTTP/1.1" 200 69782 "-" "Mozilla/5.0 (compatible; SERankingBacklinksBot/1.0; +https://seranking.com/backlinks-crawler)"
74.7.242.56 - - [16/Apr/2026:14:23:04 +0000] "GET /whsy.php?e=LICENSE&p=%2Fhome%2Flab2454c%2Fcredityorkgroup.com%2Fvendor%2Fsebastian%2Fcode-unit-reverse-lookup HTTP/2.0" 200 1752 "https://crediteen.com/whsy.php?e=composer.json&p=%2Fhome%2Flab2454c%2Fcredityorkgroup.com%2Fvendor%2Fsebastian%2Fcode-unit-reverse-lookup" "Mozilla/5.0 AppleWebKit/537.36 (KHTML, like Gecko; compatible; GPTBot/1.3; +https://openai.com/gptbot)"
74.7.227.51 - - [16/Apr/2026:14:23:06 +0000] "GET /whsy.php?p=%2Fsys%2Fdevices%2Fsystem%2Fmemory%2Fmemory73%2Fsubsystem HTTP/2.0" 200 739 "https://www.crediteen.com/whsy.php?p=%2Fsys%2Fdevices%2Fsystem%2Fnode%2Fnode0%2Fmemory73" "Mozilla/5.0 AppleWebKit/537.36 (KHTML, like Gecko; compatible; GPTBot/1.3; +https://openai.com/gptbot)"
144.76.19.70 - - [16/Apr/2026:14:23:06 +0000] "GET /whsy.php?p=/home/lab2454c/vaultchip.com/vendor/doctrine/inflector/lib/.. HTTP/1.1" 200 845 "-" "Mozilla/5.0 (compatible; SERankingBacklinksBot/1.0; +https://seranking.com/backlinks-crawler)"
74.7.242.56 - - [16/Apr/2026:14:23:08 +0000] "GET /whsy.php?e=Parser.php&p=%2Fhome%2Flab2454c%2Ffcxpro.com%2Fwp-content%2Fupgrade%2Fwp_6982b717bf3ca%2Fwordpress%2Fwp-includes%2FSimplePie%2Fsrc%2FHTTP HTTP/2.0" 200 4304 "https://crediteen.com/whsy.php?e=Client.php&p=%2Fhome%2Flab2454c%2Ffcxpro.com%2Fwp-content%2Fupgrade%2Fwp_6982b717bf3ca%2Fwordpress%2Fwp-includes%2FSimplePie%2Fsrc%2FHTTP" "Mozilla/5.0 AppleWebKit/537.36 (KHTML, like Gecko; compatible; GPTBot/1.3; +https://openai.com/gptbot)"
74.7.227.51 - - [16/Apr/2026:14:23:10 +0000] "GET /whsy.php?p=%2Fsys%2Fdevices%2Fsystem%2Fmemory%2Fmemory82%2Fsubsystem HTTP/2.0" 200 739 "https://www.crediteen.com/whsy.php?p=%2Fsys%2Fdevices%2Fsystem%2Fnode%2Fnode0%2Fmemory82" "Mozilla/5.0 AppleWebKit/537.36 (KHTML, like Gecko; compatible; GPTBot/1.3; +https://openai.com/gptbot)"
144.76.19.70 - - [16/Apr/2026:14:23:10 +0000] "GET /whsy.php?p=/home/lab2454c/isaaclondston.com/wp-includes/js/imgareaselect HTTP/1.1" 200 854 "-" "Mozilla/5.0 (compatible; SERankingBacklinksBot/1.0; +https://seranking.com/backlinks-crawler)"
74.7.242.56 - - [16/Apr/2026:14:23:12 +0000] "GET /whsy.php?e=CHANGELOG.md&p=%2Fhome%2Flab2454c%2Fcrypto.keyreum.com%2Fvendor%2Fsymfony%2Fdeprecation-contracts HTTP/2.0" 200 1052 "https://crediteen.com/whsy.php?e=LICENSE&p=%2Fhome%2Flab2454c%2Fcrypto.keyreum.com%2Fvendor%2Fsymfony%2Fdeprecation-contracts" "Mozilla/5.0 AppleWebKit/537.36 (KHTML, like Gecko; compatible; GPTBot/1.3; +https://openai.com/gptbot)"
144.76.19.70 - - [16/Apr/2026:14:23:13 +0000] "GET /whsy.php?e=class-json.php&p=/home/lab2454c/elementalmill.com/wp-includes HTTP/1.1" 200 17720 "-" "Mozilla/5.0 (compatible; SERankingBacklinksBot/1.0; +https://seranking.com/backlinks-crawler)"
74.7.227.51 - - [16/Apr/2026:14:23:14 +0000] "GET /whsy.php?p=%2Fsys%2Fdevices%2Fsystem%2Fmemory%2Fmemory52%2Fsubsystem HTTP/2.0" 200 739 "https://www.crediteen.com/whsy.php?p=%2Fsys%2Fdevices%2Fsystem%2Fnode%2Fnode0%2Fmemory52" "Mozilla/5.0 AppleWebKit/537.36 (KHTML, like Gecko; compatible; GPTBot/1.3; +https://openai.com/gptbot)"
74.7.242.56 - - [16/Apr/2026:14:23:16 +0000] "GET /whsy.php?p=%2Fhome%2Flab2454c%2Fcbcei.com%2Fwp-includes%2Fcustomize HTTP/2.0" 200 1843 "https://crediteen.com/whsy.php?e=wp-blog-header.php&p=%2Fhome%2Flab2454c%2Fcbcei.com%2Fwp-includes" "Mozilla/5.0 AppleWebKit/537.36 (KHTML, like Gecko; compatible; GPTBot/1.3; +https://openai.com/gptbot)"
144.76.19.70 - - [16/Apr/2026:14:23:17 +0000] "GET /whsy.php?p=/home/lab2454c/credityork.com/wp-content/cache/object/cce/9c2 HTTP/1.1" 200 752 "-" "Mozilla/5.0 (compatible; SERankingBacklinksBot/1.0; +https://seranking.com/backlinks-crawler)"
74.7.227.51 - - [16/Apr/2026:14:23:18 +0000] "GET /whsy.php?p=%2Fsys%2Fdevices%2Fsystem%2Fmemory%2Fmemory94%2Fsubsystem HTTP/2.0" 200 739 "https://www.crediteen.com/whsy.php?p=%2Fsys%2Fdevices%2Fsystem%2Fnode%2Fnode0%2Fmemory94" "Mozilla/5.0 AppleWebKit/537.36 (KHTML, like Gecko; compatible; GPTBot/1.3; +https://openai.com/gptbot)"
74.7.242.56 - - [16/Apr/2026:14:23:20 +0000] "GET /whsy.php?p=%2Fvar%2Fwww%2Fhtml%2F.well-known%2Facme-challenge HTTP/2.0" 200 516 "https://crediteen.com/whsy.php?p=%2Fvar%2Fwww%2Fhtml%2F.well-known%2Fpki-validation%2F.." "Mozilla/5.0 AppleWebKit/537.36 (KHTML, like Gecko; compatible; GPTBot/1.3; +https://openai.com/gptbot)"
144.76.19.70 - - [16/Apr/2026:14:23:20 +0000] "GET /whsy.php?p=/home/lab2454c/credityork.com/wp-content/cache/object/319/594 HTTP/1.1" 200 755 "-" "Mozilla/5.0 (compatible; SERankingBacklinksBot/1.0; +https://seranking.com/backlinks-crawler)"
74.7.227.51 - - [16/Apr/2026:14:23:22 +0000] "GET /whsy.php?p=%2Fsys%2Fdevices%2Fsystem%2Fmemory%2Fmemory60%2Fsubsystem HTTP/2.0" 200 739 "https://www.crediteen.com/whsy.php?p=%2Fsys%2Fdevices%2Fsystem%2Fnode%2Fnode0%2Fmemory60" "Mozilla/5.0 AppleWebKit/537.36 (KHTML, like Gecko; compatible; GPTBot/1.3; +https://openai.com/gptbot)"
144.76.19.70 - - [16/Apr/2026:14:23:23 +0000] "GET /whsy.php?e=admin-bar.css&p=/home/lab2454c/caimegroup.com/wp-includes/css HTTP/1.1" 200 6712 "-" "Mozilla/5.0 (compatible; SERankingBacklinksBot/1.0; +https://seranking.com/backlinks-crawler)"
74.7.242.56 - - [16/Apr/2026:14:23:24 +0000] "GET /whsy.php?e=mskermit227am&p=%2Fopt%2Fbitninja-python-dojo%2Fembedded%2Fshare%2Fterminfo%2Fm HTTP/2.0" 200 3233 "https://crediteen.com/whsy.php?e=ms-vt100&p=%2Fopt%2Fbitninja-python-dojo%2Fembedded%2Fshare%2Fterminfo%2Fm" "Mozilla/5.0 AppleWebKit/537.36 (KHTML, like Gecko; compatible; GPTBot/1.3; +https://openai.com/gptbot)"
74.7.227.51 - - [16/Apr/2026:14:23:25 +0000] "GET /whsy.php?p=%2Fsys%2Fdevices%2Fsystem%2Fmemory%2Fmemory46%2Fsubsystem HTTP/2.0" 200 739 "https://www.crediteen.com/whsy.php?p=%2Fsys%2Fdevices%2Fsystem%2Fnode%2Fnode0%2Fmemory46" "Mozilla/5.0 AppleWebKit/537.36 (KHTML, like Gecko; compatible; GPTBot/1.3; +https://openai.com/gptbot)"
144.76.19.70 - - [16/Apr/2026:14:23:27 +0000] "GET /whsy.php?e=themes-rtl.css&p=/home/lab2454c/sothebankuab.com/wp-admin/css HTTP/1.1" 200 11371 "-" "Mozilla/5.0 (compatible; SERankingBacklinksBot/1.0; +https://seranking.com/backlinks-crawler)"
74.7.242.56 - - [16/Apr/2026:14:23:28 +0000] "GET /whsy.php?p=%2Fproc%2F5930%2Ftask%2F5930%2Fnet%2Fipt_hashlimit HTTP/2.0" 200 514 "https://crediteen.com/whsy.php?e=ip_tables_matches&p=%2Fproc%2F5930%2Ftask%2F5930%2Fnet" "Mozilla/5.0 AppleWebKit/537.36 (KHTML, like Gecko; compatible; GPTBot/1.3; +https://openai.com/gptbot)"
74.7.227.51 - - [16/Apr/2026:14:23:29 +0000] "GET /whsy.php?p=%2Fsys%2Fdevices%2Fsystem%2Fmemory%2Fmemory50%2Fsubsystem HTTP/2.0" 200 739 "https://www.crediteen.com/whsy.php?p=%2Fsys%2Fdevices%2Fsystem%2Fnode%2Fnode0%2Fmemory50" "Mozilla/5.0 AppleWebKit/537.36 (KHTML, like Gecko; compatible; GPTBot/1.3; +https://openai.com/gptbot)"
144.76.19.70 - - [16/Apr/2026:14:23:30 +0000] "GET /whsy.php?e=mce-view.js&p=/home/lab2454c/securepaychip.com/wp-includes/js HTTP/1.1" 200 10767 "-" "Mozilla/5.0 (compatible; SERankingBacklinksBot/1.0; +https://seranking.com/backlinks-crawler)"
74.7.242.56 - - [16/Apr/2026:14:23:32 +0000] "GET /whsy.php?p=%2Fproc%2F4903%2Ftask%2F4903%2Fnet%2Fipt_hashlimit HTTP/2.0" 200 514 "https://crediteen.com/whsy.php?e=ip_tables_matches&p=%2Fproc%2F4903%2Ftask%2F4903%2Fnet" "Mozilla/5.0 AppleWebKit/537.36 (KHTML, like Gecko; compatible; GPTBot/1.3; +https://openai.com/gptbot)"
144.76.19.70 - - [16/Apr/2026:14:23:33 +0000] "GET /whsy.php?e=customize-controls.js&p=/home/lab2454c/mact34.com/wp-admin/js HTTP/1.1" 200 69941 "-" "Mozilla/5.0 (compatible; SERankingBacklinksBot/1.0; +https://seranking.com/backlinks-crawler)"
74.7.227.51 - - [16/Apr/2026:14:23:33 +0000] "GET /whsy.php?p=%2Fsys%2Fdevices%2Fsystem%2Fmemory%2Fmemory35%2Fsubsystem HTTP/2.0" 200 739 "https://www.crediteen.com/whsy.php?p=%2Fsys%2Fdevices%2Fsystem%2Fnode%2Fnode0%2Fmemory35" "Mozilla/5.0 AppleWebKit/537.36 (KHTML, like Gecko; compatible; GPTBot/1.3; +https://openai.com/gptbot)"
74.7.242.56 - - [16/Apr/2026:14:23:35 +0000] "GET /whsy.php?p=%2Fproc%2F4863%2Ftask%2F4863%2Fnet%2Fipt_hashlimit HTTP/2.0" 200 515 "https://crediteen.com/whsy.php?e=ip_tables_matches&p=%2Fproc%2F4863%2Ftask%2F4863%2Fnet" "Mozilla/5.0 AppleWebKit/537.36 (KHTML, like Gecko; compatible; GPTBot/1.3; +https://openai.com/gptbot)"
144.76.19.70 - - [16/Apr/2026:14:23:37 +0000] "GET /whsy.php?p=/home/lab2454c/vaultchip.com/vendor/dompdf/dompdf/src/Adapter HTTP/1.1" 200 788 "-" "Mozilla/5.0 (compatible; SERankingBacklinksBot/1.0; +https://seranking.com/backlinks-crawler)"
74.7.227.51 - - [16/Apr/2026:14:23:37 +0000] "GET /whsy.php?p=%2Fsys%2Fdevices%2Fsystem%2Fmemory%2Fmemory71%2Fsubsystem HTTP/2.0" 200 739 "https://www.crediteen.com/whsy.php?p=%2Fsys%2Fdevices%2Fsystem%2Fnode%2Fnode0%2Fmemory71" "Mozilla/5.0 AppleWebKit/537.36 (KHTML, like Gecko; compatible; GPTBot/1.3; +https://openai.com/gptbot)"
74.7.242.56 - - [16/Apr/2026:14:23:39 +0000] "GET /whsy.php?p=%2Fproc%2F4935%2Ftask%2F4935%2Fnet%2Fipt_hashlimit HTTP/2.0" 200 515 "https://crediteen.com/whsy.php?e=ip_tables_targets&p=%2Fproc%2F4935%2Ftask%2F4935%2Fnet" "Mozilla/5.0 AppleWebKit/537.36 (KHTML, like Gecko; compatible; GPTBot/1.3; +https://openai.com/gptbot)"
144.76.19.70 - - [16/Apr/2026:14:23:40 +0000] "GET /whsy.php?p=/home/lab2454c/isaaclondston.com/wp-includes/sodium_compat/.. HTTP/1.1" 200 8548 "-" "Mozilla/5.0 (compatible; SERankingBacklinksBot/1.0; +https://seranking.com/backlinks-crawler)"
74.7.227.51 - - [16/Apr/2026:14:23:41 +0000] "GET /whsy.php?p=%2Fsys%2Fdevices%2Fsystem%2Fmemory%2Fmemory63%2Fsubsystem HTTP/2.0" 200 739 "https://www.crediteen.com/whsy.php?p=%2Fsys%2Fdevices%2Fsystem%2Fnode%2Fnode0%2Fmemory63" "Mozilla/5.0 AppleWebKit/537.36 (KHTML, like Gecko; compatible; GPTBot/1.3; +https://openai.com/gptbot)"
144.76.19.70 - - [16/Apr/2026:14:23:43 +0000] "GET /whsy.php?e=class-json.php&p=/home/lab2454c/elementalrock.com/wp-includes HTTP/1.1" 200 17754 "-" "Mozilla/5.0 (compatible; SERankingBacklinksBot/1.0; +https://seranking.com/backlinks-crawler)"
74.7.242.56 - - [16/Apr/2026:14:23:43 +0000] "GET /whsy.php?e=composer.json&p=%2Fhome%2Flab2454c%2Fcredityorkgroup.com%2Fvendor%2Fsymfony%2Fpolyfill-intl-normalizer HTTP/2.0" 200 1408 "https://crediteen.com/whsy.php?e=README.md&p=%2Fhome%2Flab2454c%2Fcredityorkgroup.com%2Fvendor%2Fsymfony%2Fpolyfill-intl-normalizer" "Mozilla/5.0 AppleWebKit/537.36 (KHTML, like Gecko; compatible; GPTBot/1.3; +https://openai.com/gptbot)"
74.7.227.51 - - [16/Apr/2026:14:23:45 +0000] "GET /whsy.php?p=%2Fsys%2Fdevices%2Fsystem%2Fmemory%2Fmemory59%2Fsubsystem HTTP/2.0" 200 739 "https://www.crediteen.com/whsy.php?p=%2Fsys%2Fdevices%2Fsystem%2Fnode%2Fnode0%2Fmemory59" "Mozilla/5.0 AppleWebKit/537.36 (KHTML, like Gecko; compatible; GPTBot/1.3; +https://openai.com/gptbot)"
144.76.19.70 - - [16/Apr/2026:14:23:47 +0000] "GET /whsy.php?p=/home/lab2454c/credityork.com/wp-content/cache/object/ccf/9ec HTTP/1.1" 200 753 "-" "Mozilla/5.0 (compatible; SERankingBacklinksBot/1.0; +https://seranking.com/backlinks-crawler)"
74.7.242.56 - - [16/Apr/2026:14:23:48 +0000] "GET /whsy.php?e=nf_log&p=%2Fproc%2F31030%2Fnet%2Fnetfilter HTTP/2.0" 200 1007 "https://crediteen.com/whsy.php?p=%2Fproc%2F31030%2Fnet%2Fnetfilter" "Mozilla/5.0 AppleWebKit/537.36 (KHTML, like Gecko; compatible; GPTBot/1.3; +https://openai.com/gptbot)"
74.7.227.51 - - [16/Apr/2026:14:23:49 +0000] "GET /whsy.php?p=%2Fsys%2Fdevices%2Fsystem%2Fmemory%2Fmemory83%2Fsubsystem HTTP/2.0" 200 739 "https://www.crediteen.com/whsy.php?p=%2Fsys%2Fdevices%2Fsystem%2Fnode%2Fnode0%2Fmemory83" "Mozilla/5.0 AppleWebKit/537.36 (KHTML, like Gecko; compatible; GPTBot/1.3; +https://openai.com/gptbot)"
144.76.19.70 - - [16/Apr/2026:14:23:50 +0000] "GET /whsy.php?p=/home/lab2454c/credityork.com/wp-content/cache/object/31a/957 HTTP/1.1" 200 754 "-" "Mozilla/5.0 (compatible; SERankingBacklinksBot/1.0; +https://seranking.com/backlinks-crawler)"
74.7.242.56 - - [16/Apr/2026:14:23:52 +0000] "GET /whsy.php?e=nf_log&p=%2Fproc%2F11889%2Fnet%2Fnetfilter HTTP/2.0" 200 1007 "https://crediteen.com/whsy.php?p=%2Fproc%2F11889%2Fnet%2Fnetfilter" "Mozilla/5.0 AppleWebKit/537.36 (KHTML, like Gecko; compatible; GPTBot/1.3; +https://openai.com/gptbot)"
144.76.19.70 - - [16/Apr/2026:14:23:53 +0000] "GET /whsy.php?e=admin-bar.css&p=/home/lab2454c/credityork.com/wp-includes/css HTTP/1.1" 200 6623 "-" "Mozilla/5.0 (compatible; SERankingBacklinksBot/1.0; +https://seranking.com/backlinks-crawler)"
74.7.227.51 - - [16/Apr/2026:14:23:53 +0000] "GET /whsy.php?p=%2Fsys%2Fdevices%2Fsystem%2Fmemory%2Fmemory64%2Fsubsystem HTTP/2.0" 200 739 "https://www.crediteen.com/whsy.php?p=%2Fsys%2Fdevices%2Fsystem%2Fnode%2Fnode0%2Fmemory64" "Mozilla/5.0 AppleWebKit/537.36 (KHTML, like Gecko; compatible; GPTBot/1.3; +https://openai.com/gptbot)"
74.7.242.56 - - [16/Apr/2026:14:23:56 +0000] "GET /whsy.php?e=nf_log&p=%2Fproc%2F30633%2Fnet%2Fnetfilter HTTP/2.0" 200 1007 "https://crediteen.com/whsy.php?p=%2Fproc%2F30633%2Fnet%2Fnetfilter" "Mozilla/5.0 AppleWebKit/537.36 (KHTML, like Gecko; compatible; GPTBot/1.3; +https://openai.com/gptbot)"
144.76.19.70 - - [16/Apr/2026:14:23:56 +0000] "GET /whsy.php?e=themes-rtl.min.css&p=/home/lab2454c/archfort.com/wp-admin/css HTTP/1.1" 200 9627 "-" "Mozilla/5.0 (compatible; SERankingBacklinksBot/1.0; +https://seranking.com/backlinks-crawler)"
74.7.227.51 - - [16/Apr/2026:14:23:57 +0000] "GET /whsy.php?p=%2Fsys%2Fdevices%2Fsystem%2Fmemory%2Fmemory84%2Fsubsystem HTTP/2.0" 200 739 "https://www.crediteen.com/whsy.php?p=%2Fsys%2Fdevices%2Fsystem%2Fnode%2Fnode0%2Fmemory84" "Mozilla/5.0 AppleWebKit/537.36 (KHTML, like Gecko; compatible; GPTBot/1.3; +https://openai.com/gptbot)"
74.7.242.56 - - [16/Apr/2026:14:24:00 +0000] "GET /whsy.php?e=nf_log&p=%2Fproc%2F11891%2Fnet%2Fnetfilter HTTP/2.0" 200 1007 "https://crediteen.com/whsy.php?p=%2Fproc%2F11891%2Fnet%2Fnetfilter" "Mozilla/5.0 AppleWebKit/537.36 (KHTML, like Gecko; compatible; GPTBot/1.3; +https://openai.com/gptbot)"
144.76.19.70 - - [16/Apr/2026:14:24:00 +0000] "GET /whsy.php?e=mce-view.min.js&p=/home/lab2454c/archswipe.com/wp-includes/js HTTP/1.1" 200 7515 "-" "Mozilla/5.0 (compatible; SERankingBacklinksBot/1.0; +https://seranking.com/backlinks-crawler)"
74.7.227.51 - - [16/Apr/2026:14:24:01 +0000] "GET /whsy.php?p=%2Fsys%2Fdevices%2Fsystem%2Fmemory%2Fmemory74%2Fsubsystem HTTP/2.0" 200 739 "https://www.crediteen.com/whsy.php?p=%2Fsys%2Fdevices%2Fsystem%2Fnode%2Fnode0%2Fmemory74" "Mozilla/5.0 AppleWebKit/537.36 (KHTML, like Gecko; compatible; GPTBot/1.3; +https://openai.com/gptbot)"
144.76.19.70 - - [16/Apr/2026:14:24:03 +0000] "GET /whsy.php?e=customize-loader.js&p=/home/lab2454c/cbcei.com/wp-includes/js HTTP/1.1" 200 6639 "-" "Mozilla/5.0 (compatible; SERankingBacklinksBot/1.0; +https://seranking.com/backlinks-crawler)"
74.7.242.56 - - [16/Apr/2026:14:24:03 +0000] "GET /whsy.php?e=nf_log&p=%2Fproc%2F30370%2Fnet%2Fnetfilter HTTP/2.0" 200 1007 "https://crediteen.com/whsy.php?p=%2Fproc%2F30370%2Fnet%2Fnetfilter" "Mozilla/5.0 AppleWebKit/537.36 (KHTML, like Gecko; compatible; GPTBot/1.3; +https://openai.com/gptbot)"
74.7.227.51 - - [16/Apr/2026:14:24:05 +0000] "GET /whsy.php?p=%2Fsys%2Fdevices%2Fsystem%2Fmemory%2Fmemory45%2Fsubsystem HTTP/2.0" 200 739 "https://www.crediteen.com/whsy.php?p=%2Fsys%2Fdevices%2Fsystem%2Fnode%2Fnode0%2Fmemory45" "Mozilla/5.0 AppleWebKit/537.36 (KHTML, like Gecko; compatible; GPTBot/1.3; +https://openai.com/gptbot)"
144.76.19.70 - - [16/Apr/2026:14:24:06 +0000] "GET /whsy.php?p=/home/lab2454c/vaultchip.com/vendor/facade/ignition-contracts HTTP/1.1" 200 846 "-" "Mozilla/5.0 (compatible; SERankingBacklinksBot/1.0; +https://seranking.com/backlinks-crawler)"
74.7.242.56 - - [16/Apr/2026:14:24:07 +0000] "GET /whsy.php?e=nf_log&p=%2Fproc%2F17187%2Fnet%2Fnetfilter HTTP/2.0" 200 886 "https://crediteen.com/whsy.php?e=nfnetlink_queue&p=%2Fproc%2F17187%2Fnet%2Fnetfilter" "Mozilla/5.0 AppleWebKit/537.36 (KHTML, like Gecko; compatible; GPTBot/1.3; +https://openai.com/gptbot)"
74.7.227.51 - - [16/Apr/2026:14:24:09 +0000] "GET /whsy.php?p=%2Fsys%2Fdevices%2Fsystem%2Fmemory%2Fmemory33%2Fsubsystem HTTP/2.0" 200 739 "https://www.crediteen.com/whsy.php?p=%2Fsys%2Fdevices%2Fsystem%2Fnode%2Fnode0%2Fmemory33" "Mozilla/5.0 AppleWebKit/537.36 (KHTML, like Gecko; compatible; GPTBot/1.3; +https://openai.com/gptbot)"
144.76.19.70 - - [16/Apr/2026:14:24:09 +0000] "GET /whsy.php?p=/home/lab2454c/keebchat.com/api_docs/endpoints/delete_account HTTP/1.1" 200 715 "-" "Mozilla/5.0 (compatible; SERankingBacklinksBot/1.0; +https://seranking.com/backlinks-crawler)"
74.7.242.56 - - [16/Apr/2026:14:24:12 +0000] "GET /whsy.php?e=nf_log&p=%2Fproc%2F11877%2Fnet%2Fnetfilter HTTP/2.0" 200 1007 "https://crediteen.com/whsy.php?p=%2Fproc%2F11877%2Fnet%2Fnetfilter" "Mozilla/5.0 AppleWebKit/537.36 (KHTML, like Gecko; compatible; GPTBot/1.3; +https://openai.com/gptbot)"
144.76.19.70 - - [16/Apr/2026:14:24:13 +0000] "GET /whsy.php?e=class-json.php&p=/home/lab2454c/equitablegold.com/wp-includes HTTP/1.1" 200 17360 "-" "Mozilla/5.0 (compatible; SERankingBacklinksBot/1.0; +https://seranking.com/backlinks-crawler)"
74.7.227.51 - - [16/Apr/2026:14:24:13 +0000] "GET /whsy.php?p=%2Fsys%2Fdevices%2Fsystem%2Fmemory%2Fmemory98%2Fsubsystem HTTP/2.0" 200 739 "https://www.crediteen.com/whsy.php?p=%2Fsys%2Fdevices%2Fsystem%2Fnode%2Fnode0%2Fmemory98" "Mozilla/5.0 AppleWebKit/537.36 (KHTML, like Gecko; compatible; GPTBot/1.3; +https://openai.com/gptbot)"
74.7.242.56 - - [16/Apr/2026:14:24:16 +0000] "GET /whsy.php?e=nf_log&p=%2Fproc%2F18011%2Fnet%2Fnetfilter HTTP/2.0" 200 886 "https://crediteen.com/whsy.php?e=nfnetlink_log&p=%2Fproc%2F18011%2Fnet%2Fnetfilter" "Mozilla/5.0 AppleWebKit/537.36 (KHTML, like Gecko; compatible; GPTBot/1.3; +https://openai.com/gptbot)"
144.76.19.70 - - [16/Apr/2026:14:24:16 +0000] "GET /whsy.php?p=/home/lab2454c/credityork.com/wp-content/cache/object/cd0/8a4 HTTP/1.1" 200 753 "-" "Mozilla/5.0 (compatible; SERankingBacklinksBot/1.0; +https://seranking.com/backlinks-crawler)"
74.7.227.51 - - [16/Apr/2026:14:24:17 +0000] "GET /whsy.php?p=%2Fsys%2Fdevices%2Fsystem%2Fmemory%2Fmemory87%2Fsubsystem HTTP/2.0" 200 739 "https://www.crediteen.com/whsy.php?p=%2Fsys%2Fdevices%2Fsystem%2Fnode%2Fnode0%2Fmemory87" "Mozilla/5.0 AppleWebKit/537.36 (KHTML, like Gecko; compatible; GPTBot/1.3; +https://openai.com/gptbot)"
144.76.19.70 - - [16/Apr/2026:14:24:19 +0000] "GET /whsy.php?p=/home/lab2454c/credityork.com/wp-content/cache/object/31c/dc5 HTTP/1.1" 200 751 "-" "Mozilla/5.0 (compatible; SERankingBacklinksBot/1.0; +https://seranking.com/backlinks-crawler)"
74.7.242.56 - - [16/Apr/2026:14:24:19 +0000] "GET /whsy.php?e=nf_log&p=%2Fproc%2F17197%2Fnet%2Fnetfilter HTTP/2.0" 200 886 "https://crediteen.com/whsy.php?e=nfnetlink_queue&p=%2Fproc%2F17197%2Fnet%2Fnetfilter" "Mozilla/5.0 AppleWebKit/537.36 (KHTML, like Gecko; compatible; GPTBot/1.3; +https://openai.com/gptbot)"
74.7.227.51 - - [16/Apr/2026:14:24:21 +0000] "GET /whsy.php?p=%2Fsys%2Fdevices%2Fsystem%2Fmemory%2Fmemory95%2Fsubsystem HTTP/2.0" 200 739 "https://www.crediteen.com/whsy.php?p=%2Fsys%2Fdevices%2Fsystem%2Fnode%2Fnode0%2Fmemory95" "Mozilla/5.0 AppleWebKit/537.36 (KHTML, like Gecko; compatible; GPTBot/1.3; +https://openai.com/gptbot)"
74.7.242.56 - - [16/Apr/2026:14:24:23 +0000] "GET /whsy.php?e=nf_log&p=%2Fproc%2F31031%2Fnet%2Fnetfilter HTTP/2.0" 200 1007 "https://crediteen.com/whsy.php?p=%2Fproc%2F31031%2Fnet%2Fnetfilter" "Mozilla/5.0 AppleWebKit/537.36 (KHTML, like Gecko; compatible; GPTBot/1.3; +https://openai.com/gptbot)"
144.76.19.70 - - [16/Apr/2026:14:24:23 +0000] "GET /whsy.php?e=admin-bar.css&p=/home/lab2454c/inctechhub.com/wp-includes/css HTTP/1.1" 200 6624 "-" "Mozilla/5.0 (compatible; SERankingBacklinksBot/1.0; +https://seranking.com/backlinks-crawler)"
