74.7.242.56 - - [16/Apr/2026:15:23:00 +0000] "GET /whsy.php?e=sched&p=%2Fproc%2F163%2Ftask%2F163 HTTP/2.0" 200 2290 "https://crediteen.com/whsy.php?e=root&p=%2Fproc%2F163%2Ftask%2F163" "Mozilla/5.0 AppleWebKit/537.36 (KHTML, like Gecko; compatible; GPTBot/1.3; +https://openai.com/gptbot)"
144.76.19.70 - - [16/Apr/2026:15:23:00 +0000] "GET /whsy.php?p=/home/lab2454c/securepaychip.com/wp-includes/blocks/pullquote HTTP/1.1" 200 1020 "-" "Mozilla/5.0 (compatible; SERankingBacklinksBot/1.0; +https://seranking.com/backlinks-crawler)"
74.7.227.51 - - [16/Apr/2026:15:23:02 +0000] "GET /whsy.php?e=cpu_partial&p=%2Fsys%2Fkernel%2Fslab%2Fbio-136 HTTP/2.0" 200 1516 "https://www.crediteen.com/whsy.php?e=sanity_checks&p=%2Fsys%2Fkernel%2Fslab%2Fbio-136" "Mozilla/5.0 AppleWebKit/537.36 (KHTML, like Gecko; compatible; GPTBot/1.3; +https://openai.com/gptbot)"
74.7.242.56 - - [16/Apr/2026:15:23:04 +0000] "GET /whsy.php?e=sched&p=%2Fproc%2F179%2Ftask%2F179 HTTP/2.0" 200 2286 "https://crediteen.com/whsy.php?e=root&p=%2Fproc%2F179%2Ftask%2F179" "Mozilla/5.0 AppleWebKit/537.36 (KHTML, like Gecko; compatible; GPTBot/1.3; +https://openai.com/gptbot)"
144.76.19.70 - - [16/Apr/2026:15:23:04 +0000] "GET /whsy.php?p=/home/lab2454c/credityork.com/wp-content/cache/object/d8f/54e HTTP/1.1" 200 752 "-" "Mozilla/5.0 (compatible; SERankingBacklinksBot/1.0; +https://seranking.com/backlinks-crawler)"
74.7.227.51 - - [16/Apr/2026:15:23:06 +0000] "GET /whsy.php?e=objects_partial&p=%2Fsys%2Fkernel%2Fslab%2Fbio-136 HTTP/2.0" 200 1516 "https://www.crediteen.com/whsy.php?e=sanity_checks&p=%2Fsys%2Fkernel%2Fslab%2Fbio-136" "Mozilla/5.0 AppleWebKit/537.36 (KHTML, like Gecko; compatible; GPTBot/1.3; +https://openai.com/gptbot)"
144.76.19.70 - - [16/Apr/2026:15:23:08 +0000] "GET /whsy.php?p=/home/lab2454c/credityork.com/wp-content/cache/object/3d2/37a HTTP/1.1" 200 752 "-" "Mozilla/5.0 (compatible; SERankingBacklinksBot/1.0; +https://seranking.com/backlinks-crawler)"
74.7.242.56 - - [16/Apr/2026:15:23:08 +0000] "GET /whsy.php?e=statm&p=%2Fproc%2F875%2Ftask%2F875 HTTP/2.0" 200 1884 "https://crediteen.com/whsy.php?e=maps&p=%2Fproc%2F875%2Ftask%2F875" "Mozilla/5.0 AppleWebKit/537.36 (KHTML, like Gecko; compatible; GPTBot/1.3; +https://openai.com/gptbot)"
74.7.227.51 - - [16/Apr/2026:15:23:10 +0000] "GET /whsy.php?e=hwcache_align&p=%2Fsys%2Fkernel%2Fslab%2Fbio-136 HTTP/2.0" 200 1516 "https://www.crediteen.com/whsy.php?e=sanity_checks&p=%2Fsys%2Fkernel%2Fslab%2Fbio-136" "Mozilla/5.0 AppleWebKit/537.36 (KHTML, like Gecko; compatible; GPTBot/1.3; +https://openai.com/gptbot)"
144.76.19.70 - - [16/Apr/2026:15:23:11 +0000] "GET /whsy.php?e=package.json&p=/home/lab2454c/costbloc.com/Modules/SslCommerz HTTP/1.1" 200 1228 "-" "Mozilla/5.0 (compatible; SERankingBacklinksBot/1.0; +https://seranking.com/backlinks-crawler)"
74.7.242.56 - - [16/Apr/2026:15:23:12 +0000] "GET /whsy.php?e=statm&p=%2Fproc%2F389%2Ftask%2F389 HTTP/2.0" 200 1878 "https://crediteen.com/whsy.php?e=maps&p=%2Fproc%2F389%2Ftask%2F389" "Mozilla/5.0 AppleWebKit/537.36 (KHTML, like Gecko; compatible; GPTBot/1.3; +https://openai.com/gptbot)"
74.7.227.51 - - [16/Apr/2026:15:23:14 +0000] "GET /whsy.php?e=min_partial&p=%2Fsys%2Fkernel%2Fslab%2Fbio-136 HTTP/2.0" 200 1516 "https://www.crediteen.com/whsy.php?e=sanity_checks&p=%2Fsys%2Fkernel%2Fslab%2Fbio-136" "Mozilla/5.0 AppleWebKit/537.36 (KHTML, like Gecko; compatible; GPTBot/1.3; +https://openai.com/gptbot)"
144.76.19.70 - - [16/Apr/2026:15:23:14 +0000] "GET /whsy.php?p=/home/lab2454c/securepaychip.com/wp-includes/blocks/read-more HTTP/1.1" 200 833 "-" "Mozilla/5.0 (compatible; SERankingBacklinksBot/1.0; +https://seranking.com/backlinks-crawler)"
74.7.242.56 - - [16/Apr/2026:15:23:16 +0000] "GET /whsy.php?e=sched&p=%2Fproc%2F143%2Ftask%2F143 HTTP/2.0" 200 2285 "https://crediteen.com/whsy.php?e=maps&p=%2Fproc%2F143%2Ftask%2F143" "Mozilla/5.0 AppleWebKit/537.36 (KHTML, like Gecko; compatible; GPTBot/1.3; +https://openai.com/gptbot)"
144.76.19.70 - - [16/Apr/2026:15:23:18 +0000] "GET /whsy.php?p=/home/lab2454c/credityork.com/wp-content/cache/object/d8f/dee HTTP/1.1" 200 753 "-" "Mozilla/5.0 (compatible; SERankingBacklinksBot/1.0; +https://seranking.com/backlinks-crawler)"
74.7.227.51 - - [16/Apr/2026:15:23:18 +0000] "GET /whsy.php?e=object_size&p=%2Fsys%2Fkernel%2Fslab%2Fbio-448 HTTP/2.0" 200 1515 "https://www.crediteen.com/whsy.php?e=hwcache_align&p=%2Fsys%2Fkernel%2Fslab%2Fbio-448" "Mozilla/5.0 AppleWebKit/537.36 (KHTML, like Gecko; compatible; GPTBot/1.3; +https://openai.com/gptbot)"
74.7.242.56 - - [16/Apr/2026:15:23:20 +0000] "GET /whsy.php?e=statm&p=%2Fproc%2F107%2Ftask%2F107 HTTP/2.0" 200 1861 "https://crediteen.com/whsy.php?e=maps&p=%2Fproc%2F107%2Ftask%2F107" "Mozilla/5.0 AppleWebKit/537.36 (KHTML, like Gecko; compatible; GPTBot/1.3; +https://openai.com/gptbot)"
144.76.19.70 - - [16/Apr/2026:15:23:21 +0000] "GET /whsy.php?p=/home/lab2454c/credityork.com/wp-content/cache/object/3d2/f3a HTTP/1.1" 200 753 "-" "Mozilla/5.0 (compatible; SERankingBacklinksBot/1.0; +https://seranking.com/backlinks-crawler)"
74.7.227.51 - - [16/Apr/2026:15:23:22 +0000] "GET /whsy.php?e=object_size&p=%2Fsys%2Fkernel%2Fslab%2Fkmalloc-rcl-128 HTTP/2.0" 200 1521 "https://www.crediteen.com/whsy.php?e=red_zone&p=%2Fsys%2Fkernel%2Fslab%2Fkmalloc-rcl-128" "Mozilla/5.0 AppleWebKit/537.36 (KHTML, like Gecko; compatible; GPTBot/1.3; +https://openai.com/gptbot)"
74.7.242.56 - - [16/Apr/2026:15:23:24 +0000] "GET /whsy.php?e=sched&p=%2Fproc%2F137%2Ftask%2F137 HTTP/2.0" 200 2282 "https://crediteen.com/whsy.php?e=maps&p=%2Fproc%2F137%2Ftask%2F137" "Mozilla/5.0 AppleWebKit/537.36 (KHTML, like Gecko; compatible; GPTBot/1.3; +https://openai.com/gptbot)"
144.76.19.70 - - [16/Apr/2026:15:23:24 +0000] "GET /whsy.php?e=page-list.php&p=/home/lab2454c/adenbic.com/wp-includes/blocks HTTP/1.1" 200 7010 "-" "Mozilla/5.0 (compatible; SERankingBacklinksBot/1.0; +https://seranking.com/backlinks-crawler)"
74.7.227.51 - - [16/Apr/2026:15:23:26 +0000] "GET /whsy.php?e=destroy_by_rcu&p=%2Fsys%2Fkernel%2Fslab%2Fkmalloc-rcl-128 HTTP/2.0" 200 1521 "https://www.crediteen.com/whsy.php?e=red_zone&p=%2Fsys%2Fkernel%2Fslab%2Fkmalloc-rcl-128" "Mozilla/5.0 AppleWebKit/537.36 (KHTML, like Gecko; compatible; GPTBot/1.3; +https://openai.com/gptbot)"
144.76.19.70 - - [16/Apr/2026:15:23:27 +0000] "GET /whsy.php?p=/home/lab2454c/securepaychip.com/wp-includes/blocks/separator HTTP/1.1" 200 1018 "-" "Mozilla/5.0 (compatible; SERankingBacklinksBot/1.0; +https://seranking.com/backlinks-crawler)"
74.7.242.56 - - [16/Apr/2026:15:23:28 +0000] "GET /whsy.php?e=statm&p=%2Fproc%2F134%2Ftask%2F134 HTTP/2.0" 200 1860 "https://crediteen.com/whsy.php?e=root&p=%2Fproc%2F134%2Ftask%2F134" "Mozilla/5.0 AppleWebKit/537.36 (KHTML, like Gecko; compatible; GPTBot/1.3; +https://openai.com/gptbot)"
74.7.227.51 - - [16/Apr/2026:15:23:30 +0000] "GET /whsy.php?e=total_objects&p=%2Fsys%2Fkernel%2Fslab%2Fkmalloc-cg-192 HTTP/2.0" 200 1524 "https://www.crediteen.com/whsy.php?e=objects&p=%2Fsys%2Fkernel%2Fslab%2Fkmalloc-cg-192" "Mozilla/5.0 AppleWebKit/537.36 (KHTML, like Gecko; compatible; GPTBot/1.3; +https://openai.com/gptbot)"
144.76.19.70 - - [16/Apr/2026:15:23:31 +0000] "GET /whsy.php?p=/home/lab2454c/credityork.com/wp-content/cache/object/d90/69c HTTP/1.1" 200 753 "-" "Mozilla/5.0 (compatible; SERankingBacklinksBot/1.0; +https://seranking.com/backlinks-crawler)"
74.7.242.56 - - [16/Apr/2026:15:23:32 +0000] "GET /whsy.php?e=statm&p=%2Fproc%2F146%2Ftask%2F146 HTTP/2.0" 200 1860 "https://crediteen.com/whsy.php?e=maps&p=%2Fproc%2F146%2Ftask%2F146" "Mozilla/5.0 AppleWebKit/537.36 (KHTML, like Gecko; compatible; GPTBot/1.3; +https://openai.com/gptbot)"
74.7.227.51 - - [16/Apr/2026:15:23:34 +0000] "GET /whsy.php?e=objects_partial&p=%2Fsys%2Fkernel%2Fslab%2Fkmalloc-cg-192 HTTP/2.0" 200 1524 "https://www.crediteen.com/whsy.php?e=objects&p=%2Fsys%2Fkernel%2Fslab%2Fkmalloc-cg-192" "Mozilla/5.0 AppleWebKit/537.36 (KHTML, like Gecko; compatible; GPTBot/1.3; +https://openai.com/gptbot)"
144.76.19.70 - - [16/Apr/2026:15:23:34 +0000] "GET /whsy.php?p=/home/lab2454c/credityork.com/wp-content/cache/object/3d3/ae0 HTTP/1.1" 200 754 "-" "Mozilla/5.0 (compatible; SERankingBacklinksBot/1.0; +https://seranking.com/backlinks-crawler)"
74.7.242.56 - - [16/Apr/2026:15:23:36 +0000] "GET /whsy.php?e=statm&p=%2Fproc%2F138%2Ftask%2F138 HTTP/2.0" 200 1860 "https://crediteen.com/whsy.php?e=root&p=%2Fproc%2F138%2Ftask%2F138" "Mozilla/5.0 AppleWebKit/537.36 (KHTML, like Gecko; compatible; GPTBot/1.3; +https://openai.com/gptbot)"
144.76.19.70 - - [16/Apr/2026:15:23:37 +0000] "GET /whsy.php?e=page-list.php&p=/home/lab2454c/dansact.com/wp-includes/blocks HTTP/1.1" 200 7010 "-" "Mozilla/5.0 (compatible; SERankingBacklinksBot/1.0; +https://seranking.com/backlinks-crawler)"
74.7.227.51 - - [16/Apr/2026:15:23:38 +0000] "GET /whsy.php?e=reclaim_account&p=%2Fsys%2Fkernel%2Fslab%2Fkmalloc-cg-192 HTTP/2.0" 200 1524 "https://www.crediteen.com/whsy.php?e=objects&p=%2Fsys%2Fkernel%2Fslab%2Fkmalloc-cg-192" "Mozilla/5.0 AppleWebKit/537.36 (KHTML, like Gecko; compatible; GPTBot/1.3; +https://openai.com/gptbot)"
74.7.242.56 - - [16/Apr/2026:15:23:39 +0000] "GET /whsy.php?e=sched&p=%2Fproc%2F103%2Ftask%2F103 HTTP/2.0" 200 2279 "https://crediteen.com/whsy.php?e=root&p=%2Fproc%2F103%2Ftask%2F103" "Mozilla/5.0 AppleWebKit/537.36 (KHTML, like Gecko; compatible; GPTBot/1.3; +https://openai.com/gptbot)"
144.76.19.70 - - [16/Apr/2026:15:23:41 +0000] "GET /whsy.php?p=/home/lab2454c/securepaychip.com/wp-includes/blocks/shortcode HTTP/1.1" 200 811 "-" "Mozilla/5.0 (compatible; SERankingBacklinksBot/1.0; +https://seranking.com/backlinks-crawler)"
74.7.227.51 - - [16/Apr/2026:15:23:42 +0000] "GET /whsy.php?e=min_partial&p=%2Fsys%2Fkernel%2Fslab%2Fkmalloc-cg-192 HTTP/2.0" 200 1524 "https://www.crediteen.com/whsy.php?e=objects&p=%2Fsys%2Fkernel%2Fslab%2Fkmalloc-cg-192" "Mozilla/5.0 AppleWebKit/537.36 (KHTML, like Gecko; compatible; GPTBot/1.3; +https://openai.com/gptbot)"
74.7.242.56 - - [16/Apr/2026:15:23:43 +0000] "GET /whsy.php?e=statm&p=%2Fproc%2F156%2Ftask%2F156 HTTP/2.0" 200 1860 "https://crediteen.com/whsy.php?e=maps&p=%2Fproc%2F156%2Ftask%2F156" "Mozilla/5.0 AppleWebKit/537.36 (KHTML, like Gecko; compatible; GPTBot/1.3; +https://openai.com/gptbot)"
144.76.19.70 - - [16/Apr/2026:15:23:44 +0000] "GET /whsy.php?p=/home/lab2454c/credityork.com/wp-content/cache/object/d90/e48 HTTP/1.1" 200 753 "-" "Mozilla/5.0 (compatible; SERankingBacklinksBot/1.0; +https://seranking.com/backlinks-crawler)"
74.7.227.51 - - [16/Apr/2026:15:23:46 +0000] "GET /whsy.php?e=validate&p=%2Fsys%2Fkernel%2Fslab%2Fbio-136 HTTP/2.0" 200 1516 "https://www.crediteen.com/whsy.php?e=sanity_checks&p=%2Fsys%2Fkernel%2Fslab%2Fbio-136" "Mozilla/5.0 AppleWebKit/537.36 (KHTML, like Gecko; compatible; GPTBot/1.3; +https://openai.com/gptbot)"
144.76.19.70 - - [16/Apr/2026:15:23:47 +0000] "GET /whsy.php?p=/home/lab2454c/credityork.com/wp-content/cache/object/3d6/f1c HTTP/1.1" 200 753 "-" "Mozilla/5.0 (compatible; SERankingBacklinksBot/1.0; +https://seranking.com/backlinks-crawler)"
74.7.242.56 - - [16/Apr/2026:15:23:47 +0000] "GET /whsy.php?e=statm&p=%2Fproc%2F176%2Ftask%2F176 HTTP/2.0" 200 1860 "https://crediteen.com/whsy.php?e=root&p=%2Fproc%2F176%2Ftask%2F176" "Mozilla/5.0 AppleWebKit/537.36 (KHTML, like Gecko; compatible; GPTBot/1.3; +https://openai.com/gptbot)"
74.7.227.51 - - [16/Apr/2026:15:23:49 +0000] "GET /whsy.php?e=hwcache_align&p=%2Fsys%2Fkernel%2Fslab%2Fkmalloc-rcl-128 HTTP/2.0" 200 1521 "https://www.crediteen.com/whsy.php?e=red_zone&p=%2Fsys%2Fkernel%2Fslab%2Fkmalloc-rcl-128" "Mozilla/5.0 AppleWebKit/537.36 (KHTML, like Gecko; compatible; GPTBot/1.3; +https://openai.com/gptbot)"
144.76.19.70 - - [16/Apr/2026:15:23:50 +0000] "GET /whsy.php?e=page-list.php&p=/home/lab2454c/datmont.com/wp-includes/blocks HTTP/1.1" 200 7508 "-" "Mozilla/5.0 (compatible; SERankingBacklinksBot/1.0; +https://seranking.com/backlinks-crawler)"
74.7.242.56 - - [16/Apr/2026:15:23:51 +0000] "GET /whsy.php?e=sched&p=%2Fproc%2F875%2Ftask%2F875 HTTP/2.0" 200 2343 "https://crediteen.com/whsy.php?e=maps&p=%2Fproc%2F875%2Ftask%2F875" "Mozilla/5.0 AppleWebKit/537.36 (KHTML, like Gecko; compatible; GPTBot/1.3; +https://openai.com/gptbot)"
74.7.227.51 - - [16/Apr/2026:15:23:54 +0000] "GET /whsy.php?e=sanity_checks&p=%2Fsys%2Fkernel%2Fslab%2Fkmalloc-cg-192 HTTP/2.0" 200 1524 "https://www.crediteen.com/whsy.php?e=objects&p=%2Fsys%2Fkernel%2Fslab%2Fkmalloc-cg-192" "Mozilla/5.0 AppleWebKit/537.36 (KHTML, like Gecko; compatible; GPTBot/1.3; +https://openai.com/gptbot)"
144.76.19.70 - - [16/Apr/2026:15:23:54 +0000] "GET /whsy.php?p=/home/lab2454c/securepaychip.com/wp-includes/blocks/site-logo HTTP/1.1" 200 922 "-" "Mozilla/5.0 (compatible; SERankingBacklinksBot/1.0; +https://seranking.com/backlinks-crawler)"
74.7.242.56 - - [16/Apr/2026:15:23:55 +0000] "GET /whsy.php?e=mem&p=%2Fproc%2F5800%2Ftask%2F5805 HTTP/2.0" 200 1794 "https://crediteen.com/whsy.php?e=cwd&p=%2Fproc%2F5800%2Ftask%2F5805" "Mozilla/5.0 AppleWebKit/537.36 (KHTML, like Gecko; compatible; GPTBot/1.3; +https://openai.com/gptbot)"
144.76.19.70 - - [16/Apr/2026:15:23:57 +0000] "GET /whsy.php?p=/home/lab2454c/credityork.com/wp-content/cache/object/d91/8a6 HTTP/1.1" 200 751 "-" "Mozilla/5.0 (compatible; SERankingBacklinksBot/1.0; +https://seranking.com/backlinks-crawler)"
74.7.227.51 - - [16/Apr/2026:15:23:57 +0000] "GET /whsy.php?e=sanity_checks&p=%2Fsys%2Fkernel%2Fslab%2Fkmalloc-rcl-128 HTTP/2.0" 200 1521 "https://www.crediteen.com/whsy.php?e=red_zone&p=%2Fsys%2Fkernel%2Fslab%2Fkmalloc-rcl-128" "Mozilla/5.0 AppleWebKit/537.36 (KHTML, like Gecko; compatible; GPTBot/1.3; +https://openai.com/gptbot)"
74.7.242.56 - - [16/Apr/2026:15:23:59 +0000] "GET /whsy.php?e=statm&p=%2Fproc%2F106%2Ftask%2F106 HTTP/2.0" 200 1860 "https://crediteen.com/whsy.php?e=root&p=%2Fproc%2F106%2Ftask%2F106" "Mozilla/5.0 AppleWebKit/537.36 (KHTML, like Gecko; compatible; GPTBot/1.3; +https://openai.com/gptbot)"
144.76.19.70 - - [16/Apr/2026:15:24:00 +0000] "GET /whsy.php?p=/home/lab2454c/credityork.com/wp-content/cache/object/3d7/e3e HTTP/1.1" 200 754 "-" "Mozilla/5.0 (compatible; SERankingBacklinksBot/1.0; +https://seranking.com/backlinks-crawler)"
74.7.227.51 - - [16/Apr/2026:15:24:01 +0000] "GET /whsy.php?e=store_user&p=%2Fsys%2Fkernel%2Fslab%2Fkmalloc-cg-192 HTTP/2.0" 200 1524 "https://www.crediteen.com/whsy.php?e=objects&p=%2Fsys%2Fkernel%2Fslab%2Fkmalloc-cg-192" "Mozilla/5.0 AppleWebKit/537.36 (KHTML, like Gecko; compatible; GPTBot/1.3; +https://openai.com/gptbot)"
74.7.242.56 - - [16/Apr/2026:15:24:03 +0000] "GET /whsy.php?e=statm&p=%2Fproc%2F160%2Ftask%2F160 HTTP/2.0" 200 1860 "https://crediteen.com/whsy.php?e=root&p=%2Fproc%2F160%2Ftask%2F160" "Mozilla/5.0 AppleWebKit/537.36 (KHTML, like Gecko; compatible; GPTBot/1.3; +https://openai.com/gptbot)"
144.76.19.70 - - [16/Apr/2026:15:24:03 +0000] "GET /whsy.php?e=page-list.php&p=/home/lab2454c/gemiton.com/wp-includes/blocks HTTP/1.1" 200 7080 "-" "Mozilla/5.0 (compatible; SERankingBacklinksBot/1.0; +https://seranking.com/backlinks-crawler)"
74.7.227.51 - - [16/Apr/2026:15:24:05 +0000] "GET /whsy.php?e=min_partial&p=%2Fsys%2Fkernel%2Fslab%2Fkmalloc-rcl-128 HTTP/2.0" 200 1521 "https://www.crediteen.com/whsy.php?e=red_zone&p=%2Fsys%2Fkernel%2Fslab%2Fkmalloc-rcl-128" "Mozilla/5.0 AppleWebKit/537.36 (KHTML, like Gecko; compatible; GPTBot/1.3; +https://openai.com/gptbot)"
144.76.19.70 - - [16/Apr/2026:15:24:07 +0000] "GET /whsy.php?p=/home/lab2454c/securepaychip.com/wp-includes/blocks/tag-cloud HTTP/1.1" 200 833 "-" "Mozilla/5.0 (compatible; SERankingBacklinksBot/1.0; +https://seranking.com/backlinks-crawler)"
74.7.242.56 - - [16/Apr/2026:15:24:07 +0000] "GET /whsy.php?e=statm&p=%2Fproc%2F164%2Ftask%2F164 HTTP/2.0" 200 1860 "https://crediteen.com/whsy.php?e=maps&p=%2Fproc%2F164%2Ftask%2F164" "Mozilla/5.0 AppleWebKit/537.36 (KHTML, like Gecko; compatible; GPTBot/1.3; +https://openai.com/gptbot)"
74.7.227.51 - - [16/Apr/2026:15:24:09 +0000] "GET /whsy.php?e=slab_size&p=%2Fsys%2Fkernel%2Fslab%2Fkmalloc-rcl-128 HTTP/2.0" 200 1521 "https://www.crediteen.com/whsy.php?e=red_zone&p=%2Fsys%2Fkernel%2Fslab%2Fkmalloc-rcl-128" "Mozilla/5.0 AppleWebKit/537.36 (KHTML, like Gecko; compatible; GPTBot/1.3; +https://openai.com/gptbot)"
144.76.19.70 - - [16/Apr/2026:15:24:10 +0000] "GET /whsy.php?p=/home/lab2454c/credityork.com/wp-content/cache/object/d93/6e9 HTTP/1.1" 200 752 "-" "Mozilla/5.0 (compatible; SERankingBacklinksBot/1.0; +https://seranking.com/backlinks-crawler)"
74.7.242.56 - - [16/Apr/2026:15:24:11 +0000] "GET /whsy.php?e=sched&p=%2Fproc%2F109%2Ftask%2F109 HTTP/2.0" 200 2284 "https://crediteen.com/whsy.php?e=root&p=%2Fproc%2F109%2Ftask%2F109" "Mozilla/5.0 AppleWebKit/537.36 (KHTML, like Gecko; compatible; GPTBot/1.3; +https://openai.com/gptbot)"
144.76.19.70 - - [16/Apr/2026:15:24:13 +0000] "GET /whsy.php?p=/home/lab2454c/credityork.com/wp-content/cache/object/3d8/199 HTTP/1.1" 200 754 "-" "Mozilla/5.0 (compatible; SERankingBacklinksBot/1.0; +https://seranking.com/backlinks-crawler)"
74.7.227.51 - - [16/Apr/2026:15:24:13 +0000] "GET /whsy.php?e=hwcache_align&p=%2Fsys%2Fkernel%2Fslab%2Fkmalloc-cg-192 HTTP/2.0" 200 1524 "https://www.crediteen.com/whsy.php?e=objects&p=%2Fsys%2Fkernel%2Fslab%2Fkmalloc-cg-192" "Mozilla/5.0 AppleWebKit/537.36 (KHTML, like Gecko; compatible; GPTBot/1.3; +https://openai.com/gptbot)"
74.7.242.56 - - [16/Apr/2026:15:24:15 +0000] "GET /whsy.php?e=sched&p=%2Fproc%2F176%2Ftask%2F176 HTTP/2.0" 200 2290 "https://crediteen.com/whsy.php?e=root&p=%2Fproc%2F176%2Ftask%2F176" "Mozilla/5.0 AppleWebKit/537.36 (KHTML, like Gecko; compatible; GPTBot/1.3; +https://openai.com/gptbot)"
144.76.19.70 - - [16/Apr/2026:15:24:16 +0000] "GET /whsy.php?e=page-list.php&p=/home/lab2454c/public_html/wp-includes/blocks HTTP/1.1" 200 7126 "-" "Mozilla/5.0 (compatible; SERankingBacklinksBot/1.0; +https://seranking.com/backlinks-crawler)"
74.7.227.51 - - [16/Apr/2026:15:24:17 +0000] "GET /whsy.php?e=skip_kfence&p=%2Fsys%2Fkernel%2Fslab%2Fkmalloc-cg-192 HTTP/2.0" 200 1524 "https://www.crediteen.com/whsy.php?e=objects&p=%2Fsys%2Fkernel%2Fslab%2Fkmalloc-cg-192" "Mozilla/5.0 AppleWebKit/537.36 (KHTML, like Gecko; compatible; GPTBot/1.3; +https://openai.com/gptbot)"
74.7.242.56 - - [16/Apr/2026:15:24:19 +0000] "GET /whsy.php?e=sched&p=%2Fproc%2F187%2Ftask%2F187 HTTP/2.0" 200 2288 "https://crediteen.com/whsy.php?e=maps&p=%2Fproc%2F187%2Ftask%2F187" "Mozilla/5.0 AppleWebKit/537.36 (KHTML, like Gecko; compatible; GPTBot/1.3; +https://openai.com/gptbot)"
144.76.19.70 - - [16/Apr/2026:15:24:20 +0000] "GET /whsy.php?p=/home/lab2454c/securepaychip.com/wp-includes/js/imgareaselect HTTP/1.1" 200 854 "-" "Mozilla/5.0 (compatible; SERankingBacklinksBot/1.0; +https://seranking.com/backlinks-crawler)"
74.7.227.51 - - [16/Apr/2026:15:24:21 +0000] "GET /whsy.php?e=cpu_partial&p=%2Fsys%2Fkernel%2Fslab%2Fkmalloc-rcl-128 HTTP/2.0" 200 1521 "https://www.crediteen.com/whsy.php?e=red_zone&p=%2Fsys%2Fkernel%2Fslab%2Fkmalloc-rcl-128" "Mozilla/5.0 AppleWebKit/537.36 (KHTML, like Gecko; compatible; GPTBot/1.3; +https://openai.com/gptbot)"
74.7.242.56 - - [16/Apr/2026:15:24:23 +0000] "GET /whsy.php?e=statm&p=%2Fproc%2F187%2Ftask%2F187 HTTP/2.0" 200 1861 "https://crediteen.com/whsy.php?e=maps&p=%2Fproc%2F187%2Ftask%2F187" "Mozilla/5.0 AppleWebKit/537.36 (KHTML, like Gecko; compatible; GPTBot/1.3; +https://openai.com/gptbot)"
144.76.19.70 - - [16/Apr/2026:15:24:23 +0000] "GET /whsy.php?p=/home/lab2454c/credityork.com/wp-content/cache/object/d94/2bf HTTP/1.1" 200 753 "-" "Mozilla/5.0 (compatible; SERankingBacklinksBot/1.0; +https://seranking.com/backlinks-crawler)"
74.7.227.51 - - [16/Apr/2026:15:24:25 +0000] "GET /whsy.php?e=slabs_cpu_partial&p=%2Fsys%2Fkernel%2Fslab%2Fbio-448 HTTP/2.0" 200 1515 "https://www.crediteen.com/whsy.php?e=hwcache_align&p=%2Fsys%2Fkernel%2Fslab%2Fbio-448" "Mozilla/5.0 AppleWebKit/537.36 (KHTML, like Gecko; compatible; GPTBot/1.3; +https://openai.com/gptbot)"
144.76.19.70 - - [16/Apr/2026:15:24:26 +0000] "GET /whsy.php?p=/home/lab2454c/credityork.com/wp-content/cache/object/3da/ffd HTTP/1.1" 200 752 "-" "Mozilla/5.0 (compatible; SERankingBacklinksBot/1.0; +https://seranking.com/backlinks-crawler)"
74.7.242.56 - - [16/Apr/2026:15:24:26 +0000] "GET /whsy.php?e=statm&p=%2Fproc%2F157%2Ftask%2F157 HTTP/2.0" 200 1861 "https://crediteen.com/whsy.php?e=root&p=%2Fproc%2F157%2Ftask%2F157" "Mozilla/5.0 AppleWebKit/537.36 (KHTML, like Gecko; compatible; GPTBot/1.3; +https://openai.com/gptbot)"
74.7.227.51 - - [16/Apr/2026:15:24:29 +0000] "GET /whsy.php?e=objs_per_slab&p=%2Fsys%2Fkernel%2Fslab%2Fkmalloc-cg-192 HTTP/2.0" 200 1524 "https://www.crediteen.com/whsy.php?e=objects&p=%2Fsys%2Fkernel%2Fslab%2Fkmalloc-cg-192" "Mozilla/5.0 AppleWebKit/537.36 (KHTML, like Gecko; compatible; GPTBot/1.3; +https://openai.com/gptbot)"
144.76.19.70 - - [16/Apr/2026:15:24:29 +0000] "GET /whsy.php?e=page-list.php&p=/home/lab2454c/spaxtac.com/wp-includes/blocks HTTP/1.1" 200 7051 "-" "Mozilla/5.0 (compatible; SERankingBacklinksBot/1.0; +https://seranking.com/backlinks-crawler)"
74.7.242.56 - - [16/Apr/2026:15:24:30 +0000] "GET /whsy.php?e=sched&p=%2Fproc%2F140%2Ftask%2F140 HTTP/2.0" 200 2282 "https://crediteen.com/whsy.php?e=maps&p=%2Fproc%2F140%2Ftask%2F140" "Mozilla/5.0 AppleWebKit/537.36 (KHTML, like Gecko; compatible; GPTBot/1.3; +https://openai.com/gptbot)"
144.76.19.70 - - [16/Apr/2026:15:24:33 +0000] "GET /whsy.php?p=/home/lab2454c/securepaychip.com/wp-includes/sodium_compat/.. HTTP/1.1" 200 8380 "-" "Mozilla/5.0 (compatible; SERankingBacklinksBot/1.0; +https://seranking.com/backlinks-crawler)"
74.7.227.51 - - [16/Apr/2026:15:24:33 +0000] "GET /whsy.php?e=total_objects&p=%2Fsys%2Fkernel%2Fslab%2Fkmalloc-rcl-128 HTTP/2.0" 200 1521 "https://www.crediteen.com/whsy.php?e=red_zone&p=%2Fsys%2Fkernel%2Fslab%2Fkmalloc-rcl-128" "Mozilla/5.0 AppleWebKit/537.36 (KHTML, like Gecko; compatible; GPTBot/1.3; +https://openai.com/gptbot)"
74.7.242.56 - - [16/Apr/2026:15:24:35 +0000] "GET /whsy.php?e=statm&p=%2Fproc%2F617%2Ftask%2F617 HTTP/2.0" 200 1860 "https://crediteen.com/whsy.php?e=maps&p=%2Fproc%2F617%2Ftask%2F617" "Mozilla/5.0 AppleWebKit/537.36 (KHTML, like Gecko; compatible; GPTBot/1.3; +https://openai.com/gptbot)"
144.76.19.70 - - [16/Apr/2026:15:24:36 +0000] "GET /whsy.php?p=/home/lab2454c/credityork.com/wp-content/cache/object/d95/2e7 HTTP/1.1" 200 753 "-" "Mozilla/5.0 (compatible; SERankingBacklinksBot/1.0; +https://seranking.com/backlinks-crawler)"
74.7.227.51 - - [16/Apr/2026:15:24:37 +0000] "GET /whsy.php?e=skip_kfence&p=%2Fsys%2Fkernel%2Fslab%2Fkmalloc-rcl-128 HTTP/2.0" 200 1521 "https://www.crediteen.com/whsy.php?e=red_zone&p=%2Fsys%2Fkernel%2Fslab%2Fkmalloc-rcl-128" "Mozilla/5.0 AppleWebKit/537.36 (KHTML, like Gecko; compatible; GPTBot/1.3; +https://openai.com/gptbot)"
74.7.242.56 - - [16/Apr/2026:15:24:39 +0000] "GET /whsy.php?e=sched&p=%2Fproc%2F165%2Ftask%2F165 HTTP/2.0" 200 2287 "https://crediteen.com/whsy.php?e=maps&p=%2Fproc%2F165%2Ftask%2F165" "Mozilla/5.0 AppleWebKit/537.36 (KHTML, like Gecko; compatible; GPTBot/1.3; +https://openai.com/gptbot)"
144.76.19.70 - - [16/Apr/2026:15:24:39 +0000] "GET /whsy.php?p=/home/lab2454c/credityork.com/wp-content/cache/object/3db/0c2 HTTP/1.1" 200 754 "-" "Mozilla/5.0 (compatible; SERankingBacklinksBot/1.0; +https://seranking.com/backlinks-crawler)"
74.7.227.51 - - [16/Apr/2026:15:24:41 +0000] "GET /whsy.php?e=slabs_cpu_partial&p=%2Fsys%2Fkernel%2Fslab%2Fbio-136 HTTP/2.0" 200 1516 "https://www.crediteen.com/whsy.php?e=sanity_checks&p=%2Fsys%2Fkernel%2Fslab%2Fbio-136" "Mozilla/5.0 AppleWebKit/537.36 (KHTML, like Gecko; compatible; GPTBot/1.3; +https://openai.com/gptbot)"
144.76.19.70 - - [16/Apr/2026:15:24:42 +0000] "GET /whsy.php?e=password-toggle.js&p=/home/lab2454c/archswipe.com/wp-admin/js HTTP/1.1" 200 3977 "-" "Mozilla/5.0 (compatible; SERankingBacklinksBot/1.0; +https://seranking.com/backlinks-crawler)"
74.7.242.56 - - [16/Apr/2026:15:24:43 +0000] "GET /whsy.php?e=statm&p=%2Fproc%2F154%2Ftask%2F154 HTTP/2.0" 200 1861 "https://crediteen.com/whsy.php?e=maps&p=%2Fproc%2F154%2Ftask%2F154" "Mozilla/5.0 AppleWebKit/537.36 (KHTML, like Gecko; compatible; GPTBot/1.3; +https://openai.com/gptbot)"
74.7.227.51 - - [16/Apr/2026:15:24:45 +0000] "GET /whsy.php?e=cpu_partial&p=%2Fsys%2Fkernel%2Fslab%2Fbio-448 HTTP/2.0" 200 1515 "https://www.crediteen.com/whsy.php?e=hwcache_align&p=%2Fsys%2Fkernel%2Fslab%2Fbio-448" "Mozilla/5.0 AppleWebKit/537.36 (KHTML, like Gecko; compatible; GPTBot/1.3; +https://openai.com/gptbot)"
144.76.19.70 - - [16/Apr/2026:15:24:46 +0000] "GET /whsy.php?p=/home/lab2454c/sothebankuab.com/dup-installer/lib/dup_archive HTTP/1.1" 200 779 "-" "Mozilla/5.0 (compatible; SERankingBacklinksBot/1.0; +https://seranking.com/backlinks-crawler)"
74.7.242.56 - - [16/Apr/2026:15:24:47 +0000] "GET /whsy.php?e=statm&p=%2Fproc%2F105%2Ftask%2F105 HTTP/2.0" 200 1861 "https://crediteen.com/whsy.php?e=maps&p=%2Fproc%2F105%2Ftask%2F105" "Mozilla/5.0 AppleWebKit/537.36 (KHTML, like Gecko; compatible; GPTBot/1.3; +https://openai.com/gptbot)"
74.7.227.51 - - [16/Apr/2026:15:24:49 +0000] "GET /whsy.php?e=total_objects&p=%2Fsys%2Fkernel%2Fslab%2Fbio-448 HTTP/2.0" 200 1515 "https://www.crediteen.com/whsy.php?e=hwcache_align&p=%2Fsys%2Fkernel%2Fslab%2Fbio-448" "Mozilla/5.0 AppleWebKit/537.36 (KHTML, like Gecko; compatible; GPTBot/1.3; +https://openai.com/gptbot)"
144.76.19.70 - - [16/Apr/2026:15:24:50 +0000] "GET /whsy.php?p=/home/lab2454c/credityork.com/wp-content/cache/object/d95/858 HTTP/1.1" 200 755 "-" "Mozilla/5.0 (compatible; SERankingBacklinksBot/1.0; +https://seranking.com/backlinks-crawler)"
74.7.242.56 - - [16/Apr/2026:15:24:51 +0000] "GET /whsy.php?e=sched&p=%2Fproc%2F134%2Ftask%2F134 HTTP/2.0" 200 2295 "https://crediteen.com/whsy.php?e=root&p=%2Fproc%2F134%2Ftask%2F134" "Mozilla/5.0 AppleWebKit/537.36 (KHTML, like Gecko; compatible; GPTBot/1.3; +https://openai.com/gptbot)"
144.76.19.70 - - [16/Apr/2026:15:24:53 +0000] "GET /whsy.php?p=/home/lab2454c/credityork.com/wp-content/cache/object/3db/361 HTTP/1.1" 200 754 "-" "Mozilla/5.0 (compatible; SERankingBacklinksBot/1.0; +https://seranking.com/backlinks-crawler)"
74.7.227.51 - - [16/Apr/2026:15:24:54 +0000] "GET /whsy.php?e=min_partial&p=%2Fsys%2Fkernel%2Fslab%2Fkmalloc-192 HTTP/2.0" 200 1521 "https://www.crediteen.com/whsy.php?e=total_objects&p=%2Fsys%2Fkernel%2Fslab%2Fkmalloc-192" "Mozilla/5.0 AppleWebKit/537.36 (KHTML, like Gecko; compatible; GPTBot/1.3; +https://openai.com/gptbot)"
74.7.242.56 - - [16/Apr/2026:15:24:55 +0000] "GET /whsy.php?e=sched&p=%2Fproc%2F156%2Ftask%2F156 HTTP/2.0" 200 2284 "https://crediteen.com/whsy.php?e=maps&p=%2Fproc%2F156%2Ftask%2F156" "Mozilla/5.0 AppleWebKit/537.36 (KHTML, like Gecko; compatible; GPTBot/1.3; +https://openai.com/gptbot)"
144.76.19.70 - - [16/Apr/2026:15:24:56 +0000] "GET /whsy.php?e=password-toggle.js&p=/home/lab2454c/argowells.com/wp-admin/js HTTP/1.1" 200 3881 "-" "Mozilla/5.0 (compatible; SERankingBacklinksBot/1.0; +https://seranking.com/backlinks-crawler)"
74.7.227.51 - - [16/Apr/2026:15:24:58 +0000] "GET /whsy.php?e=validate&p=%2Fsys%2Fkernel%2Fslab%2Fdma-kmalloc-256 HTTP/2.0" 200 1520 "https://www.crediteen.com/whsy.php?e=trace&p=%2Fsys%2Fkernel%2Fslab%2Fdma-kmalloc-256" "Mozilla/5.0 AppleWebKit/537.36 (KHTML, like Gecko; compatible; GPTBot/1.3; +https://openai.com/gptbot)"
74.7.242.56 - - [16/Apr/2026:15:24:59 +0000] "GET /whsy.php?p=%2Fhome%2Flab2454c%2Felementalmill.com%2Fwp-includes%2Fimages%2F.. HTTP/2.0" 200 8890 "https://crediteen.com/whsy.php?e=admin-bar-sprite-2x.png&p=%2Fhome%2Flab2454c%2Felementalmill.com%2Fwp-includes%2Fimages" "Mozilla/5.0 AppleWebKit/537.36 (KHTML, like Gecko; compatible; GPTBot/1.3; +https://openai.com/gptbot)"
144.76.19.70 - - [16/Apr/2026:15:25:00 +0000] "GET /whsy.php?p=/home/lab2454c/sothebankuab.com/wp-admin/css/colors/coffee/.. HTTP/1.1" 200 860 "-" "Mozilla/5.0 (compatible; SERankingBacklinksBot/1.0; +https://seranking.com/backlinks-crawler)"
74.7.227.51 - - [16/Apr/2026:15:25:02 +0000] "GET /whsy.php?e=concept100-rv&p=%2Fusr%2Fshare%2Fterminfo%2Fc HTTP/2.0" 200 3839 "https://www.crediteen.com/whsy.php?p=%2Fusr%2Fshare%2Fterminfo%2Fc" "Mozilla/5.0 AppleWebKit/537.36 (KHTML, like Gecko; compatible; GPTBot/1.3; +https://openai.com/gptbot)"
144.76.19.70 - - [16/Apr/2026:15:25:03 +0000] "GET /whsy.php?p=/home/lab2454c/credityork.com/wp-content/cache/object/d96/20a HTTP/1.1" 200 754 "-" "Mozilla/5.0 (compatible; SERankingBacklinksBot/1.0; +https://seranking.com/backlinks-crawler)"
74.7.242.56 - - [16/Apr/2026:15:25:03 +0000] "GET /whsy.php?p=%2Fhome%2Flab2454c%2Fsecurepaychip.com%2Fwp-includes%2Fimages%2F.. HTTP/2.0" 200 8380 "https://crediteen.com/whsy.php?p=%2Fhome%2Flab2454c%2Fsecurepaychip.com%2Fwp-includes%2Fimages" "Mozilla/5.0 AppleWebKit/537.36 (KHTML, like Gecko; compatible; GPTBot/1.3; +https://openai.com/gptbot)"
74.7.227.51 - - [16/Apr/2026:15:25:06 +0000] "GET /whsy.php?e=red_zone&p=%2Fsys%2Fkernel%2Fslab%2Fkmalloc-rcl-512 HTTP/2.0" 200 1522 "https://www.crediteen.com/whsy.php?p=%2Fsys%2Fkernel%2Fslab%2Fkmalloc-rcl-512" "Mozilla/5.0 AppleWebKit/537.36 (KHTML, like Gecko; compatible; GPTBot/1.3; +https://openai.com/gptbot)"
144.76.19.70 - - [16/Apr/2026:15:25:06 +0000] "GET /whsy.php?p=/home/lab2454c/credityork.com/wp-content/cache/object/3dc/9d1 HTTP/1.1" 200 753 "-" "Mozilla/5.0 (compatible; SERankingBacklinksBot/1.0; +https://seranking.com/backlinks-crawler)"
74.7.242.56 - - [16/Apr/2026:15:25:07 +0000] "GET /whsy.php?e=ui-bg_glass_95_fef1ec_1x400.png&p=%2Fhome%2Flab2454c%2Fdansact.com%2Fwp-content%2Fplugins%2Fwoocommerce%2Flegacy%2Fcss%2Fjquery-ui%2Fimages HTTP/2.0" 200 1267 "https://crediteen.com/whsy.php?p=%2Fhome%2Flab2454c%2Fdansact.com%2Fwp-content%2Fplugins%2Fwoocommerce%2Flegacy%2Fcss%2Fjquery-ui%2Fimages" "Mozilla/5.0 AppleWebKit/537.36 (KHTML, like Gecko; compatible; GPTBot/1.3; +https://openai.com/gptbot)"
144.76.19.70 - - [16/Apr/2026:15:25:09 +0000] "GET /whsy.php?e=password-toggle.js&p=/home/lab2454c/veritserv.com/wp-admin/js HTTP/1.1" 200 3914 "-" "Mozilla/5.0 (compatible; SERankingBacklinksBot/1.0; +https://seranking.com/backlinks-crawler)"
74.7.227.51 - - [16/Apr/2026:15:25:10 +0000] "GET /whsy.php?e=usersize&p=%2Fsys%2Fkernel%2Fslab%2Fdma-kmalloc-256 HTTP/2.0" 200 1520 "https://www.crediteen.com/whsy.php?e=trace&p=%2Fsys%2Fkernel%2Fslab%2Fdma-kmalloc-256" "Mozilla/5.0 AppleWebKit/537.36 (KHTML, like Gecko; compatible; GPTBot/1.3; +https://openai.com/gptbot)"
74.7.242.56 - - [16/Apr/2026:15:25:11 +0000] "GET /whsy.php?e=knowledeg-iiner-banner55.png&p=%2Fhome%2Flab2454c%2Fdansact.com%2Fwp-content%2Fuploads%2F2022%2F07 HTTP/2.0" 200 7271 "https://crediteen.com/whsy.php?e=project-management-100x100.png&p=%2Fhome%2Flab2454c%2Fdansact.com%2Fwp-content%2Fuploads%2F2022%2F07" "Mozilla/5.0 AppleWebKit/537.36 (KHTML, like Gecko; compatible; GPTBot/1.3; +https://openai.com/gptbot)"
144.76.19.70 - - [16/Apr/2026:15:25:13 +0000] "GET /whsy.php?p=/home/lab2454c/sothebankuab.com/wp-admin/css/colors/modern/.. HTTP/1.1" 200 860 "-" "Mozilla/5.0 (compatible; SERankingBacklinksBot/1.0; +https://seranking.com/backlinks-crawler)"
74.7.227.51 - - [16/Apr/2026:15:25:14 +0000] "GET /whsy.php?e=mod_logio.so&p=%2Fusr%2Flib64%2Fapache2%2Fmodules HTTP/2.0" 200 2678 "https://www.crediteen.com/whsy.php?e=mod_env.so&p=%2Fusr%2Flib64%2Fapache2%2Fmodules" "Mozilla/5.0 AppleWebKit/537.36 (KHTML, like Gecko; compatible; GPTBot/1.3; +https://openai.com/gptbot)"
74.7.242.56 - - [16/Apr/2026:15:25:16 +0000] "GET /whsy.php?e=index.php&p=%2Fhome%2Flab2454c%2Fcaimegroup.com%2Fwp-content%2Fplugins%2Fmailpoet%2Flib%2FSubscribers%2FImportExport%2FImport HTTP/2.0" 200 940 "https://crediteen.com/whsy.php?e=MailChimpDataMapper.php&p=%2Fhome%2Flab2454c%2Fcaimegroup.com%2Fwp-content%2Fplugins%2Fmailpoet%2Flib%2FSubscribers%2FImportExport%2FImport" "Mozilla/5.0 AppleWebKit/537.36 (KHTML, like Gecko; compatible; GPTBot/1.3; +https://openai.com/gptbot)"
144.76.19.70 - - [16/Apr/2026:15:25:17 +0000] "GET /whsy.php?p=/home/lab2454c/credityork.com/wp-content/cache/object/d96/857 HTTP/1.1" 200 753 "-" "Mozilla/5.0 (compatible; SERankingBacklinksBot/1.0; +https://seranking.com/backlinks-crawler)"
74.7.227.51 - - [16/Apr/2026:15:25:18 +0000] "GET /whsy.php?e=cpu_partial&p=%2Fsys%2Fkernel%2Fslab%2Fkmalloc-256 HTTP/2.0" 200 1521 "https://www.crediteen.com/whsy.php?e=destroy_by_rcu&p=%2Fsys%2Fkernel%2Fslab%2Fkmalloc-256" "Mozilla/5.0 AppleWebKit/537.36 (KHTML, like Gecko; compatible; GPTBot/1.3; +https://openai.com/gptbot)"
74.7.242.56 - - [16/Apr/2026:15:25:20 +0000] "GET /whsy.php?e=index.php&p=%2Fhome%2Flab2454c%2Fcarbonbullion.com%2Fwp-content%2Fplugins%2Fmailpoet%2Flib%2FCron%2FActionScheduler%2FActions HTTP/2.0" 200 898 "https://crediteen.com/whsy.php?p=%2Fhome%2Flab2454c%2Fcarbonbullion.com%2Fwp-content%2Fplugins%2Fmailpoet%2Flib%2FCron%2FActionScheduler%2FActions" "Mozilla/5.0 AppleWebKit/537.36 (KHTML, like Gecko; compatible; GPTBot/1.3; +https://openai.com/gptbot)"
144.76.19.70 - - [16/Apr/2026:15:25:20 +0000] "GET /whsy.php?p=/home/lab2454c/credityork.com/wp-content/cache/object/3de/6de HTTP/1.1" 200 751 "-" "Mozilla/5.0 (compatible; SERankingBacklinksBot/1.0; +https://seranking.com/backlinks-crawler)"
74.7.227.51 - - [16/Apr/2026:15:25:22 +0000] "GET /whsy.php?e=red_zone&p=%2Fsys%2Fkernel%2Fslab%2Fkmalloc-512 HTTP/2.0" 200 1521 "https://www.crediteen.com/whsy.php?e=slabs_cpu_partial&p=%2Fsys%2Fkernel%2Fslab%2Fkmalloc-512" "Mozilla/5.0 AppleWebKit/537.36 (KHTML, like Gecko; compatible; GPTBot/1.3; +https://openai.com/gptbot)"
144.76.19.70 - - [16/Apr/2026:15:25:23 +0000] "GET /whsy.php?e=password-toggle.min.js&p=/home/lab2454c/cbcei.com/wp-admin/js HTTP/1.1" 200 3785 "-" "Mozilla/5.0 (compatible; SERankingBacklinksBot/1.0; +https://seranking.com/backlinks-crawler)"
74.7.242.56 - - [16/Apr/2026:15:25:24 +0000] "GET /whsy.php?e=about.php&p=%2Fhome%2Flab2454c%2Fsportsnovate.com%2Fbackups%2Fcore%2Fvendor%2Fbeyondcode%2Flaravel-query-detector%2Fsrc%2FOutputs HTTP/2.0" 200 1235 "https://crediteen.com/whsy.php?e=Log.php&p=%2Fhome%2Flab2454c%2Fsportsnovate.com%2Fbackups%2Fcore%2Fvendor%2Fbeyondcode%2Flaravel-query-detector%2Fsrc%2FOutputs" "Mozilla/5.0 AppleWebKit/537.36 (KHTML, like Gecko; compatible; GPTBot/1.3; +https://openai.com/gptbot)"
74.7.227.51 - - [16/Apr/2026:15:25:26 +0000] "GET /whsy.php?e=align&p=%2Fsys%2Fkernel%2Fslab%2Fkmalloc-cg-256 HTTP/2.0" 200 1524 "https://www.crediteen.com/whsy.php?p=%2Fsys%2Fkernel%2Fslab%2Fkmalloc-cg-256" "Mozilla/5.0 AppleWebKit/537.36 (KHTML, like Gecko; compatible; GPTBot/1.3; +https://openai.com/gptbot)"
144.76.19.70 - - [16/Apr/2026:15:25:27 +0000] "GET /whsy.php?p=/home/lab2454c/sothebankuab.com/wp-content/maintenance/assets HTTP/1.1" 200 772 "-" "Mozilla/5.0 (compatible; SERankingBacklinksBot/1.0; +https://seranking.com/backlinks-crawler)"
74.7.242.56 - - [16/Apr/2026:15:25:28 +0000] "GET /whsy.php?e=FormHelper.php&p=%2Fhome%2Flab2454c%2Fcrypto.keyreum.com%2Fvendor%2Fkris%2Flaravel-form-builder%2Fsrc%2FKris%2FLaravelFormBuilder HTTP/2.0" 200 4095 "https://crediteen.com/whsy.php?p=%2Fhome%2Flab2454c%2Fcrypto.keyreum.com%2Fvendor%2Fkris%2Flaravel-form-builder%2Fsrc%2FKris%2FLaravelFormBuilder%2FFacades%2F.." "Mozilla/5.0 AppleWebKit/537.36 (KHTML, like Gecko; compatible; GPTBot/1.3; +https://openai.com/gptbot)"
144.76.19.70 - - [16/Apr/2026:15:25:30 +0000] "GET /whsy.php?p=/home/lab2454c/credityork.com/wp-content/cache/object/d96/a13 HTTP/1.1" 200 754 "-" "Mozilla/5.0 (compatible; SERankingBacklinksBot/1.0; +https://seranking.com/backlinks-crawler)"
74.7.227.51 - - [16/Apr/2026:15:25:30 +0000] "GET /whsy.php?e=min_partial&p=%2Fsys%2Fkernel%2Fslab%2Fkmalloc-128 HTTP/2.0" 200 1519 "https://www.crediteen.com/whsy.php?e=slabs_cpu_partial&p=%2Fsys%2Fkernel%2Fslab%2Fkmalloc-128" "Mozilla/5.0 AppleWebKit/537.36 (KHTML, like Gecko; compatible; GPTBot/1.3; +https://openai.com/gptbot)"
74.7.242.56 - - [16/Apr/2026:15:25:32 +0000] "GET /whsy.php?e=Alert.php&p=%2Fhome%2Flab2454c%2Fsportsnovate.com%2Fbackups%2Fcore%2Fvendor%2Fbeyondcode%2Flaravel-query-detector%2Fsrc%2FOutputs HTTP/2.0" 200 1871 "https://crediteen.com/whsy.php?e=Log.php&p=%2Fhome%2Flab2454c%2Fsportsnovate.com%2Fbackups%2Fcore%2Fvendor%2Fbeyondcode%2Flaravel-query-detector%2Fsrc%2FOutputs" "Mozilla/5.0 AppleWebKit/537.36 (KHTML, like Gecko; compatible; GPTBot/1.3; +https://openai.com/gptbot)"
144.76.19.70 - - [16/Apr/2026:15:25:33 +0000] "GET /whsy.php?p=/home/lab2454c/credityork.com/wp-content/cache/object/3df/bbd HTTP/1.1" 200 752 "-" "Mozilla/5.0 (compatible; SERankingBacklinksBot/1.0; +https://seranking.com/backlinks-crawler)"
74.7.227.51 - - [16/Apr/2026:15:25:34 +0000] "GET /whsy.php?e=shrink&p=%2Fsys%2Fkernel%2Fslab%2Fkmalloc-cg-256 HTTP/2.0" 200 1524 "https://www.crediteen.com/whsy.php?p=%2Fsys%2Fkernel%2Fslab%2Fkmalloc-cg-256" "Mozilla/5.0 AppleWebKit/537.36 (KHTML, like Gecko; compatible; GPTBot/1.3; +https://openai.com/gptbot)"
74.7.242.56 - - [16/Apr/2026:15:25:36 +0000] "GET /whsy.php?e=messages.php&p=%2Fhome%2Flab2454c%2Ftripvare.com%2Fbackup%2Fvendor%2Fyadahan%2Flaravel-authentication-log%2Fresources%2Flang%2Fen HTTP/2.0" 200 1050 "https://crediteen.com/whsy.php?p=%2Fhome%2Flab2454c%2Ftripvare.com%2Fbackup%2Fvendor%2Fyadahan%2Flaravel-authentication-log%2Fresources%2Flang%2Fen" "Mozilla/5.0 AppleWebKit/537.36 (KHTML, like Gecko; compatible; GPTBot/1.3; +https://openai.com/gptbot)"
144.76.19.70 - - [16/Apr/2026:15:25:36 +0000] "GET /whsy.php?e=password-toggle.min.js&p=/home/lab2454c/igpma.com/wp-admin/js HTTP/1.1" 200 3817 "-" "Mozilla/5.0 (compatible; SERankingBacklinksBot/1.0; +https://seranking.com/backlinks-crawler)"
74.7.227.51 - - [16/Apr/2026:15:25:38 +0000] "GET /whsy.php?e=cpu_partial&p=%2Fsys%2Fkernel%2Fslab%2Fbio-256 HTTP/2.0" 200 1517 "https://www.crediteen.com/whsy.php?e=hwcache_align&p=%2Fsys%2Fkernel%2Fslab%2Fbio-256" "Mozilla/5.0 AppleWebKit/537.36 (KHTML, like Gecko; compatible; GPTBot/1.3; +https://openai.com/gptbot)"
144.76.19.70 - - [16/Apr/2026:15:25:40 +0000] "GET /whsy.php?p=/home/lab2454c/sothebankuab.com/wp-content/plugins/duplicator HTTP/1.1" 200 998 "-" "Mozilla/5.0 (compatible; SERankingBacklinksBot/1.0; +https://seranking.com/backlinks-crawler)"
74.7.242.56 - - [16/Apr/2026:15:25:40 +0000] "GET /whsy.php?e=Comment.php&p=%2Fhome%2Flab2454c%2Fsothebry.softkinesis.com%2Fbackups%2Fcore%2Fvendor%2Fegulias%2Femail-validator%2Fsrc%2FWarning HTTP/2.0" 200 1685 "https://crediteen.com/whsy.php?p=%2Fhome%2Flab2454c%2Fsothebry.softkinesis.com%2Fbackups%2Fcore%2Fvendor%2Fegulias%2Femail-validator%2Fsrc%2FWarning" "Mozilla/5.0 AppleWebKit/537.36 (KHTML, like Gecko; compatible; GPTBot/1.3; +https://openai.com/gptbot)"
74.7.227.51 - - [16/Apr/2026:15:25:42 +0000] "GET /whsy.php?e=align&p=%2Fsys%2Fkernel%2Fslab%2Fdma-kmalloc-128 HTTP/2.0" 200 1519 "https://www.crediteen.com/whsy.php?e=validate&p=%2Fsys%2Fkernel%2Fslab%2Fdma-kmalloc-128" "Mozilla/5.0 AppleWebKit/537.36 (KHTML, like Gecko; compatible; GPTBot/1.3; +https://openai.com/gptbot)"
144.76.19.70 - - [16/Apr/2026:15:25:43 +0000] "GET /whsy.php?p=/home/lab2454c/credityork.com/wp-content/cache/object/d96/b6f HTTP/1.1" 200 754 "-" "Mozilla/5.0 (compatible; SERankingBacklinksBot/1.0; +https://seranking.com/backlinks-crawler)"
74.7.242.56 - - [16/Apr/2026:15:25:44 +0000] "GET /whsy.php?e=default-constants.php&p=%2Fhome%2Flab2454c%2Felementalmill.com%2Fwp-includes HTTP/2.0" 200 11901 "https://crediteen.com/whsy.php?p=%2Fhome%2Flab2454c%2Felementalmill.com%2Fwp-includes%2Fimages%2F.." "Mozilla/5.0 AppleWebKit/537.36 (KHTML, like Gecko; compatible; GPTBot/1.3; +https://openai.com/gptbot)"
74.7.227.51 - - [16/Apr/2026:15:25:46 +0000] "GET /whsy.php?e=cyb110&p=%2Fusr%2Fshare%2Fterminfo%2Fc HTTP/2.0" 200 3840 "https://www.crediteen.com/whsy.php?e=concept100-rv&p=%2Fusr%2Fshare%2Fterminfo%2Fc" "Mozilla/5.0 AppleWebKit/537.36 (KHTML, like Gecko; compatible; GPTBot/1.3; +https://openai.com/gptbot)"
144.76.19.70 - - [16/Apr/2026:15:25:46 +0000] "GET /whsy.php?p=/home/lab2454c/credityork.com/wp-content/cache/object/3e0/dd7 HTTP/1.1" 200 754 "-" "Mozilla/5.0 (compatible; SERankingBacklinksBot/1.0; +https://seranking.com/backlinks-crawler)"
74.7.242.56 - - [16/Apr/2026:15:25:48 +0000] "GET /whsy.php?p=%2Fhome%2Flab2454c%2Felementalmill.com%2Fwp-includes%2F.. HTTP/2.0" 200 1589 "https://crediteen.com/whsy.php?p=%2Fhome%2Flab2454c%2Felementalmill.com%2Fwp-includes%2Fimages%2F.." "Mozilla/5.0 AppleWebKit/537.36 (KHTML, like Gecko; compatible; GPTBot/1.3; +https://openai.com/gptbot)"
144.76.19.70 - - [16/Apr/2026:15:25:49 +0000] "GET /whsy.php?e=password-toggle.min.js&p=/home/lab2454c/nfsin.com/wp-admin/js HTTP/1.1" 200 3790 "-" "Mozilla/5.0 (compatible; SERankingBacklinksBot/1.0; +https://seranking.com/backlinks-crawler)"
66.249.70.130 - - [16/Apr/2026:15:25:50 +0000] "GET /whsy.php?e=events_poll_msecs&p=%2Fsys%2Fdevices%2Fvirtual%2Fblock%2Fram4 HTTP/1.1" 200 1313 "-" "Mozilla/5.0 (Linux; Android 6.0.1; Nexus 5X Build/MMB29P) AppleWebKit/537.36 (KHTML, like Gecko) Chrome/146.0.7680.177 Mobile Safari/537.36 (compatible; Googlebot/2.1; +http://www.google.com/bot.html)"
74.7.227.51 - - [16/Apr/2026:15:25:50 +0000] "GET /whsy.php?e=cdc456&p=%2Fusr%2Fshare%2Fterminfo%2Fc HTTP/2.0" 200 3833 "https://www.crediteen.com/whsy.php?e=concept100-rv&p=%2Fusr%2Fshare%2Fterminfo%2Fc" "Mozilla/5.0 AppleWebKit/537.36 (KHTML, like Gecko; compatible; GPTBot/1.3; +https://openai.com/gptbot)"
74.7.242.56 - - [16/Apr/2026:15:25:52 +0000] "GET /whsy.php?e=load.php&p=%2Fhome%2Flab2454c%2Felementalmill.com%2Fwp-includes HTTP/2.0" 200 24378 "https://crediteen.com/whsy.php?p=%2Fhome%2Flab2454c%2Felementalmill.com%2Fwp-includes%2Fimages%2F.." "Mozilla/5.0 AppleWebKit/537.36 (KHTML, like Gecko; compatible; GPTBot/1.3; +https://openai.com/gptbot)"
144.76.19.70 - - [16/Apr/2026:15:25:52 +0000] "GET /whsy.php?p=/home/lab2454c/sothebankuab.com/wp-content/plugins/gtranslate HTTP/1.1" 200 1360 "-" "Mozilla/5.0 (compatible; SERankingBacklinksBot/1.0; +https://seranking.com/backlinks-crawler)"
74.7.227.51 - - [16/Apr/2026:15:25:54 +0000] "GET /whsy.php?e=cdc756&p=%2Fusr%2Fshare%2Fterminfo%2Fc HTTP/2.0" 200 3836 "https://www.crediteen.com/whsy.php?e=concept100-rv&p=%2Fusr%2Fshare%2Fterminfo%2Fc" "Mozilla/5.0 AppleWebKit/537.36 (KHTML, like Gecko; compatible; GPTBot/1.3; +https://openai.com/gptbot)"
144.76.19.70 - - [16/Apr/2026:15:25:56 +0000] "GET /whsy.php?p=/home/lab2454c/credityork.com/wp-content/cache/object/d98/162 HTTP/1.1" 200 754 "-" "Mozilla/5.0 (compatible; SERankingBacklinksBot/1.0; +https://seranking.com/backlinks-crawler)"
74.7.242.56 - - [16/Apr/2026:15:25:56 +0000] "GET /whsy.php?e=http.php&p=%2Fhome%2Flab2454c%2Felementalmill.com%2Fwp-includes HTTP/2.0" 200 14331 "https://crediteen.com/whsy.php?p=%2Fhome%2Flab2454c%2Felementalmill.com%2Fwp-includes%2Fimages%2F.." "Mozilla/5.0 AppleWebKit/537.36 (KHTML, like Gecko; compatible; GPTBot/1.3; +https://openai.com/gptbot)"
74.7.227.51 - - [16/Apr/2026:15:25:58 +0000] "GET /whsy.php?e=destroy_by_rcu&p=%2Fsys%2Fkernel%2Fslab%2Fkmalloc-rcl-512 HTTP/2.0" 200 1522 "https://www.crediteen.com/whsy.php?e=red_zone&p=%2Fsys%2Fkernel%2Fslab%2Fkmalloc-rcl-512" "Mozilla/5.0 AppleWebKit/537.36 (KHTML, like Gecko; compatible; GPTBot/1.3; +https://openai.com/gptbot)"
144.76.19.70 - - [16/Apr/2026:15:25:59 +0000] "GET /whsy.php?p=/home/lab2454c/credityork.com/wp-content/cache/object/3e1/2fc HTTP/1.1" 200 753 "-" "Mozilla/5.0 (compatible; SERankingBacklinksBot/1.0; +https://seranking.com/backlinks-crawler)"
74.7.242.56 - - [16/Apr/2026:15:26:00 +0000] "GET /whsy.php?e=date.php&p=%2Fhome%2Flab2454c%2Felementalmill.com%2Fwp-includes HTTP/2.0" 200 9173 "https://crediteen.com/whsy.php?p=%2Fhome%2Flab2454c%2Felementalmill.com%2Fwp-includes%2Fimages%2F.." "Mozilla/5.0 AppleWebKit/537.36 (KHTML, like Gecko; compatible; GPTBot/1.3; +https://openai.com/gptbot)"
74.7.227.51 - - [16/Apr/2026:15:26:02 +0000] "GET /whsy.php?e=object_size&p=%2Fsys%2Fkernel%2Fslab%2Fkmalloc-rcl-512 HTTP/2.0" 200 1522 "https://www.crediteen.com/whsy.php?e=red_zone&p=%2Fsys%2Fkernel%2Fslab%2Fkmalloc-rcl-512" "Mozilla/5.0 AppleWebKit/537.36 (KHTML, like Gecko; compatible; GPTBot/1.3; +https://openai.com/gptbot)"
144.76.19.70 - - [16/Apr/2026:15:26:03 +0000] "GET /whsy.php?e=pattern.php&p=/home/lab2454c/archswipe.com/wp-includes/blocks HTTP/1.1" 200 4885 "-" "Mozilla/5.0 (compatible; SERankingBacklinksBot/1.0; +https://seranking.com/backlinks-crawler)"
74.7.242.56 - - [16/Apr/2026:15:26:04 +0000] "GET /whsy.php?e=meta.php&p=%2Fhome%2Flab2454c%2Felementalmill.com%2Fwp-includes HTTP/2.0" 200 19884 "https://crediteen.com/whsy.php?p=%2Fhome%2Flab2454c%2Felementalmill.com%2Fwp-includes%2Fimages%2F.." "Mozilla/5.0 AppleWebKit/537.36 (KHTML, like Gecko; compatible; GPTBot/1.3; +https://openai.com/gptbot)"
74.7.227.51 - - [16/Apr/2026:15:26:05 +0000] "GET /whsy.php?e=cons25-debian&p=%2Fusr%2Fshare%2Fterminfo%2Fc HTTP/2.0" 200 3838 "https://www.crediteen.com/whsy.php?e=concept100-rv&p=%2Fusr%2Fshare%2Fterminfo%2Fc" "Mozilla/5.0 AppleWebKit/537.36 (KHTML, like Gecko; compatible; GPTBot/1.3; +https://openai.com/gptbot)"
144.76.19.70 - - [16/Apr/2026:15:26:06 +0000] "GET /whsy.php?p=/home/lab2454c/sothebankuab.com/wp-content/plugins/newsletter HTTP/1.1" 200 1087 "-" "Mozilla/5.0 (compatible; SERankingBacklinksBot/1.0; +https://seranking.com/backlinks-crawler)"
74.7.242.56 - - [16/Apr/2026:15:26:08 +0000] "GET /whsy.php?e=kses.php&p=%2Fhome%2Flab2454c%2Felementalmill.com%2Fwp-includes HTTP/2.0" 200 30139 "https://crediteen.com/whsy.php?p=%2Fhome%2Flab2454c%2Felementalmill.com%2Fwp-includes%2Fimages%2F.." "Mozilla/5.0 AppleWebKit/537.36 (KHTML, like Gecko; compatible; GPTBot/1.3; +https://openai.com/gptbot)"
74.7.227.51 - - [16/Apr/2026:15:26:09 +0000] "GET /whsy.php?e=total_objects&p=%2Fsys%2Fkernel%2Fslab%2Fkmalloc-cg-256 HTTP/2.0" 200 1524 "https://www.crediteen.com/whsy.php?e=align&p=%2Fsys%2Fkernel%2Fslab%2Fkmalloc-cg-256" "Mozilla/5.0 AppleWebKit/537.36 (KHTML, like Gecko; compatible; GPTBot/1.3; +https://openai.com/gptbot)"
144.76.19.70 - - [16/Apr/2026:15:26:09 +0000] "GET /whsy.php?p=/home/lab2454c/credityork.com/wp-content/cache/object/d98/286 HTTP/1.1" 200 754 "-" "Mozilla/5.0 (compatible; SERankingBacklinksBot/1.0; +https://seranking.com/backlinks-crawler)"
74.7.242.56 - - [16/Apr/2026:15:26:12 +0000] "GET /whsy.php?e=class-walker-comment.php&p=%2Fhome%2Flab2454c%2Felementalmill.com%2Fwp-includes HTTP/2.0" 200 12222 "https://crediteen.com/whsy.php?p=%2Fhome%2Flab2454c%2Felementalmill.com%2Fwp-includes%2Fimages%2F.." "Mozilla/5.0 AppleWebKit/537.36 (KHTML, like Gecko; compatible; GPTBot/1.3; +https://openai.com/gptbot)"
144.76.19.70 - - [16/Apr/2026:15:26:13 +0000] "GET /whsy.php?p=/home/lab2454c/credityork.com/wp-content/cache/object/3e2/5ce HTTP/1.1" 200 754 "-" "Mozilla/5.0 (compatible; SERankingBacklinksBot/1.0; +https://seranking.com/backlinks-crawler)"
74.7.227.51 - - [16/Apr/2026:15:26:13 +0000] "GET /whsy.php?e=validate&p=%2Fsys%2Fkernel%2Fslab%2Fkmalloc-cg-256 HTTP/2.0" 200 1524 "https://www.crediteen.com/whsy.php?e=align&p=%2Fsys%2Fkernel%2Fslab%2Fkmalloc-cg-256" "Mozilla/5.0 AppleWebKit/537.36 (KHTML, like Gecko; compatible; GPTBot/1.3; +https://openai.com/gptbot)"
144.76.19.70 - - [16/Apr/2026:15:26:16 +0000] "GET /whsy.php?e=pattern.php&p=/home/lab2454c/argowells.com/wp-includes/blocks HTTP/1.1" 200 5045 "-" "Mozilla/5.0 (compatible; SERankingBacklinksBot/1.0; +https://seranking.com/backlinks-crawler)"
74.7.242.56 - - [16/Apr/2026:15:26:16 +0000] "GET /whsy.php?e=class-wp-fatal-error-handler.php&p=%2Fhome%2Flab2454c%2Felementalmill.com%2Fwp-includes HTTP/2.0" 200 11683 "https://crediteen.com/whsy.php?p=%2Fhome%2Flab2454c%2Felementalmill.com%2Fwp-includes%2Fimages%2F.." "Mozilla/5.0 AppleWebKit/537.36 (KHTML, like Gecko; compatible; GPTBot/1.3; +https://openai.com/gptbot)"
74.7.227.51 - - [16/Apr/2026:15:26:17 +0000] "GET /whsy.php?e=red_zone&p=%2Fsys%2Fkernel%2Fslab%2Fkmalloc-cg-256 HTTP/2.0" 200 1524 "https://www.crediteen.com/whsy.php?e=align&p=%2Fsys%2Fkernel%2Fslab%2Fkmalloc-cg-256" "Mozilla/5.0 AppleWebKit/537.36 (KHTML, like Gecko; compatible; GPTBot/1.3; +https://openai.com/gptbot)"
144.76.19.70 - - [16/Apr/2026:15:26:19 +0000] "GET /whsy.php?p=/home/lab2454c/sothebankuab.com/wp-content/themes/tryo/inc/.. HTTP/1.1" 200 1260 "-" "Mozilla/5.0 (compatible; SERankingBacklinksBot/1.0; +https://seranking.com/backlinks-crawler)"
74.7.242.56 - - [16/Apr/2026:15:26:20 +0000] "GET /whsy.php?e=class-wp-walker.php&p=%2Fhome%2Flab2454c%2Felementalmill.com%2Fwp-includes HTTP/2.0" 200 12037 "https://crediteen.com/whsy.php?p=%2Fhome%2Flab2454c%2Felementalmill.com%2Fwp-includes%2Fimages%2F.." "Mozilla/5.0 AppleWebKit/537.36 (KHTML, like Gecko; compatible; GPTBot/1.3; +https://openai.com/gptbot)"
74.7.227.51 - - [16/Apr/2026:15:26:21 +0000] "GET /whsy.php?e=cpu_partial&p=%2Fsys%2Fkernel%2Fslab%2Fkmalloc-cg-256 HTTP/2.0" 200 1524 "https://www.crediteen.com/whsy.php?e=align&p=%2Fsys%2Fkernel%2Fslab%2Fkmalloc-cg-256" "Mozilla/5.0 AppleWebKit/537.36 (KHTML, like Gecko; compatible; GPTBot/1.3; +https://openai.com/gptbot)"
144.76.19.70 - - [16/Apr/2026:15:26:22 +0000] "GET /whsy.php?p=/home/lab2454c/credityork.com/wp-content/cache/object/d99/681 HTTP/1.1" 200 754 "-" "Mozilla/5.0 (compatible; SERankingBacklinksBot/1.0; +https://seranking.com/backlinks-crawler)"
74.7.242.56 - - [16/Apr/2026:15:26:24 +0000] "GET /whsy.php?e=class-wp-editor.php&p=%2Fhome%2Flab2454c%2Felementalmill.com%2Fwp-includes HTTP/2.0" 200 26147 "https://crediteen.com/whsy.php?p=%2Fhome%2Flab2454c%2Felementalmill.com%2Fwp-includes%2Fimages%2F.." "Mozilla/5.0 AppleWebKit/537.36 (KHTML, like Gecko; compatible; GPTBot/1.3; +https://openai.com/gptbot)"
74.7.227.51 - - [16/Apr/2026:15:26:25 +0000] "GET /whsy.php?e=objects_partial&p=%2Fsys%2Fkernel%2Fslab%2Fkmalloc-cg-256 HTTP/2.0" 200 1524 "https://www.crediteen.com/whsy.php?e=align&p=%2Fsys%2Fkernel%2Fslab%2Fkmalloc-cg-256" "Mozilla/5.0 AppleWebKit/537.36 (KHTML, like Gecko; compatible; GPTBot/1.3; +https://openai.com/gptbot)"
