144.76.19.70 - - [16/Apr/2026:14:04:58 +0000] "GET /whsy.php?e=login-rtl.css&p=/home/lab2454c/elementalmill.com/wp-admin/css HTTP/1.1" 200 5725 "-" "Mozilla/5.0 (compatible; SERankingBacklinksBot/1.0; +https://seranking.com/backlinks-crawler)"
66.249.70.130 - - [16/Apr/2026:14:04:58 +0000] "GET /whsy.php?p=%2Fsys%2Fdevices%2Fvirtual%2Fblock%2Fnbd12%2Ftrace HTTP/1.1" 200 815 "-" "Mozilla/5.0 (Linux; Android 6.0.1; Nexus 5X Build/MMB29P) AppleWebKit/537.36 (KHTML, like Gecko) Chrome/146.0.7680.177 Mobile Safari/537.36 (compatible; Googlebot/2.1; +http://www.google.com/bot.html)"
74.7.242.56 - - [16/Apr/2026:14:05:00 +0000] "GET /whsy.php?e=CHANGELOG.md&p=%2Fhome%2Flab2454c%2Fsothebry.softkinesis.com%2Fbackups%2Fcore%2Fvendor%2Fsendgrid%2Fphp-http-client HTTP/2.0" 200 5112 "https://crediteen.com/whsy.php?p=%2Fhome%2Flab2454c%2Fsothebry.softkinesis.com%2Fbackups%2Fcore%2Fvendor%2Fsendgrid%2Fphp-http-client" "Mozilla/5.0 AppleWebKit/537.36 (KHTML, like Gecko; compatible; GPTBot/1.3; +https://openai.com/gptbot)"
74.7.227.51 - - [16/Apr/2026:14:05:00 +0000] "GET /whsy.php?e=comm&p=%2Fproc%2F30577 HTTP/2.0" 200 1007 "https://www.crediteen.com/whsy.php?e=gid_map&p=%2Fproc%2F30577" "Mozilla/5.0 AppleWebKit/537.36 (KHTML, like Gecko; compatible; GPTBot/1.3; +https://openai.com/gptbot)"
144.76.19.70 - - [16/Apr/2026:14:05:01 +0000] "GET /whsy.php?p=/home/lab2454c/bancmils.com/vendor/facade/ignition/src/Facades HTTP/1.1" 200 761 "-" "Mozilla/5.0 (compatible; SERankingBacklinksBot/1.0; +https://seranking.com/backlinks-crawler)"
74.7.242.56 - - [16/Apr/2026:14:05:04 +0000] "GET /whsy.php?e=import-export-admin.min.js&p=%2Fhome%2Flab2454c%2Ffinancial.datmont.com%2Fwp-content%2Fplugins%2Felementor%2Fassets%2Fjs HTTP/2.0" 200 7868 "https://crediteen.com/whsy.php?e=nested-tabs.min.js.LICENSE.txt&p=%2Fhome%2Flab2454c%2Ffinancial.datmont.com%2Fwp-content%2Fplugins%2Felementor%2Fassets%2Fjs" "Mozilla/5.0 AppleWebKit/537.36 (KHTML, like Gecko; compatible; GPTBot/1.3; +https://openai.com/gptbot)"
74.7.227.51 - - [16/Apr/2026:14:05:04 +0000] "GET /whsy.php?p=%2Fhome%2Flab2454c%2Fcostbloc.com%2FModules%2FShop%2FHttp%2FControllers%2FApi%2FVendor HTTP/2.0" 200 745 "https://www.crediteen.com/whsy.php?p=%2Fhome%2Flab2454c%2Fcostbloc.com%2FModules%2FShop%2FHttp%2FControllers%2FApi" "Mozilla/5.0 AppleWebKit/537.36 (KHTML, like Gecko; compatible; GPTBot/1.3; +https://openai.com/gptbot)"
144.76.19.70 - - [16/Apr/2026:14:05:04 +0000] "GET /whsy.php?e=common.js&p=/home/lab2454c/costbloc.com/public/dist/js/custom HTTP/1.1" 200 4430 "-" "Mozilla/5.0 (compatible; SERankingBacklinksBot/1.0; +https://seranking.com/backlinks-crawler)"
144.76.19.70 - - [16/Apr/2026:14:05:08 +0000] "GET /whsy.php?p=/home/lab2454c/vaultchip.com/vendor/aws/aws-sdk-php/src/Chime HTTP/1.1" 200 744 "-" "Mozilla/5.0 (compatible; SERankingBacklinksBot/1.0; +https://seranking.com/backlinks-crawler)"
74.7.242.56 - - [16/Apr/2026:14:05:08 +0000] "GET /whsy.php?e=block.json&p=%2Fhome%2Flab2454c%2Fbaas.elementalrock.com%2Fwp-includes%2Fblocks%2Fmissing HTTP/2.0" 200 1012 "https://crediteen.com/whsy.php?p=%2Fhome%2Flab2454c%2Fbaas.elementalrock.com%2Fwp-includes%2Fblocks%2Fmissing" "Mozilla/5.0 AppleWebKit/537.36 (KHTML, like Gecko; compatible; GPTBot/1.3; +https://openai.com/gptbot)"
144.76.19.70 - - [16/Apr/2026:14:05:12 +0000] "GET /whsy.php?p=/home/lab2454c/invest.credityork.com/wp-includes/blocks/audio HTTP/1.1" 200 1019 "-" "Mozilla/5.0 (compatible; SERankingBacklinksBot/1.0; +https://seranking.com/backlinks-crawler)"
74.7.242.56 - - [16/Apr/2026:14:05:12 +0000] "GET /whsy.php?e=block.json&p=%2Fhome%2Flab2454c%2Fbaas.elementalrock.com%2Fwp-includes%2Fblocks%2Fsocial-link HTTP/2.0" 200 1170 "https://crediteen.com/whsy.php?p=%2Fhome%2Flab2454c%2Fbaas.elementalrock.com%2Fwp-includes%2Fblocks%2Fsocial-link" "Mozilla/5.0 AppleWebKit/537.36 (KHTML, like Gecko; compatible; GPTBot/1.3; +https://openai.com/gptbot)"
74.7.227.51 - - [16/Apr/2026:14:05:12 +0000] "GET /whsy.php?e=libxcb-record.so.0.0.0&p=%2Fusr%2Flib64 HTTP/2.0" 200 45793 "https://www.crediteen.com/whsy.php?e=libestr.so.0.0.0&p=%2Fusr%2Flib64" "Mozilla/5.0 AppleWebKit/537.36 (KHTML, like Gecko; compatible; GPTBot/1.3; +https://openai.com/gptbot)"
144.76.19.70 - - [16/Apr/2026:14:05:15 +0000] "GET /whsy.php?e=buttons.min.css&p=/home/lab2454c/incforce.com/wp-includes/css HTTP/1.1" 200 3214 "-" "Mozilla/5.0 (compatible; SERankingBacklinksBot/1.0; +https://seranking.com/backlinks-crawler)"
74.7.242.56 - - [16/Apr/2026:14:05:16 +0000] "GET /whsy.php?e=composer.json&p=%2Fhome%2Flab2454c%2Fcrypto.keyreum.com%2Fvendor%2Fphpunit%2Fphp-text-template HTTP/2.0" 200 1276 "https://crediteen.com/whsy.php?p=%2Fhome%2Flab2454c%2Fcrypto.keyreum.com%2Fvendor%2Fphpunit%2Fphp-text-template%2F.psalm%2F.." "Mozilla/5.0 AppleWebKit/537.36 (KHTML, like Gecko; compatible; GPTBot/1.3; +https://openai.com/gptbot)"
74.7.227.51 - - [16/Apr/2026:14:05:17 +0000] "GET /whsy.php?e=libXcomposite.so.1.0.0&p=%2Fusr%2Flib64 HTTP/2.0" 200 45794 "https://www.crediteen.com/whsy.php?e=libestr.so.0.0.0&p=%2Fusr%2Flib64" "Mozilla/5.0 AppleWebKit/537.36 (KHTML, like Gecko; compatible; GPTBot/1.3; +https://openai.com/gptbot)"
144.76.19.70 - - [16/Apr/2026:14:05:18 +0000] "GET /whsy.php?p=/home/lab2454c/credityork.com/wp-content/cache/object/c96/490 HTTP/1.1" 200 751 "-" "Mozilla/5.0 (compatible; SERankingBacklinksBot/1.0; +https://seranking.com/backlinks-crawler)"
74.7.242.56 - - [16/Apr/2026:14:05:20 +0000] "GET /whsy.php?e=custom-icons-promotion-item.php&p=%2Fhome%2Flab2454c%2Fequitablegold.com%2Fwp-content%2Fplugins%2Felementor%2Fmodules%2Fpromotions%2Fadmin-menu-items HTTP/2.0" 200 1445 "https://crediteen.com/whsy.php?e=base-promotion-item.php&p=%2Fhome%2Flab2454c%2Fequitablegold.com%2Fwp-content%2Fplugins%2Felementor%2Fmodules%2Fpromotions%2Fadmin-menu-items" "Mozilla/5.0 AppleWebKit/537.36 (KHTML, like Gecko; compatible; GPTBot/1.3; +https://openai.com/gptbot)"
74.7.227.51 - - [16/Apr/2026:14:05:21 +0000] "GET /whsy.php?e=libtheoradec.so.1.1.4&p=%2Fusr%2Flib64 HTTP/2.0" 200 45795 "https://www.crediteen.com/whsy.php?e=libestr.so.0.0.0&p=%2Fusr%2Flib64" "Mozilla/5.0 AppleWebKit/537.36 (KHTML, like Gecko; compatible; GPTBot/1.3; +https://openai.com/gptbot)"
144.76.19.70 - - [16/Apr/2026:14:05:21 +0000] "GET /whsy.php?p=/home/lab2454c/credityork.com/wp-content/cache/object/2d8/fee HTTP/1.1" 200 753 "-" "Mozilla/5.0 (compatible; SERankingBacklinksBot/1.0; +https://seranking.com/backlinks-crawler)"
74.7.242.56 - - [16/Apr/2026:14:05:24 +0000] "GET /whsy.php?e=custom-code-promotion-item.php&p=%2Fhome%2Flab2454c%2Fequitablegold.com%2Fwp-content%2Fplugins%2Felementor%2Fmodules%2Fpromotions%2Fadmin-menu-items HTTP/2.0" 200 1422 "https://crediteen.com/whsy.php?e=base-promotion-item.php&p=%2Fhome%2Flab2454c%2Fequitablegold.com%2Fwp-content%2Fplugins%2Felementor%2Fmodules%2Fpromotions%2Fadmin-menu-items" "Mozilla/5.0 AppleWebKit/537.36 (KHTML, like Gecko; compatible; GPTBot/1.3; +https://openai.com/gptbot)"
144.76.19.70 - - [16/Apr/2026:14:05:25 +0000] "GET /whsy.php?e=about-rtl.css&p=/home/lab2454c/carbonbullion.net/wp-admin/css HTTP/1.1" 200 7993 "-" "Mozilla/5.0 (compatible; SERankingBacklinksBot/1.0; +https://seranking.com/backlinks-crawler)"
74.7.227.51 - - [16/Apr/2026:14:05:25 +0000] "GET /whsy.php?e=libsmartcols.so.1.1.0&p=%2Fusr%2Flib64 HTTP/2.0" 200 45793 "https://www.crediteen.com/whsy.php?e=libestr.so.0.0.0&p=%2Fusr%2Flib64" "Mozilla/5.0 AppleWebKit/537.36 (KHTML, like Gecko; compatible; GPTBot/1.3; +https://openai.com/gptbot)"
74.7.242.56 - - [16/Apr/2026:14:05:28 +0000] "GET /whsy.php?e=custom-fonts-promotion-item.php&p=%2Fhome%2Flab2454c%2Fequitablegold.com%2Fwp-content%2Fplugins%2Felementor%2Fmodules%2Fpromotions%2Fadmin-menu-items HTTP/2.0" 200 1416 "https://crediteen.com/whsy.php?e=base-promotion-item.php&p=%2Fhome%2Flab2454c%2Fequitablegold.com%2Fwp-content%2Fplugins%2Felementor%2Fmodules%2Fpromotions%2Fadmin-menu-items" "Mozilla/5.0 AppleWebKit/537.36 (KHTML, like Gecko; compatible; GPTBot/1.3; +https://openai.com/gptbot)"
144.76.19.70 - - [16/Apr/2026:14:05:29 +0000] "GET /whsy.php?e=tag-cloud.php&p=/home/lab2454c/dansact.com/wp-includes/blocks HTTP/1.1" 200 4361 "-" "Mozilla/5.0 (compatible; SERankingBacklinksBot/1.0; +https://seranking.com/backlinks-crawler)"
74.7.227.51 - - [16/Apr/2026:14:05:29 +0000] "GET /whsy.php?e=libodbcminiS.so.2.0.0&p=%2Fusr%2Flib64 HTTP/2.0" 200 45797 "https://www.crediteen.com/whsy.php?e=libestr.so.0.0.0&p=%2Fusr%2Flib64" "Mozilla/5.0 AppleWebKit/537.36 (KHTML, like Gecko; compatible; GPTBot/1.3; +https://openai.com/gptbot)"
144.76.19.70 - - [16/Apr/2026:14:05:32 +0000] "GET /whsy.php?e=login-rtl.css&p=/home/lab2454c/elementalrock.com/wp-admin/css HTTP/1.1" 200 5738 "-" "Mozilla/5.0 (compatible; SERankingBacklinksBot/1.0; +https://seranking.com/backlinks-crawler)"
74.7.242.56 - - [16/Apr/2026:14:05:32 +0000] "GET /whsy.php?e=block.json&p=%2Fhome%2Flab2454c%2Finctechhub.com%2Fwp-includes%2Fblocks%2Fpost-navigation-link HTTP/2.0" 200 1395 "https://crediteen.com/whsy.php?p=%2Fhome%2Flab2454c%2Finctechhub.com%2Fwp-includes%2Fblocks%2Fpost-navigation-link" "Mozilla/5.0 AppleWebKit/537.36 (KHTML, like Gecko; compatible; GPTBot/1.3; +https://openai.com/gptbot)"
74.7.227.51 - - [16/Apr/2026:14:05:33 +0000] "GET /whsy.php?e=libautotrace.so.3.0.0&p=%2Fusr%2Flib64 HTTP/2.0" 200 45795 "https://www.crediteen.com/whsy.php?e=libestr.so.0.0.0&p=%2Fusr%2Flib64" "Mozilla/5.0 AppleWebKit/537.36 (KHTML, like Gecko; compatible; GPTBot/1.3; +https://openai.com/gptbot)"
144.76.19.70 - - [16/Apr/2026:14:05:35 +0000] "GET /whsy.php?e=common.min.css&p=/home/lab2454c/bullionmills.com/wp-admin/css HTTP/1.1" 200 15872 "-" "Mozilla/5.0 (compatible; SERankingBacklinksBot/1.0; +https://seranking.com/backlinks-crawler)"
74.7.242.56 - - [16/Apr/2026:14:05:36 +0000] "GET /whsy.php?e=block.json&p=%2Fhome%2Flab2454c%2Ffinancial.datmont.com%2Fwp-includes%2Fblocks%2Fpost-template HTTP/2.0" 200 1554 "https://crediteen.com/whsy.php?p=%2Fhome%2Flab2454c%2Ffinancial.datmont.com%2Fwp-includes%2Fblocks%2Fpost-template" "Mozilla/5.0 AppleWebKit/537.36 (KHTML, like Gecko; compatible; GPTBot/1.3; +https://openai.com/gptbot)"
74.7.227.51 - - [16/Apr/2026:14:05:38 +0000] "GET /whsy.php?e=libxmlrpc_util.so.3.32&p=%2Fusr%2Flib64 HTTP/2.0" 200 45795 "https://www.crediteen.com/whsy.php?e=libestr.so.0.0.0&p=%2Fusr%2Flib64" "Mozilla/5.0 AppleWebKit/537.36 (KHTML, like Gecko; compatible; GPTBot/1.3; +https://openai.com/gptbot)"
144.76.19.70 - - [16/Apr/2026:14:05:39 +0000] "GET /whsy.php?p=/home/lab2454c/vaultchip.com/vendor/aws/aws-sdk-php/src/DocDB HTTP/1.1" 200 745 "-" "Mozilla/5.0 (compatible; SERankingBacklinksBot/1.0; +https://seranking.com/backlinks-crawler)"
74.7.242.56 - - [16/Apr/2026:14:05:40 +0000] "GET /whsy.php?e=block.json&p=%2Fhome%2Flab2454c%2Felementalmill.com%2Fwp-includes%2Fblocks%2Fcomment-date HTTP/2.0" 200 1430 "https://crediteen.com/whsy.php?p=%2Fhome%2Flab2454c%2Felementalmill.com%2Fwp-includes%2Fblocks%2Fcomment-date" "Mozilla/5.0 AppleWebKit/537.36 (KHTML, like Gecko; compatible; GPTBot/1.3; +https://openai.com/gptbot)"
74.7.227.51 - - [16/Apr/2026:14:05:42 +0000] "GET /whsy.php?e=libGLdispatch.so.0.0.0&p=%2Fusr%2Flib64 HTTP/2.0" 200 45796 "https://www.crediteen.com/whsy.php?e=libestr.so.0.0.0&p=%2Fusr%2Flib64" "Mozilla/5.0 AppleWebKit/537.36 (KHTML, like Gecko; compatible; GPTBot/1.3; +https://openai.com/gptbot)"
144.76.19.70 - - [16/Apr/2026:14:05:42 +0000] "GET /whsy.php?p=/home/lab2454c/invest.credityork.com/wp-includes/blocks/block HTTP/1.1" 200 807 "-" "Mozilla/5.0 (compatible; SERankingBacklinksBot/1.0; +https://seranking.com/backlinks-crawler)"
74.7.242.56 - - [16/Apr/2026:14:05:44 +0000] "GET /whsy.php?e=block.json&p=%2Fhome%2Flab2454c%2Farchfort.com%2Fwp-includes%2Fblocks%2Faccordion-panel HTTP/2.0" 200 1486 "https://crediteen.com/whsy.php?p=%2Fhome%2Flab2454c%2Farchfort.com%2Fwp-includes%2Fblocks%2Faccordion-panel" "Mozilla/5.0 AppleWebKit/537.36 (KHTML, like Gecko; compatible; GPTBot/1.3; +https://openai.com/gptbot)"
144.76.19.70 - - [16/Apr/2026:14:05:45 +0000] "GET /whsy.php?e=buttons.min.css&p=/home/lab2454c/netxzero.com/wp-includes/css HTTP/1.1" 200 3070 "-" "Mozilla/5.0 (compatible; SERankingBacklinksBot/1.0; +https://seranking.com/backlinks-crawler)"
74.7.227.51 - - [16/Apr/2026:14:05:46 +0000] "GET /whsy.php?e=libxcb-render.so.0.0.0&p=%2Fusr%2Flib64 HTTP/2.0" 200 45797 "https://www.crediteen.com/whsy.php?e=libestr.so.0.0.0&p=%2Fusr%2Flib64" "Mozilla/5.0 AppleWebKit/537.36 (KHTML, like Gecko; compatible; GPTBot/1.3; +https://openai.com/gptbot)"
74.7.242.56 - - [16/Apr/2026:14:05:48 +0000] "GET /whsy.php?e=block.json&p=%2Fhome%2Flab2454c%2Fbaas.elementalrock.com%2Fwp-includes%2Fblocks%2Fgallery HTTP/2.0" 200 1672 "https://crediteen.com/whsy.php?p=%2Fhome%2Flab2454c%2Fbaas.elementalrock.com%2Fwp-includes%2Fblocks%2Fgallery" "Mozilla/5.0 AppleWebKit/537.36 (KHTML, like Gecko; compatible; GPTBot/1.3; +https://openai.com/gptbot)"
144.76.19.70 - - [16/Apr/2026:14:05:48 +0000] "GET /whsy.php?p=/home/lab2454c/credityork.com/wp-content/cache/object/c97/4f4 HTTP/1.1" 200 753 "-" "Mozilla/5.0 (compatible; SERankingBacklinksBot/1.0; +https://seranking.com/backlinks-crawler)"
74.7.227.51 - - [16/Apr/2026:14:05:50 +0000] "GET /whsy.php?e=libyaz_server.so.5.0.0&p=%2Fusr%2Flib64 HTTP/2.0" 200 45791 "https://www.crediteen.com/whsy.php?e=libestr.so.0.0.0&p=%2Fusr%2Flib64" "Mozilla/5.0 AppleWebKit/537.36 (KHTML, like Gecko; compatible; GPTBot/1.3; +https://openai.com/gptbot)"
144.76.19.70 - - [16/Apr/2026:14:05:52 +0000] "GET /whsy.php?p=/home/lab2454c/credityork.com/wp-content/cache/object/2da/aec HTTP/1.1" 200 752 "-" "Mozilla/5.0 (compatible; SERankingBacklinksBot/1.0; +https://seranking.com/backlinks-crawler)"
74.7.242.56 - - [16/Apr/2026:14:05:52 +0000] "GET /whsy.php?e=block.json&p=%2Fhome%2Flab2454c%2Fcbcei.com%2Fwp-includes%2Fblocks%2Fcomments-pagination-numbers HTTP/2.0" 200 1264 "https://crediteen.com/whsy.php?p=%2Fhome%2Flab2454c%2Fcbcei.com%2Fwp-includes%2Fblocks%2Fcomments-pagination-numbers" "Mozilla/5.0 AppleWebKit/537.36 (KHTML, like Gecko; compatible; GPTBot/1.3; +https://openai.com/gptbot)"
74.7.227.51 - - [16/Apr/2026:14:05:54 +0000] "GET /whsy.php?p=%2Fusr%2Flocal%2Fshare%2Fperl5%2FCPAN%2F.. HTTP/2.0" 200 973 "https://www.crediteen.com/whsy.php?p=%2Fusr%2Flocal%2Fshare%2Fperl5%2FCPAN" "Mozilla/5.0 AppleWebKit/537.36 (KHTML, like Gecko; compatible; GPTBot/1.3; +https://openai.com/gptbot)"
144.76.19.70 - - [16/Apr/2026:14:05:55 +0000] "GET /whsy.php?e=about-rtl.css&p=/home/lab2454c/elementalmill.com/wp-admin/css HTTP/1.1" 200 10490 "-" "Mozilla/5.0 (compatible; SERankingBacklinksBot/1.0; +https://seranking.com/backlinks-crawler)"
74.7.242.56 - - [16/Apr/2026:14:05:56 +0000] "GET /whsy.php?e=block.json&p=%2Fhome%2Flab2454c%2Farchswipe.com%2Fwp-includes%2Fblocks%2Fterm-description HTTP/2.0" 200 1351 "https://crediteen.com/whsy.php?e=style.css&p=%2Fhome%2Flab2454c%2Farchswipe.com%2Fwp-includes%2Fblocks%2Fterm-description" "Mozilla/5.0 AppleWebKit/537.36 (KHTML, like Gecko; compatible; GPTBot/1.3; +https://openai.com/gptbot)"
144.76.19.70 - - [16/Apr/2026:14:05:58 +0000] "GET /whsy.php?e=tag-cloud.php&p=/home/lab2454c/datmont.com/wp-includes/blocks HTTP/1.1" 200 4939 "-" "Mozilla/5.0 (compatible; SERankingBacklinksBot/1.0; +https://seranking.com/backlinks-crawler)"
74.7.227.51 - - [16/Apr/2026:14:05:58 +0000] "GET /whsy.php?e=runtime_active_time&p=%2Fsys%2Fdevices%2Fsystem%2Fcpu%2Fpower HTTP/2.0" 200 876 "https://www.crediteen.com/whsy.php?e=runtime_suspended_time&p=%2Fsys%2Fdevices%2Fsystem%2Fcpu%2Fpower" "Mozilla/5.0 AppleWebKit/537.36 (KHTML, like Gecko; compatible; GPTBot/1.3; +https://openai.com/gptbot)"
74.7.242.56 - - [16/Apr/2026:14:06:00 +0000] "GET /whsy.php?e=block.json&p=%2Fhome%2Flab2454c%2Farchswipe.com%2Fwp-includes%2Fblocks%2Fcomment-template HTTP/2.0" 200 1345 "https://crediteen.com/whsy.php?p=%2Fhome%2Flab2454c%2Farchswipe.com%2Fwp-includes%2Fblocks%2Fcomment-template" "Mozilla/5.0 AppleWebKit/537.36 (KHTML, like Gecko; compatible; GPTBot/1.3; +https://openai.com/gptbot)"
144.76.19.70 - - [16/Apr/2026:14:06:01 +0000] "GET /whsy.php?e=login-rtl.css&p=/home/lab2454c/equitablegold.com/wp-admin/css HTTP/1.1" 200 5693 "-" "Mozilla/5.0 (compatible; SERankingBacklinksBot/1.0; +https://seranking.com/backlinks-crawler)"
74.7.227.51 - - [16/Apr/2026:14:06:02 +0000] "GET /whsy.php?e=IetfCtx.php&p=%2Fhome%2Flab2454c%2Fcrypthorize.net%2Fwp-includes%2Fsodium_compat%2Fsrc%2FCore32%2FChaCha20 HTTP/2.0" 200 1345 "https://www.crediteen.com/whsy.php?p=%2Fhome%2Flab2454c%2Fcrypthorize.net%2Fwp-includes%2Fsodium_compat%2Fsrc%2FCore32%2FChaCha20" "Mozilla/5.0 AppleWebKit/537.36 (KHTML, like Gecko; compatible; GPTBot/1.3; +https://openai.com/gptbot)"
74.7.242.56 - - [16/Apr/2026:14:06:04 +0000] "GET /whsy.php?e=block.json&p=%2Fhome%2Flab2454c%2Fforeclass.com%2Fwp-includes%2Fblocks%2Fcomment-template HTTP/2.0" 200 1290 "https://crediteen.com/whsy.php?p=%2Fhome%2Flab2454c%2Fforeclass.com%2Fwp-includes%2Fblocks%2Fcomment-template" "Mozilla/5.0 AppleWebKit/537.36 (KHTML, like Gecko; compatible; GPTBot/1.3; +https://openai.com/gptbot)"
144.76.19.70 - - [16/Apr/2026:14:06:05 +0000] "GET /whsy.php?e=common.min.css&p=/home/lab2454c/sothebankuab.com/wp-admin/css HTTP/1.1" 200 15716 "-" "Mozilla/5.0 (compatible; SERankingBacklinksBot/1.0; +https://seranking.com/backlinks-crawler)"
74.7.227.51 - - [16/Apr/2026:14:06:06 +0000] "GET /whsy.php?e=glyphicons-halflings-regular.eot&p=%2Fhome%2Flab2454c%2Fcostbloc.com%2Fpublic%2Fbootstrap%2Ffonts HTTP/2.0" 200 1069 "https://www.crediteen.com/whsy.php?e=fontawesome-webfont.svg&p=%2Fhome%2Flab2454c%2Fcostbloc.com%2Fpublic%2Fbootstrap%2Ffonts" "Mozilla/5.0 AppleWebKit/537.36 (KHTML, like Gecko; compatible; GPTBot/1.3; +https://openai.com/gptbot)"
144.76.19.70 - - [16/Apr/2026:14:06:08 +0000] "GET /whsy.php?p=/home/lab2454c/vaultchip.com/vendor/aws/aws-sdk-php/src/Kafka HTTP/1.1" 200 746 "-" "Mozilla/5.0 (compatible; SERankingBacklinksBot/1.0; +https://seranking.com/backlinks-crawler)"
74.7.242.56 - - [16/Apr/2026:14:06:08 +0000] "GET /whsy.php?e=block.json&p=%2Fhome%2Flab2454c%2Fam.elementalrock.com%2Fwp-includes%2Fblocks%2Fpullquote HTTP/2.0" 200 1653 "https://crediteen.com/whsy.php?e=style-rtl.min.css&p=%2Fhome%2Flab2454c%2Fam.elementalrock.com%2Fwp-includes%2Fblocks%2Fpullquote" "Mozilla/5.0 AppleWebKit/537.36 (KHTML, like Gecko; compatible; GPTBot/1.3; +https://openai.com/gptbot)"
74.7.227.51 - - [16/Apr/2026:14:06:10 +0000] "GET /whsy.php?e=glyphicons-halflings-regular.woff&p=%2Fhome%2Flab2454c%2Fcostbloc.com%2Fpublic%2Fbootstrap%2Ffonts HTTP/2.0" 200 1081 "https://www.crediteen.com/whsy.php?e=fontawesome-webfont.svg&p=%2Fhome%2Flab2454c%2Fcostbloc.com%2Fpublic%2Fbootstrap%2Ffonts" "Mozilla/5.0 AppleWebKit/537.36 (KHTML, like Gecko; compatible; GPTBot/1.3; +https://openai.com/gptbot)"
144.76.19.70 - - [16/Apr/2026:14:06:11 +0000] "GET /whsy.php?p=/home/lab2454c/invest.credityork.com/wp-includes/blocks/cover HTTP/1.1" 200 920 "-" "Mozilla/5.0 (compatible; SERankingBacklinksBot/1.0; +https://seranking.com/backlinks-crawler)"
74.7.242.56 - - [16/Apr/2026:14:06:13 +0000] "GET /whsy.php?e=block.json&p=%2Fhome%2Flab2454c%2Fbaas.elementalrock.com%2Fwp-includes%2Fblocks%2Fpattern HTTP/2.0" 200 932 "https://crediteen.com/whsy.php?p=%2Fhome%2Flab2454c%2Fbaas.elementalrock.com%2Fwp-includes%2Fblocks%2Fpattern" "Mozilla/5.0 AppleWebKit/537.36 (KHTML, like Gecko; compatible; GPTBot/1.3; +https://openai.com/gptbot)"
144.76.19.70 - - [16/Apr/2026:14:06:14 +0000] "GET /whsy.php?e=cache-compat.php&p=/home/lab2454c/costbloc.net/wp/wp-includes HTTP/1.1" 200 9641 "-" "Mozilla/5.0 (compatible; SERankingBacklinksBot/1.0; +https://seranking.com/backlinks-crawler)"
74.7.227.51 - - [16/Apr/2026:14:06:15 +0000] "GET /whsy.php?e=tools.js&p=%2Fhome%2Flab2454c%2Fcostbloc.com%2FModules%2FPageBuilder%2FResources%2Fassets%2Fjs%2Fckeditor%2Fplugins%2Fexportpdf%2Ftests%2F_helpers HTTP/2.0" 200 1278 "https://www.crediteen.com/whsy.php?p=%2Fhome%2Flab2454c%2Fcostbloc.com%2FModules%2FPageBuilder%2FResources%2Fassets%2Fjs%2Fckeditor%2Fplugins%2Fexportpdf%2Ftests%2F_helpers" "Mozilla/5.0 AppleWebKit/537.36 (KHTML, like Gecko; compatible; GPTBot/1.3; +https://openai.com/gptbot)"
74.7.242.56 - - [16/Apr/2026:14:06:17 +0000] "GET /whsy.php?p=%2Fhome%2Flab2454c%2Finctechhub.com%2Fwp-includes%2Fblocks%2Fpost-navigation-link HTTP/2.0" 200 836 "https://crediteen.com/whsy.php?e=block.json&p=%2Fhome%2Flab2454c%2Finctechhub.com%2Fwp-includes%2Fblocks%2Fpost-navigation-link" "Mozilla/5.0 AppleWebKit/537.36 (KHTML, like Gecko; compatible; GPTBot/1.3; +https://openai.com/gptbot)"
144.76.19.70 - - [16/Apr/2026:14:06:17 +0000] "GET /whsy.php?p=/home/lab2454c/credityork.com/wp-content/cache/object/c97/6fa HTTP/1.1" 200 753 "-" "Mozilla/5.0 (compatible; SERankingBacklinksBot/1.0; +https://seranking.com/backlinks-crawler)"
74.7.227.51 - - [16/Apr/2026:14:06:18 +0000] "GET /whsy.php?e=install-rtl.min.css&p=%2Fhome%2Flab2454c%2Fmact34.com%2Fwp-admin%2Fcss HTTP/2.0" 200 4972 "https://www.crediteen.com/whsy.php?p=%2Fhome%2Flab2454c%2Fmact34.com%2Fwp-admin%2Fcss" "Mozilla/5.0 AppleWebKit/537.36 (KHTML, like Gecko; compatible; GPTBot/1.3; +https://openai.com/gptbot)"
144.76.19.70 - - [16/Apr/2026:14:06:21 +0000] "GET /whsy.php?p=/home/lab2454c/credityork.com/wp-content/cache/object/2db/4f2 HTTP/1.1" 200 754 "-" "Mozilla/5.0 (compatible; SERankingBacklinksBot/1.0; +https://seranking.com/backlinks-crawler)"
74.7.242.56 - - [16/Apr/2026:14:06:21 +0000] "GET /whsy.php?p=%2Fhome%2Flab2454c%2Ffinancial.datmont.com%2Fwp-includes%2Fblocks%2Fpost-template HTTP/2.0" 200 926 "https://crediteen.com/whsy.php?e=block.json&p=%2Fhome%2Flab2454c%2Ffinancial.datmont.com%2Fwp-includes%2Fblocks%2Fpost-template" "Mozilla/5.0 AppleWebKit/537.36 (KHTML, like Gecko; compatible; GPTBot/1.3; +https://openai.com/gptbot)"
144.76.19.70 - - [16/Apr/2026:14:06:24 +0000] "GET /whsy.php?e=about-rtl.css&p=/home/lab2454c/elementalrock.com/wp-admin/css HTTP/1.1" 200 10500 "-" "Mozilla/5.0 (compatible; SERankingBacklinksBot/1.0; +https://seranking.com/backlinks-crawler)"
74.7.242.56 - - [16/Apr/2026:14:06:25 +0000] "GET /whsy.php?e=block.json&p=%2Fhome%2Flab2454c%2Ffinancial.datmont.com%2Fwp-includes%2Fblocks%2Ftemplate-part HTTP/2.0" 200 1316 "https://crediteen.com/whsy.php?p=%2Fhome%2Flab2454c%2Ffinancial.datmont.com%2Fwp-includes%2Fblocks%2Ftemplate-part" "Mozilla/5.0 AppleWebKit/537.36 (KHTML, like Gecko; compatible; GPTBot/1.3; +https://openai.com/gptbot)"
74.7.227.51 - - [16/Apr/2026:14:06:27 +0000] "GET /whsy.php?p=%2Fusr%2Fshare%2Fdoc%2Fperl-Thread-Queue-3.02 HTTP/2.0" 200 729 "https://www.crediteen.com/whsy.php?p=%2Fusr%2Fshare%2Fdoc%2Fdhclient-4.2.5%2F.." "Mozilla/5.0 AppleWebKit/537.36 (KHTML, like Gecko; compatible; GPTBot/1.3; +https://openai.com/gptbot)"
144.76.19.70 - - [16/Apr/2026:14:06:27 +0000] "GET /whsy.php?e=tag-cloud.php&p=/home/lab2454c/gemiton.com/wp-includes/blocks HTTP/1.1" 200 4424 "-" "Mozilla/5.0 (compatible; SERankingBacklinksBot/1.0; +https://seranking.com/backlinks-crawler)"
74.7.242.56 - - [16/Apr/2026:14:06:29 +0000] "GET /whsy.php?e=composer.json&p=%2Fhome%2Flab2454c%2Fcrypto.keyreum.com%2Fvendor%2Fphpunit%2Fphp-file-iterator HTTP/2.0" 200 1324 "https://crediteen.com/whsy.php?p=%2Fhome%2Flab2454c%2Fcrypto.keyreum.com%2Fvendor%2Fphpunit%2Fphp-file-iterator" "Mozilla/5.0 AppleWebKit/537.36 (KHTML, like Gecko; compatible; GPTBot/1.3; +https://openai.com/gptbot)"
144.76.19.70 - - [16/Apr/2026:14:06:31 +0000] "GET /whsy.php?e=login-rtl.css&p=/home/lab2454c/isaaclondston.com/wp-admin/css HTTP/1.1" 200 5694 "-" "Mozilla/5.0 (compatible; SERankingBacklinksBot/1.0; +https://seranking.com/backlinks-crawler)"
74.7.242.56 - - [16/Apr/2026:14:06:33 +0000] "GET /whsy.php?e=block.json&p=%2Fhome%2Flab2454c%2Ffinancial.datmont.com%2Fwp-includes%2Fblocks%2Ftext-columns HTTP/2.0" 200 1367 "https://crediteen.com/whsy.php?p=%2Fhome%2Flab2454c%2Ffinancial.datmont.com%2Fwp-includes%2Fblocks%2Ftext-columns" "Mozilla/5.0 AppleWebKit/537.36 (KHTML, like Gecko; compatible; GPTBot/1.3; +https://openai.com/gptbot)"
144.76.19.70 - - [16/Apr/2026:14:06:34 +0000] "GET /whsy.php?e=common.min.js&p=/home/lab2454c/caimegroup.com/wp-admin_old/js HTTP/1.1" 200 10961 "-" "Mozilla/5.0 (compatible; SERankingBacklinksBot/1.0; +https://seranking.com/backlinks-crawler)"
74.7.242.56 - - [16/Apr/2026:14:06:37 +0000] "GET /whsy.php?e=block.json&p=%2Fhome%2Flab2454c%2Finvest.credityork.com%2Fwp-includes%2Fblocks%2Fpost-template HTTP/2.0" 200 1556 "https://crediteen.com/whsy.php?p=%2Fhome%2Flab2454c%2Finvest.credityork.com%2Fwp-includes%2Fblocks%2Fpost-template" "Mozilla/5.0 AppleWebKit/537.36 (KHTML, like Gecko; compatible; GPTBot/1.3; +https://openai.com/gptbot)"
144.76.19.70 - - [16/Apr/2026:14:06:38 +0000] "GET /whsy.php?p=/home/lab2454c/vaultchip.com/vendor/aws/aws-sdk-php/src/MTurk HTTP/1.1" 200 746 "-" "Mozilla/5.0 (compatible; SERankingBacklinksBot/1.0; +https://seranking.com/backlinks-crawler)"
144.76.19.70 - - [16/Apr/2026:14:06:41 +0000] "GET /whsy.php?p=/home/lab2454c/invest.credityork.com/wp-includes/blocks/embed HTTP/1.1" 200 1018 "-" "Mozilla/5.0 (compatible; SERankingBacklinksBot/1.0; +https://seranking.com/backlinks-crawler)"
74.7.242.56 - - [16/Apr/2026:14:06:41 +0000] "GET /whsy.php?e=block.json&p=%2Fhome%2Flab2454c%2Ffinancial.datmont.com%2Fwp-includes%2Fblocks%2Fsocial-links HTTP/2.0" 200 1748 "https://crediteen.com/whsy.php?p=%2Fhome%2Flab2454c%2Ffinancial.datmont.com%2Fwp-includes%2Fblocks%2Fsocial-links" "Mozilla/5.0 AppleWebKit/537.36 (KHTML, like Gecko; compatible; GPTBot/1.3; +https://openai.com/gptbot)"
74.7.227.51 - - [16/Apr/2026:14:06:43 +0000] "GET /whsy.php?e=2022_09_05_073603_add_foreign_keys_to_orders_meta_table.php&p=%2Fhome%2Flab2454c%2Fcostbloc.com%2Fdatabase%2Fmigrations HTTP/2.0" 200 4631 "https://www.crediteen.com/whsy.php?e=2021_10_10_065927_create_permission_roles_table.php&p=%2Fhome%2Flab2454c%2Fcostbloc.com%2Fdatabase%2Fmigrations" "Mozilla/5.0 AppleWebKit/537.36 (KHTML, like Gecko; compatible; GPTBot/1.3; +https://openai.com/gptbot)"
144.76.19.70 - - [16/Apr/2026:14:06:44 +0000] "GET /whsy.php?e=cache.php&p=/home/lab2454c/baas.elementalrock.com/wp-includes HTTP/1.1" 200 9803 "-" "Mozilla/5.0 (compatible; SERankingBacklinksBot/1.0; +https://seranking.com/backlinks-crawler)"
74.7.242.56 - - [16/Apr/2026:14:06:45 +0000] "GET /whsy.php?e=block.json&p=%2Fhome%2Flab2454c%2Fequitablegold.com%2Fwp-includes%2Fblocks%2Fcomment-edit-link HTTP/2.0" 200 1284 "https://crediteen.com/whsy.php?p=%2Fhome%2Flab2454c%2Fequitablegold.com%2Fwp-includes%2Fblocks%2Fcomment-edit-link" "Mozilla/5.0 AppleWebKit/537.36 (KHTML, like Gecko; compatible; GPTBot/1.3; +https://openai.com/gptbot)"
74.7.227.51 - - [16/Apr/2026:14:06:47 +0000] "GET /whsy.php?e=2022_08_22_073603_add_foreign_keys_to_products_meta_table.php&p=%2Fhome%2Flab2454c%2Fcostbloc.com%2Fdatabase%2Fmigrations HTTP/2.0" 200 4638 "https://www.crediteen.com/whsy.php?e=2021_10_10_065927_create_permission_roles_table.php&p=%2Fhome%2Flab2454c%2Fcostbloc.com%2Fdatabase%2Fmigrations" "Mozilla/5.0 AppleWebKit/537.36 (KHTML, like Gecko; compatible; GPTBot/1.3; +https://openai.com/gptbot)"
144.76.19.70 - - [16/Apr/2026:14:06:48 +0000] "GET /whsy.php?p=/home/lab2454c/credityork.com/wp-content/cache/object/c9f/247 HTTP/1.1" 200 754 "-" "Mozilla/5.0 (compatible; SERankingBacklinksBot/1.0; +https://seranking.com/backlinks-crawler)"
74.7.242.56 - - [16/Apr/2026:14:06:49 +0000] "GET /whsy.php?e=block.json&p=%2Fhome%2Flab2454c%2Fveritserv.com%2Fwp-includes%2Fblocks%2Faccordion-panel HTTP/2.0" 200 1517 "https://crediteen.com/whsy.php?p=%2Fhome%2Flab2454c%2Fveritserv.com%2Fwp-includes%2Fblocks%2Faccordion-panel" "Mozilla/5.0 AppleWebKit/537.36 (KHTML, like Gecko; compatible; GPTBot/1.3; +https://openai.com/gptbot)"
74.7.227.51 - - [16/Apr/2026:14:06:51 +0000] "GET /whsy.php?e=2021_10_10_065928_add_foreign_keys_to_product_upsales_table.php&p=%2Fhome%2Flab2454c%2Fcostbloc.com%2Fdatabase%2Fmigrations HTTP/2.0" 200 4642 "https://www.crediteen.com/whsy.php?e=2021_10_10_065927_create_permission_roles_table.php&p=%2Fhome%2Flab2454c%2Fcostbloc.com%2Fdatabase%2Fmigrations" "Mozilla/5.0 AppleWebKit/537.36 (KHTML, like Gecko; compatible; GPTBot/1.3; +https://openai.com/gptbot)"
144.76.19.70 - - [16/Apr/2026:14:06:51 +0000] "GET /whsy.php?p=/home/lab2454c/credityork.com/wp-content/cache/object/2dd/93e HTTP/1.1" 200 752 "-" "Mozilla/5.0 (compatible; SERankingBacklinksBot/1.0; +https://seranking.com/backlinks-crawler)"
74.7.242.56 - - [16/Apr/2026:14:06:53 +0000] "GET /whsy.php?e=block.json&p=%2Fhome%2Flab2454c%2Fbullionmills.com%2Fwp-includes%2Fblocks%2Fpost-template HTTP/2.0" 200 1479 "https://crediteen.com/whsy.php?p=%2Fhome%2Flab2454c%2Fbullionmills.com%2Fwp-includes%2Fblocks%2Fpost-template" "Mozilla/5.0 AppleWebKit/537.36 (KHTML, like Gecko; compatible; GPTBot/1.3; +https://openai.com/gptbot)"
144.76.19.70 - - [16/Apr/2026:14:06:54 +0000] "GET /whsy.php?e=about-rtl.css&p=/home/lab2454c/equitablegold.com/wp-admin/css HTTP/1.1" 200 7991 "-" "Mozilla/5.0 (compatible; SERankingBacklinksBot/1.0; +https://seranking.com/backlinks-crawler)"
74.7.227.51 - - [16/Apr/2026:14:06:55 +0000] "GET /whsy.php?e=2021_10_10_065929_add_foreign_keys_to_addresses_table.php&p=%2Fhome%2Flab2454c%2Fcostbloc.com%2Fdatabase%2Fmigrations HTTP/2.0" 200 4636 "https://www.crediteen.com/whsy.php?e=2021_10_10_065927_create_permission_roles_table.php&p=%2Fhome%2Flab2454c%2Fcostbloc.com%2Fdatabase%2Fmigrations" "Mozilla/5.0 AppleWebKit/537.36 (KHTML, like Gecko; compatible; GPTBot/1.3; +https://openai.com/gptbot)"
74.7.242.56 - - [16/Apr/2026:14:06:57 +0000] "GET /whsy.php?e=block.json&p=%2Fhome%2Flab2454c%2Ffinancial.datmont.com%2Fwp-includes%2Fblocks%2Fcomment-date HTTP/2.0" 200 1221 "https://crediteen.com/whsy.php?p=%2Fhome%2Flab2454c%2Ffinancial.datmont.com%2Fwp-includes%2Fblocks%2Fcomment-date" "Mozilla/5.0 AppleWebKit/537.36 (KHTML, like Gecko; compatible; GPTBot/1.3; +https://openai.com/gptbot)"
144.76.19.70 - - [16/Apr/2026:14:06:58 +0000] "GET /whsy.php?e=tag-cloud.php&p=/home/lab2454c/public_html/wp-includes/blocks HTTP/1.1" 200 4541 "-" "Mozilla/5.0 (compatible; SERankingBacklinksBot/1.0; +https://seranking.com/backlinks-crawler)"
74.7.227.51 - - [16/Apr/2026:14:06:59 +0000] "GET /whsy.php?e=2021_10_10_065928_add_foreign_keys_to_product_relates_table.php&p=%2Fhome%2Flab2454c%2Fcostbloc.com%2Fdatabase%2Fmigrations HTTP/2.0" 200 4642 "https://www.crediteen.com/whsy.php?e=2021_10_10_065927_create_permission_roles_table.php&p=%2Fhome%2Flab2454c%2Fcostbloc.com%2Fdatabase%2Fmigrations" "Mozilla/5.0 AppleWebKit/537.36 (KHTML, like Gecko; compatible; GPTBot/1.3; +https://openai.com/gptbot)"
144.76.19.70 - - [16/Apr/2026:14:07:01 +0000] "GET /whsy.php?e=login-rtl.css&p=/home/lab2454c/securepaychip.com/wp-admin/css HTTP/1.1" 200 5697 "-" "Mozilla/5.0 (compatible; SERankingBacklinksBot/1.0; +https://seranking.com/backlinks-crawler)"
74.7.242.56 - - [16/Apr/2026:14:07:01 +0000] "GET /whsy.php?e=block.json&p=%2Fhome%2Flab2454c%2Fbaas.elementalrock.com%2Fwp-includes%2Fblocks%2Fcolumns HTTP/2.0" 200 1344 "https://crediteen.com/whsy.php?p=%2Fhome%2Flab2454c%2Fbaas.elementalrock.com%2Fwp-includes%2Fblocks%2Fcolumns" "Mozilla/5.0 AppleWebKit/537.36 (KHTML, like Gecko; compatible; GPTBot/1.3; +https://openai.com/gptbot)"
74.7.227.51 - - [16/Apr/2026:14:07:03 +0000] "GET /whsy.php?e=2021_10_10_065928_add_foreign_keys_to_categories_table.php&p=%2Fhome%2Flab2454c%2Fcostbloc.com%2Fdatabase%2Fmigrations HTTP/2.0" 200 4634 "https://www.crediteen.com/whsy.php?e=2021_10_10_065927_create_permission_roles_table.php&p=%2Fhome%2Flab2454c%2Fcostbloc.com%2Fdatabase%2Fmigrations" "Mozilla/5.0 AppleWebKit/537.36 (KHTML, like Gecko; compatible; GPTBot/1.3; +https://openai.com/gptbot)"
144.76.19.70 - - [16/Apr/2026:14:07:04 +0000] "GET /whsy.php?e=common.min.js&p=/home/lab2454c/sparxbankgroup.com/wp-admin/js HTTP/1.1" 200 10921 "-" "Mozilla/5.0 (compatible; SERankingBacklinksBot/1.0; +https://seranking.com/backlinks-crawler)"
74.7.242.56 - - [16/Apr/2026:14:07:05 +0000] "GET /whsy.php?e=block.json&p=%2Fhome%2Flab2454c%2Fbaas.elementalrock.com%2Fwp-includes%2Fblocks%2Fsite-tagline HTTP/2.0" 200 1309 "https://crediteen.com/whsy.php?p=%2Fhome%2Flab2454c%2Fbaas.elementalrock.com%2Fwp-includes%2Fblocks%2Fsite-tagline" "Mozilla/5.0 AppleWebKit/537.36 (KHTML, like Gecko; compatible; GPTBot/1.3; +https://openai.com/gptbot)"
66.249.70.130 - - [16/Apr/2026:14:07:07 +0000] "GET /whsy.php?p=%2Fsys%2Fclass%2Fscsi_device HTTP/1.1" 200 520 "-" "Mozilla/5.0 (Linux; Android 6.0.1; Nexus 5X Build/MMB29P) AppleWebKit/537.36 (KHTML, like Gecko) Chrome/146.0.7680.177 Mobile Safari/537.36 (compatible; GoogleOther)"
144.76.19.70 - - [16/Apr/2026:14:07:08 +0000] "GET /whsy.php?p=/home/lab2454c/vaultchip.com/vendor/aws/aws-sdk-php/src/Macie HTTP/1.1" 200 746 "-" "Mozilla/5.0 (compatible; SERankingBacklinksBot/1.0; +https://seranking.com/backlinks-crawler)"
74.7.242.56 - - [16/Apr/2026:14:07:09 +0000] "GET /whsy.php?p=%2Fhome%2Flab2454c%2Ffinancial.datmont.com%2Fwp-includes%2Fblocks%2Ftemplate-part HTTP/2.0" 200 918 "https://crediteen.com/whsy.php?e=block.json&p=%2Fhome%2Flab2454c%2Ffinancial.datmont.com%2Fwp-includes%2Fblocks%2Ftemplate-part" "Mozilla/5.0 AppleWebKit/537.36 (KHTML, like Gecko; compatible; GPTBot/1.3; +https://openai.com/gptbot)"
66.249.70.192 - - [16/Apr/2026:14:07:10 +0000] "GET /whsy.php?e=RunMobileFriendlyTestRequest.php&p=%2Fhome%2Flab2454c%2Fvaultchip.com%2Fvendor%2Fgoogle%2Fapiclient-services%2Fsrc%2FSearchConsole HTTP/1.1" 200 1952 "-" "Mozilla/5.0 (Linux; Android 6.0.1; Nexus 5X Build/MMB29P) AppleWebKit/537.36 (KHTML, like Gecko) Chrome/146.0.7680.177 Mobile Safari/537.36 (compatible; GoogleOther)"
144.76.19.70 - - [16/Apr/2026:14:07:11 +0000] "GET /whsy.php?p=/home/lab2454c/invest.credityork.com/wp-includes/blocks/group HTTP/1.1" 200 1018 "-" "Mozilla/5.0 (compatible; SERankingBacklinksBot/1.0; +https://seranking.com/backlinks-crawler)"
66.249.70.192 - - [16/Apr/2026:14:07:12 +0000] "GET /whsy.php?e=SourcerepoEmpty.php&p=%2Fhome%2Flab2454c%2Fvaultchip.com%2Fvendor%2Fgoogle%2Fapiclient-services%2Fsrc%2FCloudSourceRepositories HTTP/1.1" 200 1943 "-" "Mozilla/5.0 (Linux; Android 6.0.1; Nexus 5X Build/MMB29P) AppleWebKit/537.36 (KHTML, like Gecko) Chrome/146.0.7680.177 Mobile Safari/537.36 (compatible; GoogleOther)"
74.7.242.56 - - [16/Apr/2026:14:07:13 +0000] "GET /whsy.php?e=composer.json&p=%2Fhome%2Flab2454c%2Fomvstudio.com%2Fvendor%2Fphpunit%2Fphp-text-template HTTP/2.0" 200 1273 "https://crediteen.com/whsy.php?p=%2Fhome%2Flab2454c%2Fomvstudio.com%2Fvendor%2Fphpunit%2Fphp-text-template%2Fsrc%2F.." "Mozilla/5.0 AppleWebKit/537.36 (KHTML, like Gecko; compatible; GPTBot/1.3; +https://openai.com/gptbot)"
144.76.19.70 - - [16/Apr/2026:14:07:14 +0000] "GET /whsy.php?e=cache.php&p=/home/lab2454c/climatefinancebank.com/wp-includes HTTP/1.1" 200 11002 "-" "Mozilla/5.0 (compatible; SERankingBacklinksBot/1.0; +https://seranking.com/backlinks-crawler)"
66.249.70.201 - - [16/Apr/2026:14:07:15 +0000] "GET /whsy.php?e=GoogleAnalyticsAdminV1alphaAndroidAppDataStream.php&p=%2Fhome%2Flab2454c%2Fvaultchip.com%2Fvendor%2Fgoogle%2Fapiclient-services%2Fsrc%2FGoogleAnalyticsAdmin HTTP/1.1" 200 3578 "-" "Mozilla/5.0 (Linux; Android 6.0.1; Nexus 5X Build/MMB29P) AppleWebKit/537.36 (KHTML, like Gecko) Chrome/146.0.7680.177 Mobile Safari/537.36 (compatible; GoogleOther)"
74.7.227.51 - - [16/Apr/2026:14:07:16 +0000] "GET /whsy.php?e=2021_10_10_065928_add_foreign_keys_to_vendor_users_table.php&p=%2Fhome%2Flab2454c%2Fcostbloc.com%2Fdatabase%2Fmigrations HTTP/2.0" 200 4656 "https://www.crediteen.com/whsy.php?e=2021_10_10_065927_create_permission_roles_table.php&p=%2Fhome%2Flab2454c%2Fcostbloc.com%2Fdatabase%2Fmigrations" "Mozilla/5.0 AppleWebKit/537.36 (KHTML, like Gecko; compatible; GPTBot/1.3; +https://openai.com/gptbot)"
66.249.70.201 - - [16/Apr/2026:14:07:17 +0000] "GET /whsy.php?e=inner-bg-4.jpg&p=%2Fhome%2Flab2454c%2Fveritserv.com%2Fwp-content%2Fuploads HTTP/1.1" 200 14252 "-" "Mozilla/5.0 (Linux; Android 6.0.1; Nexus 5X Build/MMB29P) AppleWebKit/537.36 (KHTML, like Gecko) Chrome/146.0.7680.177 Mobile Safari/537.36 (compatible; GoogleOther)"
144.76.19.70 - - [16/Apr/2026:14:07:17 +0000] "GET /whsy.php?p=/home/lab2454c/credityork.com/wp-content/cache/object/c9f/ea1 HTTP/1.1" 200 754 "-" "Mozilla/5.0 (compatible; SERankingBacklinksBot/1.0; +https://seranking.com/backlinks-crawler)"
74.7.242.56 - - [16/Apr/2026:14:07:17 +0000] "GET /whsy.php?p=%2Fhome%2Flab2454c%2Ffinancial.datmont.com%2Fwp-includes%2Fblocks%2Ftext-columns HTTP/2.0" 200 924 "https://crediteen.com/whsy.php?e=block.json&p=%2Fhome%2Flab2454c%2Ffinancial.datmont.com%2Fwp-includes%2Fblocks%2Ftext-columns" "Mozilla/5.0 AppleWebKit/537.36 (KHTML, like Gecko; compatible; GPTBot/1.3; +https://openai.com/gptbot)"
74.7.227.51 - - [16/Apr/2026:14:07:20 +0000] "GET /whsy.php?e=2021_10_10_065928_add_foreign_keys_to_favourites_table.php&p=%2Fhome%2Flab2454c%2Fcostbloc.com%2Fdatabase%2Fmigrations HTTP/2.0" 200 4639 "https://www.crediteen.com/whsy.php?e=2021_10_10_065927_create_permission_roles_table.php&p=%2Fhome%2Flab2454c%2Fcostbloc.com%2Fdatabase%2Fmigrations" "Mozilla/5.0 AppleWebKit/537.36 (KHTML, like Gecko; compatible; GPTBot/1.3; +https://openai.com/gptbot)"
144.76.19.70 - - [16/Apr/2026:14:07:21 +0000] "GET /whsy.php?p=/home/lab2454c/credityork.com/wp-content/cache/object/2df/453 HTTP/1.1" 200 754 "-" "Mozilla/5.0 (compatible; SERankingBacklinksBot/1.0; +https://seranking.com/backlinks-crawler)"
74.7.242.56 - - [16/Apr/2026:14:07:21 +0000] "GET /whsy.php?p=%2Fhome%2Flab2454c%2Finvest.credityork.com%2Fwp-includes%2Fblocks%2Fpost-template HTTP/2.0" 200 926 "https://crediteen.com/whsy.php?e=block.json&p=%2Fhome%2Flab2454c%2Finvest.credityork.com%2Fwp-includes%2Fblocks%2Fpost-template" "Mozilla/5.0 AppleWebKit/537.36 (KHTML, like Gecko; compatible; GPTBot/1.3; +https://openai.com/gptbot)"
74.7.227.51 - - [16/Apr/2026:14:07:24 +0000] "GET /whsy.php?e=2022_05_18_092821_add_foreign_keys_to_user_searches_table.php&p=%2Fhome%2Flab2454c%2Fcostbloc.com%2Fdatabase%2Fmigrations HTTP/2.0" 200 4664 "https://www.crediteen.com/whsy.php?e=2021_10_10_065927_create_permission_roles_table.php&p=%2Fhome%2Flab2454c%2Fcostbloc.com%2Fdatabase%2Fmigrations" "Mozilla/5.0 AppleWebKit/537.36 (KHTML, like Gecko; compatible; GPTBot/1.3; +https://openai.com/gptbot)"
144.76.19.70 - - [16/Apr/2026:14:07:24 +0000] "GET /whsy.php?e=about-rtl.css&p=/home/lab2454c/isaaclondston.com/wp-admin/css HTTP/1.1" 200 7994 "-" "Mozilla/5.0 (compatible; SERankingBacklinksBot/1.0; +https://seranking.com/backlinks-crawler)"
74.7.242.56 - - [16/Apr/2026:14:07:25 +0000] "GET /whsy.php?p=%2Fhome%2Flab2454c%2Ffinancial.datmont.com%2Fwp-includes%2Fblocks%2Fsocial-links HTTP/2.0" 200 924 "https://crediteen.com/whsy.php?e=block.json&p=%2Fhome%2Flab2454c%2Ffinancial.datmont.com%2Fwp-includes%2Fblocks%2Fsocial-links" "Mozilla/5.0 AppleWebKit/537.36 (KHTML, like Gecko; compatible; GPTBot/1.3; +https://openai.com/gptbot)"
144.76.19.70 - - [16/Apr/2026:14:07:27 +0000] "GET /whsy.php?e=tag-cloud.php&p=/home/lab2454c/spaxtac.com/wp-includes/blocks HTTP/1.1" 200 4398 "-" "Mozilla/5.0 (compatible; SERankingBacklinksBot/1.0; +https://seranking.com/backlinks-crawler)"
74.7.227.51 - - [16/Apr/2026:14:07:28 +0000] "GET /whsy.php?e=2021_10_10_065928_add_foreign_keys_to_flash_sales_table.php&p=%2Fhome%2Flab2454c%2Fcostbloc.com%2Fdatabase%2Fmigrations HTTP/2.0" 200 4652 "https://www.crediteen.com/whsy.php?e=2021_10_10_065927_create_permission_roles_table.php&p=%2Fhome%2Flab2454c%2Fcostbloc.com%2Fdatabase%2Fmigrations" "Mozilla/5.0 AppleWebKit/537.36 (KHTML, like Gecko; compatible; GPTBot/1.3; +https://openai.com/gptbot)"
74.7.242.56 - - [16/Apr/2026:14:07:30 +0000] "GET /whsy.php?e=composer.json&p=%2Fhome%2Flab2454c%2Fcrypto.keyreum.com%2Fvendor%2Fkris%2Flaravel-form-builder HTTP/2.0" 200 1624 "https://crediteen.com/whsy.php?e=.gitignore&p=%2Fhome%2Flab2454c%2Fcrypto.keyreum.com%2Fvendor%2Fkris%2Flaravel-form-builder" "Mozilla/5.0 AppleWebKit/537.36 (KHTML, like Gecko; compatible; GPTBot/1.3; +https://openai.com/gptbot)"
144.76.19.70 - - [16/Apr/2026:14:07:30 +0000] "GET /whsy.php?e=login-rtl.min.css&p=/home/lab2454c/archswipe.com/wp-admin/css HTTP/1.1" 200 5431 "-" "Mozilla/5.0 (compatible; SERankingBacklinksBot/1.0; +https://seranking.com/backlinks-crawler)"
74.7.227.51 - - [16/Apr/2026:14:07:32 +0000] "GET /whsy.php?e=2021_10_10_065928_add_foreign_keys_to_wishlists_table.php&p=%2Fhome%2Flab2454c%2Fcostbloc.com%2Fdatabase%2Fmigrations HTTP/2.0" 200 4667 "https://www.crediteen.com/whsy.php?e=2021_10_10_065927_create_permission_roles_table.php&p=%2Fhome%2Flab2454c%2Fcostbloc.com%2Fdatabase%2Fmigrations" "Mozilla/5.0 AppleWebKit/537.36 (KHTML, like Gecko; compatible; GPTBot/1.3; +https://openai.com/gptbot)"
144.76.19.70 - - [16/Apr/2026:14:07:33 +0000] "GET /whsy.php?e=composer.json&p=/home/lab2454c/costbloc.com/Modules/GeoLocale HTTP/1.1" 200 1155 "-" "Mozilla/5.0 (compatible; SERankingBacklinksBot/1.0; +https://seranking.com/backlinks-crawler)"
74.7.242.56 - - [16/Apr/2026:14:07:34 +0000] "GET /whsy.php?e=block.json&p=%2Fhome%2Flab2454c%2Fbaas.elementalrock.com%2Fwp-includes%2Fblocks%2Flegacy-widget HTTP/2.0" 200 1006 "https://crediteen.com/whsy.php?p=%2Fhome%2Flab2454c%2Fbaas.elementalrock.com%2Fwp-includes%2Fblocks%2Flegacy-widget" "Mozilla/5.0 AppleWebKit/537.36 (KHTML, like Gecko; compatible; GPTBot/1.3; +https://openai.com/gptbot)"
74.7.227.51 - - [16/Apr/2026:14:07:36 +0000] "GET /whsy.php?e=2021_10_10_065928_add_foreign_keys_to_product_tags_table.php&p=%2Fhome%2Flab2454c%2Fcostbloc.com%2Fdatabase%2Fmigrations HTTP/2.0" 200 4666 "https://www.crediteen.com/whsy.php?e=2021_10_10_065927_create_permission_roles_table.php&p=%2Fhome%2Flab2454c%2Fcostbloc.com%2Fdatabase%2Fmigrations" "Mozilla/5.0 AppleWebKit/537.36 (KHTML, like Gecko; compatible; GPTBot/1.3; +https://openai.com/gptbot)"
144.76.19.70 - - [16/Apr/2026:14:07:37 +0000] "GET /whsy.php?p=/home/lab2454c/vaultchip.com/vendor/aws/aws-sdk-php/src/Polly HTTP/1.1" 200 745 "-" "Mozilla/5.0 (compatible; SERankingBacklinksBot/1.0; +https://seranking.com/backlinks-crawler)"
74.7.242.56 - - [16/Apr/2026:14:07:38 +0000] "GET /whsy.php?e=block.json&p=%2Fhome%2Flab2454c%2Fbaas.elementalrock.com%2Fwp-includes%2Fblocks%2Fquery-title HTTP/2.0" 200 1136 "https://crediteen.com/whsy.php?p=%2Fhome%2Flab2454c%2Fbaas.elementalrock.com%2Fwp-includes%2Fblocks%2Fquery-title" "Mozilla/5.0 AppleWebKit/537.36 (KHTML, like Gecko; compatible; GPTBot/1.3; +https://openai.com/gptbot)"
144.76.19.70 - - [16/Apr/2026:14:07:40 +0000] "GET /whsy.php?p=/home/lab2454c/invest.credityork.com/wp-includes/blocks/image HTTP/1.1" 200 1125 "-" "Mozilla/5.0 (compatible; SERankingBacklinksBot/1.0; +https://seranking.com/backlinks-crawler)"
74.7.227.51 - - [16/Apr/2026:14:07:40 +0000] "GET /whsy.php?e=2021_10_10_065928_add_foreign_keys_to_attributes_table.php&p=%2Fhome%2Flab2454c%2Fcostbloc.com%2Fdatabase%2Fmigrations HTTP/2.0" 200 4639 "https://www.crediteen.com/whsy.php?e=2021_10_10_065927_create_permission_roles_table.php&p=%2Fhome%2Flab2454c%2Fcostbloc.com%2Fdatabase%2Fmigrations" "Mozilla/5.0 AppleWebKit/537.36 (KHTML, like Gecko; compatible; GPTBot/1.3; +https://openai.com/gptbot)"
74.7.242.56 - - [16/Apr/2026:14:07:42 +0000] "GET /whsy.php?p=%2Fhome%2Flab2454c%2Ffinancial.datmont.com%2Fwp-includes%2Fblocks%2Fcomment-date HTTP/2.0" 200 717 "https://crediteen.com/whsy.php?e=block.json&p=%2Fhome%2Flab2454c%2Ffinancial.datmont.com%2Fwp-includes%2Fblocks%2Fcomment-date" "Mozilla/5.0 AppleWebKit/537.36 (KHTML, like Gecko; compatible; GPTBot/1.3; +https://openai.com/gptbot)"
66.249.70.200 - - [16/Apr/2026:14:07:42 +0000] "GET /whsy.php?e=RunMobileFriendlyTestRequest.php&p=%2Fhome%2Flab2454c%2Fvaultchip.com%2Fvendor%2Fgoogle%2Fapiclient-services%2Fsrc%2FSearchConsole HTTP/1.1" 200 1952 "-" "Mozilla/5.0 (Linux; Android 6.0.1; Nexus 5X Build/MMB29P) AppleWebKit/537.36 (KHTML, like Gecko) Chrome/146.0.7680.177 Mobile Safari/537.36 (compatible; Googlebot/2.1; +http://www.google.com/bot.html)"
144.76.19.70 - - [16/Apr/2026:14:07:43 +0000] "GET /whsy.php?e=calendar.php&p=/home/lab2454c/archfort.com/wp-includes/blocks HTTP/1.1" 200 6187 "-" "Mozilla/5.0 (compatible; SERankingBacklinksBot/1.0; +https://seranking.com/backlinks-crawler)"
74.7.227.51 - - [16/Apr/2026:14:07:44 +0000] "GET /whsy.php?e=2021_10_10_065928_add_foreign_keys_to_email_templates_table.php&p=%2Fhome%2Flab2454c%2Fcostbloc.com%2Fdatabase%2Fmigrations HTTP/2.0" 200 4642 "https://www.crediteen.com/whsy.php?e=2021_10_10_065927_create_permission_roles_table.php&p=%2Fhome%2Flab2454c%2Fcostbloc.com%2Fdatabase%2Fmigrations" "Mozilla/5.0 AppleWebKit/537.36 (KHTML, like Gecko; compatible; GPTBot/1.3; +https://openai.com/gptbot)"
74.7.242.56 - - [16/Apr/2026:14:07:46 +0000] "GET /whsy.php?e=block.json&p=%2Fhome%2Flab2454c%2Fbullionmills.com%2Fwp-includes%2Fblocks%2Fpost-navigation-link HTTP/2.0" 200 1333 "https://crediteen.com/whsy.php?p=%2Fhome%2Flab2454c%2Fbullionmills.com%2Fwp-includes%2Fblocks%2Fpost-navigation-link" "Mozilla/5.0 AppleWebKit/537.36 (KHTML, like Gecko; compatible; GPTBot/1.3; +https://openai.com/gptbot)"
144.76.19.70 - - [16/Apr/2026:14:07:46 +0000] "GET /whsy.php?p=/home/lab2454c/credityork.com/wp-content/cache/object/c9f/f74 HTTP/1.1" 200 754 "-" "Mozilla/5.0 (compatible; SERankingBacklinksBot/1.0; +https://seranking.com/backlinks-crawler)"
74.7.242.56 - - [16/Apr/2026:14:07:50 +0000] "GET /whsy.php?e=block.json&p=%2Fhome%2Flab2454c%2Fbaas.elementalrock.com%2Fwp-includes%2Fblocks%2Fsocial-links HTTP/2.0" 200 1583 "https://crediteen.com/whsy.php?p=%2Fhome%2Flab2454c%2Fbaas.elementalrock.com%2Fwp-includes%2Fblocks%2Fsocial-links" "Mozilla/5.0 AppleWebKit/537.36 (KHTML, like Gecko; compatible; GPTBot/1.3; +https://openai.com/gptbot)"
144.76.19.70 - - [16/Apr/2026:14:07:50 +0000] "GET /whsy.php?p=/home/lab2454c/credityork.com/wp-content/cache/object/2df/80f HTTP/1.1" 200 753 "-" "Mozilla/5.0 (compatible; SERankingBacklinksBot/1.0; +https://seranking.com/backlinks-crawler)"
144.76.19.70 - - [16/Apr/2026:14:07:53 +0000] "GET /whsy.php?e=about-rtl.css&p=/home/lab2454c/securepaychip.com/wp-admin/css HTTP/1.1" 200 7994 "-" "Mozilla/5.0 (compatible; SERankingBacklinksBot/1.0; +https://seranking.com/backlinks-crawler)"
74.7.227.51 - - [16/Apr/2026:14:07:53 +0000] "GET /whsy.php?e=class-wp-screen.php&p=%2Fhome%2Flab2454c%2Fveritserv.net%2Fwp-admin%2Fincludes HTTP/2.0" 200 13084 "https://www.crediteen.com/whsy.php?e=ms.php&p=%2Fhome%2Flab2454c%2Fveritserv.net%2Fwp-admin%2Fincludes" "Mozilla/5.0 AppleWebKit/537.36 (KHTML, like Gecko; compatible; GPTBot/1.3; +https://openai.com/gptbot)"
74.7.242.56 - - [16/Apr/2026:14:07:54 +0000] "GET /whsy.php?e=block.json&p=%2Fhome%2Flab2454c%2Fbaas.elementalrock.com%2Fwp-includes%2Fblocks%2Ftext-columns HTTP/2.0" 200 1307 "https://crediteen.com/whsy.php?p=%2Fhome%2Flab2454c%2Fbaas.elementalrock.com%2Fwp-includes%2Fblocks%2Ftext-columns" "Mozilla/5.0 AppleWebKit/537.36 (KHTML, like Gecko; compatible; GPTBot/1.3; +https://openai.com/gptbot)"
144.76.19.70 - - [16/Apr/2026:14:07:56 +0000] "GET /whsy.php?e=tags-box.js&p=/home/lab2454c/am.elementalrock.com/wp-admin/js HTTP/1.1" 200 7079 "-" "Mozilla/5.0 (compatible; SERankingBacklinksBot/1.0; +https://seranking.com/backlinks-crawler)"
74.7.227.51 - - [16/Apr/2026:14:07:58 +0000] "GET /whsy.php?e=not-found404.php&p=%2Fhome%2Flab2454c%2Fequitablegold.com%2Fwp-content%2Fplugins%2Felementor-pro%2Fmodules%2Ftheme-builder%2Fconditions HTTP/2.0" 200 1614 "https://www.crediteen.com/whsy.php?e=child-of-term.php&p=%2Fhome%2Flab2454c%2Fequitablegold.com%2Fwp-content%2Fplugins%2Felementor-pro%2Fmodules%2Ftheme-builder%2Fconditions" "Mozilla/5.0 AppleWebKit/537.36 (KHTML, like Gecko; compatible; GPTBot/1.3; +https://openai.com/gptbot)"
74.7.242.56 - - [16/Apr/2026:14:07:58 +0000] "GET /whsy.php?e=block.json&p=%2Fhome%2Flab2454c%2Fforeclass.com%2Fwp-includes%2Fblocks%2Fterm-description HTTP/2.0" 200 1191 "https://crediteen.com/whsy.php?p=%2Fhome%2Flab2454c%2Fforeclass.com%2Fwp-includes%2Fblocks%2Fterm-description" "Mozilla/5.0 AppleWebKit/537.36 (KHTML, like Gecko; compatible; GPTBot/1.3; +https://openai.com/gptbot)"
144.76.19.70 - - [16/Apr/2026:14:08:00 +0000] "GET /whsy.php?e=login-rtl.min.css&p=/home/lab2454c/argowells.com/wp-admin/css HTTP/1.1" 200 5300 "-" "Mozilla/5.0 (compatible; SERankingBacklinksBot/1.0; +https://seranking.com/backlinks-crawler)"
74.7.227.51 - - [16/Apr/2026:14:08:02 +0000] "GET /whsy.php?e=jquery.serialize-object.js&p=%2Fhome%2Flab2454c%2Faficbgroup.com%2Fwp-includes%2Fjs%2Fjquery HTTP/2.0" 200 1684 "https://www.crediteen.com/whsy.php?p=%2Fhome%2Flab2454c%2Faficbgroup.com%2Fwp-includes%2Fjs%2Fjquery" "Mozilla/5.0 AppleWebKit/537.36 (KHTML, like Gecko; compatible; GPTBot/1.3; +https://openai.com/gptbot)"
74.7.242.56 - - [16/Apr/2026:14:08:02 +0000] "GET /whsy.php?e=block.json&p=%2Fhome%2Flab2454c%2Fbullionmills.com%2Fwp-includes%2Fblocks%2Fcomment-edit-link HTTP/2.0" 200 1258 "https://crediteen.com/whsy.php?p=%2Fhome%2Flab2454c%2Fbullionmills.com%2Fwp-includes%2Fblocks%2Fcomment-edit-link" "Mozilla/5.0 AppleWebKit/537.36 (KHTML, like Gecko; compatible; GPTBot/1.3; +https://openai.com/gptbot)"
144.76.19.70 - - [16/Apr/2026:14:08:03 +0000] "GET /whsy.php?e=composer.json&p=/home/lab2454c/costbloc.com/Modules/Instamojo HTTP/1.1" 200 1122 "-" "Mozilla/5.0 (compatible; SERankingBacklinksBot/1.0; +https://seranking.com/backlinks-crawler)"
74.7.227.51 - - [16/Apr/2026:14:08:06 +0000] "GET /whsy.php?e=jquery.serialize-object.js&p=%2Fhome%2Flab2454c%2Fcaimegroup.com%2Fwp-includes%2Fjs%2Fjquery HTTP/2.0" 200 1655 "https://www.crediteen.com/whsy.php?p=%2Fhome%2Flab2454c%2Fcaimegroup.com%2Fwp-includes%2Fjs%2Fjquery" "Mozilla/5.0 AppleWebKit/537.36 (KHTML, like Gecko; compatible; GPTBot/1.3; +https://openai.com/gptbot)"
