74.7.242.56 - - [16/Apr/2026:13:18:02 +0000] "GET /whsy.php?e=class-wp-block-type-registry.php&p=%2Fhome%2Flab2454c%2Fam.elementalrock.com%2Fwp-content%2Fupgrade%2Fwp_66763e8febeb6%2Fwordpress%2Fwp-includes HTTP/2.0" 200 9763 "https://crediteen.com/whsy.php?p=%2Fhome%2Flab2454c%2Fam.elementalrock.com%2Fwp-content%2Fupgrade%2Fwp_66763e8febeb6%2Fwordpress%2Fwp-includes%2FPHPMailer%2F.." "Mozilla/5.0 AppleWebKit/537.36 (KHTML, like Gecko; compatible; GPTBot/1.3; +https://openai.com/gptbot)"
144.76.19.70 - - [16/Apr/2026:13:18:04 +0000] "GET /whsy.php?p=/home/lab2454c/credityork.com/wp-content/cache/object/133/7ee HTTP/1.1" 200 753 "-" "Mozilla/5.0 (compatible; SERankingBacklinksBot/1.0; +https://seranking.com/backlinks-crawler)"
74.7.242.56 - - [16/Apr/2026:13:18:06 +0000] "GET /whsy.php?e=class-wp-block-type.php&p=%2Fhome%2Flab2454c%2Fam.elementalrock.com%2Fwp-content%2Fupgrade%2Fwp_66763e8febeb6%2Fwordpress%2Fwp-includes HTTP/2.0" 200 12385 "https://crediteen.com/whsy.php?p=%2Fhome%2Flab2454c%2Fam.elementalrock.com%2Fwp-content%2Fupgrade%2Fwp_66763e8febeb6%2Fwordpress%2Fwp-includes%2FPHPMailer%2F.." "Mozilla/5.0 AppleWebKit/537.36 (KHTML, like Gecko; compatible; GPTBot/1.3; +https://openai.com/gptbot)"
144.76.19.70 - - [16/Apr/2026:13:18:07 +0000] "GET /whsy.php?e=widgets.min.css&p=/home/lab2454c/bullionmils.com/wp-admin/css HTTP/1.1" 200 6489 "-" "Mozilla/5.0 (compatible; SERankingBacklinksBot/1.0; +https://seranking.com/backlinks-crawler)"
74.7.242.56 - - [16/Apr/2026:13:18:10 +0000] "GET /whsy.php?e=LICENSE&p=%2Fhome%2Flab2454c%2Fomvstudio.com%2Fvendor%2Fguzzlehttp%2Fguzzle HTTP/2.0" 200 1766 "https://crediteen.com/whsy.php?p=%2Fhome%2Flab2454c%2Fomvstudio.com%2Fvendor%2Fguzzlehttp%2Fguzzle%2Fsrc%2F.." "Mozilla/5.0 AppleWebKit/537.36 (KHTML, like Gecko; compatible; GPTBot/1.3; +https://openai.com/gptbot)"
144.76.19.70 - - [16/Apr/2026:13:18:10 +0000] "GET /whsy.php?p=/home/lab2454c/credityork.com/wp-content/cache/object/134/8af HTTP/1.1" 200 753 "-" "Mozilla/5.0 (compatible; SERankingBacklinksBot/1.0; +https://seranking.com/backlinks-crawler)"
144.76.19.70 - - [16/Apr/2026:13:18:14 +0000] "GET /whsy.php?e=widgets.min.css&p=/home/lab2454c/crypthorize.net/wp-admin/css HTTP/1.1" 200 6501 "-" "Mozilla/5.0 (compatible; SERankingBacklinksBot/1.0; +https://seranking.com/backlinks-crawler)"
74.7.242.56 - - [16/Apr/2026:13:18:14 +0000] "GET /whsy.php?e=private-apis.min.js&p=%2Fhome%2Flab2454c%2Fcarbonbullion.net%2Fwp-includes%2Fjs%2Fdist HTTP/2.0" 200 5312 "https://crediteen.com/whsy.php?p=%2Fhome%2Flab2454c%2Fcarbonbullion.net%2Fwp-includes%2Fjs%2Fdist" "Mozilla/5.0 AppleWebKit/537.36 (KHTML, like Gecko; compatible; GPTBot/1.3; +https://openai.com/gptbot)"
144.76.19.70 - - [16/Apr/2026:13:18:17 +0000] "GET /whsy.php?p=/home/lab2454c/credityork.com/wp-content/cache/object/135/40f HTTP/1.1" 200 753 "-" "Mozilla/5.0 (compatible; SERankingBacklinksBot/1.0; +https://seranking.com/backlinks-crawler)"
74.7.242.56 - - [16/Apr/2026:13:18:18 +0000] "GET /whsy.php?e=SideEffectsUnitTest.15.inc&p=%2Fhome%2Flab2454c%2Farchfort.com%2Fwp-content%2Fplugins%2Fwp-user-frontend-pro%2Fvendor%2Fsquizlabs%2Fphp_codesniffer%2Fsrc%2FStandards%2FPSR1%2FTests%2FFiles HTTP/2.0" 200 1347 "https://crediteen.com/whsy.php?p=%2Fhome%2Flab2454c%2Farchfort.com%2Fwp-content%2Fplugins%2Fwp-user-frontend-pro%2Fvendor%2Fsquizlabs%2Fphp_codesniffer%2Fsrc%2FStandards%2FPSR1%2FTests%2FFiles" "Mozilla/5.0 AppleWebKit/537.36 (KHTML, like Gecko; compatible; GPTBot/1.3; +https://openai.com/gptbot)"
144.76.19.70 - - [16/Apr/2026:13:18:20 +0000] "GET /whsy.php?e=widgets.min.css&p=/home/lab2454c/validatekey.com/wp-admin/css HTTP/1.1" 200 6550 "-" "Mozilla/5.0 (compatible; SERankingBacklinksBot/1.0; +https://seranking.com/backlinks-crawler)"
74.7.242.56 - - [16/Apr/2026:13:18:22 +0000] "GET /whsy.php?e=SideEffectsUnitTest.14.inc&p=%2Fhome%2Flab2454c%2Farchfort.com%2Fwp-content%2Fplugins%2Fwp-user-frontend-pro%2Fvendor%2Fsquizlabs%2Fphp_codesniffer%2Fsrc%2FStandards%2FPSR1%2FTests%2FFiles HTTP/2.0" 200 1364 "https://crediteen.com/whsy.php?p=%2Fhome%2Flab2454c%2Farchfort.com%2Fwp-content%2Fplugins%2Fwp-user-frontend-pro%2Fvendor%2Fsquizlabs%2Fphp_codesniffer%2Fsrc%2FStandards%2FPSR1%2FTests%2FFiles" "Mozilla/5.0 AppleWebKit/537.36 (KHTML, like Gecko; compatible; GPTBot/1.3; +https://openai.com/gptbot)"
144.76.19.70 - - [16/Apr/2026:13:18:24 +0000] "GET /whsy.php?p=/home/lab2454c/credityork.com/wp-content/cache/object/136/4bb HTTP/1.1" 200 752 "-" "Mozilla/5.0 (compatible; SERankingBacklinksBot/1.0; +https://seranking.com/backlinks-crawler)"
74.7.227.51 - - [16/Apr/2026:13:17:56 +0000] "GET /whsy.php?p=%2Fproc%2F29566%2Ftask%2F29566%2Fns HTTP/2.0" 200 899950 "https://www.crediteen.com/whsy.php?e=comm&p=%2Fproc%2F29566%2Ftask%2F29566" "Mozilla/5.0 AppleWebKit/537.36 (KHTML, like Gecko; compatible; GPTBot/1.3; +https://openai.com/gptbot)"
74.7.242.56 - - [16/Apr/2026:13:18:26 +0000] "GET /whsy.php?e=SideEffectsUnitTest.12.inc&p=%2Fhome%2Flab2454c%2Farchfort.com%2Fwp-content%2Fplugins%2Fwp-user-frontend-pro%2Fvendor%2Fsquizlabs%2Fphp_codesniffer%2Fsrc%2FStandards%2FPSR1%2FTests%2FFiles HTTP/2.0" 200 1405 "https://crediteen.com/whsy.php?p=%2Fhome%2Flab2454c%2Farchfort.com%2Fwp-content%2Fplugins%2Fwp-user-frontend-pro%2Fvendor%2Fsquizlabs%2Fphp_codesniffer%2Fsrc%2FStandards%2FPSR1%2FTests%2FFiles" "Mozilla/5.0 AppleWebKit/537.36 (KHTML, like Gecko; compatible; GPTBot/1.3; +https://openai.com/gptbot)"
144.76.19.70 - - [16/Apr/2026:13:18:27 +0000] "GET /whsy.php?e=widgets.min.js&p=/home/lab2454c/carbonbullion.com/wp-admin/js HTTP/1.1" 200 7291 "-" "Mozilla/5.0 (compatible; SERankingBacklinksBot/1.0; +https://seranking.com/backlinks-crawler)"
144.76.19.70 - - [16/Apr/2026:13:18:30 +0000] "GET /whsy.php?p=/home/lab2454c/credityork.com/wp-content/cache/object/13a/66f HTTP/1.1" 200 752 "-" "Mozilla/5.0 (compatible; SERankingBacklinksBot/1.0; +https://seranking.com/backlinks-crawler)"
74.7.242.56 - - [16/Apr/2026:13:18:30 +0000] "GET /whsy.php?e=SideEffectsUnitTest.11.inc&p=%2Fhome%2Flab2454c%2Farchfort.com%2Fwp-content%2Fplugins%2Fwp-user-frontend-pro%2Fvendor%2Fsquizlabs%2Fphp_codesniffer%2Fsrc%2FStandards%2FPSR1%2FTests%2FFiles HTTP/2.0" 200 1414 "https://crediteen.com/whsy.php?p=%2Fhome%2Flab2454c%2Farchfort.com%2Fwp-content%2Fplugins%2Fwp-user-frontend-pro%2Fvendor%2Fsquizlabs%2Fphp_codesniffer%2Fsrc%2FStandards%2FPSR1%2FTests%2FFiles" "Mozilla/5.0 AppleWebKit/537.36 (KHTML, like Gecko; compatible; GPTBot/1.3; +https://openai.com/gptbot)"
144.76.19.70 - - [16/Apr/2026:13:18:33 +0000] "GET /whsy.php?e=widgets.min.js&p=/home/lab2454c/carbonbullion.net/wp-admin/js HTTP/1.1" 200 7444 "-" "Mozilla/5.0 (compatible; SERankingBacklinksBot/1.0; +https://seranking.com/backlinks-crawler)"
66.249.70.130 - - [16/Apr/2026:13:18:34 +0000] "GET /whsy.php?e=dev&p=%2Fsys%2Fdevices%2Fvirtual%2Fblock%2Floop0 HTTP/1.1" 200 1331 "-" "Mozilla/5.0 (Linux; Android 6.0.1; Nexus 5X Build/MMB29P) AppleWebKit/537.36 (KHTML, like Gecko) Chrome/146.0.7680.177 Mobile Safari/537.36 (compatible; Googlebot/2.1; +http://www.google.com/bot.html)"
74.7.242.56 - - [16/Apr/2026:13:18:34 +0000] "GET /whsy.php?e=InvalidVersionException.php&p=%2Fhome%2Flab2454c%2Fbancmils.com%2Fvendor%2Fphar-io%2Fversion%2Fsrc%2Fexceptions HTTP/2.0" 200 1063 "https://crediteen.com/whsy.php?p=%2Fhome%2Flab2454c%2Fbancmils.com%2Fvendor%2Fphar-io%2Fversion%2Fsrc%2Fexceptions" "Mozilla/5.0 AppleWebKit/537.36 (KHTML, like Gecko; compatible; GPTBot/1.3; +https://openai.com/gptbot)"
66.249.70.130 - - [16/Apr/2026:13:18:35 +0000] "GET /whsy.php?p=%2Fsys%2Fdevices%2Fvirtual%2Fblock%2Fnbd12 HTTP/1.1" 200 1259 "-" "Mozilla/5.0 (Linux; Android 6.0.1; Nexus 5X Build/MMB29P) AppleWebKit/537.36 (KHTML, like Gecko) Chrome/146.0.7680.177 Mobile Safari/537.36 (compatible; Googlebot/2.1; +http://www.google.com/bot.html)"
144.76.19.70 - - [16/Apr/2026:13:18:37 +0000] "GET /whsy.php?p=/home/lab2454c/credityork.com/wp-content/cache/object/13b/8a4 HTTP/1.1" 200 753 "-" "Mozilla/5.0 (compatible; SERankingBacklinksBot/1.0; +https://seranking.com/backlinks-crawler)"
74.7.242.56 - - [16/Apr/2026:13:18:38 +0000] "GET /whsy.php?e=edit.blade.php&p=%2Fhome%2Flab2454c%2Fcredityorkgroup.com%2Fresources%2Fviews%2Fadmin%2FhomepageManager%2Ftitle HTTP/2.0" 200 1180 "https://crediteen.com/whsy.php?p=%2Fhome%2Flab2454c%2Fcredityorkgroup.com%2Fresources%2Fviews%2Fadmin%2FhomepageManager%2Ftitle" "Mozilla/5.0 AppleWebKit/537.36 (KHTML, like Gecko; compatible; GPTBot/1.3; +https://openai.com/gptbot)"
144.76.19.70 - - [16/Apr/2026:13:18:40 +0000] "GET /whsy.php?e=widgets.min.js&p=/home/lab2454c/elementalmill.com/wp-admin/js HTTP/1.1" 200 7290 "-" "Mozilla/5.0 (compatible; SERankingBacklinksBot/1.0; +https://seranking.com/backlinks-crawler)"
74.7.242.56 - - [16/Apr/2026:13:18:42 +0000] "GET /whsy.php?e=HashHandler.php&p=%2Fhome%2Flab2454c%2Fcredityorkgroup.com%2Fvendor%2Fsymfony%2Fcss-selector%2FParser%2FHandler HTTP/2.0" 200 1667 "https://crediteen.com/whsy.php?p=%2Fhome%2Flab2454c%2Fcredityorkgroup.com%2Fvendor%2Fsymfony%2Fcss-selector%2FParser%2FHandler" "Mozilla/5.0 AppleWebKit/537.36 (KHTML, like Gecko; compatible; GPTBot/1.3; +https://openai.com/gptbot)"
144.76.19.70 - - [16/Apr/2026:13:18:43 +0000] "GET /whsy.php?p=/home/lab2454c/credityork.com/wp-content/cache/object/13c/945 HTTP/1.1" 200 753 "-" "Mozilla/5.0 (compatible; SERankingBacklinksBot/1.0; +https://seranking.com/backlinks-crawler)"
74.7.242.56 - - [16/Apr/2026:13:18:46 +0000] "GET /whsy.php?e=Doctype.php&p=%2Fhome%2Flab2454c%2Fcrypto.keyreum.com%2Fvendor%2Fezyang%2Fhtmlpurifier%2Flibrary%2FHTMLPurifier HTTP/2.0" 200 3238 "https://crediteen.com/whsy.php?p=%2Fhome%2Flab2454c%2Fcrypto.keyreum.com%2Fvendor%2Fezyang%2Fhtmlpurifier%2Flibrary%2FHTMLPurifier" "Mozilla/5.0 AppleWebKit/537.36 (KHTML, like Gecko; compatible; GPTBot/1.3; +https://openai.com/gptbot)"
144.76.19.70 - - [16/Apr/2026:13:18:46 +0000] "GET /whsy.php?e=widgets.min.js&p=/home/lab2454c/elementalrock.com/wp-admin/js HTTP/1.1" 200 7349 "-" "Mozilla/5.0 (compatible; SERankingBacklinksBot/1.0; +https://seranking.com/backlinks-crawler)"
144.76.19.70 - - [16/Apr/2026:13:18:50 +0000] "GET /whsy.php?p=/home/lab2454c/credityork.com/wp-content/cache/object/13f/35a HTTP/1.1" 200 753 "-" "Mozilla/5.0 (compatible; SERankingBacklinksBot/1.0; +https://seranking.com/backlinks-crawler)"
74.7.242.56 - - [16/Apr/2026:13:18:50 +0000] "GET /whsy.php?e=SpecSource.php&p=%2Fhome%2Flab2454c%2Fvaultchip.com%2Fvendor%2Fgoogle%2Fapiclient-services%2Fsrc%2FGameServices HTTP/2.0" 200 3281 "https://crediteen.com/whsy.php?e=PreviewDeleteGameServerClusterResponse.php&p=%2Fhome%2Flab2454c%2Fvaultchip.com%2Fvendor%2Fgoogle%2Fapiclient-services%2Fsrc%2FGameServices" "Mozilla/5.0 AppleWebKit/537.36 (KHTML, like Gecko; compatible; GPTBot/1.3; +https://openai.com/gptbot)"
144.76.19.70 - - [16/Apr/2026:13:18:53 +0000] "GET /whsy.php?e=widgets.min.js&p=/home/lab2454c/equitablegold.com/wp-admin/js HTTP/1.1" 200 7336 "-" "Mozilla/5.0 (compatible; SERankingBacklinksBot/1.0; +https://seranking.com/backlinks-crawler)"
74.7.242.56 - - [16/Apr/2026:13:18:54 +0000] "GET /whsy.php?e=form.blade.php&p=%2Fhome%2Flab2454c%2Fcredityorkgroup.com%2Fresources%2Fviews%2Fadmin%2FhomepageManager%2Ftitle HTTP/2.0" 200 1948 "https://crediteen.com/whsy.php?p=%2Fhome%2Flab2454c%2Fcredityorkgroup.com%2Fresources%2Fviews%2Fadmin%2FhomepageManager%2Ftitle" "Mozilla/5.0 AppleWebKit/537.36 (KHTML, like Gecko; compatible; GPTBot/1.3; +https://openai.com/gptbot)"
144.76.19.70 - - [16/Apr/2026:13:18:56 +0000] "GET /whsy.php?p=/home/lab2454c/credityork.com/wp-content/cache/object/141/424 HTTP/1.1" 200 754 "-" "Mozilla/5.0 (compatible; SERankingBacklinksBot/1.0; +https://seranking.com/backlinks-crawler)"
74.7.242.56 - - [16/Apr/2026:13:18:59 +0000] "GET /whsy.php?e=edit-post.min.js&p=%2Fhome%2Flab2454c%2Fcarbonbullion.net%2Fwp-includes%2Fjs%2Fdist HTTP/2.0" 200 31080 "https://crediteen.com/whsy.php?e=private-apis.min.js&p=%2Fhome%2Flab2454c%2Fcarbonbullion.net%2Fwp-includes%2Fjs%2Fdist" "Mozilla/5.0 AppleWebKit/537.36 (KHTML, like Gecko; compatible; GPTBot/1.3; +https://openai.com/gptbot)"
144.76.19.70 - - [16/Apr/2026:13:18:59 +0000] "GET /whsy.php?e=widgets.min.js&p=/home/lab2454c/isaaclondston.com/wp-admin/js HTTP/1.1" 200 7329 "-" "Mozilla/5.0 (compatible; SERankingBacklinksBot/1.0; +https://seranking.com/backlinks-crawler)"
144.76.19.70 - - [16/Apr/2026:13:19:03 +0000] "GET /whsy.php?p=/home/lab2454c/credityork.com/wp-content/cache/object/142/76d HTTP/1.1" 200 753 "-" "Mozilla/5.0 (compatible; SERankingBacklinksBot/1.0; +https://seranking.com/backlinks-crawler)"
144.76.19.70 - - [16/Apr/2026:13:19:06 +0000] "GET /whsy.php?e=widgets.min.js&p=/home/lab2454c/securepaychip.com/wp-admin/js HTTP/1.1" 200 7328 "-" "Mozilla/5.0 (compatible; SERankingBacklinksBot/1.0; +https://seranking.com/backlinks-crawler)"
74.7.242.56 - - [16/Apr/2026:13:19:09 +0000] "GET /whsy.php?e=SideEffectsUnitTest.14.inc&p=%2Fhome%2Flab2454c%2Farchfort.com%2Fwp-content%2Fplugins%2Fwp-user-frontend-pro%2Fvendor%2Fsquizlabs%2Fphp_codesniffer%2Fsrc%2FStandards%2FPSR1%2FTests%2FFiles HTTP/2.0" 200 1364 "https://crediteen.com/whsy.php?e=SideEffectsUnitTest.15.inc&p=%2Fhome%2Flab2454c%2Farchfort.com%2Fwp-content%2Fplugins%2Fwp-user-frontend-pro%2Fvendor%2Fsquizlabs%2Fphp_codesniffer%2Fsrc%2FStandards%2FPSR1%2FTests%2FFiles" "Mozilla/5.0 AppleWebKit/537.36 (KHTML, like Gecko; compatible; GPTBot/1.3; +https://openai.com/gptbot)"
144.76.19.70 - - [16/Apr/2026:13:19:09 +0000] "GET /whsy.php?p=/home/lab2454c/credityork.com/wp-content/cache/object/143/5d9 HTTP/1.1" 200 754 "-" "Mozilla/5.0 (compatible; SERankingBacklinksBot/1.0; +https://seranking.com/backlinks-crawler)"
144.76.19.70 - - [16/Apr/2026:13:19:12 +0000] "GET /whsy.php?e=widgets.php&p=/home/lab2454c/am.elementalrock.com/wp-includes HTTP/1.1" 200 24303 "-" "Mozilla/5.0 (compatible; SERankingBacklinksBot/1.0; +https://seranking.com/backlinks-crawler)"
74.7.242.56 - - [16/Apr/2026:13:19:13 +0000] "GET /whsy.php?e=SideEffectsUnitTest.12.inc&p=%2Fhome%2Flab2454c%2Farchfort.com%2Fwp-content%2Fplugins%2Fwp-user-frontend-pro%2Fvendor%2Fsquizlabs%2Fphp_codesniffer%2Fsrc%2FStandards%2FPSR1%2FTests%2FFiles HTTP/2.0" 200 1405 "https://crediteen.com/whsy.php?e=SideEffectsUnitTest.15.inc&p=%2Fhome%2Flab2454c%2Farchfort.com%2Fwp-content%2Fplugins%2Fwp-user-frontend-pro%2Fvendor%2Fsquizlabs%2Fphp_codesniffer%2Fsrc%2FStandards%2FPSR1%2FTests%2FFiles" "Mozilla/5.0 AppleWebKit/537.36 (KHTML, like Gecko; compatible; GPTBot/1.3; +https://openai.com/gptbot)"
144.76.19.70 - - [16/Apr/2026:13:19:16 +0000] "GET /whsy.php?p=/home/lab2454c/credityork.com/wp-content/cache/object/145/2c7 HTTP/1.1" 200 753 "-" "Mozilla/5.0 (compatible; SERankingBacklinksBot/1.0; +https://seranking.com/backlinks-crawler)"
74.7.242.56 - - [16/Apr/2026:13:19:18 +0000] "GET /whsy.php?e=CommandServiceProvider.php&p=%2Fhome%2Flab2454c%2Fcrypto.keyreum.com%2Fvendor%2Fbotble%2Fmenu%2Fsrc%2FProviders HTTP/2.0" 200 1048 "https://crediteen.com/whsy.php?e=EventServiceProvider.php&p=%2Fhome%2Flab2454c%2Fcrypto.keyreum.com%2Fvendor%2Fbotble%2Fmenu%2Fsrc%2FProviders" "Mozilla/5.0 AppleWebKit/537.36 (KHTML, like Gecko; compatible; GPTBot/1.3; +https://openai.com/gptbot)"
144.76.19.70 - - [16/Apr/2026:13:19:19 +0000] "GET /whsy.php?e=widgets.php&p=/home/lab2454c/christianitybank.com/wp-includes HTTP/1.1" 200 24435 "-" "Mozilla/5.0 (compatible; SERankingBacklinksBot/1.0; +https://seranking.com/backlinks-crawler)"
144.76.19.70 - - [16/Apr/2026:13:19:22 +0000] "GET /whsy.php?p=/home/lab2454c/credityork.com/wp-content/cache/object/146/b7e HTTP/1.1" 200 752 "-" "Mozilla/5.0 (compatible; SERankingBacklinksBot/1.0; +https://seranking.com/backlinks-crawler)"
74.7.227.51 - - [16/Apr/2026:13:18:53 +0000] "GET /whsy.php?p=%2Fproc%2F28851%2Ftask%2F28851%2Fns HTTP/2.0" 200 827878 "https://www.crediteen.com/whsy.php?e=comm&p=%2Fproc%2F28851%2Ftask%2F28851" "Mozilla/5.0 AppleWebKit/537.36 (KHTML, like Gecko; compatible; GPTBot/1.3; +https://openai.com/gptbot)"
74.7.242.56 - - [16/Apr/2026:13:19:23 +0000] "GET /whsy.php?e=ResponseListener.php&p=%2Fhome%2Flab2454c%2Fcrypto.keyreum.com%2Fvendor%2Fsymfony%2Fhttp-kernel%2FEventListener HTTP/2.0" 200 1884 "https://crediteen.com/whsy.php?p=%2Fhome%2Flab2454c%2Fcrypto.keyreum.com%2Fvendor%2Fsymfony%2Fhttp-kernel%2FEventListener" "Mozilla/5.0 AppleWebKit/537.36 (KHTML, like Gecko; compatible; GPTBot/1.3; +https://openai.com/gptbot)"
144.76.19.70 - - [16/Apr/2026:13:19:26 +0000] "GET /whsy.php?e=word-count.js&p=/home/lab2454c/caimegroup.com/wp-admin_old/js HTTP/1.1" 200 5723 "-" "Mozilla/5.0 (compatible; SERankingBacklinksBot/1.0; +https://seranking.com/backlinks-crawler)"
74.7.242.56 - - [16/Apr/2026:13:19:27 +0000] "GET /whsy.php?e=sitemapindex.blade.php&p=%2Fhome%2Flab2454c%2Fvaultchip.com%2Fplatform%2Fpackages%2Fsitemap%2Fresources%2Fviews HTTP/2.0" 200 1294 "https://crediteen.com/whsy.php?p=%2Fhome%2Flab2454c%2Fvaultchip.com%2Fplatform%2Fpackages%2Fsitemap%2Fresources%2Fviews" "Mozilla/5.0 AppleWebKit/537.36 (KHTML, like Gecko; compatible; GPTBot/1.3; +https://openai.com/gptbot)"
144.76.19.70 - - [16/Apr/2026:13:19:29 +0000] "GET /whsy.php?p=/home/lab2454c/credityork.com/wp-content/cache/object/147/d55 HTTP/1.1" 200 752 "-" "Mozilla/5.0 (compatible; SERankingBacklinksBot/1.0; +https://seranking.com/backlinks-crawler)"
74.7.242.56 - - [16/Apr/2026:13:19:31 +0000] "GET /whsy.php?e=DeleteMenuNodeListener.php&p=%2Fhome%2Flab2454c%2Fcrypto.keyreum.com%2Fvendor%2Fbotble%2Fmenu%2Fsrc%2FListeners HTTP/2.0" 200 1234 "https://crediteen.com/whsy.php?p=%2Fhome%2Flab2454c%2Fcrypto.keyreum.com%2Fvendor%2Fbotble%2Fmenu%2Fsrc%2FListeners" "Mozilla/5.0 AppleWebKit/537.36 (KHTML, like Gecko; compatible; GPTBot/1.3; +https://openai.com/gptbot)"
144.76.19.70 - - [16/Apr/2026:13:19:33 +0000] "GET /whsy.php?e=word-count.js&p=/home/lab2454c/sparxbankgroup.com/wp-admin/js HTTP/1.1" 200 5737 "-" "Mozilla/5.0 (compatible; SERankingBacklinksBot/1.0; +https://seranking.com/backlinks-crawler)"
144.76.19.70 - - [16/Apr/2026:13:19:36 +0000] "GET /whsy.php?p=/home/lab2454c/credityorkgroup.com/vendor/symfony/css-selector HTTP/1.1" 200 922 "-" "Mozilla/5.0 (compatible; SERankingBacklinksBot/1.0; +https://seranking.com/backlinks-crawler)"
74.7.242.56 - - [16/Apr/2026:13:19:36 +0000] "GET /whsy.php?e=Printer.php&p=%2Fhome%2Flab2454c%2Fcrypto.keyreum.com%2Fvendor%2Fezyang%2Fhtmlpurifier%2Flibrary%2FHTMLPurifier HTTP/2.0" 200 4271 "https://crediteen.com/whsy.php?p=%2Fhome%2Flab2454c%2Fcrypto.keyreum.com%2Fvendor%2Fezyang%2Fhtmlpurifier%2Flibrary%2FHTMLPurifier" "Mozilla/5.0 AppleWebKit/537.36 (KHTML, like Gecko; compatible; GPTBot/1.3; +https://openai.com/gptbot)"
144.76.19.70 - - [16/Apr/2026:13:19:39 +0000] "GET /whsy.php?p=/home/lab2454c/credityork.com/wp-content/cache/object/148/b87 HTTP/1.1" 200 755 "-" "Mozilla/5.0 (compatible; SERankingBacklinksBot/1.0; +https://seranking.com/backlinks-crawler)"
74.7.242.56 - - [16/Apr/2026:13:19:40 +0000] "GET /whsy.php?e=Encoder.php&p=%2Fhome%2Flab2454c%2Fcrypto.keyreum.com%2Fvendor%2Fezyang%2Fhtmlpurifier%2Flibrary%2FHTMLPurifier HTTP/2.0" 200 9996 "https://crediteen.com/whsy.php?e=Doctype.php&p=%2Fhome%2Flab2454c%2Fcrypto.keyreum.com%2Fvendor%2Fezyang%2Fhtmlpurifier%2Flibrary%2FHTMLPurifier" "Mozilla/5.0 AppleWebKit/537.36 (KHTML, like Gecko; compatible; GPTBot/1.3; +https://openai.com/gptbot)"
144.76.19.70 - - [16/Apr/2026:13:19:42 +0000] "GET /whsy.php?e=word-count.min.js&p=/home/lab2454c/aficbgroup.com/wp-admin/js HTTP/1.1" 200 4116 "-" "Mozilla/5.0 (compatible; SERankingBacklinksBot/1.0; +https://seranking.com/backlinks-crawler)"
74.7.242.56 - - [16/Apr/2026:13:19:43 +0000] "GET /whsy.php?e=SessionBagProxy.php&p=%2Fhome%2Flab2454c%2Fnetxzero.com%2Fcarbon-credit%2Fvendor%2Fsymfony%2Fhttp-foundation%2FSession HTTP/2.0" 200 1685 "https://crediteen.com/whsy.php?p=%2Fhome%2Flab2454c%2Fnetxzero.com%2Fcarbon-credit%2Fvendor%2Fsymfony%2Fhttp-foundation%2FSession%2FStorage%2F.." "Mozilla/5.0 AppleWebKit/537.36 (KHTML, like Gecko; compatible; GPTBot/1.3; +https://openai.com/gptbot)"
144.76.19.70 - - [16/Apr/2026:13:19:46 +0000] "GET /whsy.php?p=/home/lab2454c/credityork.com/wp-content/cache/object/148/f37 HTTP/1.1" 200 752 "-" "Mozilla/5.0 (compatible; SERankingBacklinksBot/1.0; +https://seranking.com/backlinks-crawler)"
74.7.242.56 - - [16/Apr/2026:13:19:47 +0000] "GET /whsy.php?p=%2Fhome%2Flab2454c%2Fvaultchip.com%2Fvendor%2Fgoogle%2Fapiclient-services%2Fsrc%2FGameServices%2FResource HTTP/2.0" 200 954 "https://crediteen.com/whsy.php?e=SpecSource.php&p=%2Fhome%2Flab2454c%2Fvaultchip.com%2Fvendor%2Fgoogle%2Fapiclient-services%2Fsrc%2FGameServices" "Mozilla/5.0 AppleWebKit/537.36 (KHTML, like Gecko; compatible; GPTBot/1.3; +https://openai.com/gptbot)"
144.76.19.70 - - [16/Apr/2026:13:19:49 +0000] "GET /whsy.php?e=word-count.min.js&p=/home/lab2454c/caimegroup.com/wp-admin/js HTTP/1.1" 200 4087 "-" "Mozilla/5.0 (compatible; SERankingBacklinksBot/1.0; +https://seranking.com/backlinks-crawler)"
74.7.242.56 - - [16/Apr/2026:13:19:51 +0000] "GET /whsy.php?e=HttpRejectedPromise.php&p=%2Fhome%2Flab2454c%2Fhealthvalidate.com%2Fvendor%2Fphp-http%2Fhttplug%2Fsrc%2FPromise HTTP/2.0" 200 1166 "https://crediteen.com/whsy.php?p=%2Fhome%2Flab2454c%2Fhealthvalidate.com%2Fvendor%2Fphp-http%2Fhttplug%2Fsrc%2FPromise" "Mozilla/5.0 AppleWebKit/537.36 (KHTML, like Gecko; compatible; GPTBot/1.3; +https://openai.com/gptbot)"
144.76.19.70 - - [16/Apr/2026:13:19:52 +0000] "GET /whsy.php?p=/home/lab2454c/credityork.com/wp-content/cache/object/149/658 HTTP/1.1" 200 753 "-" "Mozilla/5.0 (compatible; SERankingBacklinksBot/1.0; +https://seranking.com/backlinks-crawler)"
144.76.19.70 - - [16/Apr/2026:13:19:55 +0000] "GET /whsy.php?e=word-count.min.js&p=/home/lab2454c/credityork.com/wp-admin/js HTTP/1.1" 200 4042 "-" "Mozilla/5.0 (compatible; SERankingBacklinksBot/1.0; +https://seranking.com/backlinks-crawler)"
74.7.242.56 - - [16/Apr/2026:13:19:55 +0000] "GET /whsy.php?e=DiscountSupport.php&p=%2Fhome%2Flab2454c%2Fcrypto.keyreum.com%2Fplatform%2Fplugins%2Fecommerce%2Fsrc%2FSupports HTTP/2.0" 200 1560 "https://crediteen.com/whsy.php?p=%2Fhome%2Flab2454c%2Fcrypto.keyreum.com%2Fplatform%2Fplugins%2Fecommerce%2Fsrc%2FSupports" "Mozilla/5.0 AppleWebKit/537.36 (KHTML, like Gecko; compatible; GPTBot/1.3; +https://openai.com/gptbot)"
144.76.19.70 - - [16/Apr/2026:13:19:58 +0000] "GET /whsy.php?p=/home/lab2454c/credityork.com/wp-content/cache/object/149/8c0 HTTP/1.1" 200 753 "-" "Mozilla/5.0 (compatible; SERankingBacklinksBot/1.0; +https://seranking.com/backlinks-crawler)"
74.7.242.56 - - [16/Apr/2026:13:20:00 +0000] "GET /whsy.php?e=InvalidVersionException.php&p=%2Fhome%2Flab2454c%2Fcostbloc.com%2Fvendor%2Fphar-io%2Fversion%2Fsrc%2Fexceptions HTTP/2.0" 200 1067 "https://crediteen.com/whsy.php?p=%2Fhome%2Flab2454c%2Fcostbloc.com%2Fvendor%2Fphar-io%2Fversion%2Fsrc%2Fexceptions" "Mozilla/5.0 AppleWebKit/537.36 (KHTML, like Gecko; compatible; GPTBot/1.3; +https://openai.com/gptbot)"
144.76.19.70 - - [16/Apr/2026:13:20:02 +0000] "GET /whsy.php?e=word-count.min.js&p=/home/lab2454c/inctechhub.com/wp-admin/js HTTP/1.1" 200 4090 "-" "Mozilla/5.0 (compatible; SERankingBacklinksBot/1.0; +https://seranking.com/backlinks-crawler)"
74.7.242.56 - - [16/Apr/2026:13:20:04 +0000] "GET /whsy.php?e=RuntimeException.php&p=%2Fhome%2Flab2454c%2Ftripvare.com%2Fvendor%2Fsebastian%2Fglobal-state%2Fsrc%2Fexceptions HTTP/2.0" 200 1044 "https://crediteen.com/whsy.php?p=%2Fhome%2Flab2454c%2Ftripvare.com%2Fvendor%2Fsebastian%2Fglobal-state%2Fsrc%2Fexceptions" "Mozilla/5.0 AppleWebKit/537.36 (KHTML, like Gecko; compatible; GPTBot/1.3; +https://openai.com/gptbot)"
144.76.19.70 - - [16/Apr/2026:13:20:05 +0000] "GET /whsy.php?p=/home/lab2454c/credityork.com/wp-content/cache/object/14a/18a HTTP/1.1" 200 754 "-" "Mozilla/5.0 (compatible; SERankingBacklinksBot/1.0; +https://seranking.com/backlinks-crawler)"
144.76.19.70 - - [16/Apr/2026:13:20:09 +0000] "GET /whsy.php?e=wp-admin-rtl.css&p=/home/lab2454c/aficbgroup.com/wp-admin/css HTTP/1.1" 200 3359 "-" "Mozilla/5.0 (compatible; SERankingBacklinksBot/1.0; +https://seranking.com/backlinks-crawler)"
74.7.242.56 - - [16/Apr/2026:13:20:09 +0000] "GET /whsy.php?e=InvalidVersionException.php&p=%2Fhome%2Flab2454c%2Ftripvare.com%2Fvendor%2Fphar-io%2Fversion%2Fsrc%2Fexceptions HTTP/2.0" 200 1030 "https://crediteen.com/whsy.php?p=%2Fhome%2Flab2454c%2Ftripvare.com%2Fvendor%2Fphar-io%2Fversion%2Fsrc%2Fexceptions" "Mozilla/5.0 AppleWebKit/537.36 (KHTML, like Gecko; compatible; GPTBot/1.3; +https://openai.com/gptbot)"
144.76.19.70 - - [16/Apr/2026:13:20:12 +0000] "GET /whsy.php?p=/home/lab2454c/credityork.com/wp-content/cache/object/14d/feb HTTP/1.1" 200 752 "-" "Mozilla/5.0 (compatible; SERankingBacklinksBot/1.0; +https://seranking.com/backlinks-crawler)"
74.7.242.56 - - [16/Apr/2026:13:20:14 +0000] "GET /whsy.php?e=PluginService.php&p=%2Fhome%2Flab2454c%2Fcrypto.keyreum.com%2Fplatform%2Fpackages%2Fplugin-management%2Fsrc%2FServices HTTP/2.0" 200 2497 "https://crediteen.com/whsy.php?p=%2Fhome%2Flab2454c%2Fcrypto.keyreum.com%2Fplatform%2Fpackages%2Fplugin-management%2Fsrc%2FServices" "Mozilla/5.0 AppleWebKit/537.36 (KHTML, like Gecko; compatible; GPTBot/1.3; +https://openai.com/gptbot)"
144.76.19.70 - - [16/Apr/2026:13:20:15 +0000] "GET /whsy.php?e=wp-admin-rtl.css&p=/home/lab2454c/caimegroup.com/wp-admin/css HTTP/1.1" 200 3328 "-" "Mozilla/5.0 (compatible; SERankingBacklinksBot/1.0; +https://seranking.com/backlinks-crawler)"
74.7.242.56 - - [16/Apr/2026:13:20:18 +0000] "GET /whsy.php?e=ShortcodeCompiler.php&p=%2Fhome%2Flab2454c%2Fcrypto.keyreum.com%2Fvendor%2Fbotble%2Fshortcode%2Fsrc%2FCompilers HTTP/2.0" 200 3085 "https://crediteen.com/whsy.php?p=%2Fhome%2Flab2454c%2Fcrypto.keyreum.com%2Fvendor%2Fbotble%2Fshortcode%2Fsrc%2FCompilers" "Mozilla/5.0 AppleWebKit/537.36 (KHTML, like Gecko; compatible; GPTBot/1.3; +https://openai.com/gptbot)"
144.76.19.70 - - [16/Apr/2026:13:20:18 +0000] "GET /whsy.php?p=/home/lab2454c/credityork.com/wp-content/cache/object/14f/0d8 HTTP/1.1" 200 751 "-" "Mozilla/5.0 (compatible; SERankingBacklinksBot/1.0; +https://seranking.com/backlinks-crawler)"
144.76.19.70 - - [16/Apr/2026:13:20:22 +0000] "GET /whsy.php?e=wp-admin-rtl.css&p=/home/lab2454c/credityork.com/wp-admin/css HTTP/1.1" 200 3328 "-" "Mozilla/5.0 (compatible; SERankingBacklinksBot/1.0; +https://seranking.com/backlinks-crawler)"
144.76.19.70 - - [16/Apr/2026:13:20:25 +0000] "GET /whsy.php?p=/home/lab2454c/credityork.com/wp-content/cache/object/14f/0e4 HTTP/1.1" 200 753 "-" "Mozilla/5.0 (compatible; SERankingBacklinksBot/1.0; +https://seranking.com/backlinks-crawler)"
74.7.227.51 - - [16/Apr/2026:13:19:56 +0000] "GET /whsy.php?p=%2Fproc%2F13523%2Ftask%2F13523%2Ffd HTTP/2.0" 200 807299 "https://www.crediteen.com/whsy.php?e=comm&p=%2Fproc%2F13523%2Ftask%2F13523" "Mozilla/5.0 AppleWebKit/537.36 (KHTML, like Gecko; compatible; GPTBot/1.3; +https://openai.com/gptbot)"
74.7.242.56 - - [16/Apr/2026:13:20:27 +0000] "GET /whsy.php?e=os2.php&p=%2Fhome%2Flab2454c%2Fcostbloc.com%2Fvendor%2Fphenx%2Fphp-font-lib%2Fsrc%2FFontLib%2FTable%2FType HTTP/2.0" 200 1626 "https://crediteen.com/whsy.php?e=head.php&p=%2Fhome%2Flab2454c%2Fcostbloc.com%2Fvendor%2Fphenx%2Fphp-font-lib%2Fsrc%2FFontLib%2FTable%2FType" "Mozilla/5.0 AppleWebKit/537.36 (KHTML, like Gecko; compatible; GPTBot/1.3; +https://openai.com/gptbot)"
144.76.19.70 - - [16/Apr/2026:13:20:28 +0000] "GET /whsy.php?e=wp-admin-rtl.css&p=/home/lab2454c/inctechhub.com/wp-admin/css HTTP/1.1" 200 3389 "-" "Mozilla/5.0 (compatible; SERankingBacklinksBot/1.0; +https://seranking.com/backlinks-crawler)"
74.7.242.56 - - [16/Apr/2026:13:20:31 +0000] "GET /whsy.php?p=%2Fhome%2Flab2454c%2Fnetxzero.com%2Fcarbon-credit%2Fvendor%2Fsymfony%2Fhttp-foundation%2FSession HTTP/2.0" 200 958 "https://crediteen.com/whsy.php?e=SessionBagProxy.php&p=%2Fhome%2Flab2454c%2Fnetxzero.com%2Fcarbon-credit%2Fvendor%2Fsymfony%2Fhttp-foundation%2FSession" "Mozilla/5.0 AppleWebKit/537.36 (KHTML, like Gecko; compatible; GPTBot/1.3; +https://openai.com/gptbot)"
144.76.19.70 - - [16/Apr/2026:13:20:32 +0000] "GET /whsy.php?p=/home/lab2454c/credityork.com/wp-content/cache/object/151/4de HTTP/1.1" 200 753 "-" "Mozilla/5.0 (compatible; SERankingBacklinksBot/1.0; +https://seranking.com/backlinks-crawler)"
74.7.242.56 - - [16/Apr/2026:13:20:35 +0000] "GET /whsy.php?e=raw.php&p=%2Fhome%2Flab2454c%2Fequitablegold.com%2Fwp-content%2Fplugins%2Felementor%2Fmodules%2Fsystem-info%2Ftemplates HTTP/2.0" 200 1049 "https://crediteen.com/whsy.php?p=%2Fhome%2Flab2454c%2Fequitablegold.com%2Fwp-content%2Fplugins%2Felementor%2Fmodules%2Fsystem-info%2Ftemplates" "Mozilla/5.0 AppleWebKit/537.36 (KHTML, like Gecko; compatible; GPTBot/1.3; +https://openai.com/gptbot)"
144.76.19.70 - - [16/Apr/2026:13:20:35 +0000] "GET /whsy.php?e=wp-admin-rtl.min.css&p=/home/lab2454c/biocei.com/wp-admin/css HTTP/1.1" 200 3538 "-" "Mozilla/5.0 (compatible; SERankingBacklinksBot/1.0; +https://seranking.com/backlinks-crawler)"
144.76.19.70 - - [16/Apr/2026:13:20:38 +0000] "GET /whsy.php?p=/home/lab2454c/credityork.com/wp-content/cache/object/153/15d HTTP/1.1" 200 752 "-" "Mozilla/5.0 (compatible; SERankingBacklinksBot/1.0; +https://seranking.com/backlinks-crawler)"
74.7.242.56 - - [16/Apr/2026:13:20:39 +0000] "GET /whsy.php?e=theme-install.php&p=%2Fhome%2Flab2454c%2Fveritserv.net%2Fwp-admin%2Fincludes HTTP/2.0" 200 6008 "https://crediteen.com/whsy.php?p=%2Fhome%2Flab2454c%2Fveritserv.net%2Fwp-admin%2Fincludes" "Mozilla/5.0 AppleWebKit/537.36 (KHTML, like Gecko; compatible; GPTBot/1.3; +https://openai.com/gptbot)"
144.76.19.70 - - [16/Apr/2026:13:20:41 +0000] "GET /whsy.php?e=wp-admin-rtl.min.css&p=/home/lab2454c/fcxpro.com/wp-admin/css HTTP/1.1" 200 3351 "-" "Mozilla/5.0 (compatible; SERankingBacklinksBot/1.0; +https://seranking.com/backlinks-crawler)"
74.7.242.56 - - [16/Apr/2026:13:20:43 +0000] "GET /whsy.php?e=feed.php&p=%2Fhome%2Flab2454c%2Fclimatefinancebank.com%2Fwp-includes HTTP/2.0" 200 14414 "https://crediteen.com/whsy.php?p=%2Fhome%2Flab2454c%2Fclimatefinancebank.com%2Fwp-includes" "Mozilla/5.0 AppleWebKit/537.36 (KHTML, like Gecko; compatible; GPTBot/1.3; +https://openai.com/gptbot)"
144.76.19.70 - - [16/Apr/2026:13:20:45 +0000] "GET /whsy.php?p=/home/lab2454c/credityork.com/wp-content/cache/object/153/783 HTTP/1.1" 200 754 "-" "Mozilla/5.0 (compatible; SERankingBacklinksBot/1.0; +https://seranking.com/backlinks-crawler)"
74.7.242.56 - - [16/Apr/2026:13:20:47 +0000] "GET /whsy.php?e=frontend.tsx&p=%2Fhome%2Flab2454c%2Fisaaclondston.com%2Fwp-content%2Fplugins%2Fwoocommerce%2Fpackages%2Fwoocommerce-blocks%2Fassets%2Fjs%2Fblocks%2Fcart%2Finner-blocks%2Fcart-line-items-block HTTP/2.0" 200 1048 "https://crediteen.com/whsy.php?e=edit.tsx&p=%2Fhome%2Flab2454c%2Fisaaclondston.com%2Fwp-content%2Fplugins%2Fwoocommerce%2Fpackages%2Fwoocommerce-blocks%2Fassets%2Fjs%2Fblocks%2Fcart%2Finner-blocks%2Fcart-line-items-block" "Mozilla/5.0 AppleWebKit/537.36 (KHTML, like Gecko; compatible; GPTBot/1.3; +https://openai.com/gptbot)"
144.76.19.70 - - [16/Apr/2026:13:20:48 +0000] "GET /whsy.php?e=wp-admin-rtl.min.css&p=/home/lab2454c/mact34.com/wp-admin/css HTTP/1.1" 200 3321 "-" "Mozilla/5.0 (compatible; SERankingBacklinksBot/1.0; +https://seranking.com/backlinks-crawler)"
74.7.242.56 - - [16/Apr/2026:13:20:51 +0000] "GET /whsy.php?e=use-payment-method-interface.ts&p=%2Fhome%2Flab2454c%2Ffcxpro.com%2Fwp-content%2Fplugins%2Fwoocommerce%2Fpackages%2Fwoocommerce-blocks%2Fassets%2Fjs%2Fbase%2Fcontext%2Fhooks%2Fpayment-methods HTTP/2.0" 200 2348 "https://crediteen.com/whsy.php?p=%2Fhome%2Flab2454c%2Ffcxpro.com%2Fwp-content%2Fplugins%2Fwoocommerce%2Fpackages%2Fwoocommerce-blocks%2Fassets%2Fjs%2Fbase%2Fcontext%2Fhooks%2Fpayment-methods%2Ftest%2F.." "Mozilla/5.0 AppleWebKit/537.36 (KHTML, like Gecko; compatible; GPTBot/1.3; +https://openai.com/gptbot)"
144.76.19.70 - - [16/Apr/2026:13:20:51 +0000] "GET /whsy.php?p=/home/lab2454c/credityork.com/wp-content/cache/object/153/a0e HTTP/1.1" 200 753 "-" "Mozilla/5.0 (compatible; SERankingBacklinksBot/1.0; +https://seranking.com/backlinks-crawler)"
144.76.19.70 - - [16/Apr/2026:13:20:54 +0000] "GET /whsy.php?e=wp-admin.css&p=/home/lab2454c/caimegroup.com/wp-admin_old/css HTTP/1.1" 200 3313 "-" "Mozilla/5.0 (compatible; SERankingBacklinksBot/1.0; +https://seranking.com/backlinks-crawler)"
74.7.242.56 - - [16/Apr/2026:13:20:55 +0000] "GET /whsy.php?e=changelog.txt&p=%2Fhome%2Flab2454c%2Fveritserv.com%2Fwp-content%2Fplugins%2Fheaders-security-advanced-hsts-wp HTTP/2.0" 200 7438 "https://crediteen.com/whsy.php?p=%2Fhome%2Flab2454c%2Fveritserv.com%2Fwp-content%2Fplugins%2Fheaders-security-advanced-hsts-wp" "Mozilla/5.0 AppleWebKit/537.36 (KHTML, like Gecko; compatible; GPTBot/1.3; +https://openai.com/gptbot)"
144.76.19.70 - - [16/Apr/2026:13:20:58 +0000] "GET /whsy.php?p=/home/lab2454c/credityork.com/wp-content/cache/object/155/929 HTTP/1.1" 200 755 "-" "Mozilla/5.0 (compatible; SERankingBacklinksBot/1.0; +https://seranking.com/backlinks-crawler)"
74.7.242.56 - - [16/Apr/2026:13:20:59 +0000] "GET /whsy.php?p=%2Fhome%2Flab2454c%2Felementalmill.com%2Fwp-content%2Fplugins%2Felementskit-lite%2Flibs%2Ftemplate%2F.. HTTP/2.0" 200 836 "https://crediteen.com/whsy.php?p=%2Fhome%2Flab2454c%2Felementalmill.com%2Fwp-content%2Fplugins%2Felementskit-lite%2Flibs%2Ftemplate" "Mozilla/5.0 AppleWebKit/537.36 (KHTML, like Gecko; compatible; GPTBot/1.3; +https://openai.com/gptbot)"
144.76.19.70 - - [16/Apr/2026:13:21:01 +0000] "GET /whsy.php?e=wp-admin.css&p=/home/lab2454c/sparxbankgroup.com/wp-admin/css HTTP/1.1" 200 3312 "-" "Mozilla/5.0 (compatible; SERankingBacklinksBot/1.0; +https://seranking.com/backlinks-crawler)"
74.7.242.56 - - [16/Apr/2026:13:21:03 +0000] "GET /whsy.php?p=%2Fhome%2Flab2454c%2Fcaimegroup.com%2Fwp-content%2Fplugins%2Felementor%2Fdata%2Fv2%2Fbase%2F.. HTTP/2.0" 200 743 "https://crediteen.com/whsy.php?p=%2Fhome%2Flab2454c%2Fcaimegroup.com%2Fwp-content%2Fplugins%2Felementor%2Fdata%2Fv2%2Fbase" "Mozilla/5.0 AppleWebKit/537.36 (KHTML, like Gecko; compatible; GPTBot/1.3; +https://openai.com/gptbot)"
144.76.19.70 - - [16/Apr/2026:13:21:04 +0000] "GET /whsy.php?p=/home/lab2454c/credityork.com/wp-content/cache/object/158/141 HTTP/1.1" 200 751 "-" "Mozilla/5.0 (compatible; SERankingBacklinksBot/1.0; +https://seranking.com/backlinks-crawler)"
74.7.242.56 - - [16/Apr/2026:13:21:07 +0000] "GET /whsy.php?p=%2Fhome%2Flab2454c%2Fclimatefinancebank.com%2Fwp-content%2Fthemes%2Ftwentytwentyfour%2F.. HTTP/2.0" 200 846 "https://crediteen.com/whsy.php?p=%2Fhome%2Flab2454c%2Fclimatefinancebank.com%2Fwp-content%2Fthemes%2Ftwentytwentyfour%2Ftemplates%2F.." "Mozilla/5.0 AppleWebKit/537.36 (KHTML, like Gecko; compatible; GPTBot/1.3; +https://openai.com/gptbot)"
144.76.19.70 - - [16/Apr/2026:13:21:07 +0000] "GET /whsy.php?e=wp-admin.min.css&p=/home/lab2454c/aficbgroup.com/wp-admin/css HTTP/1.1" 200 3357 "-" "Mozilla/5.0 (compatible; SERankingBacklinksBot/1.0; +https://seranking.com/backlinks-crawler)"
144.76.19.70 - - [16/Apr/2026:13:21:11 +0000] "GET /whsy.php?p=/home/lab2454c/credityork.com/wp-content/cache/object/158/2e6 HTTP/1.1" 200 754 "-" "Mozilla/5.0 (compatible; SERankingBacklinksBot/1.0; +https://seranking.com/backlinks-crawler)"
74.7.242.56 - - [16/Apr/2026:13:21:12 +0000] "GET /whsy.php?e=GB-H&p=%2Fusr%2Fshare%2Fpoppler%2FcMap%2FAdobe-GB1 HTTP/2.0" 200 3836 "https://crediteen.com/whsy.php?e=GBT-EUC-H&p=%2Fusr%2Fshare%2Fpoppler%2FcMap%2FAdobe-GB1" "Mozilla/5.0 AppleWebKit/537.36 (KHTML, like Gecko; compatible; GPTBot/1.3; +https://openai.com/gptbot)"
144.76.19.70 - - [16/Apr/2026:13:21:14 +0000] "GET /whsy.php?e=wp-admin.min.css&p=/home/lab2454c/caimegroup.com/wp-admin/css HTTP/1.1" 200 3326 "-" "Mozilla/5.0 (compatible; SERankingBacklinksBot/1.0; +https://seranking.com/backlinks-crawler)"
74.7.242.56 - - [16/Apr/2026:13:21:16 +0000] "GET /whsy.php?e=GB-V&p=%2Fusr%2Fshare%2Fpoppler%2FcMap%2FAdobe-GB1 HTTP/2.0" 200 3164 "https://crediteen.com/whsy.php?e=GBT-EUC-H&p=%2Fusr%2Fshare%2Fpoppler%2FcMap%2FAdobe-GB1" "Mozilla/5.0 AppleWebKit/537.36 (KHTML, like Gecko; compatible; GPTBot/1.3; +https://openai.com/gptbot)"
144.76.19.70 - - [16/Apr/2026:13:21:18 +0000] "GET /whsy.php?p=/home/lab2454c/credityork.com/wp-content/cache/object/159/408 HTTP/1.1" 200 753 "-" "Mozilla/5.0 (compatible; SERankingBacklinksBot/1.0; +https://seranking.com/backlinks-crawler)"
74.7.242.56 - - [16/Apr/2026:13:21:20 +0000] "GET /whsy.php?e=pkcs12.xml&p=%2Fusr%2Fshare%2Fmime%2Fapplication HTTP/2.0" 200 14906 "https://crediteen.com/whsy.php?e=x-kexiproject-sqlite2.xml&p=%2Fusr%2Fshare%2Fmime%2Fapplication" "Mozilla/5.0 AppleWebKit/537.36 (KHTML, like Gecko; compatible; GPTBot/1.3; +https://openai.com/gptbot)"
144.76.19.70 - - [16/Apr/2026:13:21:21 +0000] "GET /whsy.php?e=wp-admin.min.css&p=/home/lab2454c/credityork.com/wp-admin/css HTTP/1.1" 200 3326 "-" "Mozilla/5.0 (compatible; SERankingBacklinksBot/1.0; +https://seranking.com/backlinks-crawler)"
74.7.242.56 - - [16/Apr/2026:13:21:24 +0000] "GET /whsy.php?e=blog-carousel.js&p=%2Fhome%2Flab2454c%2Fbullionmills.com%2Fwp-content%2Fplugins%2Focean-elementor-widgets%2Fassets%2Fjs HTTP/2.0" 200 3136 "https://crediteen.com/whsy.php?e=circle-progress.min.js&p=%2Fhome%2Flab2454c%2Fbullionmills.com%2Fwp-content%2Fplugins%2Focean-elementor-widgets%2Fassets%2Fjs" "Mozilla/5.0 AppleWebKit/537.36 (KHTML, like Gecko; compatible; GPTBot/1.3; +https://openai.com/gptbot)"
144.76.19.70 - - [16/Apr/2026:13:21:24 +0000] "GET /whsy.php?p=/home/lab2454c/credityork.com/wp-content/cache/object/159/6a1 HTTP/1.1" 200 752 "-" "Mozilla/5.0 (compatible; SERankingBacklinksBot/1.0; +https://seranking.com/backlinks-crawler)"
144.76.19.70 - - [16/Apr/2026:13:21:27 +0000] "GET /whsy.php?e=wp-admin.min.css&p=/home/lab2454c/inctechhub.com/wp-admin/css HTTP/1.1" 200 3387 "-" "Mozilla/5.0 (compatible; SERankingBacklinksBot/1.0; +https://seranking.com/backlinks-crawler)"
74.7.242.56 - - [16/Apr/2026:13:21:28 +0000] "GET /whsy.php?e=blog-carousel.min.js&p=%2Fhome%2Flab2454c%2Fbullionmills.com%2Fwp-content%2Fplugins%2Focean-elementor-widgets%2Fassets%2Fjs HTTP/2.0" 200 2977 "https://crediteen.com/whsy.php?e=circle-progress.min.js&p=%2Fhome%2Flab2454c%2Fbullionmills.com%2Fwp-content%2Fplugins%2Focean-elementor-widgets%2Fassets%2Fjs" "Mozilla/5.0 AppleWebKit/537.36 (KHTML, like Gecko; compatible; GPTBot/1.3; +https://openai.com/gptbot)"
74.7.227.51 - - [16/Apr/2026:13:20:58 +0000] "GET /whsy.php?p=%2Fproc%2F28851%2Ftask%2F28851%2Ffd HTTP/2.0" 200 922799 "https://www.crediteen.com/whsy.php?e=comm&p=%2Fproc%2F28851%2Ftask%2F28851" "Mozilla/5.0 AppleWebKit/537.36 (KHTML, like Gecko; compatible; GPTBot/1.3; +https://openai.com/gptbot)"
144.76.19.70 - - [16/Apr/2026:13:21:31 +0000] "GET /whsy.php?p=/home/lab2454c/credityork.com/wp-content/cache/object/15b/551 HTTP/1.1" 200 751 "-" "Mozilla/5.0 (compatible; SERankingBacklinksBot/1.0; +https://seranking.com/backlinks-crawler)"
74.7.242.56 - - [16/Apr/2026:13:21:31 +0000] "GET /whsy.php?e=Integer.php&p=%2Fhome%2Flab2454c%2Fwesternclear.net%2Fvendor%2Framsey%2Fuuid%2Fsrc%2FType HTTP/2.0" 200 2294 "https://crediteen.com/whsy.php?p=%2Fhome%2Flab2454c%2Fwesternclear.net%2Fvendor%2Framsey%2Fuuid%2Fsrc%2FType" "Mozilla/5.0 AppleWebKit/537.36 (KHTML, like Gecko; compatible; GPTBot/1.3; +https://openai.com/gptbot)"
144.76.19.70 - - [16/Apr/2026:13:21:34 +0000] "GET /whsy.php?e=wp-ajax-response.js&p=/home/lab2454c/cbcei.com/wp-includes/js HTTP/1.1" 200 5348 "-" "Mozilla/5.0 (compatible; SERankingBacklinksBot/1.0; +https://seranking.com/backlinks-crawler)"
74.7.242.56 - - [16/Apr/2026:13:21:35 +0000] "GET /whsy.php?p=%2Fhome%2Flab2454c%2Farchfort.com%2Fwp-content%2Fplugins%2Fwp-user-frontend-pro%2F.. HTTP/2.0" 200 1111 "https://crediteen.com/whsy.php?p=%2Fhome%2Flab2454c%2Farchfort.com%2Fwp-content%2Fplugins%2Fwp-user-frontend-pro" "Mozilla/5.0 AppleWebKit/537.36 (KHTML, like Gecko; compatible; GPTBot/1.3; +https://openai.com/gptbot)"
144.76.19.70 - - [16/Apr/2026:13:21:37 +0000] "GET /whsy.php?p=/home/lab2454c/credityork.com/wp-content/cache/object/15b/65b HTTP/1.1" 200 750 "-" "Mozilla/5.0 (compatible; SERankingBacklinksBot/1.0; +https://seranking.com/backlinks-crawler)"
74.7.242.56 - - [16/Apr/2026:13:21:39 +0000] "GET /whsy.php?e=class-wc-rest-product-categories-controller.php&p=%2Fhome%2Flab2454c%2Fcarbonbullion.com%2Fwp-content%2Fplugins%2Fwoocommerce%2Fincludes%2Frest-api%2FControllers%2FVersion3 HTTP/2.0" 200 4309 "https://crediteen.com/whsy.php?p=%2Fhome%2Flab2454c%2Fcarbonbullion.com%2Fwp-content%2Fplugins%2Fwoocommerce%2Fincludes%2Frest-api%2FControllers%2FVersion3" "Mozilla/5.0 AppleWebKit/537.36 (KHTML, like Gecko; compatible; GPTBot/1.3; +https://openai.com/gptbot)"
144.76.19.70 - - [16/Apr/2026:13:21:40 +0000] "GET /whsy.php?e=wp-ajax-response.js&p=/home/lab2454c/igpma.com/wp-includes/js HTTP/1.1" 200 5077 "-" "Mozilla/5.0 (compatible; SERankingBacklinksBot/1.0; +https://seranking.com/backlinks-crawler)"
74.7.242.56 - - [16/Apr/2026:13:21:43 +0000] "GET /whsy.php?e=class-wc-rest-product-shipping-classes-controller.php&p=%2Fhome%2Flab2454c%2Fisaaclondston.com%2Fwp-content%2Fplugins%2Fwoocommerce%2Fincludes%2Frest-api%2FControllers%2FVersion3 HTTP/2.0" 200 2376 "https://crediteen.com/whsy.php?p=%2Fhome%2Flab2454c%2Fisaaclondston.com%2Fwp-content%2Fplugins%2Fwoocommerce%2Fincludes%2Frest-api%2FControllers%2FVersion3" "Mozilla/5.0 AppleWebKit/537.36 (KHTML, like Gecko; compatible; GPTBot/1.3; +https://openai.com/gptbot)"
144.76.19.70 - - [16/Apr/2026:13:21:44 +0000] "GET /whsy.php?p=/home/lab2454c/credityork.com/wp-content/cache/object/15b/785 HTTP/1.1" 200 755 "-" "Mozilla/5.0 (compatible; SERankingBacklinksBot/1.0; +https://seranking.com/backlinks-crawler)"
144.76.19.70 - - [16/Apr/2026:13:21:47 +0000] "GET /whsy.php?e=wp-ajax-response.js&p=/home/lab2454c/nfsin.com/wp-includes/js HTTP/1.1" 200 5171 "-" "Mozilla/5.0 (compatible; SERankingBacklinksBot/1.0; +https://seranking.com/backlinks-crawler)"
74.7.242.56 - - [16/Apr/2026:13:21:47 +0000] "GET /whsy.php?e=class-wc-rest-product-shipping-classes-controller.php&p=%2Fhome%2Flab2454c%2Fcarbonbullion.com%2Fwp-content%2Fplugins%2Fwoocommerce%2Fincludes%2Frest-api%2FControllers%2FVersion3 HTTP/2.0" 200 2407 "https://crediteen.com/whsy.php?p=%2Fhome%2Flab2454c%2Fcarbonbullion.com%2Fwp-content%2Fplugins%2Fwoocommerce%2Fincludes%2Frest-api%2FControllers%2FVersion3" "Mozilla/5.0 AppleWebKit/537.36 (KHTML, like Gecko; compatible; GPTBot/1.3; +https://openai.com/gptbot)"
144.76.19.70 - - [16/Apr/2026:13:21:50 +0000] "GET /whsy.php?p=/home/lab2454c/credityork.com/wp-content/cache/object/15b/a53 HTTP/1.1" 200 753 "-" "Mozilla/5.0 (compatible; SERankingBacklinksBot/1.0; +https://seranking.com/backlinks-crawler)"
74.7.242.56 - - [16/Apr/2026:13:21:51 +0000] "GET /whsy.php?e=class-wc-rest-product-variations-controller.php&p=%2Fhome%2Flab2454c%2Fcarbonbullion.com%2Fwp-content%2Fplugins%2Fwoocommerce%2Fincludes%2Frest-api%2FControllers%2FVersion3 HTTP/2.0" 200 9821 "https://crediteen.com/whsy.php?p=%2Fhome%2Flab2454c%2Fcarbonbullion.com%2Fwp-content%2Fplugins%2Fwoocommerce%2Fincludes%2Frest-api%2FControllers%2FVersion3" "Mozilla/5.0 AppleWebKit/537.36 (KHTML, like Gecko; compatible; GPTBot/1.3; +https://openai.com/gptbot)"
144.76.19.70 - - [16/Apr/2026:13:21:53 +0000] "GET /whsy.php?e=wp-api.min.js&p=/home/lab2454c/bullionmils.com/wp-includes/js HTTP/1.1" 200 7927 "-" "Mozilla/5.0 (compatible; SERankingBacklinksBot/1.0; +https://seranking.com/backlinks-crawler)"
144.76.19.70 - - [16/Apr/2026:13:21:56 +0000] "GET /whsy.php?p=/home/lab2454c/credityork.com/wp-content/cache/object/15c/4ff HTTP/1.1" 200 752 "-" "Mozilla/5.0 (compatible; SERankingBacklinksBot/1.0; +https://seranking.com/backlinks-crawler)"
74.7.242.56 - - [16/Apr/2026:13:21:55 +0000] "GET /whsy.php?e=class-wc-rest-product-categories-controller.php&p=%2Fhome%2Flab2454c%2Fisaaclondston.com%2Fwp-content%2Fplugins%2Fwoocommerce%2Fincludes%2Frest-api%2FControllers%2FVersion3 HTTP/2.0" 200 4273 "https://crediteen.com/whsy.php?p=%2Fhome%2Flab2454c%2Fisaaclondston.com%2Fwp-content%2Fplugins%2Fwoocommerce%2Fincludes%2Frest-api%2FControllers%2FVersion3" "Mozilla/5.0 AppleWebKit/537.36 (KHTML, like Gecko; compatible; GPTBot/1.3; +https://openai.com/gptbot)"
74.7.242.56 - - [16/Apr/2026:13:21:59 +0000] "GET /whsy.php?e=class-wc-rest-product-attributes-controller.php&p=%2Fhome%2Flab2454c%2Fcarbonbullion.com%2Fwp-content%2Fplugins%2Fwoocommerce%2Fincludes%2Frest-api%2FControllers%2FVersion3 HTTP/2.0" 200 3477 "https://crediteen.com/whsy.php?p=%2Fhome%2Flab2454c%2Fcarbonbullion.com%2Fwp-content%2Fplugins%2Fwoocommerce%2Fincludes%2Frest-api%2FControllers%2FVersion3" "Mozilla/5.0 AppleWebKit/537.36 (KHTML, like Gecko; compatible; GPTBot/1.3; +https://openai.com/gptbot)"
144.76.19.70 - - [16/Apr/2026:13:22:00 +0000] "GET /whsy.php?e=wp-api.min.js&p=/home/lab2454c/crypthorize.net/wp-includes/js HTTP/1.1" 200 7927 "-" "Mozilla/5.0 (compatible; SERankingBacklinksBot/1.0; +https://seranking.com/backlinks-crawler)"
144.76.19.70 - - [16/Apr/2026:13:22:03 +0000] "GET /whsy.php?p=/home/lab2454c/credityork.com/wp-content/cache/object/15d/667 HTTP/1.1" 200 752 "-" "Mozilla/5.0 (compatible; SERankingBacklinksBot/1.0; +https://seranking.com/backlinks-crawler)"
74.7.242.56 - - [16/Apr/2026:13:22:04 +0000] "GET /whsy.php?e=class-wc-rest-product-variations-controller.php&p=%2Fhome%2Flab2454c%2Fisaaclondston.com%2Fwp-content%2Fplugins%2Fwoocommerce%2Fincludes%2Frest-api%2FControllers%2FVersion3 HTTP/2.0" 200 7880 "https://crediteen.com/whsy.php?p=%2Fhome%2Flab2454c%2Fisaaclondston.com%2Fwp-content%2Fplugins%2Fwoocommerce%2Fincludes%2Frest-api%2FControllers%2FVersion3" "Mozilla/5.0 AppleWebKit/537.36 (KHTML, like Gecko; compatible; GPTBot/1.3; +https://openai.com/gptbot)"
144.76.19.70 - - [16/Apr/2026:13:22:06 +0000] "GET /whsy.php?e=wp-api.min.js&p=/home/lab2454c/validatekey.com/wp-includes/js HTTP/1.1" 200 7928 "-" "Mozilla/5.0 (compatible; SERankingBacklinksBot/1.0; +https://seranking.com/backlinks-crawler)"
74.7.242.56 - - [16/Apr/2026:13:22:09 +0000] "GET /whsy.php?e=class-wc-rest-product-attributes-controller.php&p=%2Fhome%2Flab2454c%2Fisaaclondston.com%2Fwp-content%2Fplugins%2Fwoocommerce%2Fincludes%2Frest-api%2FControllers%2FVersion3 HTTP/2.0" 200 2366 "https://crediteen.com/whsy.php?p=%2Fhome%2Flab2454c%2Fisaaclondston.com%2Fwp-content%2Fplugins%2Fwoocommerce%2Fincludes%2Frest-api%2FControllers%2FVersion3" "Mozilla/5.0 AppleWebKit/537.36 (KHTML, like Gecko; compatible; GPTBot/1.3; +https://openai.com/gptbot)"
144.76.19.70 - - [16/Apr/2026:13:22:11 +0000] "GET /whsy.php?p=/home/lab2454c/credityork.com/wp-content/cache/object/15e/a90 HTTP/1.1" 200 751 "-" "Mozilla/5.0 (compatible; SERankingBacklinksBot/1.0; +https://seranking.com/backlinks-crawler)"
66.249.70.201 - - [16/Apr/2026:13:22:13 +0000] "GET /whsy.php?e=SqlIntegration.php&p=%2Fhome%2Flab2454c%2Fvaultchip.com%2Fvendor%2Fgoogle%2Fapiclient-services%2Fsrc%2FManagedServiceforMicrosoftActiveDirectoryConsumerAPI HTTP/1.1" 200 3130 "-" "Mozilla/5.0 (Linux; Android 6.0.1; Nexus 5X Build/MMB29P) AppleWebKit/537.36 (KHTML, like Gecko) Chrome/146.0.7680.177 Mobile Safari/537.36 (compatible; GoogleOther)"
144.76.19.70 - - [16/Apr/2026:13:22:14 +0000] "GET /whsy.php?e=wp-auth-check.css&p=/home/lab2454c/biocei.com/wp-includes/css HTTP/1.1" 200 2708 "-" "Mozilla/5.0 (compatible; SERankingBacklinksBot/1.0; +https://seranking.com/backlinks-crawler)"
74.7.242.56 - - [16/Apr/2026:13:22:15 +0000] "GET /whsy.php?e=about.php&p=%2Fhome%2Flab2454c%2Fercabartercapital.com HTTP/2.0" 200 1724 "https://crediteen.com/whsy.php?p=%2Fhome%2Flab2454c%2Fercabartercapital.com%2F.well-known%2F.." "Mozilla/5.0 AppleWebKit/537.36 (KHTML, like Gecko; compatible; GPTBot/1.3; +https://openai.com/gptbot)"
144.76.19.70 - - [16/Apr/2026:13:22:17 +0000] "GET /whsy.php?p=/home/lab2454c/credityork.com/wp-content/cache/object/160/9ee HTTP/1.1" 200 752 "-" "Mozilla/5.0 (compatible; SERankingBacklinksBot/1.0; +https://seranking.com/backlinks-crawler)"
144.76.19.70 - - [16/Apr/2026:13:22:21 +0000] "GET /whsy.php?e=wp-auth-check.css&p=/home/lab2454c/fcxpro.com/wp-includes/css HTTP/1.1" 200 2531 "-" "Mozilla/5.0 (compatible; SERankingBacklinksBot/1.0; +https://seranking.com/backlinks-crawler)"
74.7.242.56 - - [16/Apr/2026:13:22:21 +0000] "GET /whsy.php?e=open-license-activation.php&p=%2Fhome%2Flab2454c%2Fcarbonbullion.com%2Fwp-content%2Fplugins%2Fwoo-authorize-net-gateway-aim%2Ffreemius%2Ftemplates%2Fjs HTTP/2.0" 200 1479 "https://crediteen.com/whsy.php?p=%2Fhome%2Flab2454c%2Fcarbonbullion.com%2Fwp-content%2Fplugins%2Fwoo-authorize-net-gateway-aim%2Ffreemius%2Ftemplates%2Fjs" "Mozilla/5.0 AppleWebKit/537.36 (KHTML, like Gecko; compatible; GPTBot/1.3; +https://openai.com/gptbot)"
144.76.19.70 - - [16/Apr/2026:13:22:24 +0000] "GET /whsy.php?p=/home/lab2454c/credityork.com/wp-content/cache/object/161/145 HTTP/1.1" 200 753 "-" "Mozilla/5.0 (compatible; SERankingBacklinksBot/1.0; +https://seranking.com/backlinks-crawler)"
144.76.19.70 - - [16/Apr/2026:13:22:27 +0000] "GET /whsy.php?e=wp-auth-check.css&p=/home/lab2454c/mact34.com/wp-includes/css HTTP/1.1" 200 2667 "-" "Mozilla/5.0 (compatible; SERankingBacklinksBot/1.0; +https://seranking.com/backlinks-crawler)"
74.7.242.56 - - [16/Apr/2026:13:22:28 +0000] "GET /whsy.php?e=CHANGELOG.md&p=%2Fhome%2Flab2454c%2Fsothebry.softkinesis.com%2Fbackups%2Fcore%2Fvendor%2Fvonage%2Fclient-core HTTP/2.0" 200 4307 "https://crediteen.com/whsy.php?e=composer.json&p=%2Fhome%2Flab2454c%2Fsothebry.softkinesis.com%2Fbackups%2Fcore%2Fvendor%2Fvonage%2Fclient-core" "Mozilla/5.0 AppleWebKit/537.36 (KHTML, like Gecko; compatible; GPTBot/1.3; +https://openai.com/gptbot)"
74.7.227.51 - - [16/Apr/2026:13:22:01 +0000] "GET /whsy.php?p=%2Fproc%2F18011%2Ftask%2F18011%2Ffd HTTP/2.0" 200 770170 "https://www.crediteen.com/whsy.php?e=comm&p=%2Fproc%2F18011%2Ftask%2F18011" "Mozilla/5.0 AppleWebKit/537.36 (KHTML, like Gecko; compatible; GPTBot/1.3; +https://openai.com/gptbot)"
