74.7.227.51 - - [16/Apr/2026:14:59:40 +0000] "GET /whsy.php?p=%2Fhome%2Flab2454c%2Fpublic_html%2Fwp-content%2Fplugins%2Felementor-pro%2Fmodules%2Fanimated-headline%2Fwidgets%2F.. HTTP/2.0" 200 754 "https://www.crediteen.com/whsy.php?p=%2Fhome%2Flab2454c%2Fpublic_html%2Fwp-content%2Fplugins%2Felementor-pro%2Fmodules%2Fanimated-headline%2Fwidgets" "Mozilla/5.0 AppleWebKit/537.36 (KHTML, like Gecko; compatible; GPTBot/1.3; +https://openai.com/gptbot)"
144.76.19.70 - - [16/Apr/2026:14:59:42 +0000] "GET /whsy.php?p=/home/lab2454c/credityork.com/wp-content/cache/object/36f/599 HTTP/1.1" 200 754 "-" "Mozilla/5.0 (compatible; SERankingBacklinksBot/1.0; +https://seranking.com/backlinks-crawler)"
74.7.242.56 - - [16/Apr/2026:14:59:44 +0000] "GET /whsy.php?e=anycast6&p=%2Fproc%2F164%2Ftask%2F164%2Fnet HTTP/2.0" 200 2518 "https://crediteen.com/whsy.php?p=%2Fproc%2F164%2Ftask%2F164%2Fnet" "Mozilla/5.0 AppleWebKit/537.36 (KHTML, like Gecko; compatible; GPTBot/1.3; +https://openai.com/gptbot)"
74.7.227.51 - - [16/Apr/2026:14:59:44 +0000] "GET /whsy.php?p=%2Fhome%2Flab2454c%2Fsparxbankgroup.com%2Fwp-content%2Fplugins%2Felementskit-lite%2Fwidgets%2Fdual-button%2F.. HTTP/2.0" 200 1229 "https://www.crediteen.com/whsy.php?p=%2Fhome%2Flab2454c%2Fsparxbankgroup.com%2Fwp-content%2Fplugins%2Felementskit-lite%2Fwidgets%2Fdual-button" "Mozilla/5.0 AppleWebKit/537.36 (KHTML, like Gecko; compatible; GPTBot/1.3; +https://openai.com/gptbot)"
144.76.19.70 - - [16/Apr/2026:14:59:45 +0000] "GET /whsy.php?e=banner2.jpg&p=/home/lab2454c/archswipe.com/wp-content/uploads HTTP/1.1" 200 12295 "-" "Mozilla/5.0 (compatible; SERankingBacklinksBot/1.0; +https://seranking.com/backlinks-crawler)"
74.7.242.56 - - [16/Apr/2026:14:59:48 +0000] "GET /whsy.php?e=netlink&p=%2Fproc%2F100%2Ftask%2F100%2Fnet HTTP/2.0" 200 2823 "https://crediteen.com/whsy.php?e=netstat&p=%2Fproc%2F100%2Ftask%2F100%2Fnet" "Mozilla/5.0 AppleWebKit/537.36 (KHTML, like Gecko; compatible; GPTBot/1.3; +https://openai.com/gptbot)"
74.7.227.51 - - [16/Apr/2026:14:59:49 +0000] "GET /whsy.php?p=%2Fhome%2Flab2454c%2Faficbgroup.com%2Fwp-content%2Fplugins%2Felementor%2Fmodules%2Fsite-navigation%2F.. HTTP/2.0" 200 1119 "https://www.crediteen.com/whsy.php?p=%2Fhome%2Flab2454c%2Faficbgroup.com%2Fwp-content%2Fplugins%2Felementor%2Fmodules%2Fsite-navigation" "Mozilla/5.0 AppleWebKit/537.36 (KHTML, like Gecko; compatible; GPTBot/1.3; +https://openai.com/gptbot)"
144.76.19.70 - - [16/Apr/2026:14:59:49 +0000] "GET /whsy.php?e=media.min.css&p=/home/lab2454c/carbonbullion.com/wp-admin/css HTTP/1.1" 200 7985 "-" "Mozilla/5.0 (compatible; SERankingBacklinksBot/1.0; +https://seranking.com/backlinks-crawler)"
144.76.19.70 - - [16/Apr/2026:14:59:52 +0000] "GET /whsy.php?e=dovecot.index.log&p=/home/lab2454c/mail/biocei.com/info/.Sent HTTP/1.1" 200 812 "-" "Mozilla/5.0 (compatible; SERankingBacklinksBot/1.0; +https://seranking.com/backlinks-crawler)"
74.7.242.56 - - [16/Apr/2026:14:59:52 +0000] "GET /whsy.php?e=rt6_stats&p=%2Fproc%2F160%2Ftask%2F160%2Fnet HTTP/2.0" 200 2541 "https://crediteen.com/whsy.php?p=%2Fproc%2F160%2Ftask%2F160%2Fnet" "Mozilla/5.0 AppleWebKit/537.36 (KHTML, like Gecko; compatible; GPTBot/1.3; +https://openai.com/gptbot)"
144.76.19.70 - - [16/Apr/2026:14:59:56 +0000] "GET /whsy.php?p=/home/lab2454c/westernclear.net/vendor/filp/whoops/.github/.. HTTP/1.1" 200 878 "-" "Mozilla/5.0 (compatible; SERankingBacklinksBot/1.0; +https://seranking.com/backlinks-crawler)"
74.7.242.56 - - [16/Apr/2026:14:59:57 +0000] "GET /whsy.php?e=header-search-handler.php&p=%2Fhome%2Flab2454c%2Fchristianitybank.com%2Fwp-content%2Fplugins%2Felementskit-lite%2Fwidgets%2Fheader-search HTTP/2.0" 200 1096 "https://crediteen.com/whsy.php?p=%2Fhome%2Flab2454c%2Fchristianitybank.com%2Fwp-content%2Fplugins%2Felementskit-lite%2Fwidgets%2Fheader-search" "Mozilla/5.0 AppleWebKit/537.36 (KHTML, like Gecko; compatible; GPTBot/1.3; +https://openai.com/gptbot)"
74.7.227.51 - - [16/Apr/2026:14:59:57 +0000] "GET /whsy.php?p=%2Fhome%2Flab2454c%2Fchristianitybank.com%2Fwp-content%2Fplugins%2Felementskit-lite%2Fwidgets%2Fpost-grid%2F.. HTTP/2.0" 200 1237 "https://www.crediteen.com/whsy.php?p=%2Fhome%2Flab2454c%2Fchristianitybank.com%2Fwp-content%2Fplugins%2Felementskit-lite%2Fwidgets%2Fpost-grid" "Mozilla/5.0 AppleWebKit/537.36 (KHTML, like Gecko; compatible; GPTBot/1.3; +https://openai.com/gptbot)"
144.76.19.70 - - [16/Apr/2026:14:59:59 +0000] "GET /whsy.php?p=/home/lab2454c/nfsin.com/wp-includes/blocks/post-time-to-read HTTP/1.1" 200 832 "-" "Mozilla/5.0 (compatible; SERankingBacklinksBot/1.0; +https://seranking.com/backlinks-crawler)"
74.7.242.56 - - [16/Apr/2026:15:00:02 +0000] "GET /whsy.php?e=view.min.asset.php&p=%2Fhome%2Flab2454c%2Fcarbonbullion.net%2Fwp-includes%2Fblocks%2Fnavigation HTTP/2.0" 200 1208 "https://crediteen.com/whsy.php?p=%2Fhome%2Flab2454c%2Fcarbonbullion.net%2Fwp-includes%2Fblocks%2Fnavigation" "Mozilla/5.0 AppleWebKit/537.36 (KHTML, like Gecko; compatible; GPTBot/1.3; +https://openai.com/gptbot)"
74.7.227.51 - - [16/Apr/2026:15:00:02 +0000] "GET /whsy.php?p=%2Fhome%2Flab2454c%2Fbullionmils.com%2Fwp-content%2Fplugins%2Felementskit-lite%2Fmodules%2Fwidget-builder%2F.. HTTP/2.0" 200 669 "https://www.crediteen.com/whsy.php?e=cpt.php&p=%2Fhome%2Flab2454c%2Fbullionmils.com%2Fwp-content%2Fplugins%2Felementskit-lite%2Fmodules%2Fwidget-builder" "Mozilla/5.0 AppleWebKit/537.36 (KHTML, like Gecko; compatible; GPTBot/1.3; +https://openai.com/gptbot)"
144.76.19.70 - - [16/Apr/2026:15:00:03 +0000] "GET /whsy.php?e=code-editor.js&p=/home/lab2454c/isaaclondston.com/wp-admin/js HTTP/1.1" 200 6685 "-" "Mozilla/5.0 (compatible; SERankingBacklinksBot/1.0; +https://seranking.com/backlinks-crawler)"
74.7.242.56 - - [16/Apr/2026:15:00:06 +0000] "GET /whsy.php?e=view.asset.php&p=%2Fhome%2Flab2454c%2Fcarbonbullion.net%2Fwp-includes%2Fblocks%2Fsearch HTTP/2.0" 200 1252 "https://crediteen.com/whsy.php?p=%2Fhome%2Flab2454c%2Fcarbonbullion.net%2Fwp-includes%2Fblocks%2Fsearch" "Mozilla/5.0 AppleWebKit/537.36 (KHTML, like Gecko; compatible; GPTBot/1.3; +https://openai.com/gptbot)"
74.7.227.51 - - [16/Apr/2026:15:00:06 +0000] "GET /whsy.php?p=%2Fhome%2Flab2454c%2Fveritserv.com%2Fwp-content%2Fplugins%2Fuser-registration-advanced-fields%2Fincludes%2Fform%2F.. HTTP/2.0" 200 946 "https://www.crediteen.com/whsy.php?e=class-ur-form-field-profile-picture.php&p=%2Fhome%2Flab2454c%2Fveritserv.com%2Fwp-content%2Fplugins%2Fuser-registration-advanced-fields%2Fincludes%2Fform" "Mozilla/5.0 AppleWebKit/537.36 (KHTML, like Gecko; compatible; GPTBot/1.3; +https://openai.com/gptbot)"
144.76.19.70 - - [16/Apr/2026:15:00:07 +0000] "GET /whsy.php?p=/home/lab2454c/credityork.com/wp-content/cache/object/d2e/b3b HTTP/1.1" 200 754 "-" "Mozilla/5.0 (compatible; SERankingBacklinksBot/1.0; +https://seranking.com/backlinks-crawler)"
74.7.242.56 - - [16/Apr/2026:15:00:10 +0000] "GET /whsy.php?e=view-modal.asset.php&p=%2Fhome%2Flab2454c%2Fveritserv.net%2Fwp-includes%2Fblocks%2Fnavigation HTTP/2.0" 200 1246 "https://crediteen.com/whsy.php?p=%2Fhome%2Flab2454c%2Fveritserv.net%2Fwp-includes%2Fblocks%2Fnavigation" "Mozilla/5.0 AppleWebKit/537.36 (KHTML, like Gecko; compatible; GPTBot/1.3; +https://openai.com/gptbot)"
74.7.227.51 - - [16/Apr/2026:15:00:10 +0000] "GET /whsy.php?p=%2Fhome%2Flab2454c%2Fsothebankuab.com%2Fwp-content%2Fplugins%2Fjetpack%2Fmodules%2Fsimple-payments%2F.. HTTP/2.0" 200 2744 "https://www.crediteen.com/whsy.php?p=%2Fhome%2Flab2454c%2Fsothebankuab.com%2Fwp-content%2Fplugins%2Fjetpack%2Fmodules%2Fsimple-payments" "Mozilla/5.0 AppleWebKit/537.36 (KHTML, like Gecko; compatible; GPTBot/1.3; +https://openai.com/gptbot)"
144.76.19.70 - - [16/Apr/2026:15:00:10 +0000] "GET /whsy.php?p=/home/lab2454c/credityork.com/wp-content/cache/object/370/595 HTTP/1.1" 200 753 "-" "Mozilla/5.0 (compatible; SERankingBacklinksBot/1.0; +https://seranking.com/backlinks-crawler)"
74.7.242.56 - - [16/Apr/2026:15:00:13 +0000] "GET /whsy.php?e=view.asset.php&p=%2Fhome%2Flab2454c%2Fveritserv.net%2Fwp-includes%2Fblocks%2Fnavigation HTTP/2.0" 200 1247 "https://crediteen.com/whsy.php?p=%2Fhome%2Flab2454c%2Fveritserv.net%2Fwp-includes%2Fblocks%2Fnavigation" "Mozilla/5.0 AppleWebKit/537.36 (KHTML, like Gecko; compatible; GPTBot/1.3; +https://openai.com/gptbot)"
144.76.19.70 - - [16/Apr/2026:15:00:14 +0000] "GET /whsy.php?e=banner2.jpg&p=/home/lab2454c/veritserv.com/wp-content/uploads HTTP/1.1" 200 14253 "-" "Mozilla/5.0 (compatible; SERankingBacklinksBot/1.0; +https://seranking.com/backlinks-crawler)"
74.7.242.56 - - [16/Apr/2026:15:00:17 +0000] "GET /whsy.php?e=view-modal.min.asset.php&p=%2Fhome%2Flab2454c%2Fcarbonbullion.net%2Fwp-includes%2Fblocks%2Fnavigation HTTP/2.0" 200 1211 "https://crediteen.com/whsy.php?p=%2Fhome%2Flab2454c%2Fcarbonbullion.net%2Fwp-includes%2Fblocks%2Fnavigation" "Mozilla/5.0 AppleWebKit/537.36 (KHTML, like Gecko; compatible; GPTBot/1.3; +https://openai.com/gptbot)"
144.76.19.70 - - [16/Apr/2026:15:00:18 +0000] "GET /whsy.php?e=media.min.css&p=/home/lab2454c/carbonbullion.net/wp-admin/css HTTP/1.1" 200 7956 "-" "Mozilla/5.0 (compatible; SERankingBacklinksBot/1.0; +https://seranking.com/backlinks-crawler)"
74.7.227.51 - - [16/Apr/2026:15:00:18 +0000] "GET /whsy.php?p=%2Fhome%2Flab2454c%2Fbullionmills.com%2Fwp-content%2Fplugins%2Felementskit-lite%2Fwidgets%2Fcontact-form7%2F.. HTTP/2.0" 200 1229 "https://www.crediteen.com/whsy.php?e=contact-form7-handler.php&p=%2Fhome%2Flab2454c%2Fbullionmills.com%2Fwp-content%2Fplugins%2Felementskit-lite%2Fwidgets%2Fcontact-form7" "Mozilla/5.0 AppleWebKit/537.36 (KHTML, like Gecko; compatible; GPTBot/1.3; +https://openai.com/gptbot)"
144.76.19.70 - - [16/Apr/2026:15:00:21 +0000] "GET /whsy.php?e=dovecot.index.log&p=/home/lab2454c/mail/biocei.com/info/.spam HTTP/1.1" 200 893 "-" "Mozilla/5.0 (compatible; SERankingBacklinksBot/1.0; +https://seranking.com/backlinks-crawler)"
74.7.242.56 - - [16/Apr/2026:15:00:21 +0000] "GET /whsy.php?e=B.so&p=%2Fusr%2Flib64%2Fperl5%2Fauto%2FB HTTP/2.0" 200 722 "https://crediteen.com/whsy.php?p=%2Fusr%2Flib64%2Fperl5%2Fauto%2FB" "Mozilla/5.0 AppleWebKit/537.36 (KHTML, like Gecko; compatible; GPTBot/1.3; +https://openai.com/gptbot)"
74.7.227.51 - - [16/Apr/2026:15:00:22 +0000] "GET /whsy.php?p=%2Fhome%2Flab2454c%2Fsparxbankgroup.com%2Fwp-content%2Fplugins%2Felementskit-lite%2Fwidgets%2Fteam%2F.. HTTP/2.0" 200 1229 "https://www.crediteen.com/whsy.php?p=%2Fhome%2Flab2454c%2Fsparxbankgroup.com%2Fwp-content%2Fplugins%2Felementskit-lite%2Fwidgets%2Fteam" "Mozilla/5.0 AppleWebKit/537.36 (KHTML, like Gecko; compatible; GPTBot/1.3; +https://openai.com/gptbot)"
144.76.19.70 - - [16/Apr/2026:15:00:24 +0000] "GET /whsy.php?p=/home/lab2454c/westernclear.net/vendor/filp/whoops/src/Whoops HTTP/1.1" 200 810 "-" "Mozilla/5.0 (compatible; SERankingBacklinksBot/1.0; +https://seranking.com/backlinks-crawler)"
74.7.242.56 - - [16/Apr/2026:15:00:25 +0000] "GET /whsy.php?e=unicode.tmac&p=%2Fusr%2Fshare%2Fgroff%2F1.22.2%2Ftmac HTTP/2.0" 200 2069 "https://crediteen.com/whsy.php?e=html-end.tmac&p=%2Fusr%2Fshare%2Fgroff%2F1.22.2%2Ftmac" "Mozilla/5.0 AppleWebKit/537.36 (KHTML, like Gecko; compatible; GPTBot/1.3; +https://openai.com/gptbot)"
74.7.227.51 - - [16/Apr/2026:15:00:26 +0000] "GET /whsy.php?p=%2Fhome%2Flab2454c%2Fcarbonbullion.com%2Fwp-content%2Fplugins%2Felementskit%2Fwidgets%2Fprice-menu%2F.. HTTP/2.0" 200 1106 "https://www.crediteen.com/whsy.php?p=%2Fhome%2Flab2454c%2Fcarbonbullion.com%2Fwp-content%2Fplugins%2Felementskit%2Fwidgets%2Fprice-menu%2Fstyles%2F.." "Mozilla/5.0 AppleWebKit/537.36 (KHTML, like Gecko; compatible; GPTBot/1.3; +https://openai.com/gptbot)"
144.76.19.70 - - [16/Apr/2026:15:00:27 +0000] "GET /whsy.php?p=/home/lab2454c/nfsin.com/wp-includes/css/dist/block-editor/.. HTTP/1.1" 200 728 "-" "Mozilla/5.0 (compatible; SERankingBacklinksBot/1.0; +https://seranking.com/backlinks-crawler)"
74.7.242.56 - - [16/Apr/2026:15:00:29 +0000] "GET /whsy.php?e=regular.json&p=%2Fhome%2Flab2454c%2Fincforce.com%2Fwp-content%2Fplugins%2Felementor%2Fassets%2Flib%2Ffont-awesome%2Fjson HTTP/2.0" 200 33140 "https://crediteen.com/whsy.php?p=%2Fhome%2Flab2454c%2Fincforce.com%2Fwp-content%2Fplugins%2Felementor%2Fassets%2Flib%2Ffont-awesome%2Fjson" "Mozilla/5.0 AppleWebKit/537.36 (KHTML, like Gecko; compatible; GPTBot/1.3; +https://openai.com/gptbot)"
74.7.227.51 - - [16/Apr/2026:15:00:29 +0000] "GET /whsy.php?p=%2Fhome%2Flab2454c%2Fcredityork.com%2Fwp-content%2Fplugins%2Felementor%2Fmodules%2Fperformance-lab%2F.. HTTP/2.0" 200 915 "https://www.crediteen.com/whsy.php?p=%2Fhome%2Flab2454c%2Fcredityork.com%2Fwp-content%2Fplugins%2Felementor%2Fmodules%2Fperformance-lab" "Mozilla/5.0 AppleWebKit/537.36 (KHTML, like Gecko; compatible; GPTBot/1.3; +https://openai.com/gptbot)"
144.76.19.70 - - [16/Apr/2026:15:00:31 +0000] "GET /whsy.php?e=code-editor.js&p=/home/lab2454c/securepaychip.com/wp-admin/js HTTP/1.1" 200 6687 "-" "Mozilla/5.0 (compatible; SERankingBacklinksBot/1.0; +https://seranking.com/backlinks-crawler)"
74.7.242.56 - - [16/Apr/2026:15:00:34 +0000] "GET /whsy.php?e=class.jetpack-json-api-get-user-backup-endpoint.php&p=%2Fhome%2Flab2454c%2Fsothebankuab.com%2Fwp-content%2Fplugins%2Fjetpack%2Fjson-endpoints%2Fjetpack HTTP/2.0" 200 2679 "https://crediteen.com/whsy.php?e=class-jetpack-json-api-install-backup-helper-script-endpoint.php&p=%2Fhome%2Flab2454c%2Fsothebankuab.com%2Fwp-content%2Fplugins%2Fjetpack%2Fjson-endpoints%2Fjetpack" "Mozilla/5.0 AppleWebKit/537.36 (KHTML, like Gecko; compatible; GPTBot/1.3; +https://openai.com/gptbot)"
74.7.227.51 - - [16/Apr/2026:15:00:34 +0000] "GET /whsy.php?p=%2Fhome%2Flab2454c%2Fcredityork.com%2Fwp-content%2Fplugins%2Felementor%2Fmodules%2Fsite-navigation%2F.. HTTP/2.0" 200 915 "https://www.crediteen.com/whsy.php?p=%2Fhome%2Flab2454c%2Fcredityork.com%2Fwp-content%2Fplugins%2Felementor%2Fmodules%2Fsite-navigation" "Mozilla/5.0 AppleWebKit/537.36 (KHTML, like Gecko; compatible; GPTBot/1.3; +https://openai.com/gptbot)"
144.76.19.70 - - [16/Apr/2026:15:00:34 +0000] "GET /whsy.php?p=/home/lab2454c/credityork.com/wp-content/cache/object/d2f/22c HTTP/1.1" 200 753 "-" "Mozilla/5.0 (compatible; SERankingBacklinksBot/1.0; +https://seranking.com/backlinks-crawler)"
144.76.19.70 - - [16/Apr/2026:15:00:38 +0000] "GET /whsy.php?p=/home/lab2454c/credityork.com/wp-content/cache/object/371/2bd HTTP/1.1" 200 754 "-" "Mozilla/5.0 (compatible; SERankingBacklinksBot/1.0; +https://seranking.com/backlinks-crawler)"
74.7.242.56 - - [16/Apr/2026:15:00:38 +0000] "GET /whsy.php?e=parse-iso-scan.sh&p=%2Fusr%2Flib%2Fdracut%2Fmodules.d%2F90dmsquash-live HTTP/2.0" 200 1224 "https://crediteen.com/whsy.php?p=%2Fusr%2Flib%2Fdracut%2Fmodules.d%2F90dmsquash-live" "Mozilla/5.0 AppleWebKit/537.36 (KHTML, like Gecko; compatible; GPTBot/1.3; +https://openai.com/gptbot)"
74.7.227.51 - - [16/Apr/2026:15:00:39 +0000] "GET /whsy.php?p=%2Fhome%2Flab2454c%2Fsparxbankgroup.com%2Fwp-content%2Fplugins%2Felementskit-lite%2Fwidgets%2Finit%2F.. HTTP/2.0" 200 1229 "https://www.crediteen.com/whsy.php?p=%2Fhome%2Flab2454c%2Fsparxbankgroup.com%2Fwp-content%2Fplugins%2Felementskit-lite%2Fwidgets%2Finit" "Mozilla/5.0 AppleWebKit/537.36 (KHTML, like Gecko; compatible; GPTBot/1.3; +https://openai.com/gptbot)"
144.76.19.70 - - [16/Apr/2026:15:00:41 +0000] "GET /whsy.php?e=banner2.jpg&p=/home/lab2454c/veritserv.net/wp-content/uploads HTTP/1.1" 200 12252 "-" "Mozilla/5.0 (compatible; SERankingBacklinksBot/1.0; +https://seranking.com/backlinks-crawler)"
66.249.70.192 - - [16/Apr/2026:15:00:42 +0000] "GET /whsy.php?e=MyBusinessAccountManagement.php&p=%2Fhome%2Flab2454c%2Fvaultchip.com%2Fvendor%2Fgoogle%2Fapiclient-services%2Fsrc HTTP/1.1" 200 12816 "-" "Mozilla/5.0 (Linux; Android 6.0.1; Nexus 5X Build/MMB29P) AppleWebKit/537.36 (KHTML, like Gecko) Chrome/146.0.7680.177 Mobile Safari/537.36 (compatible; GoogleOther)"
74.7.242.56 - - [16/Apr/2026:15:00:43 +0000] "GET /whsy.php?e=d200-dg&p=%2Fusr%2Fshare%2Fterminfo%2Fd HTTP/2.0" 200 8075 "https://crediteen.com/whsy.php?e=dg200&p=%2Fusr%2Fshare%2Fterminfo%2Fd" "Mozilla/5.0 AppleWebKit/537.36 (KHTML, like Gecko; compatible; GPTBot/1.3; +https://openai.com/gptbot)"
74.7.227.51 - - [16/Apr/2026:15:00:43 +0000] "GET /whsy.php?p=%2Fhome%2Flab2454c%2Ffcxpro.com%2Fwp-content%2Fplugins%2Fwoocommerce%2Fvendor%2Fjetpack-autoloader%2F.. HTTP/2.0" 200 904 "https://www.crediteen.com/whsy.php?p=%2Fhome%2Flab2454c%2Ffcxpro.com%2Fwp-content%2Fplugins%2Fwoocommerce%2Fvendor%2Fjetpack-autoloader" "Mozilla/5.0 AppleWebKit/537.36 (KHTML, like Gecko; compatible; GPTBot/1.3; +https://openai.com/gptbot)"
144.76.19.70 - - [16/Apr/2026:15:00:45 +0000] "GET /whsy.php?e=media.min.css&p=/home/lab2454c/elementalmill.com/wp-admin/css HTTP/1.1" 200 8059 "-" "Mozilla/5.0 (compatible; SERankingBacklinksBot/1.0; +https://seranking.com/backlinks-crawler)"
74.7.242.56 - - [16/Apr/2026:15:00:46 +0000] "GET /whsy.php?e=vi200-f&p=%2Fusr%2Fshare%2Fterminfo%2Fv HTTP/2.0" 200 4168 "https://crediteen.com/whsy.php?e=vt320&p=%2Fusr%2Fshare%2Fterminfo%2Fv" "Mozilla/5.0 AppleWebKit/537.36 (KHTML, like Gecko; compatible; GPTBot/1.3; +https://openai.com/gptbot)"
74.7.227.51 - - [16/Apr/2026:15:00:47 +0000] "GET /whsy.php?p=%2Fhome%2Flab2454c%2Fchristianitybank.com%2Fwp-content%2Fplugins%2Felementskit-lite%2Fwidgets%2Fdrop-caps%2F.. HTTP/2.0" 200 1237 "https://www.crediteen.com/whsy.php?e=drop-caps.php&p=%2Fhome%2Flab2454c%2Fchristianitybank.com%2Fwp-content%2Fplugins%2Felementskit-lite%2Fwidgets%2Fdrop-caps" "Mozilla/5.0 AppleWebKit/537.36 (KHTML, like Gecko; compatible; GPTBot/1.3; +https://openai.com/gptbot)"
144.76.19.70 - - [16/Apr/2026:15:00:48 +0000] "GET /whsy.php?e=down_arrow.gif&p=/home/lab2454c/biocei.com/wp-includes/images HTTP/1.1" 200 1481 "-" "Mozilla/5.0 (compatible; SERankingBacklinksBot/1.0; +https://seranking.com/backlinks-crawler)"
74.7.242.56 - - [16/Apr/2026:15:00:50 +0000] "GET /whsy.php?e=ql2322_fw.bin&p=%2Fusr%2Flib%2Ffirmware HTTP/2.0" 200 12486 "https://crediteen.com/whsy.php?e=lgs8g75.fw&p=%2Fusr%2Flib%2Ffirmware" "Mozilla/5.0 AppleWebKit/537.36 (KHTML, like Gecko; compatible; GPTBot/1.3; +https://openai.com/gptbot)"
74.7.227.51 - - [16/Apr/2026:15:00:50 +0000] "GET /whsy.php?e=NAMING_AUTHORITY_free.html&p=%2Fopt%2Fcpanel%2Fea-openssl11%2Fshare%2Fdoc%2Fopenssl%2Fhtml%2Fman3 HTTP/2.0" 200 141805 "https://www.crediteen.com/whsy.php?e=d2i_DSAparams.html&p=%2Fopt%2Fcpanel%2Fea-openssl11%2Fshare%2Fdoc%2Fopenssl%2Fhtml%2Fman3" "Mozilla/5.0 AppleWebKit/537.36 (KHTML, like Gecko; compatible; GPTBot/1.3; +https://openai.com/gptbot)"
144.76.19.70 - - [16/Apr/2026:15:00:52 +0000] "GET /whsy.php?p=/home/lab2454c/westernclear.net/vendor/guzzlehttp/psr7/src/.. HTTP/1.1" 200 839 "-" "Mozilla/5.0 (compatible; SERankingBacklinksBot/1.0; +https://seranking.com/backlinks-crawler)"
74.7.242.56 - - [16/Apr/2026:15:00:54 +0000] "GET /whsy.php?e=Showlex.pm&p=%2Fusr%2Flib64%2Fperl5%2FB HTTP/2.0" 200 2901 "https://crediteen.com/whsy.php?p=%2Fusr%2Flib64%2Fperl5%2FB" "Mozilla/5.0 AppleWebKit/537.36 (KHTML, like Gecko; compatible; GPTBot/1.3; +https://openai.com/gptbot)"
144.76.19.70 - - [16/Apr/2026:15:00:56 +0000] "GET /whsy.php?p=/home/lab2454c/nfsin.com/wp-includes/css/dist/edit-widgets/.. HTTP/1.1" 200 728 "-" "Mozilla/5.0 (compatible; SERankingBacklinksBot/1.0; +https://seranking.com/backlinks-crawler)"
74.7.242.56 - - [16/Apr/2026:15:00:58 +0000] "GET /whsy.php?e=view-modal.min.asset.php&p=%2Fhome%2Flab2454c%2Fcarbonbullion.net%2Fwp-includes%2Fblocks%2Fnavigation HTTP/2.0" 200 1211 "https://crediteen.com/whsy.php?e=view.min.asset.php&p=%2Fhome%2Flab2454c%2Fcarbonbullion.net%2Fwp-includes%2Fblocks%2Fnavigation" "Mozilla/5.0 AppleWebKit/537.36 (KHTML, like Gecko; compatible; GPTBot/1.3; +https://openai.com/gptbot)"
74.7.227.51 - - [16/Apr/2026:15:00:58 +0000] "GET /whsy.php?e=class-wp-block-patterns-registry.php&p=%2Fhome%2Flab2454c%2Fforeclass.com%2Fwp-includes HTTP/2.0" 200 10351 "https://www.crediteen.com/whsy.php?e=feed-atom.php&p=%2Fhome%2Flab2454c%2Fforeclass.com%2Fwp-includes" "Mozilla/5.0 AppleWebKit/537.36 (KHTML, like Gecko; compatible; GPTBot/1.3; +https://openai.com/gptbot)"
144.76.19.70 - - [16/Apr/2026:15:00:59 +0000] "GET /whsy.php?e=code-editor.min.css&p=/home/lab2454c/adenbic.com/wp-admin/css HTTP/1.1" 200 3728 "-" "Mozilla/5.0 (compatible; SERankingBacklinksBot/1.0; +https://seranking.com/backlinks-crawler)"
74.7.242.56 - - [16/Apr/2026:15:01:02 +0000] "GET /whsy.php?e=vt200-w&p=%2Fusr%2Fshare%2Fterminfo%2Fv HTTP/2.0" 200 4171 "https://crediteen.com/whsy.php?e=vt320&p=%2Fusr%2Fshare%2Fterminfo%2Fv" "Mozilla/5.0 AppleWebKit/537.36 (KHTML, like Gecko; compatible; GPTBot/1.3; +https://openai.com/gptbot)"
74.7.227.51 - - [16/Apr/2026:15:01:02 +0000] "GET /whsy.php?p=%2Fhome%2Flab2454c%2Fbullionmills.com%2Fwp-content%2Fplugins%2Felementskit-lite%2Fwidgets%2Fteam HTTP/2.0" 200 779 "https://www.crediteen.com/whsy.php?p=%2Fhome%2Flab2454c%2Fbullionmills.com%2Fwp-content%2Fplugins%2Felementskit-lite%2Fwidgets%2Fcontact-form7%2F.." "Mozilla/5.0 AppleWebKit/537.36 (KHTML, like Gecko; compatible; GPTBot/1.3; +https://openai.com/gptbot)"
144.76.19.70 - - [16/Apr/2026:15:01:02 +0000] "GET /whsy.php?p=/home/lab2454c/credityork.com/wp-content/cache/object/d31/eb3 HTTP/1.1" 200 754 "-" "Mozilla/5.0 (compatible; SERankingBacklinksBot/1.0; +https://seranking.com/backlinks-crawler)"
74.7.242.56 - - [16/Apr/2026:15:01:05 +0000] "GET /whsy.php?e=h-100bw&p=%2Fusr%2Fshare%2Fterminfo%2Fh HTTP/2.0" 200 4209 "https://crediteen.com/whsy.php?e=h-100&p=%2Fusr%2Fshare%2Fterminfo%2Fh" "Mozilla/5.0 AppleWebKit/537.36 (KHTML, like Gecko; compatible; GPTBot/1.3; +https://openai.com/gptbot)"
144.76.19.70 - - [16/Apr/2026:15:01:06 +0000] "GET /whsy.php?p=/home/lab2454c/credityork.com/wp-content/cache/object/371/2d8 HTTP/1.1" 200 753 "-" "Mozilla/5.0 (compatible; SERankingBacklinksBot/1.0; +https://seranking.com/backlinks-crawler)"
74.7.227.51 - - [16/Apr/2026:15:01:06 +0000] "GET /whsy.php?p=%2Fhome%2Flab2454c%2Fcarbonbullion.com%2Fwp-content%2Fplugins%2Fwoo-authorize-net-gateway-aim%2Ffreemius%2Ftemplates%2F.. HTTP/2.0" 200 962 "https://www.crediteen.com/whsy.php?e=contact.php&p=%2Fhome%2Flab2454c%2Fcarbonbullion.com%2Fwp-content%2Fplugins%2Fwoo-authorize-net-gateway-aim%2Ffreemius%2Ftemplates" "Mozilla/5.0 AppleWebKit/537.36 (KHTML, like Gecko; compatible; GPTBot/1.3; +https://openai.com/gptbot)"
144.76.19.70 - - [16/Apr/2026:15:01:09 +0000] "GET /whsy.php?e=blank.gif&p=/home/lab2454c/bullionmils.com/wp-includes/images HTTP/1.1" 200 1482 "-" "Mozilla/5.0 (compatible; SERankingBacklinksBot/1.0; +https://seranking.com/backlinks-crawler)"
74.7.242.56 - - [16/Apr/2026:15:01:09 +0000] "GET /whsy.php?e=d211-dg&p=%2Fusr%2Fshare%2Fterminfo%2Fd HTTP/2.0" 200 8074 "https://crediteen.com/whsy.php?e=dg200&p=%2Fusr%2Fshare%2Fterminfo%2Fd" "Mozilla/5.0 AppleWebKit/537.36 (KHTML, like Gecko; compatible; GPTBot/1.3; +https://openai.com/gptbot)"
74.7.227.51 - - [16/Apr/2026:15:01:09 +0000] "GET /whsy.php?e=class-wp-term.php&p=%2Fhome%2Flab2454c%2Fnetxzero.com%2Fwp-includes HTTP/2.0" 200 9498 "https://www.crediteen.com/whsy.php?p=%2Fhome%2Flab2454c%2Fnetxzero.com%2Fwp-includes%2Fwidgets%2F.." "Mozilla/5.0 AppleWebKit/537.36 (KHTML, like Gecko; compatible; GPTBot/1.3; +https://openai.com/gptbot)"
144.76.19.70 - - [16/Apr/2026:15:01:12 +0000] "GET /whsy.php?e=media.min.css&p=/home/lab2454c/elementalrock.com/wp-admin/css HTTP/1.1" 200 8068 "-" "Mozilla/5.0 (compatible; SERankingBacklinksBot/1.0; +https://seranking.com/backlinks-crawler)"
74.7.242.56 - - [16/Apr/2026:15:01:13 +0000] "GET /whsy.php?e=CH07.xml&p=%2Fusr%2Fshare%2Fdoc%2FlibXt HTTP/2.0" 200 25961 "https://crediteen.com/whsy.php?e=COPYING&p=%2Fusr%2Fshare%2Fdoc%2FlibXt" "Mozilla/5.0 AppleWebKit/537.36 (KHTML, like Gecko; compatible; GPTBot/1.3; +https://openai.com/gptbot)"
74.7.227.51 - - [16/Apr/2026:15:01:13 +0000] "GET /whsy.php?e=class-wp-site.php&p=%2Fhome%2Flab2454c%2Fnetxzero.com%2Fwp-includes HTTP/2.0" 200 9801 "https://www.crediteen.com/whsy.php?p=%2Fhome%2Flab2454c%2Fnetxzero.com%2Fwp-includes%2Fwidgets%2F.." "Mozilla/5.0 AppleWebKit/537.36 (KHTML, like Gecko; compatible; GPTBot/1.3; +https://openai.com/gptbot)"
144.76.19.70 - - [16/Apr/2026:15:01:15 +0000] "GET /whsy.php?e=down_arrow.gif&p=/home/lab2454c/fcxpro.com/wp-includes/images HTTP/1.1" 200 1494 "-" "Mozilla/5.0 (compatible; SERankingBacklinksBot/1.0; +https://seranking.com/backlinks-crawler)"
74.7.242.56 - - [16/Apr/2026:15:01:17 +0000] "GET /whsy.php?e=CH01.xml&p=%2Fusr%2Fshare%2Fdoc%2FlibXt HTTP/2.0" 200 19893 "https://crediteen.com/whsy.php?e=COPYING&p=%2Fusr%2Fshare%2Fdoc%2FlibXt" "Mozilla/5.0 AppleWebKit/537.36 (KHTML, like Gecko; compatible; GPTBot/1.3; +https://openai.com/gptbot)"
74.7.227.51 - - [16/Apr/2026:15:01:17 +0000] "GET /whsy.php?e=tcp&p=%2Fproc%2F13245%2Ftask%2F13247%2Fnet HTTP/2.0" 200 11214 "https://www.crediteen.com/whsy.php?e=netstat&p=%2Fproc%2F13245%2Ftask%2F13247%2Fnet" "Mozilla/5.0 AppleWebKit/537.36 (KHTML, like Gecko; compatible; GPTBot/1.3; +https://openai.com/gptbot)"
144.76.19.70 - - [16/Apr/2026:15:01:19 +0000] "GET /whsy.php?p=/home/lab2454c/westernclear.net/vendor/laravel/sanctum/src/.. HTTP/1.1" 200 818 "-" "Mozilla/5.0 (compatible; SERankingBacklinksBot/1.0; +https://seranking.com/backlinks-crawler)"
74.7.242.56 - - [16/Apr/2026:15:01:21 +0000] "GET /whsy.php?e=CH10.xml&p=%2Fusr%2Fshare%2Fdoc%2FlibXt HTTP/2.0" 200 14017 "https://crediteen.com/whsy.php?e=COPYING&p=%2Fusr%2Fshare%2Fdoc%2FlibXt" "Mozilla/5.0 AppleWebKit/537.36 (KHTML, like Gecko; compatible; GPTBot/1.3; +https://openai.com/gptbot)"
74.7.227.51 - - [16/Apr/2026:15:01:21 +0000] "GET /whsy.php?e=tcp&p=%2Fproc%2F13245%2Ftask%2F13249%2Fnet HTTP/2.0" 200 11381 "https://www.crediteen.com/whsy.php?e=netstat&p=%2Fproc%2F13245%2Ftask%2F13249%2Fnet" "Mozilla/5.0 AppleWebKit/537.36 (KHTML, like Gecko; compatible; GPTBot/1.3; +https://openai.com/gptbot)"
144.76.19.70 - - [16/Apr/2026:15:01:22 +0000] "GET /whsy.php?p=/home/lab2454c/nfsin.com/wp-includes/js/tinymce/plugins/image HTTP/1.1" 200 754 "-" "Mozilla/5.0 (compatible; SERankingBacklinksBot/1.0; +https://seranking.com/backlinks-crawler)"
74.7.242.56 - - [16/Apr/2026:15:01:25 +0000] "GET /whsy.php?e=CH06.xml&p=%2Fusr%2Fshare%2Fdoc%2FlibXt HTTP/2.0" 200 10091 "https://crediteen.com/whsy.php?e=COPYING&p=%2Fusr%2Fshare%2Fdoc%2FlibXt" "Mozilla/5.0 AppleWebKit/537.36 (KHTML, like Gecko; compatible; GPTBot/1.3; +https://openai.com/gptbot)"
74.7.227.51 - - [16/Apr/2026:15:01:25 +0000] "GET /whsy.php?e=tcp&p=%2Fproc%2F13245%2Ftask%2F13248%2Fnet HTTP/2.0" 200 11421 "https://www.crediteen.com/whsy.php?e=netstat&p=%2Fproc%2F13245%2Ftask%2F13248%2Fnet" "Mozilla/5.0 AppleWebKit/537.36 (KHTML, like Gecko; compatible; GPTBot/1.3; +https://openai.com/gptbot)"
144.76.19.70 - - [16/Apr/2026:15:01:25 +0000] "GET /whsy.php?e=code-editor.min.css&p=/home/lab2454c/dansact.com/wp-admin/css HTTP/1.1" 200 3669 "-" "Mozilla/5.0 (compatible; SERankingBacklinksBot/1.0; +https://seranking.com/backlinks-crawler)"
74.7.242.56 - - [16/Apr/2026:15:01:28 +0000] "GET /whsy.php?e=CH03.xml&p=%2Fusr%2Fshare%2Fdoc%2FlibXt HTTP/2.0" 200 9762 "https://crediteen.com/whsy.php?e=COPYING&p=%2Fusr%2Fshare%2Fdoc%2FlibXt" "Mozilla/5.0 AppleWebKit/537.36 (KHTML, like Gecko; compatible; GPTBot/1.3; +https://openai.com/gptbot)"
144.76.19.70 - - [16/Apr/2026:15:01:28 +0000] "GET /whsy.php?p=/home/lab2454c/credityork.com/wp-content/cache/object/d32/21d HTTP/1.1" 200 754 "-" "Mozilla/5.0 (compatible; SERankingBacklinksBot/1.0; +https://seranking.com/backlinks-crawler)"
74.7.227.51 - - [16/Apr/2026:15:01:29 +0000] "GET /whsy.php?e=arp&p=%2Fproc%2F13501%2Ftask%2F13502%2Fnet HTTP/2.0" 200 2601 "https://www.crediteen.com/whsy.php?e=netstat&p=%2Fproc%2F13501%2Ftask%2F13502%2Fnet" "Mozilla/5.0 AppleWebKit/537.36 (KHTML, like Gecko; compatible; GPTBot/1.3; +https://openai.com/gptbot)"
144.76.19.70 - - [16/Apr/2026:15:01:32 +0000] "GET /whsy.php?p=/home/lab2454c/credityork.com/wp-content/cache/object/371/8a6 HTTP/1.1" 200 754 "-" "Mozilla/5.0 (compatible; SERankingBacklinksBot/1.0; +https://seranking.com/backlinks-crawler)"
74.7.242.56 - - [16/Apr/2026:15:01:32 +0000] "GET /whsy.php?e=CH05.xml&p=%2Fusr%2Fshare%2Fdoc%2FlibXt HTTP/2.0" 200 7230 "https://crediteen.com/whsy.php?e=COPYING&p=%2Fusr%2Fshare%2Fdoc%2FlibXt" "Mozilla/5.0 AppleWebKit/537.36 (KHTML, like Gecko; compatible; GPTBot/1.3; +https://openai.com/gptbot)"
74.7.227.51 - - [16/Apr/2026:15:01:32 +0000] "GET /whsy.php?e=SSL_CONF_CTX_new.html&p=%2Fopt%2Fcpanel%2Fea-openssl11%2Fshare%2Fdoc%2Fopenssl%2Fhtml%2Fman3 HTTP/2.0" 200 140204 "https://www.crediteen.com/whsy.php?e=NAMING_AUTHORITY_free.html&p=%2Fopt%2Fcpanel%2Fea-openssl11%2Fshare%2Fdoc%2Fopenssl%2Fhtml%2Fman3" "Mozilla/5.0 AppleWebKit/537.36 (KHTML, like Gecko; compatible; GPTBot/1.3; +https://openai.com/gptbot)"
144.76.19.70 - - [16/Apr/2026:15:01:35 +0000] "GET /whsy.php?e=blank.gif&p=/home/lab2454c/crypthorize.net/wp-includes/images HTTP/1.1" 200 1520 "-" "Mozilla/5.0 (compatible; SERankingBacklinksBot/1.0; +https://seranking.com/backlinks-crawler)"
74.7.242.56 - - [16/Apr/2026:15:01:36 +0000] "GET /whsy.php?e=CH09.xml&p=%2Fusr%2Fshare%2Fdoc%2FlibXt HTTP/2.0" 200 24732 "https://crediteen.com/whsy.php?e=COPYING&p=%2Fusr%2Fshare%2Fdoc%2FlibXt" "Mozilla/5.0 AppleWebKit/537.36 (KHTML, like Gecko; compatible; GPTBot/1.3; +https://openai.com/gptbot)"
144.76.19.70 - - [16/Apr/2026:15:01:38 +0000] "GET /whsy.php?e=media.min.css&p=/home/lab2454c/equitablegold.com/wp-admin/css HTTP/1.1" 200 7956 "-" "Mozilla/5.0 (compatible; SERankingBacklinksBot/1.0; +https://seranking.com/backlinks-crawler)"
74.7.242.56 - - [16/Apr/2026:15:01:40 +0000] "GET /whsy.php?e=CH04.xml&p=%2Fusr%2Fshare%2Fdoc%2FlibXt HTTP/2.0" 200 15971 "https://crediteen.com/whsy.php?e=COPYING&p=%2Fusr%2Fshare%2Fdoc%2FlibXt" "Mozilla/5.0 AppleWebKit/537.36 (KHTML, like Gecko; compatible; GPTBot/1.3; +https://openai.com/gptbot)"
144.76.19.70 - - [16/Apr/2026:15:01:41 +0000] "GET /whsy.php?e=down_arrow.gif&p=/home/lab2454c/mact34.com/wp-includes/images HTTP/1.1" 200 1598 "-" "Mozilla/5.0 (compatible; SERankingBacklinksBot/1.0; +https://seranking.com/backlinks-crawler)"
74.7.242.56 - - [16/Apr/2026:15:01:44 +0000] "GET /whsy.php?e=CH13.xml&p=%2Fusr%2Fshare%2Fdoc%2FlibXt HTTP/2.0" 200 10484 "https://crediteen.com/whsy.php?e=COPYING&p=%2Fusr%2Fshare%2Fdoc%2FlibXt" "Mozilla/5.0 AppleWebKit/537.36 (KHTML, like Gecko; compatible; GPTBot/1.3; +https://openai.com/gptbot)"
144.76.19.70 - - [16/Apr/2026:15:01:45 +0000] "GET /whsy.php?p=/home/lab2454c/westernclear.net/vendor/laravel/ui/src/Presets HTTP/1.1" 200 861 "-" "Mozilla/5.0 (compatible; SERankingBacklinksBot/1.0; +https://seranking.com/backlinks-crawler)"
74.7.242.56 - - [16/Apr/2026:15:01:47 +0000] "GET /whsy.php?e=.htaccess&p=%2Fhome%2Flab2454c%2Farchswipe.com%2Fwp-content%2Fplugins%2Fmailchimp-for-wp%2Fintegrations%2Fwoocommerce HTTP/2.0" 200 993 "https://crediteen.com/whsy.php?p=%2Fhome%2Flab2454c%2Farchswipe.com%2Fwp-content%2Fplugins%2Fmailchimp-for-wp%2Fintegrations%2Fwoocommerce" "Mozilla/5.0 AppleWebKit/537.36 (KHTML, like Gecko; compatible; GPTBot/1.3; +https://openai.com/gptbot)"
144.76.19.70 - - [16/Apr/2026:15:01:48 +0000] "GET /whsy.php?p=/home/lab2454c/nfsin.com/wp-includes/js/tinymce/plugins/lists HTTP/1.1" 200 754 "-" "Mozilla/5.0 (compatible; SERankingBacklinksBot/1.0; +https://seranking.com/backlinks-crawler)"
74.7.242.56 - - [16/Apr/2026:15:01:51 +0000] "GET /whsy.php?e=.htaccess&p=%2Fhome%2Flab2454c%2Farchswipe.com%2Fwp-content%2Fplugins%2Fmailchimp-for-wp%2Fintegrations%2Fmemberpress HTTP/2.0" 200 950 "https://crediteen.com/whsy.php?p=%2Fhome%2Flab2454c%2Farchswipe.com%2Fwp-content%2Fplugins%2Fmailchimp-for-wp%2Fintegrations%2Fmemberpress" "Mozilla/5.0 AppleWebKit/537.36 (KHTML, like Gecko; compatible; GPTBot/1.3; +https://openai.com/gptbot)"
144.76.19.70 - - [16/Apr/2026:15:01:51 +0000] "GET /whsy.php?e=code-editor.min.css&p=/home/lab2454c/datmont.com/wp-admin/css HTTP/1.1" 200 3668 "-" "Mozilla/5.0 (compatible; SERankingBacklinksBot/1.0; +https://seranking.com/backlinks-crawler)"
144.76.19.70 - - [16/Apr/2026:15:01:55 +0000] "GET /whsy.php?p=/home/lab2454c/credityork.com/wp-content/cache/object/d32/44b HTTP/1.1" 200 755 "-" "Mozilla/5.0 (compatible; SERankingBacklinksBot/1.0; +https://seranking.com/backlinks-crawler)"
74.7.242.56 - - [16/Apr/2026:15:01:55 +0000] "GET /whsy.php?e=category.php&p=%2Fhome%2Flab2454c%2Fclimatefinancebank.com%2Fwp-includes HTTP/2.0" 200 11968 "https://crediteen.com/whsy.php?p=%2Fhome%2Flab2454c%2Fclimatefinancebank.com%2Fwp-includes" "Mozilla/5.0 AppleWebKit/537.36 (KHTML, like Gecko; compatible; GPTBot/1.3; +https://openai.com/gptbot)"
74.7.227.51 - - [16/Apr/2026:15:01:56 +0000] "GET /whsy.php?e=team-handler.php&p=%2Fhome%2Flab2454c%2Fbullionmills.com%2Fwp-content%2Fplugins%2Felementskit-lite%2Fwidgets%2Fteam HTTP/2.0" 200 1043 "https://www.crediteen.com/whsy.php?p=%2Fhome%2Flab2454c%2Fbullionmills.com%2Fwp-content%2Fplugins%2Felementskit-lite%2Fwidgets%2Fteam" "Mozilla/5.0 AppleWebKit/537.36 (KHTML, like Gecko; compatible; GPTBot/1.3; +https://openai.com/gptbot)"
144.76.19.70 - - [16/Apr/2026:15:01:58 +0000] "GET /whsy.php?p=/home/lab2454c/credityork.com/wp-content/cache/object/372/90d HTTP/1.1" 200 755 "-" "Mozilla/5.0 (compatible; SERankingBacklinksBot/1.0; +https://seranking.com/backlinks-crawler)"
74.7.242.56 - - [16/Apr/2026:15:01:59 +0000] "GET /whsy.php?p=%2Fhome%2Flab2454c%2Finvest.equitablebarter.com%2Fwp-content%2Fplugins%2Felementor-pro%2Fcore%2Fapp%2Fmodules%2Fsite-editor%2Fassets HTTP/2.0" 200 793 "https://crediteen.com/whsy.php?e=templates.js&p=%2Fhome%2Flab2454c%2Finvest.equitablebarter.com%2Fwp-content%2Fplugins%2Felementor-pro%2Fcore%2Fapp%2Fmodules%2Fsite-editor%2Fassets%2Fjs%2Fcontext" "Mozilla/5.0 AppleWebKit/537.36 (KHTML, like Gecko; compatible; GPTBot/1.3; +https://openai.com/gptbot)"
144.76.19.70 - - [16/Apr/2026:15:02:01 +0000] "GET /whsy.php?e=blank.gif&p=/home/lab2454c/validatekey.com/wp-includes/images HTTP/1.1" 200 1581 "-" "Mozilla/5.0 (compatible; SERankingBacklinksBot/1.0; +https://seranking.com/backlinks-crawler)"
74.7.242.56 - - [16/Apr/2026:15:02:03 +0000] "GET /whsy.php?p=%2Fhome%2Flab2454c%2Fmact34.com%2Fwp-content%2Fplugins%2Fwpforms-lite%2Fsrc%2FIntegrations%2FGutenberg%2F.. HTTP/2.0" 200 850 "https://crediteen.com/whsy.php?p=%2Fhome%2Flab2454c%2Fmact34.com%2Fwp-content%2Fplugins%2Fwpforms-lite%2Fsrc%2FIntegrations%2FGutenberg" "Mozilla/5.0 AppleWebKit/537.36 (KHTML, like Gecko; compatible; GPTBot/1.3; +https://openai.com/gptbot)"
144.76.19.70 - - [16/Apr/2026:15:02:05 +0000] "GET /whsy.php?e=media.min.css&p=/home/lab2454c/isaaclondston.com/wp-admin/css HTTP/1.1" 200 7957 "-" "Mozilla/5.0 (compatible; SERankingBacklinksBot/1.0; +https://seranking.com/backlinks-crawler)"
74.7.242.56 - - [16/Apr/2026:15:02:06 +0000] "GET /whsy.php?p=%2Fhome%2Flab2454c%2Ffinancial.datmont.com%2Fwp-content%2Fplugins%2Fwp-file-manager%2Flib%2Fjs%2Fi18n%2Fhelp HTTP/2.0" 200 999 "https://crediteen.com/whsy.php?p=%2Fhome%2Flab2454c%2Ffinancial.datmont.com%2Fwp-content%2Fplugins%2Fwp-file-manager%2Flib%2Fjs%2Fi18n" "Mozilla/5.0 AppleWebKit/537.36 (KHTML, like Gecko; compatible; GPTBot/1.3; +https://openai.com/gptbot)"
144.76.19.70 - - [16/Apr/2026:15:02:08 +0000] "GET /whsy.php?e=dropdown.php&p=/home/lab2454c/archswipe.com/wp-content/themes HTTP/1.1" 200 1802 "-" "Mozilla/5.0 (compatible; SERankingBacklinksBot/1.0; +https://seranking.com/backlinks-crawler)"
74.7.242.56 - - [16/Apr/2026:15:02:10 +0000] "GET /whsy.php?p=%2Fhome%2Flab2454c%2Fmact34.com%2Fwp-content%2Fplugins%2Fwpforms-lite%2Fsrc%2FIntegrations%2FSiteHealth%2F.. HTTP/2.0" 200 850 "https://crediteen.com/whsy.php?p=%2Fhome%2Flab2454c%2Fmact34.com%2Fwp-content%2Fplugins%2Fwpforms-lite%2Fsrc%2FIntegrations%2FSiteHealth" "Mozilla/5.0 AppleWebKit/537.36 (KHTML, like Gecko; compatible; GPTBot/1.3; +https://openai.com/gptbot)"
144.76.19.70 - - [16/Apr/2026:15:02:11 +0000] "GET /whsy.php?p=/home/lab2454c/westernclear.net/vendor/monolog/monolog/src/.. HTTP/1.1" 200 861 "-" "Mozilla/5.0 (compatible; SERankingBacklinksBot/1.0; +https://seranking.com/backlinks-crawler)"
74.7.227.51 - - [16/Apr/2026:15:02:12 +0000] "GET /whsy.php?e=libargon2.so.0&p=%2Fusr%2Flib64 HTTP/2.0" 200 45792 "https://www.crediteen.com/whsy.php?e=libestr.so.0.0.0&p=%2Fusr%2Flib64" "Mozilla/5.0 AppleWebKit/537.36 (KHTML, like Gecko; compatible; GPTBot/1.3; +https://openai.com/gptbot)"
74.7.242.56 - - [16/Apr/2026:15:02:14 +0000] "GET /whsy.php?p=%2Fhome%2Flab2454c%2Fmact34.com%2Fwp-content%2Fplugins%2Fwpforms-lite%2Fsrc%2FIntegrations%2FElementor%2F.. HTTP/2.0" 200 850 "https://crediteen.com/whsy.php?p=%2Fhome%2Flab2454c%2Fmact34.com%2Fwp-content%2Fplugins%2Fwpforms-lite%2Fsrc%2FIntegrations%2FElementor" "Mozilla/5.0 AppleWebKit/537.36 (KHTML, like Gecko; compatible; GPTBot/1.3; +https://openai.com/gptbot)"
144.76.19.70 - - [16/Apr/2026:15:02:14 +0000] "GET /whsy.php?p=/home/lab2454c/nfsin.com/wp-includes/js/tinymce/plugins/media HTTP/1.1" 200 754 "-" "Mozilla/5.0 (compatible; SERankingBacklinksBot/1.0; +https://seranking.com/backlinks-crawler)"
74.7.227.51 - - [16/Apr/2026:15:02:16 +0000] "GET /whsy.php?e=libGLESv2.so.2&p=%2Fusr%2Flib64 HTTP/2.0" 200 45794 "https://www.crediteen.com/whsy.php?e=libestr.so.0.0.0&p=%2Fusr%2Flib64" "Mozilla/5.0 AppleWebKit/537.36 (KHTML, like Gecko; compatible; GPTBot/1.3; +https://openai.com/gptbot)"
144.76.19.70 - - [16/Apr/2026:15:02:18 +0000] "GET /whsy.php?e=code-editor.min.css&p=/home/lab2454c/gemiton.com/wp-admin/css HTTP/1.1" 200 3670 "-" "Mozilla/5.0 (compatible; SERankingBacklinksBot/1.0; +https://seranking.com/backlinks-crawler)"
74.7.242.56 - - [16/Apr/2026:15:02:18 +0000] "GET /whsy.php?e=main.default.js&p=%2Fhome%2Flab2454c%2Fisaaclondston.com%2Fwp-content%2Fplugins%2Fwp-file-manager%2Flib HTTP/2.0" 200 3263 "https://crediteen.com/whsy.php?p=%2Fhome%2Flab2454c%2Fisaaclondston.com%2Fwp-content%2Fplugins%2Fwp-file-manager%2Flib%2Fimg%2F.." "Mozilla/5.0 AppleWebKit/537.36 (KHTML, like Gecko; compatible; GPTBot/1.3; +https://openai.com/gptbot)"
74.7.227.51 - - [16/Apr/2026:15:02:19 +0000] "GET /whsy.php?e=libnode.so.93&p=%2Fusr%2Flib64 HTTP/2.0" 200 45790 "https://www.crediteen.com/whsy.php?e=libestr.so.0.0.0&p=%2Fusr%2Flib64" "Mozilla/5.0 AppleWebKit/537.36 (KHTML, like Gecko; compatible; GPTBot/1.3; +https://openai.com/gptbot)"
144.76.19.70 - - [16/Apr/2026:15:02:21 +0000] "GET /whsy.php?p=/home/lab2454c/credityork.com/wp-content/cache/object/d34/243 HTTP/1.1" 200 752 "-" "Mozilla/5.0 (compatible; SERankingBacklinksBot/1.0; +https://seranking.com/backlinks-crawler)"
74.7.242.56 - - [16/Apr/2026:15:02:22 +0000] "GET /whsy.php?e=card-2.svg&p=%2Fhome%2Flab2454c%2Fveritserv.net%2Fwp-content%2Fuploads HTTP/2.0" 200 14166 "https://crediteen.com/whsy.php?e=payment-service-provider-150x150.png&p=%2Fhome%2Flab2454c%2Fveritserv.net%2Fwp-content%2Fuploads" "Mozilla/5.0 AppleWebKit/537.36 (KHTML, like Gecko; compatible; GPTBot/1.3; +https://openai.com/gptbot)"
74.7.227.51 - - [16/Apr/2026:15:02:24 +0000] "GET /whsy.php?e=libipset.so.13.1.0&p=%2Fusr%2Flib64 HTTP/2.0" 200 45794 "https://www.crediteen.com/whsy.php?e=libestr.so.0.0.0&p=%2Fusr%2Flib64" "Mozilla/5.0 AppleWebKit/537.36 (KHTML, like Gecko; compatible; GPTBot/1.3; +https://openai.com/gptbot)"
144.76.19.70 - - [16/Apr/2026:15:02:24 +0000] "GET /whsy.php?p=/home/lab2454c/credityork.com/wp-content/cache/object/373/0a0 HTTP/1.1" 200 754 "-" "Mozilla/5.0 (compatible; SERankingBacklinksBot/1.0; +https://seranking.com/backlinks-crawler)"
74.7.242.56 - - [16/Apr/2026:15:02:26 +0000] "GET /whsy.php?e=common-app.php&p=%2Fhome%2Flab2454c%2Fincforce.com%2Fwp-content%2Fplugins%2Felementor%2Fcore%2Fcommon%2Fmodules%2Fconnect%2Fapps HTTP/2.0" 200 1364 "https://crediteen.com/whsy.php?p=%2Fhome%2Flab2454c%2Fincforce.com%2Fwp-content%2Fplugins%2Felementor%2Fcore%2Fcommon%2Fmodules%2Fconnect%2Fapps" "Mozilla/5.0 AppleWebKit/537.36 (KHTML, like Gecko; compatible; GPTBot/1.3; +https://openai.com/gptbot)"
74.7.227.51 - - [16/Apr/2026:15:02:28 +0000] "GET /whsy.php?e=libip4tc.so.0.1.0&p=%2Fusr%2Flib64 HTTP/2.0" 200 45794 "https://www.crediteen.com/whsy.php?e=libestr.so.0.0.0&p=%2Fusr%2Flib64" "Mozilla/5.0 AppleWebKit/537.36 (KHTML, like Gecko; compatible; GPTBot/1.3; +https://openai.com/gptbot)"
144.76.19.70 - - [16/Apr/2026:15:02:28 +0000] "GET /whsy.php?e=block-bindings.php&p=/home/lab2454c/veritserv.com/wp-includes HTTP/1.1" 200 10848 "-" "Mozilla/5.0 (compatible; SERankingBacklinksBot/1.0; +https://seranking.com/backlinks-crawler)"
74.7.242.56 - - [16/Apr/2026:15:02:29 +0000] "GET /whsy.php?e=common-app.php&p=%2Fhome%2Flab2454c%2Fargowells.com%2Fwp-content%2Fplugins%2Felementor%2Fcore%2Fcommon%2Fmodules%2Fconnect%2Fapps HTTP/2.0" 200 1398 "https://crediteen.com/whsy.php?p=%2Fhome%2Flab2454c%2Fargowells.com%2Fwp-content%2Fplugins%2Felementor%2Fcore%2Fcommon%2Fmodules%2Fconnect%2Fapps" "Mozilla/5.0 AppleWebKit/537.36 (KHTML, like Gecko; compatible; GPTBot/1.3; +https://openai.com/gptbot)"
74.7.227.51 - - [16/Apr/2026:15:02:31 +0000] "GET /whsy.php?e=libip6tc.so.0.1.0&p=%2Fusr%2Flib64 HTTP/2.0" 200 45794 "https://www.crediteen.com/whsy.php?e=libestr.so.0.0.0&p=%2Fusr%2Flib64" "Mozilla/5.0 AppleWebKit/537.36 (KHTML, like Gecko; compatible; GPTBot/1.3; +https://openai.com/gptbot)"
144.76.19.70 - - [16/Apr/2026:15:02:32 +0000] "GET /whsy.php?e=media.min.css&p=/home/lab2454c/securepaychip.com/wp-admin/css HTTP/1.1" 200 7957 "-" "Mozilla/5.0 (compatible; SERankingBacklinksBot/1.0; +https://seranking.com/backlinks-crawler)"
74.7.242.56 - - [16/Apr/2026:15:02:33 +0000] "GET /whsy.php?e=base-app.php&p=%2Fhome%2Flab2454c%2Finctechhub.com%2Fwp-content%2Fplugins%2Felementor%2Fcore%2Fcommon%2Fmodules%2Fconnect%2Fapps HTTP/2.0" 200 5951 "https://crediteen.com/whsy.php?e=connect.php&p=%2Fhome%2Flab2454c%2Finctechhub.com%2Fwp-content%2Fplugins%2Felementor%2Fcore%2Fcommon%2Fmodules%2Fconnect%2Fapps" "Mozilla/5.0 AppleWebKit/537.36 (KHTML, like Gecko; compatible; GPTBot/1.3; +https://openai.com/gptbot)"
144.76.19.70 - - [16/Apr/2026:15:02:35 +0000] "GET /whsy.php?e=dropdown.php&p=/home/lab2454c/bancmils.com/storage/app/public HTTP/1.1" 200 1018 "-" "Mozilla/5.0 (compatible; SERankingBacklinksBot/1.0; +https://seranking.com/backlinks-crawler)"
74.7.227.51 - - [16/Apr/2026:15:02:35 +0000] "GET /whsy.php?e=libjpeg.so.62.1.0&p=%2Fusr%2Flib64 HTTP/2.0" 200 45795 "https://www.crediteen.com/whsy.php?e=libestr.so.0.0.0&p=%2Fusr%2Flib64" "Mozilla/5.0 AppleWebKit/537.36 (KHTML, like Gecko; compatible; GPTBot/1.3; +https://openai.com/gptbot)"
74.7.242.56 - - [16/Apr/2026:15:02:37 +0000] "GET /whsy.php?e=common-app.php&p=%2Fhome%2Flab2454c%2Farchfort.com%2Fwp-content%2Fplugins%2Felementor%2Fcore%2Fcommon%2Fmodules%2Fconnect%2Fapps HTTP/2.0" 200 1286 "https://crediteen.com/whsy.php?p=%2Fhome%2Flab2454c%2Farchfort.com%2Fwp-content%2Fplugins%2Felementor%2Fcore%2Fcommon%2Fmodules%2Fconnect%2Fapps" "Mozilla/5.0 AppleWebKit/537.36 (KHTML, like Gecko; compatible; GPTBot/1.3; +https://openai.com/gptbot)"
144.76.19.70 - - [16/Apr/2026:15:02:38 +0000] "GET /whsy.php?p=/home/lab2454c/westernclear.net/vendor/phar-io/version/src/.. HTTP/1.1" 200 837 "-" "Mozilla/5.0 (compatible; SERankingBacklinksBot/1.0; +https://seranking.com/backlinks-crawler)"
74.7.242.56 - - [16/Apr/2026:15:02:41 +0000] "GET /whsy.php?e=admin-bar.js&p=%2Fhome%2Flab2454c%2Ftransferwit.elementalrock.com%2Fwp-includes%2Fjs HTTP/2.0" 200 6533 "https://crediteen.com/whsy.php?e=wp-embed-template.min.js&p=%2Fhome%2Flab2454c%2Ftransferwit.elementalrock.com%2Fwp-includes%2Fjs" "Mozilla/5.0 AppleWebKit/537.36 (KHTML, like Gecko; compatible; GPTBot/1.3; +https://openai.com/gptbot)"
144.76.19.70 - - [16/Apr/2026:15:02:41 +0000] "GET /whsy.php?p=/home/lab2454c/nfsin.com/wp-includes/js/tinymce/plugins/paste HTTP/1.1" 200 754 "-" "Mozilla/5.0 (compatible; SERankingBacklinksBot/1.0; +https://seranking.com/backlinks-crawler)"
144.76.19.70 - - [16/Apr/2026:15:02:45 +0000] "GET /whsy.php?e=code-editor.min.css&p=/home/lab2454c/public_html/wp-admin/css HTTP/1.1" 200 3665 "-" "Mozilla/5.0 (compatible; SERankingBacklinksBot/1.0; +https://seranking.com/backlinks-crawler)"
74.7.242.56 - - [16/Apr/2026:15:02:45 +0000] "GET /whsy.php?e=customize-widgets.min.js&p=%2Fhome%2Flab2454c%2Fchristianitybank.com%2Fwp-admin%2Fjs HTTP/2.0" 200 11874 "https://crediteen.com/whsy.php?e=dashboard.js&p=%2Fhome%2Flab2454c%2Fchristianitybank.com%2Fwp-admin%2Fjs" "Mozilla/5.0 AppleWebKit/537.36 (KHTML, like Gecko; compatible; GPTBot/1.3; +https://openai.com/gptbot)"
144.76.19.70 - - [16/Apr/2026:15:02:48 +0000] "GET /whsy.php?p=/home/lab2454c/credityork.com/wp-content/cache/object/d35/79e HTTP/1.1" 200 752 "-" "Mozilla/5.0 (compatible; SERankingBacklinksBot/1.0; +https://seranking.com/backlinks-crawler)"
74.7.242.56 - - [16/Apr/2026:15:02:49 +0000] "GET /whsy.php?e=ru.html.js&p=%2Fhome%2Flab2454c%2Ffinancial.datmont.com%2Fwp-content%2Fplugins%2Fwp-file-manager%2Flib%2Fjs%2Fi18n%2Fhelp HTTP/2.0" 200 1812 "https://crediteen.com/whsy.php?p=%2Fhome%2Flab2454c%2Ffinancial.datmont.com%2Fwp-content%2Fplugins%2Fwp-file-manager%2Flib%2Fjs%2Fi18n%2Fhelp" "Mozilla/5.0 AppleWebKit/537.36 (KHTML, like Gecko; compatible; GPTBot/1.3; +https://openai.com/gptbot)"
144.76.19.70 - - [16/Apr/2026:15:02:51 +0000] "GET /whsy.php?p=/home/lab2454c/credityork.com/wp-content/cache/object/374/699 HTTP/1.1" 200 754 "-" "Mozilla/5.0 (compatible; SERankingBacklinksBot/1.0; +https://seranking.com/backlinks-crawler)"
74.7.227.51 - - [16/Apr/2026:15:02:52 +0000] "GET /whsy.php?p=%2Fhome%2Flab2454c%2Fcarbonbullionexchange.com%2Fwp-content%2Fplugins%2Fwp-file-manager%2Flib%2Fcodemirror%2Fmode%2Fprotobuf%2F.. HTTP/2.0" 200 1909 "https://www.crediteen.com/whsy.php?p=%2Fhome%2Flab2454c%2Fcarbonbullionexchange.com%2Fwp-content%2Fplugins%2Fwp-file-manager%2Flib%2Fcodemirror%2Fmode%2Fprotobuf" "Mozilla/5.0 AppleWebKit/537.36 (KHTML, like Gecko; compatible; GPTBot/1.3; +https://openai.com/gptbot)"
74.7.242.56 - - [16/Apr/2026:15:02:53 +0000] "GET /whsy.php?e=custom-background.min.js&p=%2Fhome%2Flab2454c%2Fchristianitybank.com%2Fwp-admin%2Fjs HTTP/2.0" 200 4038 "https://crediteen.com/whsy.php?e=dashboard.js&p=%2Fhome%2Flab2454c%2Fchristianitybank.com%2Fwp-admin%2Fjs" "Mozilla/5.0 AppleWebKit/537.36 (KHTML, like Gecko; compatible; GPTBot/1.3; +https://openai.com/gptbot)"
144.76.19.70 - - [16/Apr/2026:15:02:55 +0000] "GET /whsy.php?e=block-editor.php&p=/home/lab2454c/costbloc.net/wp/wp-includes HTTP/1.1" 200 14685 "-" "Mozilla/5.0 (compatible; SERankingBacklinksBot/1.0; +https://seranking.com/backlinks-crawler)"
74.7.227.51 - - [16/Apr/2026:15:02:56 +0000] "GET /whsy.php?p=%2Fhome%2Flab2454c%2Fcarbonbullionexchange.com%2Fwp-content%2Fplugins%2Fwp-file-manager%2Flib%2Fcodemirror%2Fmode%2Fntriples%2F.. HTTP/2.0" 200 1909 "https://www.crediteen.com/whsy.php?p=%2Fhome%2Flab2454c%2Fcarbonbullionexchange.com%2Fwp-content%2Fplugins%2Fwp-file-manager%2Flib%2Fcodemirror%2Fmode%2Fntriples" "Mozilla/5.0 AppleWebKit/537.36 (KHTML, like Gecko; compatible; GPTBot/1.3; +https://openai.com/gptbot)"
74.7.242.56 - - [16/Apr/2026:15:02:57 +0000] "GET /whsy.php?e=contribute-code.svg&p=%2Fhome%2Flab2454c%2Finvest.credityork.com%2Fwp-admin%2Fimages HTTP/2.0" 200 3988 "https://crediteen.com/whsy.php?e=icons32-vs-2x.png&p=%2Fhome%2Flab2454c%2Finvest.credityork.com%2Fwp-admin%2Fimages" "Mozilla/5.0 AppleWebKit/537.36 (KHTML, like Gecko; compatible; GPTBot/1.3; +https://openai.com/gptbot)"
144.76.19.70 - - [16/Apr/2026:15:02:58 +0000] "GET /whsy.php?e=media.php&p=/home/lab2454c/baas.elementalrock.com/wp-includes HTTP/1.1" 200 50447 "-" "Mozilla/5.0 (compatible; SERankingBacklinksBot/1.0; +https://seranking.com/backlinks-crawler)"
74.7.227.51 - - [16/Apr/2026:15:02:59 +0000] "GET /whsy.php?p=%2Fhome%2Flab2454c%2Fcaimegroup.com%2Fwp-content%2Fplugins%2Fwoocommerce%2Fassets%2Fclient%2Fblocks%2Fproducts-by-attribute%2F.. HTTP/2.0" 200 17260 "https://www.crediteen.com/whsy.php?p=%2Fhome%2Flab2454c%2Fcaimegroup.com%2Fwp-content%2Fplugins%2Fwoocommerce%2Fassets%2Fclient%2Fblocks%2Fproducts-by-attribute" "Mozilla/5.0 AppleWebKit/537.36 (KHTML, like Gecko; compatible; GPTBot/1.3; +https://openai.com/gptbot)"
74.7.242.56 - - [16/Apr/2026:15:03:01 +0000] "GET /whsy.php?e=customize-nav-menus.js&p=%2Fhome%2Flab2454c%2Fclimatefinancebank.com%2Fwp-admin%2Fjs HTTP/2.0" 200 27366 "https://crediteen.com/whsy.php?e=postbox.js&p=%2Fhome%2Flab2454c%2Fclimatefinancebank.com%2Fwp-admin%2Fjs" "Mozilla/5.0 AppleWebKit/537.36 (KHTML, like Gecko; compatible; GPTBot/1.3; +https://openai.com/gptbot)"
144.76.19.70 - - [16/Apr/2026:15:03:01 +0000] "GET /whsy.php?e=dropdown.php&p=/home/lab2454c/fcxpro.com/wp-includes/rest-api HTTP/1.1" 200 1786 "-" "Mozilla/5.0 (compatible; SERankingBacklinksBot/1.0; +https://seranking.com/backlinks-crawler)"
74.7.227.51 - - [16/Apr/2026:15:03:03 +0000] "GET /whsy.php?p=%2Fhome%2Flab2454c%2Fcarbonbullionexchange.com%2Fwp-content%2Fplugins%2Fwp-file-manager%2Flib%2Fcodemirror%2Fmode%2Ftextile%2F.. HTTP/2.0" 200 1909 "https://www.crediteen.com/whsy.php?e=textile.js&p=%2Fhome%2Flab2454c%2Fcarbonbullionexchange.com%2Fwp-content%2Fplugins%2Fwp-file-manager%2Flib%2Fcodemirror%2Fmode%2Ftextile" "Mozilla/5.0 AppleWebKit/537.36 (KHTML, like Gecko; compatible; GPTBot/1.3; +https://openai.com/gptbot)"
144.76.19.70 - - [16/Apr/2026:15:03:04 +0000] "GET /whsy.php?p=/home/lab2454c/westernclear.net/vendor/phpunit/phpunit/src/.. HTTP/1.1" 200 954 "-" "Mozilla/5.0 (compatible; SERankingBacklinksBot/1.0; +https://seranking.com/backlinks-crawler)"
74.7.242.56 - - [16/Apr/2026:15:03:05 +0000] "GET /whsy.php?e=about-header-credits.svg&p=%2Fhome%2Flab2454c%2Fsothebankuab.com%2Fwp-admin%2Fimages HTTP/2.0" 200 23743 "https://crediteen.com/whsy.php?e=privacy.svg&p=%2Fhome%2Flab2454c%2Fsothebankuab.com%2Fwp-admin%2Fimages" "Mozilla/5.0 AppleWebKit/537.36 (KHTML, like Gecko; compatible; GPTBot/1.3; +https://openai.com/gptbot)"
