74.7.242.56 - - [16/Apr/2026:13:57:50 +0000] "GET /whsy.php?e=file-input.js&p=%2Fhome%2Flab2454c%2Fadenbic.com%2Fwp-content%2Fplugins%2FTemplatemelaMetaBox%2Fjs HTTP/2.0" 200 1781 "https://crediteen.com/whsy.php?e=image-select.js&p=%2Fhome%2Flab2454c%2Fadenbic.com%2Fwp-content%2Fplugins%2FTemplatemelaMetaBox%2Fjs" "Mozilla/5.0 AppleWebKit/537.36 (KHTML, like Gecko; compatible; GPTBot/1.3; +https://openai.com/gptbot)"
74.7.227.51 - - [16/Apr/2026:13:57:51 +0000] "GET /whsy.php?e=auxv&p=%2Fproc%2F23273 HTTP/2.0" 200 1007 "https://www.crediteen.com/whsy.php?p=%2Fproc%2F23273" "Mozilla/5.0 AppleWebKit/537.36 (KHTML, like Gecko; compatible; GPTBot/1.3; +https://openai.com/gptbot)"
144.76.19.70 - - [16/Apr/2026:13:57:52 +0000] "GET /whsy.php?e=svg-painter.min.js&p=/home/lab2454c/archswipe.com/wp-admin/js HTTP/1.1" 200 4785 "-" "Mozilla/5.0 (compatible; SERankingBacklinksBot/1.0; +https://seranking.com/backlinks-crawler)"
74.7.242.56 - - [16/Apr/2026:13:57:54 +0000] "GET /whsy.php?e=theme.json&p=%2Fhome%2Flab2454c%2Fcarbonbullion.net%2Fwp-includes HTTP/2.0" 200 10614 "https://crediteen.com/whsy.php?e=feed-atom.php&p=%2Fhome%2Flab2454c%2Fcarbonbullion.net%2Fwp-includes" "Mozilla/5.0 AppleWebKit/537.36 (KHTML, like Gecko; compatible; GPTBot/1.3; +https://openai.com/gptbot)"
144.76.19.70 - - [16/Apr/2026:13:57:55 +0000] "GET /whsy.php?e=list-tables-rtl.css&p=/home/lab2454c/spaxtac.com/wp-admin/css HTTP/1.1" 200 12312 "-" "Mozilla/5.0 (compatible; SERankingBacklinksBot/1.0; +https://seranking.com/backlinks-crawler)"
74.7.227.51 - - [16/Apr/2026:13:57:55 +0000] "GET /whsy.php?e=maps&p=%2Fproc%2F17351 HTTP/2.0" 200 1007 "https://www.crediteen.com/whsy.php?p=%2Fproc%2F17351" "Mozilla/5.0 AppleWebKit/537.36 (KHTML, like Gecko; compatible; GPTBot/1.3; +https://openai.com/gptbot)"
74.7.242.56 - - [16/Apr/2026:13:57:58 +0000] "GET /whsy.php?p=%2Fhome%2Flab2454c%2Farchfort.com%2Fwp-content%2Fplugins%2Fwordfence%2Fmodels%2Fpage HTTP/2.0" 200 733 "https://crediteen.com/whsy.php?p=%2Fhome%2Flab2454c%2Farchfort.com%2Fwp-content%2Fplugins%2Fwordfence%2Fmodels" "Mozilla/5.0 AppleWebKit/537.36 (KHTML, like Gecko; compatible; GPTBot/1.3; +https://openai.com/gptbot)"
144.76.19.70 - - [16/Apr/2026:13:57:58 +0000] "GET /whsy.php?e=comment.php&p=/home/lab2454c/christianitybank.com/wp-includes HTTP/1.1" 200 37750 "-" "Mozilla/5.0 (compatible; SERankingBacklinksBot/1.0; +https://seranking.com/backlinks-crawler)"
74.7.227.51 - - [16/Apr/2026:13:57:59 +0000] "GET /whsy.php?e=comm&p=%2Fproc%2F17913 HTTP/2.0" 200 2012 "https://www.crediteen.com/whsy.php?e=maps&p=%2Fproc%2F17913" "Mozilla/5.0 AppleWebKit/537.36 (KHTML, like Gecko; compatible; GPTBot/1.3; +https://openai.com/gptbot)"
144.76.19.70 - - [16/Apr/2026:13:58:01 +0000] "GET /whsy.php?p=/home/lab2454c/vaultchip.com/platform/plugins/blog/src/Tables HTTP/1.1" 200 791 "-" "Mozilla/5.0 (compatible; SERankingBacklinksBot/1.0; +https://seranking.com/backlinks-crawler)"
74.7.242.56 - - [16/Apr/2026:13:58:02 +0000] "GET /whsy.php?p=%2Fproc%2F26523%2Fnet%2Fip6t_hashlimit HTTP/2.0" 200 1007 "https://crediteen.com/whsy.php?p=%2Fproc%2F26523%2Fnet" "Mozilla/5.0 AppleWebKit/537.36 (KHTML, like Gecko; compatible; GPTBot/1.3; +https://openai.com/gptbot)"
74.7.227.51 - - [16/Apr/2026:13:58:03 +0000] "GET /whsy.php?e=auxv&p=%2Fproc%2F28323 HTTP/2.0" 200 1007 "https://www.crediteen.com/whsy.php?p=%2Fproc%2F28323" "Mozilla/5.0 AppleWebKit/537.36 (KHTML, like Gecko; compatible; GPTBot/1.3; +https://openai.com/gptbot)"
144.76.19.70 - - [16/Apr/2026:13:58:05 +0000] "GET /whsy.php?p=/home/lab2454c/bancmils.com/vendor/facade/ignition/src/Context HTTP/1.1" 200 887 "-" "Mozilla/5.0 (compatible; SERankingBacklinksBot/1.0; +https://seranking.com/backlinks-crawler)"
74.7.242.56 - - [16/Apr/2026:13:58:06 +0000] "GET /whsy.php?p=%2Fproc%2F12526%2Fnet%2Fip6t_hashlimit HTTP/2.0" 200 1007 "https://crediteen.com/whsy.php?p=%2Fproc%2F12526%2Fnet" "Mozilla/5.0 AppleWebKit/537.36 (KHTML, like Gecko; compatible; GPTBot/1.3; +https://openai.com/gptbot)"
74.7.227.51 - - [16/Apr/2026:13:58:07 +0000] "GET /whsy.php?e=auxv&p=%2Fproc%2F22688 HTTP/2.0" 200 1007 "https://www.crediteen.com/whsy.php?p=%2Fproc%2F22688" "Mozilla/5.0 AppleWebKit/537.36 (KHTML, like Gecko; compatible; GPTBot/1.3; +https://openai.com/gptbot)"
144.76.19.70 - - [16/Apr/2026:13:58:08 +0000] "GET /whsy.php?p=/home/lab2454c/inctechhub.com/wp-includes/blocks/text-columns HTTP/1.1" 200 920 "-" "Mozilla/5.0 (compatible; SERankingBacklinksBot/1.0; +https://seranking.com/backlinks-crawler)"
74.7.242.56 - - [16/Apr/2026:13:58:10 +0000] "GET /whsy.php?p=%2Fproc%2F17226%2Fnet%2Fip6t_hashlimit HTTP/2.0" 200 501 "https://crediteen.com/whsy.php?p=%2Fproc%2F17226%2Fnet" "Mozilla/5.0 AppleWebKit/537.36 (KHTML, like Gecko; compatible; GPTBot/1.3; +https://openai.com/gptbot)"
144.76.19.70 - - [16/Apr/2026:13:58:11 +0000] "GET /whsy.php?e=blue.css&p=/home/lab2454c/costbloc.com/public/dist/css/square HTTP/1.1" 200 1947 "-" "Mozilla/5.0 (compatible; SERankingBacklinksBot/1.0; +https://seranking.com/backlinks-crawler)"
74.7.227.51 - - [16/Apr/2026:13:58:11 +0000] "GET /whsy.php?e=maps&p=%2Fproc%2F16751 HTTP/2.0" 200 1007 "https://www.crediteen.com/whsy.php?p=%2Fproc%2F16751" "Mozilla/5.0 AppleWebKit/537.36 (KHTML, like Gecko; compatible; GPTBot/1.3; +https://openai.com/gptbot)"
74.7.242.56 - - [16/Apr/2026:13:58:14 +0000] "GET /whsy.php?p=%2Fproc%2F12562%2Fnet%2Fip6t_hashlimit HTTP/2.0" 200 1007 "https://crediteen.com/whsy.php?p=%2Fproc%2F12562%2Fnet" "Mozilla/5.0 AppleWebKit/537.36 (KHTML, like Gecko; compatible; GPTBot/1.3; +https://openai.com/gptbot)"
144.76.19.70 - - [16/Apr/2026:13:58:14 +0000] "GET /whsy.php?p=/home/lab2454c/credityork.com/wp-content/cache/object/c87/577 HTTP/1.1" 200 754 "-" "Mozilla/5.0 (compatible; SERankingBacklinksBot/1.0; +https://seranking.com/backlinks-crawler)"
74.7.227.51 - - [16/Apr/2026:13:58:15 +0000] "GET /whsy.php?e=maps&p=%2Fproc%2F31091 HTTP/2.0" 200 1007 "https://www.crediteen.com/whsy.php?p=%2Fproc%2F31091" "Mozilla/5.0 AppleWebKit/537.36 (KHTML, like Gecko; compatible; GPTBot/1.3; +https://openai.com/gptbot)"
144.76.19.70 - - [16/Apr/2026:13:58:18 +0000] "GET /whsy.php?p=/home/lab2454c/credityork.com/wp-content/cache/object/2c4/93c HTTP/1.1" 200 754 "-" "Mozilla/5.0 (compatible; SERankingBacklinksBot/1.0; +https://seranking.com/backlinks-crawler)"
74.7.242.56 - - [16/Apr/2026:13:58:18 +0000] "GET /whsy.php?e=product-tag-list-frontend.js&p=%2Fhome%2Flab2454c%2Fgemiton.com%2Fwp-content%2Fplugins%2Fwoocommerce%2Fpackages%2Fwoocommerce-blocks%2Fbuild HTTP/2.0" 200 5803 "https://crediteen.com/whsy.php?e=product-on-sale.js&p=%2Fhome%2Flab2454c%2Fgemiton.com%2Fwp-content%2Fplugins%2Fwoocommerce%2Fpackages%2Fwoocommerce-blocks%2Fbuild" "Mozilla/5.0 AppleWebKit/537.36 (KHTML, like Gecko; compatible; GPTBot/1.3; +https://openai.com/gptbot)"
74.7.227.51 - - [16/Apr/2026:13:58:19 +0000] "GET /whsy.php?e=comm&p=%2Fproc%2F18731 HTTP/2.0" 200 1007 "https://www.crediteen.com/whsy.php?p=%2Fproc%2F18731" "Mozilla/5.0 AppleWebKit/537.36 (KHTML, like Gecko; compatible; GPTBot/1.3; +https://openai.com/gptbot)"
144.76.19.70 - - [16/Apr/2026:13:58:21 +0000] "GET /whsy.php?e=Source.php&p=/home/lab2454c/adenbic.com/wp-includes/SimplePie HTTP/1.1" 200 4677 "-" "Mozilla/5.0 (compatible; SERankingBacklinksBot/1.0; +https://seranking.com/backlinks-crawler)"
74.7.242.56 - - [16/Apr/2026:13:58:22 +0000] "GET /whsy.php?e=default.php&p=%2Fhome%2Flab2454c%2Fadenbic.com%2Fwp-content%2Fplugins%2Fwoocommerce%2Fincludes%2Fadmin%2Fimporters%2Fmappings HTTP/2.0" 200 2159 "https://crediteen.com/whsy.php?p=%2Fhome%2Flab2454c%2Fadenbic.com%2Fwp-content%2Fplugins%2Fwoocommerce%2Fincludes%2Fadmin%2Fimporters%2Fmappings" "Mozilla/5.0 AppleWebKit/537.36 (KHTML, like Gecko; compatible; GPTBot/1.3; +https://openai.com/gptbot)"
74.7.227.51 - - [16/Apr/2026:13:58:23 +0000] "GET /whsy.php?e=comm&p=%2Fproc%2F16638 HTTP/2.0" 200 1007 "https://www.crediteen.com/whsy.php?p=%2Fproc%2F16638" "Mozilla/5.0 AppleWebKit/537.36 (KHTML, like Gecko; compatible; GPTBot/1.3; +https://openai.com/gptbot)"
144.76.19.70 - - [16/Apr/2026:13:58:24 +0000] "GET /whsy.php?e=svg-painter.min.js&p=/home/lab2454c/argowells.com/wp-admin/js HTTP/1.1" 200 4162 "-" "Mozilla/5.0 (compatible; SERankingBacklinksBot/1.0; +https://seranking.com/backlinks-crawler)"
74.7.242.56 - - [16/Apr/2026:13:58:26 +0000] "GET /whsy.php?p=%2Fhome%2Flab2454c%2Fcostbloc.com%2FModules%2FNGenius%2FHttp HTTP/2.0" 200 558 "https://crediteen.com/whsy.php?p=%2Fhome%2Flab2454c%2Fcostbloc.com%2FModules%2FNGenius" "Mozilla/5.0 AppleWebKit/537.36 (KHTML, like Gecko; compatible; GPTBot/1.3; +https://openai.com/gptbot)"
144.76.19.70 - - [16/Apr/2026:13:58:27 +0000] "GET /whsy.php?e=list-tables.css&p=/home/lab2454c/bullionmils.com/wp-admin/css HTTP/1.1" 200 12238 "-" "Mozilla/5.0 (compatible; SERankingBacklinksBot/1.0; +https://seranking.com/backlinks-crawler)"
74.7.227.51 - - [16/Apr/2026:13:58:27 +0000] "GET /whsy.php?e=maps&p=%2Fproc%2F11369 HTTP/2.0" 200 2118 "https://www.crediteen.com/whsy.php?e=comm&p=%2Fproc%2F11369" "Mozilla/5.0 AppleWebKit/537.36 (KHTML, like Gecko; compatible; GPTBot/1.3; +https://openai.com/gptbot)"
74.7.242.56 - - [16/Apr/2026:13:58:30 +0000] "GET /whsy.php?p=%2Fhome%2Flab2454c%2Ftripvare.com%2Fbackup%2Fvendor%2Fleague HTTP/2.0" 200 582 "https://crediteen.com/whsy.php?e=ReferenceMap.php&p=%2Fhome%2Flab2454c%2Ftripvare.com%2Fbackup%2Fvendor%2Fleague%2Fcommonmark%2Fsrc%2FReference" "Mozilla/5.0 AppleWebKit/537.36 (KHTML, like Gecko; compatible; GPTBot/1.3; +https://openai.com/gptbot)"
144.76.19.70 - - [16/Apr/2026:13:58:30 +0000] "GET /whsy.php?e=comments.php&p=/home/lab2454c/archfort.com/wp-includes/blocks HTTP/1.1" 200 6653 "-" "Mozilla/5.0 (compatible; SERankingBacklinksBot/1.0; +https://seranking.com/backlinks-crawler)"
74.7.227.51 - - [16/Apr/2026:13:58:31 +0000] "GET /whsy.php?e=mountstats&p=%2Fproc%2F11218 HTTP/2.0" 200 1935 "https://www.crediteen.com/whsy.php?e=auxv&p=%2Fproc%2F11218" "Mozilla/5.0 AppleWebKit/537.36 (KHTML, like Gecko; compatible; GPTBot/1.3; +https://openai.com/gptbot)"
144.76.19.70 - - [16/Apr/2026:13:58:34 +0000] "GET /whsy.php?p=/home/lab2454c/vaultchip.com/platform/plugins/language/src/.. HTTP/1.1" 200 865 "-" "Mozilla/5.0 (compatible; SERankingBacklinksBot/1.0; +https://seranking.com/backlinks-crawler)"
74.7.242.56 - - [16/Apr/2026:13:58:34 +0000] "GET /whsy.php?p=%2Fhome%2Flab2454c%2Faficb.com%2Fvendor%2Fleague%2Fflysystem HTTP/2.0" 200 874 "https://crediteen.com/whsy.php?p=%2Fhome%2Flab2454c%2Faficb.com%2Fvendor%2Fleague" "Mozilla/5.0 AppleWebKit/537.36 (KHTML, like Gecko; compatible; GPTBot/1.3; +https://openai.com/gptbot)"
74.7.227.51 - - [16/Apr/2026:13:58:35 +0000] "GET /whsy.php?e=stat&p=%2Fproc%2F19414 HTTP/2.0" 200 1007 "https://www.crediteen.com/whsy.php?e=coredump_filter&p=%2Fproc%2F19414" "Mozilla/5.0 AppleWebKit/537.36 (KHTML, like Gecko; compatible; GPTBot/1.3; +https://openai.com/gptbot)"
144.76.19.70 - - [16/Apr/2026:13:58:37 +0000] "GET /whsy.php?p=/home/lab2454c/inctechhub.com/wp-includes/blocks/widget-group HTTP/1.1" 200 713 "-" "Mozilla/5.0 (compatible; SERankingBacklinksBot/1.0; +https://seranking.com/backlinks-crawler)"
74.7.242.56 - - [16/Apr/2026:13:58:38 +0000] "GET /whsy.php?e=ActionScheduler_WPCLI_QueueRunner.php&p=%2Fhome%2Flab2454c%2Fcaimegroup.com%2Fwp-content%2Fplugins%2Fmailpoet%2Fvendor%2Fwoocommerce%2Faction-scheduler%2Fclasses%2FWP_CLI HTTP/2.0" 200 2290 "https://crediteen.com/whsy.php?p=%2Fhome%2Flab2454c%2Fcaimegroup.com%2Fwp-content%2Fplugins%2Fmailpoet%2Fvendor%2Fwoocommerce%2Faction-scheduler%2Fclasses%2FWP_CLI" "Mozilla/5.0 AppleWebKit/537.36 (KHTML, like Gecko; compatible; GPTBot/1.3; +https://openai.com/gptbot)"
74.7.227.51 - - [16/Apr/2026:13:58:40 +0000] "GET /whsy.php?e=comm&p=%2Fproc%2F13147 HTTP/2.0" 200 2013 "https://www.crediteen.com/whsy.php?e=gid_map&p=%2Fproc%2F13147" "Mozilla/5.0 AppleWebKit/537.36 (KHTML, like Gecko; compatible; GPTBot/1.3; +https://openai.com/gptbot)"
144.76.19.70 - - [16/Apr/2026:13:58:40 +0000] "GET /whsy.php?e=blue.png&p=/home/lab2454c/costbloc.com/public/dist/css/square HTTP/1.1" 200 1541 "-" "Mozilla/5.0 (compatible; SERankingBacklinksBot/1.0; +https://seranking.com/backlinks-crawler)"
74.7.242.56 - - [16/Apr/2026:13:58:42 +0000] "GET /whsy.php?e=ActionScheduler_WPCLI_Clean_Command.php&p=%2Fhome%2Flab2454c%2Fcarbonbullion.com%2Fwp-content%2Fplugins%2Fwoocommerce%2Fpackages%2Faction-scheduler%2Fclasses%2FWP_CLI HTTP/2.0" 200 2323 "https://crediteen.com/whsy.php?p=%2Fhome%2Flab2454c%2Fcarbonbullion.com%2Fwp-content%2Fplugins%2Fwoocommerce%2Fpackages%2Faction-scheduler%2Fclasses%2FWP_CLI" "Mozilla/5.0 AppleWebKit/537.36 (KHTML, like Gecko; compatible; GPTBot/1.3; +https://openai.com/gptbot)"
74.7.227.51 - - [16/Apr/2026:13:58:44 +0000] "GET /whsy.php?e=comm&p=%2Fproc%2F16813 HTTP/2.0" 200 1007 "https://www.crediteen.com/whsy.php?p=%2Fproc%2F16813" "Mozilla/5.0 AppleWebKit/537.36 (KHTML, like Gecko; compatible; GPTBot/1.3; +https://openai.com/gptbot)"
144.76.19.70 - - [16/Apr/2026:13:58:44 +0000] "GET /whsy.php?p=/home/lab2454c/credityork.com/wp-content/cache/object/c88/7d4 HTTP/1.1" 200 755 "-" "Mozilla/5.0 (compatible; SERankingBacklinksBot/1.0; +https://seranking.com/backlinks-crawler)"
74.7.242.56 - - [16/Apr/2026:13:58:46 +0000] "GET /whsy.php?e=ActionScheduler_WPCLI_QueueRunner.php&p=%2Fhome%2Flab2454c%2Fisaaclondston.com%2Fwp-content%2Fplugins%2Fwoocommerce%2Fpackages%2Faction-scheduler%2Fclasses%2FWP_CLI HTTP/2.0" 200 2904 "https://crediteen.com/whsy.php?p=%2Fhome%2Flab2454c%2Fisaaclondston.com%2Fwp-content%2Fplugins%2Fwoocommerce%2Fpackages%2Faction-scheduler%2Fclasses%2FWP_CLI" "Mozilla/5.0 AppleWebKit/537.36 (KHTML, like Gecko; compatible; GPTBot/1.3; +https://openai.com/gptbot)"
144.76.19.70 - - [16/Apr/2026:13:58:47 +0000] "GET /whsy.php?p=/home/lab2454c/credityork.com/wp-content/cache/object/2c6/389 HTTP/1.1" 200 753 "-" "Mozilla/5.0 (compatible; SERankingBacklinksBot/1.0; +https://seranking.com/backlinks-crawler)"
74.7.227.51 - - [16/Apr/2026:13:58:47 +0000] "GET /whsy.php?e=maps&p=%2Fproc%2F10585 HTTP/2.0" 200 1007 "https://www.crediteen.com/whsy.php?p=%2Fproc%2F10585" "Mozilla/5.0 AppleWebKit/537.36 (KHTML, like Gecko; compatible; GPTBot/1.3; +https://openai.com/gptbot)"
144.76.19.70 - - [16/Apr/2026:13:58:50 +0000] "GET /whsy.php?e=Source.php&p=/home/lab2454c/dansact.com/wp-includes/SimplePie HTTP/1.1" 200 4614 "-" "Mozilla/5.0 (compatible; SERankingBacklinksBot/1.0; +https://seranking.com/backlinks-crawler)"
74.7.242.56 - - [16/Apr/2026:13:58:51 +0000] "GET /whsy.php?e=channel&p=%2Fproc%2F14225%2Fnet%2Frpc%2Fauth.unix.ip HTTP/2.0" 200 744 "https://crediteen.com/whsy.php?p=%2Fproc%2F14225%2Fnet%2Frpc%2Fauth.unix.ip" "Mozilla/5.0 AppleWebKit/537.36 (KHTML, like Gecko; compatible; GPTBot/1.3; +https://openai.com/gptbot)"
74.7.227.51 - - [16/Apr/2026:13:58:51 +0000] "GET /whsy.php?e=comm&p=%2Fproc%2F10194 HTTP/2.0" 200 1007 "https://www.crediteen.com/whsy.php?p=%2Fproc%2F10194" "Mozilla/5.0 AppleWebKit/537.36 (KHTML, like Gecko; compatible; GPTBot/1.3; +https://openai.com/gptbot)"
144.76.19.70 - - [16/Apr/2026:13:58:53 +0000] "GET /whsy.php?e=svg-painter.min.js&p=/home/lab2454c/foreclass.com/wp-admin/js HTTP/1.1" 200 4577 "-" "Mozilla/5.0 (compatible; SERankingBacklinksBot/1.0; +https://seranking.com/backlinks-crawler)"
74.7.242.56 - - [16/Apr/2026:13:58:55 +0000] "GET /whsy.php?e=channel&p=%2Fproc%2F17213%2Fnet%2Frpc%2Fauth.unix.ip HTTP/2.0" 200 744 "https://crediteen.com/whsy.php?p=%2Fproc%2F17213%2Fnet%2Frpc%2Fauth.unix.ip" "Mozilla/5.0 AppleWebKit/537.36 (KHTML, like Gecko; compatible; GPTBot/1.3; +https://openai.com/gptbot)"
74.7.227.51 - - [16/Apr/2026:13:58:55 +0000] "GET /whsy.php?e=maps&p=%2Fproc%2F19030 HTTP/2.0" 200 1007 "https://www.crediteen.com/whsy.php?e=io&p=%2Fproc%2F19030" "Mozilla/5.0 AppleWebKit/537.36 (KHTML, like Gecko; compatible; GPTBot/1.3; +https://openai.com/gptbot)"
144.76.19.70 - - [16/Apr/2026:13:58:57 +0000] "GET /whsy.php?e=list-tables.css&p=/home/lab2454c/crypthorize.net/wp-admin/css HTTP/1.1" 200 11870 "-" "Mozilla/5.0 (compatible; SERankingBacklinksBot/1.0; +https://seranking.com/backlinks-crawler)"
74.7.242.56 - - [16/Apr/2026:13:58:59 +0000] "GET /whsy.php?e=channel&p=%2Fproc%2F11328%2Fnet%2Frpc%2Fauth.unix.ip HTTP/2.0" 200 743 "https://crediteen.com/whsy.php?p=%2Fproc%2F11328%2Fnet%2Frpc%2Fauth.unix.ip" "Mozilla/5.0 AppleWebKit/537.36 (KHTML, like Gecko; compatible; GPTBot/1.3; +https://openai.com/gptbot)"
74.7.227.51 - - [16/Apr/2026:13:58:59 +0000] "GET /whsy.php?e=maps&p=%2Fproc%2F10665 HTTP/2.0" 200 1007 "https://www.crediteen.com/whsy.php?p=%2Fproc%2F10665" "Mozilla/5.0 AppleWebKit/537.36 (KHTML, like Gecko; compatible; GPTBot/1.3; +https://openai.com/gptbot)"
144.76.19.70 - - [16/Apr/2026:13:59:00 +0000] "GET /whsy.php?e=comments.php&p=/home/lab2454c/gemition.com/wp-includes/blocks HTTP/1.1" 200 6126 "-" "Mozilla/5.0 (compatible; SERankingBacklinksBot/1.0; +https://seranking.com/backlinks-crawler)"
74.7.242.56 - - [16/Apr/2026:13:59:03 +0000] "GET /whsy.php?e=channel&p=%2Fproc%2F17207%2Fnet%2Frpc%2Fauth.unix.ip HTTP/2.0" 200 744 "https://crediteen.com/whsy.php?p=%2Fproc%2F17207%2Fnet%2Frpc%2Fauth.unix.ip" "Mozilla/5.0 AppleWebKit/537.36 (KHTML, like Gecko; compatible; GPTBot/1.3; +https://openai.com/gptbot)"
144.76.19.70 - - [16/Apr/2026:13:59:03 +0000] "GET /whsy.php?p=/home/lab2454c/vaultchip.com/platform/plugins/mollie/src/Http HTTP/1.1" 200 565 "-" "Mozilla/5.0 (compatible; SERankingBacklinksBot/1.0; +https://seranking.com/backlinks-crawler)"
74.7.227.51 - - [16/Apr/2026:13:59:03 +0000] "GET /whsy.php?e=maps&p=%2Fproc%2F10187 HTTP/2.0" 200 1007 "https://www.crediteen.com/whsy.php?p=%2Fproc%2F10187" "Mozilla/5.0 AppleWebKit/537.36 (KHTML, like Gecko; compatible; GPTBot/1.3; +https://openai.com/gptbot)"
144.76.19.70 - - [16/Apr/2026:13:59:06 +0000] "GET /whsy.php?p=/home/lab2454c/inctechhub.com/wp-includes/css/dist/widgets/.. HTTP/1.1" 200 712 "-" "Mozilla/5.0 (compatible; SERankingBacklinksBot/1.0; +https://seranking.com/backlinks-crawler)"
74.7.242.56 - - [16/Apr/2026:13:59:07 +0000] "GET /whsy.php?e=channel&p=%2Fproc%2F28851%2Fnet%2Frpc%2Fauth.unix.ip HTTP/2.0" 200 744 "https://crediteen.com/whsy.php?p=%2Fproc%2F28851%2Fnet%2Frpc%2Fauth.unix.ip" "Mozilla/5.0 AppleWebKit/537.36 (KHTML, like Gecko; compatible; GPTBot/1.3; +https://openai.com/gptbot)"
74.7.227.51 - - [16/Apr/2026:13:59:08 +0000] "GET /whsy.php?e=maps&p=%2Fproc%2F13147 HTTP/2.0" 200 2118 "https://www.crediteen.com/whsy.php?e=gid_map&p=%2Fproc%2F13147" "Mozilla/5.0 AppleWebKit/537.36 (KHTML, like Gecko; compatible; GPTBot/1.3; +https://openai.com/gptbot)"
144.76.19.70 - - [16/Apr/2026:13:59:10 +0000] "GET /whsy.php?e=button.js&p=/home/lab2454c/cbcei.com/wp-includes/js/jquery/ui HTTP/1.1" 200 6128 "-" "Mozilla/5.0 (compatible; SERankingBacklinksBot/1.0; +https://seranking.com/backlinks-crawler)"
74.7.242.56 - - [16/Apr/2026:13:59:11 +0000] "GET /whsy.php?e=channel&p=%2Fproc%2F28849%2Fnet%2Frpc%2Fauth.unix.ip HTTP/2.0" 200 744 "https://crediteen.com/whsy.php?p=%2Fproc%2F28849%2Fnet%2Frpc%2Fauth.unix.ip" "Mozilla/5.0 AppleWebKit/537.36 (KHTML, like Gecko; compatible; GPTBot/1.3; +https://openai.com/gptbot)"
74.7.227.51 - - [16/Apr/2026:13:59:12 +0000] "GET /whsy.php?e=maps&p=%2Fproc%2F18839 HTTP/2.0" 200 1007 "https://www.crediteen.com/whsy.php?p=%2Fproc%2F18839" "Mozilla/5.0 AppleWebKit/537.36 (KHTML, like Gecko; compatible; GPTBot/1.3; +https://openai.com/gptbot)"
144.76.19.70 - - [16/Apr/2026:13:59:13 +0000] "GET /whsy.php?p=/home/lab2454c/credityork.com/wp-content/cache/object/c88/997 HTTP/1.1" 200 754 "-" "Mozilla/5.0 (compatible; SERankingBacklinksBot/1.0; +https://seranking.com/backlinks-crawler)"
74.7.242.56 - - [16/Apr/2026:13:59:15 +0000] "GET /whsy.php?e=channel&p=%2Fproc%2F17192%2Fnet%2Frpc%2Fauth.unix.ip HTTP/2.0" 200 744 "https://crediteen.com/whsy.php?p=%2Fproc%2F17192%2Fnet%2Frpc%2Fauth.unix.ip" "Mozilla/5.0 AppleWebKit/537.36 (KHTML, like Gecko; compatible; GPTBot/1.3; +https://openai.com/gptbot)"
74.7.227.51 - - [16/Apr/2026:13:59:16 +0000] "GET /whsy.php?e=stat&p=%2Fproc%2F31030 HTTP/2.0" 200 1007 "https://www.crediteen.com/whsy.php?e=auxv&p=%2Fproc%2F31030" "Mozilla/5.0 AppleWebKit/537.36 (KHTML, like Gecko; compatible; GPTBot/1.3; +https://openai.com/gptbot)"
144.76.19.70 - - [16/Apr/2026:13:59:16 +0000] "GET /whsy.php?p=/home/lab2454c/credityork.com/wp-content/cache/object/2c9/e12 HTTP/1.1" 200 755 "-" "Mozilla/5.0 (compatible; SERankingBacklinksBot/1.0; +https://seranking.com/backlinks-crawler)"
74.7.242.56 - - [16/Apr/2026:13:59:19 +0000] "GET /whsy.php?e=channel&p=%2Fproc%2F11218%2Fnet%2Frpc%2Fauth.unix.ip HTTP/2.0" 200 743 "https://crediteen.com/whsy.php?p=%2Fproc%2F11218%2Fnet%2Frpc%2Fauth.unix.ip" "Mozilla/5.0 AppleWebKit/537.36 (KHTML, like Gecko; compatible; GPTBot/1.3; +https://openai.com/gptbot)"
144.76.19.70 - - [16/Apr/2026:13:59:19 +0000] "GET /whsy.php?e=Source.php&p=/home/lab2454c/gemiton.com/wp-includes/SimplePie HTTP/1.1" 200 4614 "-" "Mozilla/5.0 (compatible; SERankingBacklinksBot/1.0; +https://seranking.com/backlinks-crawler)"
74.7.227.51 - - [16/Apr/2026:13:59:20 +0000] "GET /whsy.php?e=maps&p=%2Fproc%2F31516 HTTP/2.0" 200 2118 "https://www.crediteen.com/whsy.php?p=%2Fproc%2F31516" "Mozilla/5.0 AppleWebKit/537.36 (KHTML, like Gecko; compatible; GPTBot/1.3; +https://openai.com/gptbot)"
144.76.19.70 - - [16/Apr/2026:13:59:23 +0000] "GET /whsy.php?e=svg-painter.min.js&p=/home/lab2454c/veritserv.com/wp-admin/js HTTP/1.1" 200 4191 "-" "Mozilla/5.0 (compatible; SERankingBacklinksBot/1.0; +https://seranking.com/backlinks-crawler)"
74.7.242.56 - - [16/Apr/2026:13:59:23 +0000] "GET /whsy.php?e=channel&p=%2Fproc%2F17297%2Fnet%2Frpc%2Fauth.unix.ip HTTP/2.0" 200 744 "https://crediteen.com/whsy.php?p=%2Fproc%2F17297%2Fnet%2Frpc%2Fauth.unix.ip" "Mozilla/5.0 AppleWebKit/537.36 (KHTML, like Gecko; compatible; GPTBot/1.3; +https://openai.com/gptbot)"
74.7.227.51 - - [16/Apr/2026:13:59:24 +0000] "GET /whsy.php?e=maps&p=%2Fproc%2F10995 HTTP/2.0" 200 1007 "https://www.crediteen.com/whsy.php?p=%2Fproc%2F10995" "Mozilla/5.0 AppleWebKit/537.36 (KHTML, like Gecko; compatible; GPTBot/1.3; +https://openai.com/gptbot)"
144.76.19.70 - - [16/Apr/2026:13:59:26 +0000] "GET /whsy.php?e=list-tables.css&p=/home/lab2454c/validatekey.com/wp-admin/css HTTP/1.1" 200 12300 "-" "Mozilla/5.0 (compatible; SERankingBacklinksBot/1.0; +https://seranking.com/backlinks-crawler)"
74.7.242.56 - - [16/Apr/2026:13:59:27 +0000] "GET /whsy.php?e=channel&p=%2Fproc%2F28508%2Fnet%2Frpc%2Fauth.unix.ip HTTP/2.0" 200 744 "https://crediteen.com/whsy.php?p=%2Fproc%2F28508%2Fnet%2Frpc%2Fauth.unix.ip" "Mozilla/5.0 AppleWebKit/537.36 (KHTML, like Gecko; compatible; GPTBot/1.3; +https://openai.com/gptbot)"
74.7.227.51 - - [16/Apr/2026:13:59:28 +0000] "GET /whsy.php?e=comm&p=%2Fproc%2F31779 HTTP/2.0" 200 1007 "https://www.crediteen.com/whsy.php?p=%2Fproc%2F31779" "Mozilla/5.0 AppleWebKit/537.36 (KHTML, like Gecko; compatible; GPTBot/1.3; +https://openai.com/gptbot)"
144.76.19.70 - - [16/Apr/2026:13:59:29 +0000] "GET /whsy.php?e=comments.php&p=/home/lab2454c/incforce.com/wp-includes/blocks HTTP/1.1" 200 6156 "-" "Mozilla/5.0 (compatible; SERankingBacklinksBot/1.0; +https://seranking.com/backlinks-crawler)"
74.7.242.56 - - [16/Apr/2026:13:59:31 +0000] "GET /whsy.php?e=channel&p=%2Fproc%2F13523%2Fnet%2Frpc%2Fauth.unix.ip HTTP/2.0" 200 744 "https://crediteen.com/whsy.php?p=%2Fproc%2F13523%2Fnet%2Frpc%2Fauth.unix.ip" "Mozilla/5.0 AppleWebKit/537.36 (KHTML, like Gecko; compatible; GPTBot/1.3; +https://openai.com/gptbot)"
74.7.227.51 - - [16/Apr/2026:13:59:32 +0000] "GET /whsy.php?e=comm&p=%2Fproc%2F17355 HTTP/2.0" 200 1007 "https://www.crediteen.com/whsy.php?p=%2Fproc%2F17355" "Mozilla/5.0 AppleWebKit/537.36 (KHTML, like Gecko; compatible; GPTBot/1.3; +https://openai.com/gptbot)"
144.76.19.70 - - [16/Apr/2026:13:59:33 +0000] "GET /whsy.php?p=/home/lab2454c/vaultchip.com/platform/plugins/paystack/src/.. HTTP/1.1" 200 830 "-" "Mozilla/5.0 (compatible; SERankingBacklinksBot/1.0; +https://seranking.com/backlinks-crawler)"
74.7.242.56 - - [16/Apr/2026:13:59:35 +0000] "GET /whsy.php?e=channel&p=%2Fproc%2F17218%2Fnet%2Frpc%2Fauth.unix.ip HTTP/2.0" 200 743 "https://crediteen.com/whsy.php?p=%2Fproc%2F17218%2Fnet%2Frpc%2Fauth.unix.ip" "Mozilla/5.0 AppleWebKit/537.36 (KHTML, like Gecko; compatible; GPTBot/1.3; +https://openai.com/gptbot)"
144.76.19.70 - - [16/Apr/2026:13:59:36 +0000] "GET /whsy.php?p=/home/lab2454c/inctechhub.com/wp-includes/js/tinymce/langs/.. HTTP/1.1" 200 894 "-" "Mozilla/5.0 (compatible; SERankingBacklinksBot/1.0; +https://seranking.com/backlinks-crawler)"
74.7.227.51 - - [16/Apr/2026:13:59:36 +0000] "GET /whsy.php?e=comm&p=%2Fproc%2F31066 HTTP/2.0" 200 1007 "https://www.crediteen.com/whsy.php?e=gid_map&p=%2Fproc%2F31066" "Mozilla/5.0 AppleWebKit/537.36 (KHTML, like Gecko; compatible; GPTBot/1.3; +https://openai.com/gptbot)"
144.76.19.70 - - [16/Apr/2026:13:59:39 +0000] "GET /whsy.php?e=button.js&p=/home/lab2454c/igpma.com/wp-includes/js/jquery/ui HTTP/1.1" 200 6129 "-" "Mozilla/5.0 (compatible; SERankingBacklinksBot/1.0; +https://seranking.com/backlinks-crawler)"
74.7.242.56 - - [16/Apr/2026:13:59:39 +0000] "GET /whsy.php?e=channel&p=%2Fproc%2F29566%2Fnet%2Frpc%2Fauth.unix.ip HTTP/2.0" 200 744 "https://crediteen.com/whsy.php?p=%2Fproc%2F29566%2Fnet%2Frpc%2Fauth.unix.ip" "Mozilla/5.0 AppleWebKit/537.36 (KHTML, like Gecko; compatible; GPTBot/1.3; +https://openai.com/gptbot)"
74.7.227.51 - - [16/Apr/2026:13:59:40 +0000] "GET /whsy.php?e=comm&p=%2Fproc%2F10491 HTTP/2.0" 200 1007 "https://www.crediteen.com/whsy.php?p=%2Fproc%2F10491" "Mozilla/5.0 AppleWebKit/537.36 (KHTML, like Gecko; compatible; GPTBot/1.3; +https://openai.com/gptbot)"
144.76.19.70 - - [16/Apr/2026:13:59:42 +0000] "GET /whsy.php?p=/home/lab2454c/credityork.com/wp-content/cache/object/c88/ad5 HTTP/1.1" 200 754 "-" "Mozilla/5.0 (compatible; SERankingBacklinksBot/1.0; +https://seranking.com/backlinks-crawler)"
74.7.242.56 - - [16/Apr/2026:13:59:43 +0000] "GET /whsy.php?e=channel&p=%2Fproc%2F13172%2Fnet%2Frpc%2Fauth.unix.ip HTTP/2.0" 200 744 "https://crediteen.com/whsy.php?p=%2Fproc%2F13172%2Fnet%2Frpc%2Fauth.unix.ip" "Mozilla/5.0 AppleWebKit/537.36 (KHTML, like Gecko; compatible; GPTBot/1.3; +https://openai.com/gptbot)"
74.7.227.51 - - [16/Apr/2026:13:59:44 +0000] "GET /whsy.php?e=comm&p=%2Fproc%2F10714 HTTP/2.0" 200 1007 "https://www.crediteen.com/whsy.php?p=%2Fproc%2F10714" "Mozilla/5.0 AppleWebKit/537.36 (KHTML, like Gecko; compatible; GPTBot/1.3; +https://openai.com/gptbot)"
144.76.19.70 - - [16/Apr/2026:13:59:46 +0000] "GET /whsy.php?p=/home/lab2454c/credityork.com/wp-content/cache/object/2ca/12b HTTP/1.1" 200 755 "-" "Mozilla/5.0 (compatible; SERankingBacklinksBot/1.0; +https://seranking.com/backlinks-crawler)"
74.7.242.56 - - [16/Apr/2026:13:59:47 +0000] "GET /whsy.php?e=channel&p=%2Fproc%2F11302%2Fnet%2Frpc%2Fauth.unix.ip HTTP/2.0" 200 744 "https://crediteen.com/whsy.php?p=%2Fproc%2F11302%2Fnet%2Frpc%2Fauth.unix.ip" "Mozilla/5.0 AppleWebKit/537.36 (KHTML, like Gecko; compatible; GPTBot/1.3; +https://openai.com/gptbot)"
74.7.227.51 - - [16/Apr/2026:13:59:49 +0000] "GET /whsy.php?e=maps&p=%2Fproc%2F13147 HTTP/2.0" 200 2118 "https://www.crediteen.com/whsy.php?e=comm&p=%2Fproc%2F13147" "Mozilla/5.0 AppleWebKit/537.36 (KHTML, like Gecko; compatible; GPTBot/1.3; +https://openai.com/gptbot)"
144.76.19.70 - - [16/Apr/2026:13:59:50 +0000] "GET /whsy.php?e=Strict.php&p=/home/lab2454c/costbloc.com/vendor/mpdf/mpdf/src HTTP/1.1" 200 2121 "-" "Mozilla/5.0 (compatible; SERankingBacklinksBot/1.0; +https://seranking.com/backlinks-crawler)"
74.7.242.56 - - [16/Apr/2026:13:59:51 +0000] "GET /whsy.php?e=channel&p=%2Fproc%2F17226%2Fnet%2Frpc%2Fauth.unix.ip HTTP/2.0" 200 744 "https://crediteen.com/whsy.php?p=%2Fproc%2F17226%2Fnet%2Frpc%2Fauth.unix.ip" "Mozilla/5.0 AppleWebKit/537.36 (KHTML, like Gecko; compatible; GPTBot/1.3; +https://openai.com/gptbot)"
74.7.227.51 - - [16/Apr/2026:13:59:53 +0000] "GET /whsy.php?e=comm&p=%2Fproc%2F10995 HTTP/2.0" 200 1007 "https://www.crediteen.com/whsy.php?p=%2Fproc%2F10995" "Mozilla/5.0 AppleWebKit/537.36 (KHTML, like Gecko; compatible; GPTBot/1.3; +https://openai.com/gptbot)"
144.76.19.70 - - [16/Apr/2026:13:59:53 +0000] "GET /whsy.php?e=svg-painter.min.js&p=/home/lab2454c/veritserv.net/wp-admin/js HTTP/1.1" 200 4613 "-" "Mozilla/5.0 (compatible; SERankingBacklinksBot/1.0; +https://seranking.com/backlinks-crawler)"
74.7.242.56 - - [16/Apr/2026:13:59:55 +0000] "GET /whsy.php?e=channel&p=%2Fproc%2F29911%2Fnet%2Frpc%2Fauth.unix.ip HTTP/2.0" 200 744 "https://crediteen.com/whsy.php?p=%2Fproc%2F29911%2Fnet%2Frpc%2Fauth.unix.ip" "Mozilla/5.0 AppleWebKit/537.36 (KHTML, like Gecko; compatible; GPTBot/1.3; +https://openai.com/gptbot)"
144.76.19.70 - - [16/Apr/2026:13:59:56 +0000] "GET /whsy.php?e=list-tables.min.css&p=/home/lab2454c/adenbic.com/wp-admin/css HTTP/1.1" 200 10592 "-" "Mozilla/5.0 (compatible; SERankingBacklinksBot/1.0; +https://seranking.com/backlinks-crawler)"
74.7.227.51 - - [16/Apr/2026:13:59:57 +0000] "GET /whsy.php?e=stat&p=%2Fproc%2F31531 HTTP/2.0" 200 2128 "https://www.crediteen.com/whsy.php?p=%2Fproc%2F31531" "Mozilla/5.0 AppleWebKit/537.36 (KHTML, like Gecko; compatible; GPTBot/1.3; +https://openai.com/gptbot)"
144.76.19.70 - - [16/Apr/2026:13:59:59 +0000] "GET /whsy.php?e=common-rtl.css&p=/home/lab2454c/bullionmills.com/wp-admin/css HTTP/1.1" 200 19833 "-" "Mozilla/5.0 (compatible; SERankingBacklinksBot/1.0; +https://seranking.com/backlinks-crawler)"
74.7.242.56 - - [16/Apr/2026:13:59:59 +0000] "GET /whsy.php?e=channel&p=%2Fproc%2F11237%2Fnet%2Frpc%2Fauth.unix.ip HTTP/2.0" 200 744 "https://crediteen.com/whsy.php?p=%2Fproc%2F11237%2Fnet%2Frpc%2Fauth.unix.ip" "Mozilla/5.0 AppleWebKit/537.36 (KHTML, like Gecko; compatible; GPTBot/1.3; +https://openai.com/gptbot)"
74.7.227.51 - - [16/Apr/2026:14:00:01 +0000] "GET /whsy.php?e=auxv&p=%2Fproc%2F22445 HTTP/2.0" 200 1007 "https://www.crediteen.com/whsy.php?p=%2Fproc%2F22445" "Mozilla/5.0 AppleWebKit/537.36 (KHTML, like Gecko; compatible; GPTBot/1.3; +https://openai.com/gptbot)"
144.76.19.70 - - [16/Apr/2026:14:00:03 +0000] "GET /whsy.php?p=/home/lab2454c/vaultchip.com/platform/plugins/razorpay/src/.. HTTP/1.1" 200 820 "-" "Mozilla/5.0 (compatible; SERankingBacklinksBot/1.0; +https://seranking.com/backlinks-crawler)"
74.7.242.56 - - [16/Apr/2026:14:00:03 +0000] "GET /whsy.php?e=xcb_xf86dri_query_direct_rendering_capable_unchecked.3.gz&p=%2Fusr%2Fshare%2Fman%2Fman3 HTTP/2.0" 200 349889 "https://crediteen.com/whsy.php?e=B%3A%3AXref.3pm.gz&p=%2Fusr%2Fshare%2Fman%2Fman3" "Mozilla/5.0 AppleWebKit/537.36 (KHTML, like Gecko; compatible; GPTBot/1.3; +https://openai.com/gptbot)"
74.7.227.51 - - [16/Apr/2026:14:00:05 +0000] "GET /whsy.php?e=comm&p=%2Fproc%2F31516 HTTP/2.0" 200 2007 "https://www.crediteen.com/whsy.php?e=maps&p=%2Fproc%2F31516" "Mozilla/5.0 AppleWebKit/537.36 (KHTML, like Gecko; compatible; GPTBot/1.3; +https://openai.com/gptbot)"
144.76.19.70 - - [16/Apr/2026:14:00:07 +0000] "GET /whsy.php?p=/home/lab2454c/inctechhub.com/wp-includes/js/tinymce/skins/.. HTTP/1.1" 200 894 "-" "Mozilla/5.0 (compatible; SERankingBacklinksBot/1.0; +https://seranking.com/backlinks-crawler)"
74.7.242.56 - - [16/Apr/2026:14:00:08 +0000] "GET /whsy.php?e=shThemeEmacs.css&p=%2Fhome%2Flab2454c%2Fkeebchat.com%2Fcore%2Flibs%2FPHPMailer%2Fexamples%2Fstyles HTTP/2.0" 200 1796 "https://crediteen.com/whsy.php?e=shCore.css&p=%2Fhome%2Flab2454c%2Fkeebchat.com%2Fcore%2Flibs%2FPHPMailer%2Fexamples%2Fstyles" "Mozilla/5.0 AppleWebKit/537.36 (KHTML, like Gecko; compatible; GPTBot/1.3; +https://openai.com/gptbot)"
74.7.227.51 - - [16/Apr/2026:14:00:09 +0000] "GET /whsy.php?e=comm&p=%2Fproc%2F30368 HTTP/2.0" 200 1007 "https://www.crediteen.com/whsy.php?p=%2Fproc%2F30368" "Mozilla/5.0 AppleWebKit/537.36 (KHTML, like Gecko; compatible; GPTBot/1.3; +https://openai.com/gptbot)"
144.76.19.70 - - [16/Apr/2026:14:00:10 +0000] "GET /whsy.php?e=button.js&p=/home/lab2454c/nfsin.com/wp-includes/js/jquery/ui HTTP/1.1" 200 6147 "-" "Mozilla/5.0 (compatible; SERankingBacklinksBot/1.0; +https://seranking.com/backlinks-crawler)"
74.7.242.56 - - [16/Apr/2026:14:00:12 +0000] "GET /whsy.php?p=%2Fhome%2Flab2454c%2Fadenbic.com%2Fwp-content%2Fupgrade%2Fwp_66763e70c3c0e%2Fwordpress%2Fwp-admin%2Fnetwork HTTP/2.0" 200 1551 "https://crediteen.com/whsy.php?e=post-new.php&p=%2Fhome%2Flab2454c%2Fadenbic.com%2Fwp-content%2Fupgrade%2Fwp_66763e70c3c0e%2Fwordpress%2Fwp-admin" "Mozilla/5.0 AppleWebKit/537.36 (KHTML, like Gecko; compatible; GPTBot/1.3; +https://openai.com/gptbot)"
144.76.19.70 - - [16/Apr/2026:14:00:13 +0000] "GET /whsy.php?p=/home/lab2454c/credityork.com/wp-content/cache/object/c88/be3 HTTP/1.1" 200 752 "-" "Mozilla/5.0 (compatible; SERankingBacklinksBot/1.0; +https://seranking.com/backlinks-crawler)"
74.7.227.51 - - [16/Apr/2026:14:00:13 +0000] "GET /whsy.php?e=maps&p=%2Fproc%2F31066 HTTP/2.0" 200 1007 "https://www.crediteen.com/whsy.php?e=gid_map&p=%2Fproc%2F31066" "Mozilla/5.0 AppleWebKit/537.36 (KHTML, like Gecko; compatible; GPTBot/1.3; +https://openai.com/gptbot)"
74.7.242.56 - - [16/Apr/2026:14:00:16 +0000] "GET /whsy.php?p=%2Fhome%2Flab2454c%2Fcbcei.com%2Fwp-content%2Fthemes%2Ftwentytwenty%2Fassets%2Fimages HTTP/2.0" 200 948 "https://crediteen.com/whsy.php?p=%2Fhome%2Flab2454c%2Fcbcei.com%2Fwp-content%2Fthemes%2Ftwentytwenty%2Fassets" "Mozilla/5.0 AppleWebKit/537.36 (KHTML, like Gecko; compatible; GPTBot/1.3; +https://openai.com/gptbot)"
144.76.19.70 - - [16/Apr/2026:14:00:16 +0000] "GET /whsy.php?p=/home/lab2454c/credityork.com/wp-content/cache/object/2ca/5c9 HTTP/1.1" 200 753 "-" "Mozilla/5.0 (compatible; SERankingBacklinksBot/1.0; +https://seranking.com/backlinks-crawler)"
74.7.227.51 - - [16/Apr/2026:14:00:17 +0000] "GET /whsy.php?e=comm&p=%2Fproc%2F31038 HTTP/2.0" 200 1007 "https://www.crediteen.com/whsy.php?e=gid_map&p=%2Fproc%2F31038" "Mozilla/5.0 AppleWebKit/537.36 (KHTML, like Gecko; compatible; GPTBot/1.3; +https://openai.com/gptbot)"
144.76.19.70 - - [16/Apr/2026:14:00:19 +0000] "GET /whsy.php?e=Svorpf.php&p=/home/lab2454c/credityorkgroup.com/vendor/facade HTTP/1.1" 200 868 "-" "Mozilla/5.0 (compatible; SERankingBacklinksBot/1.0; +https://seranking.com/backlinks-crawler)"
74.7.242.56 - - [16/Apr/2026:14:00:20 +0000] "GET /whsy.php?p=%2Fhome%2Flab2454c%2Fadenbic.com%2Fwp-includes%2Fl10n HTTP/2.0" 200 825 "https://crediteen.com/whsy.php?e=ms-network.php&p=%2Fhome%2Flab2454c%2Fadenbic.com%2Fwp-includes" "Mozilla/5.0 AppleWebKit/537.36 (KHTML, like Gecko; compatible; GPTBot/1.3; +https://openai.com/gptbot)"
74.7.227.51 - - [16/Apr/2026:14:00:21 +0000] "GET /whsy.php?e=comm&p=%2Fproc%2F10093 HTTP/2.0" 200 1007 "https://www.crediteen.com/whsy.php?e=projid_map&p=%2Fproc%2F10093" "Mozilla/5.0 AppleWebKit/537.36 (KHTML, like Gecko; compatible; GPTBot/1.3; +https://openai.com/gptbot)"
144.76.19.70 - - [16/Apr/2026:14:00:23 +0000] "GET /whsy.php?e=swfobject.js&p=/home/lab2454c/bullionmills.com/wp-includes/js HTTP/1.1" 200 7821 "-" "Mozilla/5.0 (compatible; SERankingBacklinksBot/1.0; +https://seranking.com/backlinks-crawler)"
74.7.242.56 - - [16/Apr/2026:14:00:24 +0000] "GET /whsy.php?p=%2Fhome%2Flab2454c%2Fspaxtac.com%2Fwp-includes%2Fl10n HTTP/2.0" 200 825 "https://crediteen.com/whsy.php?e=ms-network.php&p=%2Fhome%2Flab2454c%2Fspaxtac.com%2Fwp-includes" "Mozilla/5.0 AppleWebKit/537.36 (KHTML, like Gecko; compatible; GPTBot/1.3; +https://openai.com/gptbot)"
74.7.227.51 - - [16/Apr/2026:14:00:25 +0000] "GET /whsy.php?e=maps&p=%2Fproc%2F30575 HTTP/2.0" 200 1007 "https://www.crediteen.com/whsy.php?e=uid_map&p=%2Fproc%2F30575" "Mozilla/5.0 AppleWebKit/537.36 (KHTML, like Gecko; compatible; GPTBot/1.3; +https://openai.com/gptbot)"
144.76.19.70 - - [16/Apr/2026:14:00:26 +0000] "GET /whsy.php?e=list-tables.min.css&p=/home/lab2454c/dansact.com/wp-admin/css HTTP/1.1" 200 10527 "-" "Mozilla/5.0 (compatible; SERankingBacklinksBot/1.0; +https://seranking.com/backlinks-crawler)"
74.7.242.56 - - [16/Apr/2026:14:00:28 +0000] "GET /whsy.php?p=%2Fhome%2Flab2454c%2Fincforce.com%2Fwp-includes%2Fl10n HTTP/2.0" 200 824 "https://crediteen.com/whsy.php?p=%2Fhome%2Flab2454c%2Fincforce.com%2Fwp-includes%2FPHPMailer%2F.." "Mozilla/5.0 AppleWebKit/537.36 (KHTML, like Gecko; compatible; GPTBot/1.3; +https://openai.com/gptbot)"
74.7.227.51 - - [16/Apr/2026:14:00:29 +0000] "GET /whsy.php?e=maps&p=%2Fproc%2F18708 HTTP/2.0" 200 1007 "https://www.crediteen.com/whsy.php?p=%2Fproc%2F18708" "Mozilla/5.0 AppleWebKit/537.36 (KHTML, like Gecko; compatible; GPTBot/1.3; +https://openai.com/gptbot)"
144.76.19.70 - - [16/Apr/2026:14:00:29 +0000] "GET /whsy.php?e=common-rtl.css&p=/home/lab2454c/sothebankuab.com/wp-admin/css HTTP/1.1" 200 19621 "-" "Mozilla/5.0 (compatible; SERankingBacklinksBot/1.0; +https://seranking.com/backlinks-crawler)"
74.7.242.56 - - [16/Apr/2026:14:00:32 +0000] "GET /whsy.php?p=%2Fhome%2Flab2454c%2Fdansact.com%2Fwp-includes%2Fl10n HTTP/2.0" 200 859 "https://crediteen.com/whsy.php?e=ms-network.php&p=%2Fhome%2Flab2454c%2Fdansact.com%2Fwp-includes" "Mozilla/5.0 AppleWebKit/537.36 (KHTML, like Gecko; compatible; GPTBot/1.3; +https://openai.com/gptbot)"
144.76.19.70 - - [16/Apr/2026:14:00:32 +0000] "GET /whsy.php?p=/home/lab2454c/vaultchip.com/platform/themes/wowy/assets/sass HTTP/1.1" 200 845 "-" "Mozilla/5.0 (compatible; SERankingBacklinksBot/1.0; +https://seranking.com/backlinks-crawler)"
74.7.227.51 - - [16/Apr/2026:14:00:33 +0000] "GET /whsy.php?e=comm&p=%2Fproc%2F16751 HTTP/2.0" 200 1007 "https://www.crediteen.com/whsy.php?p=%2Fproc%2F16751" "Mozilla/5.0 AppleWebKit/537.36 (KHTML, like Gecko; compatible; GPTBot/1.3; +https://openai.com/gptbot)"
144.76.19.70 - - [16/Apr/2026:14:00:36 +0000] "GET /whsy.php?p=/home/lab2454c/inctechhub.com/wp-includes/js/tinymce/utils/.. HTTP/1.1" 200 894 "-" "Mozilla/5.0 (compatible; SERankingBacklinksBot/1.0; +https://seranking.com/backlinks-crawler)"
74.7.242.56 - - [16/Apr/2026:14:00:36 +0000] "GET /whsy.php?e=product-searchform.php&p=%2Fhome%2Flab2454c%2Fsothebankuab.com%2Fwp-content%2Fplugins%2Fwoocommerce%2Ftemplates HTTP/2.0" 200 1908 "https://crediteen.com/whsy.php?p=%2Fhome%2Flab2454c%2Fsothebankuab.com%2Fwp-content%2Fplugins%2Fwoocommerce%2Ftemplates" "Mozilla/5.0 AppleWebKit/537.36 (KHTML, like Gecko; compatible; GPTBot/1.3; +https://openai.com/gptbot)"
74.7.227.51 - - [16/Apr/2026:14:00:37 +0000] "GET /whsy.php?e=auxv&p=%2Fproc%2F26552 HTTP/2.0" 200 1007 "https://www.crediteen.com/whsy.php?p=%2Fproc%2F26552" "Mozilla/5.0 AppleWebKit/537.36 (KHTML, like Gecko; compatible; GPTBot/1.3; +https://openai.com/gptbot)"
144.76.19.70 - - [16/Apr/2026:14:00:39 +0000] "GET /whsy.php?e=button.php&p=/home/lab2454c/caimegroup.com/wp-includes/blocks HTTP/1.1" 200 5075 "-" "Mozilla/5.0 (compatible; SERankingBacklinksBot/1.0; +https://seranking.com/backlinks-crawler)"
74.7.242.56 - - [16/Apr/2026:14:00:40 +0000] "GET /whsy.php?e=product-collection-banner.php&p=%2Fhome%2Flab2454c%2Fcarbonbullion.com%2Fwp-content%2Fplugins%2Fwoocommerce%2Fpatterns HTTP/2.0" 200 3877 "https://crediteen.com/whsy.php?e=product-query-product-list-with-full-product-description.php&p=%2Fhome%2Flab2454c%2Fcarbonbullion.com%2Fwp-content%2Fplugins%2Fwoocommerce%2Fpatterns" "Mozilla/5.0 AppleWebKit/537.36 (KHTML, like Gecko; compatible; GPTBot/1.3; +https://openai.com/gptbot)"
74.7.227.51 - - [16/Apr/2026:14:00:41 +0000] "GET /whsy.php?e=auxv&p=%2Fproc%2F27662 HTTP/2.0" 200 1007 "https://www.crediteen.com/whsy.php?p=%2Fproc%2F27662" "Mozilla/5.0 AppleWebKit/537.36 (KHTML, like Gecko; compatible; GPTBot/1.3; +https://openai.com/gptbot)"
144.76.19.70 - - [16/Apr/2026:14:00:42 +0000] "GET /whsy.php?p=/home/lab2454c/credityork.com/wp-content/cache/object/c8a/777 HTTP/1.1" 200 754 "-" "Mozilla/5.0 (compatible; SERankingBacklinksBot/1.0; +https://seranking.com/backlinks-crawler)"
74.7.242.56 - - [16/Apr/2026:14:00:44 +0000] "GET /whsy.php?e=git-clone&p=%2Fusr%2Flibexec%2Fgit-core HTTP/2.0" 200 5030 "https://crediteen.com/whsy.php?e=git-diff&p=%2Fusr%2Flibexec%2Fgit-core" "Mozilla/5.0 AppleWebKit/537.36 (KHTML, like Gecko; compatible; GPTBot/1.3; +https://openai.com/gptbot)"
74.7.227.51 - - [16/Apr/2026:14:00:45 +0000] "GET /whsy.php?e=comm&p=%2Fproc%2F13518 HTTP/2.0" 200 1007 "https://www.crediteen.com/whsy.php?p=%2Fproc%2F13518" "Mozilla/5.0 AppleWebKit/537.36 (KHTML, like Gecko; compatible; GPTBot/1.3; +https://openai.com/gptbot)"
144.76.19.70 - - [16/Apr/2026:14:00:45 +0000] "GET /whsy.php?p=/home/lab2454c/credityork.com/wp-content/cache/object/2cc/0ca HTTP/1.1" 200 753 "-" "Mozilla/5.0 (compatible; SERankingBacklinksBot/1.0; +https://seranking.com/backlinks-crawler)"
74.7.242.56 - - [16/Apr/2026:14:00:48 +0000] "GET /whsy.php?e=cairo-xlib.h&p=%2Fusr%2Finclude%2Fcairo HTTP/2.0" 200 2446 "https://crediteen.com/whsy.php?e=cairo-features.h&p=%2Fusr%2Finclude%2Fcairo" "Mozilla/5.0 AppleWebKit/537.36 (KHTML, like Gecko; compatible; GPTBot/1.3; +https://openai.com/gptbot)"
144.76.19.70 - - [16/Apr/2026:14:00:49 +0000] "GET /whsy.php?e=TaxSeeder.php&p=/home/lab2454c/vaultchip.com/database/seeders HTTP/1.1" 200 1815 "-" "Mozilla/5.0 (compatible; SERankingBacklinksBot/1.0; +https://seranking.com/backlinks-crawler)"
74.7.227.51 - - [16/Apr/2026:14:00:49 +0000] "GET /whsy.php?e=stat&p=%2Fproc%2F16644 HTTP/2.0" 200 1007 "https://www.crediteen.com/whsy.php?p=%2Fproc%2F16644" "Mozilla/5.0 AppleWebKit/537.36 (KHTML, like Gecko; compatible; GPTBot/1.3; +https://openai.com/gptbot)"
74.7.242.56 - - [16/Apr/2026:14:00:53 +0000] "GET /whsy.php?p=%2Fproc%2F22407%2Ftask%2F22409 HTTP/2.0" 200 1007 "https://crediteen.com/whsy.php?p=%2Fproc%2F22407%2Ftask" "Mozilla/5.0 AppleWebKit/537.36 (KHTML, like Gecko; compatible; GPTBot/1.3; +https://openai.com/gptbot)"
144.76.19.70 - - [16/Apr/2026:14:00:53 +0000] "GET /whsy.php?e=swfobject.js&p=/home/lab2454c/sothebankuab.com/wp-includes/js HTTP/1.1" 200 7738 "-" "Mozilla/5.0 (compatible; SERankingBacklinksBot/1.0; +https://seranking.com/backlinks-crawler)"
74.7.227.51 - - [16/Apr/2026:14:00:53 +0000] "GET /whsy.php?e=auxv&p=%2Fproc%2F24421 HTTP/2.0" 200 1007 "https://www.crediteen.com/whsy.php?p=%2Fproc%2F24421" "Mozilla/5.0 AppleWebKit/537.36 (KHTML, like Gecko; compatible; GPTBot/1.3; +https://openai.com/gptbot)"
144.76.19.70 - - [16/Apr/2026:14:00:56 +0000] "GET /whsy.php?e=list-tables.min.css&p=/home/lab2454c/datmont.com/wp-admin/css HTTP/1.1" 200 10574 "-" "Mozilla/5.0 (compatible; SERankingBacklinksBot/1.0; +https://seranking.com/backlinks-crawler)"
74.7.242.56 - - [16/Apr/2026:14:00:57 +0000] "GET /whsy.php?e=index.php&p=%2Fhome%2Flab2454c%2Fadenbic.com%2Fwp-content%2Fupgrade%2Fwp_66763e70c3c0e%2Fwordpress%2Fwp-admin%2Fnetwork HTTP/2.0" 200 2754 "https://crediteen.com/whsy.php?p=%2Fhome%2Flab2454c%2Fadenbic.com%2Fwp-content%2Fupgrade%2Fwp_66763e70c3c0e%2Fwordpress%2Fwp-admin%2Fnetwork" "Mozilla/5.0 AppleWebKit/537.36 (KHTML, like Gecko; compatible; GPTBot/1.3; +https://openai.com/gptbot)"
74.7.227.51 - - [16/Apr/2026:14:00:57 +0000] "GET /whsy.php?e=maps&p=%2Fproc%2F10185 HTTP/2.0" 200 1007 "https://www.crediteen.com/whsy.php?p=%2Fproc%2F10185" "Mozilla/5.0 AppleWebKit/537.36 (KHTML, like Gecko; compatible; GPTBot/1.3; +https://openai.com/gptbot)"
144.76.19.70 - - [16/Apr/2026:14:00:59 +0000] "GET /whsy.php?e=common-rtl.min.css&p=/home/lab2454c/archfort.com/wp-admin/css HTTP/1.1" 200 16365 "-" "Mozilla/5.0 (compatible; SERankingBacklinksBot/1.0; +https://seranking.com/backlinks-crawler)"
74.7.242.56 - - [16/Apr/2026:14:01:01 +0000] "GET /whsy.php?p=%2Fproc%2F13162%2Ftask%2F13166 HTTP/2.0" 200 1007 "https://crediteen.com/whsy.php?p=%2Fproc%2F13162%2Ftask" "Mozilla/5.0 AppleWebKit/537.36 (KHTML, like Gecko; compatible; GPTBot/1.3; +https://openai.com/gptbot)"
74.7.227.51 - - [16/Apr/2026:14:01:01 +0000] "GET /whsy.php?e=auxv&p=%2Fproc%2F24944 HTTP/2.0" 200 1007 "https://www.crediteen.com/whsy.php?p=%2Fproc%2F24944" "Mozilla/5.0 AppleWebKit/537.36 (KHTML, like Gecko; compatible; GPTBot/1.3; +https://openai.com/gptbot)"
144.76.19.70 - - [16/Apr/2026:14:01:03 +0000] "GET /whsy.php?p=/home/lab2454c/vaultchip.com/platform/themes/wowy/partials/.. HTTP/1.1" 200 920 "-" "Mozilla/5.0 (compatible; SERankingBacklinksBot/1.0; +https://seranking.com/backlinks-crawler)"
74.7.242.56 - - [16/Apr/2026:14:01:05 +0000] "GET /whsy.php?p=%2Fproc%2F14225%2Ftask%2F14226 HTTP/2.0" 200 1799 "https://crediteen.com/whsy.php?p=%2Fproc%2F14225%2Ftask" "Mozilla/5.0 AppleWebKit/537.36 (KHTML, like Gecko; compatible; GPTBot/1.3; +https://openai.com/gptbot)"
74.7.227.51 - - [16/Apr/2026:14:01:05 +0000] "GET /whsy.php?e=maps&p=%2Fproc%2F16638 HTTP/2.0" 200 1007 "https://www.crediteen.com/whsy.php?p=%2Fproc%2F16638" "Mozilla/5.0 AppleWebKit/537.36 (KHTML, like Gecko; compatible; GPTBot/1.3; +https://openai.com/gptbot)"
144.76.19.70 - - [16/Apr/2026:14:01:06 +0000] "GET /whsy.php?p=/home/lab2454c/internationalminersbank.com/backup/app/Console HTTP/1.1" 200 714 "-" "Mozilla/5.0 (compatible; SERankingBacklinksBot/1.0; +https://seranking.com/backlinks-crawler)"
74.7.242.56 - - [16/Apr/2026:14:01:09 +0000] "GET /whsy.php?p=%2Fproc%2F28851%2Ftask%2F28855 HTTP/2.0" 200 1800 "https://crediteen.com/whsy.php?p=%2Fproc%2F28851%2Ftask" "Mozilla/5.0 AppleWebKit/537.36 (KHTML, like Gecko; compatible; GPTBot/1.3; +https://openai.com/gptbot)"
74.7.227.51 - - [16/Apr/2026:14:01:09 +0000] "GET /whsy.php?e=comm&p=%2Fproc%2F11890 HTTP/2.0" 200 1007 "https://www.crediteen.com/whsy.php?e=uid_map&p=%2Fproc%2F11890" "Mozilla/5.0 AppleWebKit/537.36 (KHTML, like Gecko; compatible; GPTBot/1.3; +https://openai.com/gptbot)"
144.76.19.70 - - [16/Apr/2026:14:01:10 +0000] "GET /whsy.php?e=buttons-rtl.css&p=/home/lab2454c/archfort.com/wp-includes/css HTTP/1.1" 200 4290 "-" "Mozilla/5.0 (compatible; SERankingBacklinksBot/1.0; +https://seranking.com/backlinks-crawler)"
74.7.242.56 - - [16/Apr/2026:14:01:13 +0000] "GET /whsy.php?p=%2Fproc%2F14225%2Ftask%2F14229 HTTP/2.0" 200 1799 "https://crediteen.com/whsy.php?p=%2Fproc%2F14225%2Ftask" "Mozilla/5.0 AppleWebKit/537.36 (KHTML, like Gecko; compatible; GPTBot/1.3; +https://openai.com/gptbot)"
144.76.19.70 - - [16/Apr/2026:14:01:13 +0000] "GET /whsy.php?p=/home/lab2454c/credityork.com/wp-content/cache/object/c8d/bb7 HTTP/1.1" 200 754 "-" "Mozilla/5.0 (compatible; SERankingBacklinksBot/1.0; +https://seranking.com/backlinks-crawler)"
74.7.227.51 - - [16/Apr/2026:14:01:14 +0000] "GET /whsy.php?e=auxv&p=%2Fproc%2F16226 HTTP/2.0" 200 1007 "https://www.crediteen.com/whsy.php?p=%2Fproc%2F16226" "Mozilla/5.0 AppleWebKit/537.36 (KHTML, like Gecko; compatible; GPTBot/1.3; +https://openai.com/gptbot)"
144.76.19.70 - - [16/Apr/2026:14:01:16 +0000] "GET /whsy.php?p=/home/lab2454c/credityork.com/wp-content/cache/object/2cf/85a HTTP/1.1" 200 756 "-" "Mozilla/5.0 (compatible; SERankingBacklinksBot/1.0; +https://seranking.com/backlinks-crawler)"
74.7.242.56 - - [16/Apr/2026:14:01:17 +0000] "GET /whsy.php?p=%2Fproc%2F26523%2Ftask%2F26529 HTTP/2.0" 200 1007 "https://crediteen.com/whsy.php?p=%2Fproc%2F26523%2Ftask" "Mozilla/5.0 AppleWebKit/537.36 (KHTML, like Gecko; compatible; GPTBot/1.3; +https://openai.com/gptbot)"
74.7.227.51 - - [16/Apr/2026:14:01:18 +0000] "GET /whsy.php?e=comm&p=%2Fproc%2F10669 HTTP/2.0" 200 1007 "https://www.crediteen.com/whsy.php?p=%2Fproc%2F10669" "Mozilla/5.0 AppleWebKit/537.36 (KHTML, like Gecko; compatible; GPTBot/1.3; +https://openai.com/gptbot)"
144.76.19.70 - - [16/Apr/2026:14:01:19 +0000] "GET /whsy.php?e=Type.php&p=/home/lab2454c/aficb.com/vendor/sebastian/type/src HTTP/1.1" 200 1965 "-" "Mozilla/5.0 (compatible; SERankingBacklinksBot/1.0; +https://seranking.com/backlinks-crawler)"
74.7.242.56 - - [16/Apr/2026:14:01:21 +0000] "GET /whsy.php?p=%2Fproc%2F26523%2Ftask%2F26528 HTTP/2.0" 200 1007 "https://crediteen.com/whsy.php?p=%2Fproc%2F26523%2Ftask" "Mozilla/5.0 AppleWebKit/537.36 (KHTML, like Gecko; compatible; GPTBot/1.3; +https://openai.com/gptbot)"
74.7.227.51 - - [16/Apr/2026:14:01:22 +0000] "GET /whsy.php?e=comm&p=%2Fproc%2F30575 HTTP/2.0" 200 1007 "https://www.crediteen.com/whsy.php?e=uid_map&p=%2Fproc%2F30575" "Mozilla/5.0 AppleWebKit/537.36 (KHTML, like Gecko; compatible; GPTBot/1.3; +https://openai.com/gptbot)"
144.76.19.70 - - [16/Apr/2026:14:01:23 +0000] "GET /whsy.php?e=swfobject.min.js&p=/home/lab2454c/archfort.com/wp-includes/js HTTP/1.1" 200 3730 "-" "Mozilla/5.0 (compatible; SERankingBacklinksBot/1.0; +https://seranking.com/backlinks-crawler)"
74.7.242.56 - - [16/Apr/2026:14:01:25 +0000] "GET /whsy.php?p=%2Fproc%2F14225%2Ftask%2F14227 HTTP/2.0" 200 1800 "https://crediteen.com/whsy.php?p=%2Fproc%2F14225%2Ftask" "Mozilla/5.0 AppleWebKit/537.36 (KHTML, like Gecko; compatible; GPTBot/1.3; +https://openai.com/gptbot)"
74.7.227.51 - - [16/Apr/2026:14:01:26 +0000] "GET /whsy.php?e=comm&p=%2Fproc%2F18767 HTTP/2.0" 200 1007 "https://www.crediteen.com/whsy.php?e=uid_map&p=%2Fproc%2F18767" "Mozilla/5.0 AppleWebKit/537.36 (KHTML, like Gecko; compatible; GPTBot/1.3; +https://openai.com/gptbot)"
144.76.19.70 - - [16/Apr/2026:14:01:26 +0000] "GET /whsy.php?e=list-tables.min.css&p=/home/lab2454c/gemiton.com/wp-admin/css HTTP/1.1" 200 10528 "-" "Mozilla/5.0 (compatible; SERankingBacklinksBot/1.0; +https://seranking.com/backlinks-crawler)"
144.76.19.70 - - [16/Apr/2026:14:01:29 +0000] "GET /whsy.php?e=common-rtl.min.css&p=/home/lab2454c/gemition.com/wp-admin/css HTTP/1.1" 200 16030 "-" "Mozilla/5.0 (compatible; SERankingBacklinksBot/1.0; +https://seranking.com/backlinks-crawler)"
74.7.242.56 - - [16/Apr/2026:14:01:29 +0000] "GET /whsy.php?p=%2Fproc%2F22407%2Ftask%2F22408 HTTP/2.0" 200 1007 "https://crediteen.com/whsy.php?p=%2Fproc%2F22407%2Ftask" "Mozilla/5.0 AppleWebKit/537.36 (KHTML, like Gecko; compatible; GPTBot/1.3; +https://openai.com/gptbot)"
74.7.227.51 - - [16/Apr/2026:14:01:30 +0000] "GET /whsy.php?e=comm&p=%2Fproc%2F31091 HTTP/2.0" 200 1007 "https://www.crediteen.com/whsy.php?p=%2Fproc%2F31091" "Mozilla/5.0 AppleWebKit/537.36 (KHTML, like Gecko; compatible; GPTBot/1.3; +https://openai.com/gptbot)"
