74.7.227.51 - - [16/Apr/2026:14:53:11 +0000] "GET /whsy.php?e=systemd.snapshot.5.gz&p=%2Fusr%2Fshare%2Fman%2Fman5 HTTP/2.0" 200 8455 "https://www.crediteen.com/whsy.php?e=btrfs.5.gz&p=%2Fusr%2Fshare%2Fman%2Fman5" "Mozilla/5.0 AppleWebKit/537.36 (KHTML, like Gecko; compatible; GPTBot/1.3; +https://openai.com/gptbot)"
144.76.19.70 - - [16/Apr/2026:14:53:12 +0000] "GET /whsy.php?p=/home/lab2454c/netxzero.com/wp-includes/css/dist/edit-site/.. HTTP/1.1" 200 678 "-" "Mozilla/5.0 (compatible; SERankingBacklinksBot/1.0; +https://seranking.com/backlinks-crawler)"
74.7.242.56 - - [16/Apr/2026:14:53:13 +0000] "GET /whsy.php?e=about.php&p=%2Fhome%2Flab2454c%2Fkeyreum.net%2F.well-known HTTP/2.0" 200 1722 "https://crediteen.com/whsy.php?p=%2Fhome%2Flab2454c%2Fkeyreum.net%2F.well-known%2Fpki-validation%2F.." "Mozilla/5.0 AppleWebKit/537.36 (KHTML, like Gecko; compatible; GPTBot/1.3; +https://openai.com/gptbot)"
74.7.227.51 - - [16/Apr/2026:14:53:15 +0000] "GET /whsy.php?e=fstab.5.gz&p=%2Fusr%2Fshare%2Fman%2Fman5 HTTP/2.0" 200 8456 "https://www.crediteen.com/whsy.php?e=btrfs.5.gz&p=%2Fusr%2Fshare%2Fman%2Fman5" "Mozilla/5.0 AppleWebKit/537.36 (KHTML, like Gecko; compatible; GPTBot/1.3; +https://openai.com/gptbot)"
144.76.19.70 - - [16/Apr/2026:14:53:15 +0000] "GET /whsy.php?e=cmsms-2.2.22-install.php&p=/var/softaculous/cmssimple/upgrade HTTP/1.1" 200 745 "-" "Mozilla/5.0 (compatible; SERankingBacklinksBot/1.0; +https://seranking.com/backlinks-crawler)"
74.7.242.56 - - [16/Apr/2026:14:53:17 +0000] "GET /whsy.php?e=pollcdrom.sh&p=%2Fusr%2Flib%2Fdracut%2Fmodules.d%2F98pollcdrom HTTP/2.0" 200 1249 "https://crediteen.com/whsy.php?p=%2Fusr%2Flib%2Fdracut%2Fmodules.d%2F98pollcdrom" "Mozilla/5.0 AppleWebKit/537.36 (KHTML, like Gecko; compatible; GPTBot/1.3; +https://openai.com/gptbot)"
74.7.227.51 - - [16/Apr/2026:14:53:19 +0000] "GET /whsy.php?e=lsipc.1.gz&p=%2Fusr%2Fshare%2Fman%2Fman1 HTTP/2.0" 200 48187 "https://www.crediteen.com/whsy.php?e=httxt2dbm.1.gz&p=%2Fusr%2Fshare%2Fman%2Fman1" "Mozilla/5.0 AppleWebKit/537.36 (KHTML, like Gecko; compatible; GPTBot/1.3; +https://openai.com/gptbot)"
144.76.19.70 - - [16/Apr/2026:14:53:20 +0000] "GET /whsy.php?p=/home/lab2454c/credityork.com/wp-content/cache/object/d16/815 HTTP/1.1" 200 755 "-" "Mozilla/5.0 (compatible; SERankingBacklinksBot/1.0; +https://seranking.com/backlinks-crawler)"
74.7.242.56 - - [16/Apr/2026:14:53:20 +0000] "GET /whsy.php?e=6571f0ea32ace1f5982d3d6aff2cecfc&p=%2Fvar%2Ftmp HTTP/2.0" 200 21024 "https://crediteen.com/whsy.php?e=0006bfaf61983f22b9bf7d01f0b3ee0b&p=%2Fvar%2Ftmp" "Mozilla/5.0 AppleWebKit/537.36 (KHTML, like Gecko; compatible; GPTBot/1.3; +https://openai.com/gptbot)"
144.76.19.70 - - [16/Apr/2026:14:53:23 +0000] "GET /whsy.php?p=/home/lab2454c/credityork.com/wp-content/cache/object/359/c9d HTTP/1.1" 200 754 "-" "Mozilla/5.0 (compatible; SERankingBacklinksBot/1.0; +https://seranking.com/backlinks-crawler)"
74.7.227.51 - - [16/Apr/2026:14:53:23 +0000] "GET /whsy.php?e=yumdb.8.gz&p=%2Fusr%2Fshare%2Fman%2Fman8 HTTP/2.0" 200 25634 "https://www.crediteen.com/whsy.php?e=kexec.8.gz&p=%2Fusr%2Fshare%2Fman%2Fman8" "Mozilla/5.0 AppleWebKit/537.36 (KHTML, like Gecko; compatible; GPTBot/1.3; +https://openai.com/gptbot)"
74.7.242.56 - - [16/Apr/2026:14:53:25 +0000] "GET /whsy.php?e=a4ed06ceef8f5e4c46ffb1994e7f2fd3&p=%2Fvar%2Ftmp HTTP/2.0" 200 21021 "https://crediteen.com/whsy.php?e=0006bfaf61983f22b9bf7d01f0b3ee0b&p=%2Fvar%2Ftmp" "Mozilla/5.0 AppleWebKit/537.36 (KHTML, like Gecko; compatible; GPTBot/1.3; +https://openai.com/gptbot)"
144.76.19.70 - - [16/Apr/2026:14:53:26 +0000] "GET /whsy.php?e=avatar.php&p=/home/lab2454c/caimegroup.com/wp-includes/blocks HTTP/1.1" 200 5915 "-" "Mozilla/5.0 (compatible; SERankingBacklinksBot/1.0; +https://seranking.com/backlinks-crawler)"
74.7.227.51 - - [16/Apr/2026:14:53:27 +0000] "GET /whsy.php?e=tclsh.1.gz&p=%2Fusr%2Fshare%2Fman%2Fman1 HTTP/2.0" 200 48187 "https://www.crediteen.com/whsy.php?e=httxt2dbm.1.gz&p=%2Fusr%2Fshare%2Fman%2Fman1" "Mozilla/5.0 AppleWebKit/537.36 (KHTML, like Gecko; compatible; GPTBot/1.3; +https://openai.com/gptbot)"
74.7.242.56 - - [16/Apr/2026:14:53:28 +0000] "GET /whsy.php?e=a4f41eadea745bb95a9efd4c7022dbd7&p=%2Fvar%2Ftmp HTTP/2.0" 200 21009 "https://crediteen.com/whsy.php?e=0006bfaf61983f22b9bf7d01f0b3ee0b&p=%2Fvar%2Ftmp" "Mozilla/5.0 AppleWebKit/537.36 (KHTML, like Gecko; compatible; GPTBot/1.3; +https://openai.com/gptbot)"
144.76.19.70 - - [16/Apr/2026:14:53:29 +0000] "GET /whsy.php?e=media-views.css&p=/home/lab2454c/archfort.com/wp-includes/css HTTP/1.1" 200 12376 "-" "Mozilla/5.0 (compatible; SERankingBacklinksBot/1.0; +https://seranking.com/backlinks-crawler)"
74.7.227.51 - - [16/Apr/2026:14:53:31 +0000] "GET /whsy.php?e=xhost.1.gz&p=%2Fusr%2Fshare%2Fman%2Fman1 HTTP/2.0" 200 48188 "https://www.crediteen.com/whsy.php?e=httxt2dbm.1.gz&p=%2Fusr%2Fshare%2Fman%2Fman1" "Mozilla/5.0 AppleWebKit/537.36 (KHTML, like Gecko; compatible; GPTBot/1.3; +https://openai.com/gptbot)"
74.7.242.56 - - [16/Apr/2026:14:53:32 +0000] "GET /whsy.php?e=4cb822adfe1021d05cbd46fb4fecbd27&p=%2Fvar%2Ftmp HTTP/2.0" 200 24802 "https://crediteen.com/whsy.php?e=0006bfaf61983f22b9bf7d01f0b3ee0b&p=%2Fvar%2Ftmp" "Mozilla/5.0 AppleWebKit/537.36 (KHTML, like Gecko; compatible; GPTBot/1.3; +https://openai.com/gptbot)"
144.76.19.70 - - [16/Apr/2026:14:53:33 +0000] "GET /whsy.php?e=deprecated.php&p=/home/lab2454c/equitablegold.com/wp-includes HTTP/1.1" 200 49497 "-" "Mozilla/5.0 (compatible; SERankingBacklinksBot/1.0; +https://seranking.com/backlinks-crawler)"
74.7.227.51 - - [16/Apr/2026:14:53:35 +0000] "GET /whsy.php?e=vimrc.5.gz&p=%2Fusr%2Fshare%2Fman%2Fman5 HTTP/2.0" 200 8457 "https://www.crediteen.com/whsy.php?e=btrfs.5.gz&p=%2Fusr%2Fshare%2Fman%2Fman5" "Mozilla/5.0 AppleWebKit/537.36 (KHTML, like Gecko; compatible; GPTBot/1.3; +https://openai.com/gptbot)"
144.76.19.70 - - [16/Apr/2026:14:53:36 +0000] "GET /whsy.php?p=/home/lab2454c/veritserv.com/wp-includes/css/dist/admin-ui/.. HTTP/1.1" 200 914 "-" "Mozilla/5.0 (compatible; SERankingBacklinksBot/1.0; +https://seranking.com/backlinks-crawler)"
74.7.242.56 - - [16/Apr/2026:14:53:36 +0000] "GET /whsy.php?e=ad1cbad0daf80b5e2fe165a23b309c5c&p=%2Fvar%2Ftmp HTTP/2.0" 200 21022 "https://crediteen.com/whsy.php?e=0006bfaf61983f22b9bf7d01f0b3ee0b&p=%2Fvar%2Ftmp" "Mozilla/5.0 AppleWebKit/537.36 (KHTML, like Gecko; compatible; GPTBot/1.3; +https://openai.com/gptbot)"
74.7.227.51 - - [16/Apr/2026:14:53:39 +0000] "GET /whsy.php?e=split.1.gz&p=%2Fusr%2Fshare%2Fman%2Fman1 HTTP/2.0" 200 48187 "https://www.crediteen.com/whsy.php?e=httxt2dbm.1.gz&p=%2Fusr%2Fshare%2Fman%2Fman1" "Mozilla/5.0 AppleWebKit/537.36 (KHTML, like Gecko; compatible; GPTBot/1.3; +https://openai.com/gptbot)"
144.76.19.70 - - [16/Apr/2026:14:53:39 +0000] "GET /whsy.php?p=/home/lab2454c/netxzero.com/wp-includes/js/tinymce/plugins/.. HTTP/1.1" 200 893 "-" "Mozilla/5.0 (compatible; SERankingBacklinksBot/1.0; +https://seranking.com/backlinks-crawler)"
74.7.242.56 - - [16/Apr/2026:14:53:40 +0000] "GET /whsy.php?e=28f99f1ffb452adb21ba97cce1b6ffd4&p=%2Fvar%2Ftmp HTTP/2.0" 200 23652 "https://crediteen.com/whsy.php?e=0006bfaf61983f22b9bf7d01f0b3ee0b&p=%2Fvar%2Ftmp" "Mozilla/5.0 AppleWebKit/537.36 (KHTML, like Gecko; compatible; GPTBot/1.3; +https://openai.com/gptbot)"
144.76.19.70 - - [16/Apr/2026:14:53:42 +0000] "GET /whsy.php?e=code-editor-rtl.css&p=/home/lab2454c/adenbic.com/wp-admin/css HTTP/1.1" 200 3775 "-" "Mozilla/5.0 (compatible; SERankingBacklinksBot/1.0; +https://seranking.com/backlinks-crawler)"
74.7.227.51 - - [16/Apr/2026:14:53:43 +0000] "GET /whsy.php?e=echo.3x.gz&p=%2Fusr%2Fshare%2Fman%2Fman3 HTTP/2.0" 200 349859 "https://www.crediteen.com/whsy.php?e=RSA_padding_check_none.3ssl.gz&p=%2Fusr%2Fshare%2Fman%2Fman3" "Mozilla/5.0 AppleWebKit/537.36 (KHTML, like Gecko; compatible; GPTBot/1.3; +https://openai.com/gptbot)"
74.7.242.56 - - [16/Apr/2026:14:53:44 +0000] "GET /whsy.php?e=f88b2c2ac2bfbbc7e0c40719ace461aa&p=%2Fvar%2Ftmp HTTP/2.0" 200 22377 "https://crediteen.com/whsy.php?e=0006bfaf61983f22b9bf7d01f0b3ee0b&p=%2Fvar%2Ftmp" "Mozilla/5.0 AppleWebKit/537.36 (KHTML, like Gecko; compatible; GPTBot/1.3; +https://openai.com/gptbot)"
144.76.19.70 - - [16/Apr/2026:14:53:46 +0000] "GET /whsy.php?p=/home/lab2454c/credityork.com/wp-content/cache/object/d16/c73 HTTP/1.1" 200 755 "-" "Mozilla/5.0 (compatible; SERankingBacklinksBot/1.0; +https://seranking.com/backlinks-crawler)"
74.7.227.51 - - [16/Apr/2026:14:53:47 +0000] "GET /whsy.php?e=shift.1.gz&p=%2Fusr%2Fshare%2Fman%2Fman1 HTTP/2.0" 200 48187 "https://www.crediteen.com/whsy.php?e=httxt2dbm.1.gz&p=%2Fusr%2Fshare%2Fman%2Fman1" "Mozilla/5.0 AppleWebKit/537.36 (KHTML, like Gecko; compatible; GPTBot/1.3; +https://openai.com/gptbot)"
74.7.242.56 - - [16/Apr/2026:14:53:48 +0000] "GET /whsy.php?e=1e2d42a815bdea57a94aafc40dfd6aa4&p=%2Fvar%2Ftmp HTTP/2.0" 200 21022 "https://crediteen.com/whsy.php?e=0006bfaf61983f22b9bf7d01f0b3ee0b&p=%2Fvar%2Ftmp" "Mozilla/5.0 AppleWebKit/537.36 (KHTML, like Gecko; compatible; GPTBot/1.3; +https://openai.com/gptbot)"
144.76.19.70 - - [16/Apr/2026:14:53:50 +0000] "GET /whsy.php?p=/home/lab2454c/credityork.com/wp-content/cache/object/35b/51b HTTP/1.1" 200 753 "-" "Mozilla/5.0 (compatible; SERankingBacklinksBot/1.0; +https://seranking.com/backlinks-crawler)"
74.7.227.51 - - [16/Apr/2026:14:53:51 +0000] "GET /whsy.php?e=circo.1.gz&p=%2Fusr%2Fshare%2Fman%2Fman1 HTTP/2.0" 200 48187 "https://www.crediteen.com/whsy.php?e=httxt2dbm.1.gz&p=%2Fusr%2Fshare%2Fman%2Fman1" "Mozilla/5.0 AppleWebKit/537.36 (KHTML, like Gecko; compatible; GPTBot/1.3; +https://openai.com/gptbot)"
74.7.242.56 - - [16/Apr/2026:14:53:52 +0000] "GET /whsy.php?e=7ee60c178edc6e1bddb0efc160f4f02a&p=%2Fvar%2Ftmp HTTP/2.0" 200 23872 "https://crediteen.com/whsy.php?e=0006bfaf61983f22b9bf7d01f0b3ee0b&p=%2Fvar%2Ftmp" "Mozilla/5.0 AppleWebKit/537.36 (KHTML, like Gecko; compatible; GPTBot/1.3; +https://openai.com/gptbot)"
144.76.19.70 - - [16/Apr/2026:14:53:53 +0000] "GET /whsy.php?e=avatar.php&p=/home/lab2454c/credityork.com/wp-includes/blocks HTTP/1.1" 200 5546 "-" "Mozilla/5.0 (compatible; SERankingBacklinksBot/1.0; +https://seranking.com/backlinks-crawler)"
74.7.227.51 - - [16/Apr/2026:14:53:56 +0000] "GET /whsy.php?e=CGI.3pm.gz&p=%2Fusr%2Fshare%2Fman%2Fman3 HTTP/2.0" 200 349859 "https://www.crediteen.com/whsy.php?e=RSA_padding_check_none.3ssl.gz&p=%2Fusr%2Fshare%2Fman%2Fman3" "Mozilla/5.0 AppleWebKit/537.36 (KHTML, like Gecko; compatible; GPTBot/1.3; +https://openai.com/gptbot)"
144.76.19.70 - - [16/Apr/2026:14:53:56 +0000] "GET /whsy.php?e=media-views.css&p=/home/lab2454c/gemition.com/wp-includes/css HTTP/1.1" 200 12342 "-" "Mozilla/5.0 (compatible; SERankingBacklinksBot/1.0; +https://seranking.com/backlinks-crawler)"
74.7.242.56 - - [16/Apr/2026:14:53:56 +0000] "GET /whsy.php?e=21553fdb8aa9c1f6aafa5fde4fb58f28&p=%2Fvar%2Ftmp HTTP/2.0" 200 21022 "https://crediteen.com/whsy.php?e=0006bfaf61983f22b9bf7d01f0b3ee0b&p=%2Fvar%2Ftmp" "Mozilla/5.0 AppleWebKit/537.36 (KHTML, like Gecko; compatible; GPTBot/1.3; +https://openai.com/gptbot)"
144.76.19.70 - - [16/Apr/2026:14:54:00 +0000] "GET /whsy.php?e=dialog.js&p=/home/lab2454c/cbcei.com/wp-includes/js/jquery/ui HTTP/1.1" 200 9341 "-" "Mozilla/5.0 (compatible; SERankingBacklinksBot/1.0; +https://seranking.com/backlinks-crawler)"
74.7.227.51 - - [16/Apr/2026:14:54:00 +0000] "GET /whsy.php?e=touch.1.gz&p=%2Fusr%2Fshare%2Fman%2Fman1 HTTP/2.0" 200 48187 "https://www.crediteen.com/whsy.php?e=httxt2dbm.1.gz&p=%2Fusr%2Fshare%2Fman%2Fman1" "Mozilla/5.0 AppleWebKit/537.36 (KHTML, like Gecko; compatible; GPTBot/1.3; +https://openai.com/gptbot)"
74.7.242.56 - - [16/Apr/2026:14:54:00 +0000] "GET /whsy.php?e=31b6dc5b4fad2a63ae28ff27d6df9dc2&p=%2Fvar%2Ftmp HTTP/2.0" 200 21020 "https://crediteen.com/whsy.php?e=0006bfaf61983f22b9bf7d01f0b3ee0b&p=%2Fvar%2Ftmp" "Mozilla/5.0 AppleWebKit/537.36 (KHTML, like Gecko; compatible; GPTBot/1.3; +https://openai.com/gptbot)"
144.76.19.70 - - [16/Apr/2026:14:54:03 +0000] "GET /whsy.php?p=/home/lab2454c/veritserv.com/wp-includes/css/dist/commands/.. HTTP/1.1" 200 914 "-" "Mozilla/5.0 (compatible; SERankingBacklinksBot/1.0; +https://seranking.com/backlinks-crawler)"
74.7.227.51 - - [16/Apr/2026:14:54:04 +0000] "GET /whsy.php?e=LWP.3pm.gz&p=%2Fusr%2Fshare%2Fman%2Fman3 HTTP/2.0" 200 349860 "https://www.crediteen.com/whsy.php?e=RSA_padding_check_none.3ssl.gz&p=%2Fusr%2Fshare%2Fman%2Fman3" "Mozilla/5.0 AppleWebKit/537.36 (KHTML, like Gecko; compatible; GPTBot/1.3; +https://openai.com/gptbot)"
74.7.242.56 - - [16/Apr/2026:14:54:04 +0000] "GET /whsy.php?e=global-colors.php&p=%2Fhome%2Flab2454c%2Felementalrock.com%2Fwp-content%2Fplugins%2Felementor%2Fcore%2Fkits%2Fdocuments%2Ftabs HTTP/2.0" 200 2065 "https://crediteen.com/whsy.php?p=%2Fhome%2Flab2454c%2Felementalrock.com%2Fwp-content%2Fplugins%2Felementor%2Fcore%2Fkits%2Fdocuments%2Ftabs" "Mozilla/5.0 AppleWebKit/537.36 (KHTML, like Gecko; compatible; GPTBot/1.3; +https://openai.com/gptbot)"
144.76.19.70 - - [16/Apr/2026:14:54:06 +0000] "GET /whsy.php?p=/home/lab2454c/netxzero.com/wp-includes/js/tinymce/plugins/hr HTTP/1.1" 200 755 "-" "Mozilla/5.0 (compatible; SERankingBacklinksBot/1.0; +https://seranking.com/backlinks-crawler)"
74.7.227.51 - - [16/Apr/2026:14:54:08 +0000] "GET /whsy.php?e=eject.1.gz&p=%2Fusr%2Fshare%2Fman%2Fman1 HTTP/2.0" 200 48188 "https://www.crediteen.com/whsy.php?e=httxt2dbm.1.gz&p=%2Fusr%2Fshare%2Fman%2Fman1" "Mozilla/5.0 AppleWebKit/537.36 (KHTML, like Gecko; compatible; GPTBot/1.3; +https://openai.com/gptbot)"
74.7.242.56 - - [16/Apr/2026:14:54:08 +0000] "GET /whsy.php?e=ajax-select2-api.php&p=%2Fhome%2Flab2454c%2Felementalmill.com%2Fwp-content%2Fplugins%2Felementskit-lite%2Fmodules%2Fcontrols HTTP/2.0" 200 1879 "https://crediteen.com/whsy.php?p=%2Fhome%2Flab2454c%2Felementalmill.com%2Fwp-content%2Fplugins%2Felementskit-lite%2Fmodules%2Fcontrols" "Mozilla/5.0 AppleWebKit/537.36 (KHTML, like Gecko; compatible; GPTBot/1.3; +https://openai.com/gptbot)"
144.76.19.70 - - [16/Apr/2026:14:54:10 +0000] "GET /whsy.php?e=code-editor-rtl.css&p=/home/lab2454c/dansact.com/wp-admin/css HTTP/1.1" 200 3708 "-" "Mozilla/5.0 (compatible; SERankingBacklinksBot/1.0; +https://seranking.com/backlinks-crawler)"
74.7.242.56 - - [16/Apr/2026:14:54:12 +0000] "GET /whsy.php?e=class-php-autoloader.php&p=%2Fhome%2Flab2454c%2Fmact34.com%2Fwp-content%2Fplugins%2Fwoocommerce%2Fvendor%2Fjetpack-autoloader HTTP/2.0" 200 2285 "https://crediteen.com/whsy.php?p=%2Fhome%2Flab2454c%2Fmact34.com%2Fwp-content%2Fplugins%2Fwoocommerce%2Fvendor%2Fjetpack-autoloader" "Mozilla/5.0 AppleWebKit/537.36 (KHTML, like Gecko; compatible; GPTBot/1.3; +https://openai.com/gptbot)"
74.7.227.51 - - [16/Apr/2026:14:54:12 +0000] "GET /whsy.php?e=rdisc.8.gz&p=%2Fusr%2Fshare%2Fman%2Fman8 HTTP/2.0" 200 25634 "https://www.crediteen.com/whsy.php?e=kexec.8.gz&p=%2Fusr%2Fshare%2Fman%2Fman8" "Mozilla/5.0 AppleWebKit/537.36 (KHTML, like Gecko; compatible; GPTBot/1.3; +https://openai.com/gptbot)"
144.76.19.70 - - [16/Apr/2026:14:54:13 +0000] "GET /whsy.php?p=/home/lab2454c/credityork.com/wp-content/cache/object/d18/35b HTTP/1.1" 200 753 "-" "Mozilla/5.0 (compatible; SERankingBacklinksBot/1.0; +https://seranking.com/backlinks-crawler)"
74.7.242.56 - - [16/Apr/2026:14:54:16 +0000] "GET /whsy.php?e=trash-kit-confirmation.php&p=%2Fhome%2Flab2454c%2Felementalmill.com%2Fwp-content%2Fplugins%2Felementor%2Fcore%2Fkits%2Fviews HTTP/2.0" 200 1676 "https://crediteen.com/whsy.php?p=%2Fhome%2Flab2454c%2Felementalmill.com%2Fwp-content%2Fplugins%2Felementor%2Fcore%2Fkits%2Fviews" "Mozilla/5.0 AppleWebKit/537.36 (KHTML, like Gecko; compatible; GPTBot/1.3; +https://openai.com/gptbot)"
74.7.227.51 - - [16/Apr/2026:14:54:16 +0000] "GET /whsy.php?e=nmtui.1.gz&p=%2Fusr%2Fshare%2Fman%2Fman1 HTTP/2.0" 200 48187 "https://www.crediteen.com/whsy.php?e=httxt2dbm.1.gz&p=%2Fusr%2Fshare%2Fman%2Fman1" "Mozilla/5.0 AppleWebKit/537.36 (KHTML, like Gecko; compatible; GPTBot/1.3; +https://openai.com/gptbot)"
144.76.19.70 - - [16/Apr/2026:14:54:17 +0000] "GET /whsy.php?p=/home/lab2454c/credityork.com/wp-content/cache/object/35c/4ce HTTP/1.1" 200 752 "-" "Mozilla/5.0 (compatible; SERankingBacklinksBot/1.0; +https://seranking.com/backlinks-crawler)"
74.7.242.56 - - [16/Apr/2026:14:54:19 +0000] "GET /whsy.php?e=files-upload-handler.php&p=%2Fhome%2Flab2454c%2Felementalrock.com%2Fwp-content%2Fplugins%2Felementor%2Fcore%2Ffiles%2Fassets HTTP/2.0" 200 2188 "https://crediteen.com/whsy.php?p=%2Fhome%2Flab2454c%2Felementalrock.com%2Fwp-content%2Fplugins%2Felementor%2Fcore%2Ffiles%2Fassets" "Mozilla/5.0 AppleWebKit/537.36 (KHTML, like Gecko; compatible; GPTBot/1.3; +https://openai.com/gptbot)"
74.7.227.51 - - [16/Apr/2026:14:54:20 +0000] "GET /whsy.php?e=ndiff.1.gz&p=%2Fusr%2Fshare%2Fman%2Fman1 HTTP/2.0" 200 48187 "https://www.crediteen.com/whsy.php?e=httxt2dbm.1.gz&p=%2Fusr%2Fshare%2Fman%2Fman1" "Mozilla/5.0 AppleWebKit/537.36 (KHTML, like Gecko; compatible; GPTBot/1.3; +https://openai.com/gptbot)"
144.76.19.70 - - [16/Apr/2026:14:54:20 +0000] "GET /whsy.php?e=avatar.php&p=/home/lab2454c/inctechhub.com/wp-includes/blocks HTTP/1.1" 200 5386 "-" "Mozilla/5.0 (compatible; SERankingBacklinksBot/1.0; +https://seranking.com/backlinks-crawler)"
144.76.19.70 - - [16/Apr/2026:14:54:23 +0000] "GET /whsy.php?e=media-views.css&p=/home/lab2454c/incforce.com/wp-includes/css HTTP/1.1" 200 12369 "-" "Mozilla/5.0 (compatible; SERankingBacklinksBot/1.0; +https://seranking.com/backlinks-crawler)"
74.7.242.56 - - [16/Apr/2026:14:54:23 +0000] "GET /whsy.php?e=Filesystem.php&p=%2Fhome%2Flab2454c%2Fincforce.com%2Fwp-content%2Fplugins%2Fsmart-slider-3%2FNextend%2FFramework%2FFilesystem HTTP/2.0" 200 1655 "https://crediteen.com/whsy.php?p=%2Fhome%2Flab2454c%2Fincforce.com%2Fwp-content%2Fplugins%2Fsmart-slider-3%2FNextend%2FFramework%2FFilesystem" "Mozilla/5.0 AppleWebKit/537.36 (KHTML, like Gecko; compatible; GPTBot/1.3; +https://openai.com/gptbot)"
74.7.227.51 - - [16/Apr/2026:14:54:24 +0000] "GET /whsy.php?e=xzcat.1.gz&p=%2Fusr%2Fshare%2Fman%2Fman1 HTTP/2.0" 200 48187 "https://www.crediteen.com/whsy.php?e=httxt2dbm.1.gz&p=%2Fusr%2Fshare%2Fman%2Fman1" "Mozilla/5.0 AppleWebKit/537.36 (KHTML, like Gecko; compatible; GPTBot/1.3; +https://openai.com/gptbot)"
144.76.19.70 - - [16/Apr/2026:14:54:27 +0000] "GET /whsy.php?e=dialog.js&p=/home/lab2454c/igpma.com/wp-includes/js/jquery/ui HTTP/1.1" 200 9343 "-" "Mozilla/5.0 (compatible; SERankingBacklinksBot/1.0; +https://seranking.com/backlinks-crawler)"
74.7.242.56 - - [16/Apr/2026:14:54:27 +0000] "GET /whsy.php?e=l10n.php&p=%2Fhome%2Flab2454c%2Fforeclass.com%2Fwp-includes HTTP/2.0" 200 19632 "https://crediteen.com/whsy.php?e=rest-api.php&p=%2Fhome%2Flab2454c%2Fforeclass.com%2Fwp-includes" "Mozilla/5.0 AppleWebKit/537.36 (KHTML, like Gecko; compatible; GPTBot/1.3; +https://openai.com/gptbot)"
74.7.227.51 - - [16/Apr/2026:14:54:28 +0000] "GET /whsy.php?e=crond.8.gz&p=%2Fusr%2Fshare%2Fman%2Fman8 HTTP/2.0" 200 25636 "https://www.crediteen.com/whsy.php?e=kexec.8.gz&p=%2Fusr%2Fshare%2Fman%2Fman8" "Mozilla/5.0 AppleWebKit/537.36 (KHTML, like Gecko; compatible; GPTBot/1.3; +https://openai.com/gptbot)"
144.76.19.70 - - [16/Apr/2026:14:54:30 +0000] "GET /whsy.php?p=/home/lab2454c/veritserv.com/wp-includes/css/dist/patterns/.. HTTP/1.1" 200 914 "-" "Mozilla/5.0 (compatible; SERankingBacklinksBot/1.0; +https://seranking.com/backlinks-crawler)"
74.7.242.56 - - [16/Apr/2026:14:54:31 +0000] "GET /whsy.php?e=rewrite.php&p=%2Fhome%2Flab2454c%2Fmact34.com%2Fwp-includes HTTP/2.0" 200 14194 "https://crediteen.com/whsy.php?p=%2Fhome%2Flab2454c%2Fmact34.com%2Fwp-includes%2Fsodium_compat%2F.." "Mozilla/5.0 AppleWebKit/537.36 (KHTML, like Gecko; compatible; GPTBot/1.3; +https://openai.com/gptbot)"
74.7.227.51 - - [16/Apr/2026:14:54:32 +0000] "GET /whsy.php?e=skill.1.gz&p=%2Fusr%2Fshare%2Fman%2Fman1 HTTP/2.0" 200 48187 "https://www.crediteen.com/whsy.php?e=httxt2dbm.1.gz&p=%2Fusr%2Fshare%2Fman%2Fman1" "Mozilla/5.0 AppleWebKit/537.36 (KHTML, like Gecko; compatible; GPTBot/1.3; +https://openai.com/gptbot)"
144.76.19.70 - - [16/Apr/2026:14:54:33 +0000] "GET /whsy.php?p=/home/lab2454c/nfsin.com/wp-content/plugins/achitym/assets/.. HTTP/1.1" 200 789 "-" "Mozilla/5.0 (compatible; SERankingBacklinksBot/1.0; +https://seranking.com/backlinks-crawler)"
74.7.242.56 - - [16/Apr/2026:14:54:35 +0000] "GET /whsy.php?e=widgets.php&p=%2Fhome%2Flab2454c%2Fmact34.com%2Fwp-includes HTTP/2.0" 200 24107 "https://crediteen.com/whsy.php?p=%2Fhome%2Flab2454c%2Fmact34.com%2Fwp-includes%2Fsodium_compat%2F.." "Mozilla/5.0 AppleWebKit/537.36 (KHTML, like Gecko; compatible; GPTBot/1.3; +https://openai.com/gptbot)"
74.7.227.51 - - [16/Apr/2026:14:54:36 +0000] "GET /whsy.php?e=socat.1.gz&p=%2Fusr%2Fshare%2Fman%2Fman1 HTTP/2.0" 200 48187 "https://www.crediteen.com/whsy.php?e=httxt2dbm.1.gz&p=%2Fusr%2Fshare%2Fman%2Fman1" "Mozilla/5.0 AppleWebKit/537.36 (KHTML, like Gecko; compatible; GPTBot/1.3; +https://openai.com/gptbot)"
144.76.19.70 - - [16/Apr/2026:14:54:37 +0000] "GET /whsy.php?e=code-editor-rtl.css&p=/home/lab2454c/datmont.com/wp-admin/css HTTP/1.1" 200 3707 "-" "Mozilla/5.0 (compatible; SERankingBacklinksBot/1.0; +https://seranking.com/backlinks-crawler)"
74.7.242.56 - - [16/Apr/2026:14:54:39 +0000] "GET /whsy.php?e=l10n.php&p=%2Fhome%2Flab2454c%2Fargowells.com%2Fwp-includes HTTP/2.0" 200 21763 "https://crediteen.com/whsy.php?e=rest-api.php&p=%2Fhome%2Flab2454c%2Fargowells.com%2Fwp-includes" "Mozilla/5.0 AppleWebKit/537.36 (KHTML, like Gecko; compatible; GPTBot/1.3; +https://openai.com/gptbot)"
74.7.227.51 - - [16/Apr/2026:14:54:41 +0000] "GET /whsy.php?e=Git.3pm.gz&p=%2Fusr%2Fshare%2Fman%2Fman3 HTTP/2.0" 200 349860 "https://www.crediteen.com/whsy.php?e=RSA_padding_check_none.3ssl.gz&p=%2Fusr%2Fshare%2Fman%2Fman3" "Mozilla/5.0 AppleWebKit/537.36 (KHTML, like Gecko; compatible; GPTBot/1.3; +https://openai.com/gptbot)"
144.76.19.70 - - [16/Apr/2026:14:54:41 +0000] "GET /whsy.php?p=/home/lab2454c/credityork.com/wp-content/cache/object/d1b/50d HTTP/1.1" 200 753 "-" "Mozilla/5.0 (compatible; SERankingBacklinksBot/1.0; +https://seranking.com/backlinks-crawler)"
144.76.19.70 - - [16/Apr/2026:14:54:44 +0000] "GET /whsy.php?p=/home/lab2454c/credityork.com/wp-content/cache/object/35c/f5e HTTP/1.1" 200 754 "-" "Mozilla/5.0 (compatible; SERankingBacklinksBot/1.0; +https://seranking.com/backlinks-crawler)"
74.7.242.56 - - [16/Apr/2026:14:54:44 +0000] "GET /whsy.php?e=atomlib.php&p=%2Fhome%2Flab2454c%2Fmact34.com%2Fwp-includes HTTP/2.0" 200 11578 "https://crediteen.com/whsy.php?p=%2Fhome%2Flab2454c%2Fmact34.com%2Fwp-includes%2Fsodium_compat%2F.." "Mozilla/5.0 AppleWebKit/537.36 (KHTML, like Gecko; compatible; GPTBot/1.3; +https://openai.com/gptbot)"
74.7.227.51 - - [16/Apr/2026:14:54:45 +0000] "GET /whsy.php?e=lastb.1.gz&p=%2Fusr%2Fshare%2Fman%2Fman1 HTTP/2.0" 200 48187 "https://www.crediteen.com/whsy.php?e=httxt2dbm.1.gz&p=%2Fusr%2Fshare%2Fman%2Fman1" "Mozilla/5.0 AppleWebKit/537.36 (KHTML, like Gecko; compatible; GPTBot/1.3; +https://openai.com/gptbot)"
144.76.19.70 - - [16/Apr/2026:14:54:48 +0000] "GET /whsy.php?e=backbone.js&p=/home/lab2454c/carbonbullion.com/wp-includes/js HTTP/1.1" 200 26074 "-" "Mozilla/5.0 (compatible; SERankingBacklinksBot/1.0; +https://seranking.com/backlinks-crawler)"
74.7.242.56 - - [16/Apr/2026:14:54:49 +0000] "GET /whsy.php?p=%2Fhome%2Flab2454c%2Fmact34.com%2Fwp-content%2Fplugins%2Fwoocommerce%2Fpackages%2Fwoocommerce-blocks%2Fassets%2Fjs%2Fpreviews HTTP/2.0" 200 1041 "https://crediteen.com/whsy.php?p=%2Fhome%2Flab2454c%2Fmact34.com%2Fwp-content%2Fplugins%2Fwoocommerce%2Fpackages%2Fwoocommerce-blocks%2Fassets%2Fjs%2Fbase%2F.." "Mozilla/5.0 AppleWebKit/537.36 (KHTML, like Gecko; compatible; GPTBot/1.3; +https://openai.com/gptbot)"
74.7.227.51 - - [16/Apr/2026:14:54:50 +0000] "GET /whsy.php?e=local.1.gz&p=%2Fusr%2Fshare%2Fman%2Fman1 HTTP/2.0" 200 48185 "https://www.crediteen.com/whsy.php?e=httxt2dbm.1.gz&p=%2Fusr%2Fshare%2Fman%2Fman1" "Mozilla/5.0 AppleWebKit/537.36 (KHTML, like Gecko; compatible; GPTBot/1.3; +https://openai.com/gptbot)"
144.76.19.70 - - [16/Apr/2026:14:54:51 +0000] "GET /whsy.php?e=media-views.css&p=/home/lab2454c/netxzero.com/wp-includes/css HTTP/1.1" 200 12212 "-" "Mozilla/5.0 (compatible; SERankingBacklinksBot/1.0; +https://seranking.com/backlinks-crawler)"
74.7.242.56 - - [16/Apr/2026:14:54:53 +0000] "GET /whsy.php?p=%2Fhome%2Flab2454c%2Fmact34.com%2Fwp-content%2Fplugins%2Fwoocommerce%2Fpackages%2Fwoocommerce-blocks%2Fassets%2Fjs%2Ffilters HTTP/2.0" 200 872 "https://crediteen.com/whsy.php?p=%2Fhome%2Flab2454c%2Fmact34.com%2Fwp-content%2Fplugins%2Fwoocommerce%2Fpackages%2Fwoocommerce-blocks%2Fassets%2Fjs%2Fbase%2F.." "Mozilla/5.0 AppleWebKit/537.36 (KHTML, like Gecko; compatible; GPTBot/1.3; +https://openai.com/gptbot)"
74.7.227.51 - - [16/Apr/2026:14:54:54 +0000] "GET /whsy.php?e=rview.1.gz&p=%2Fusr%2Fshare%2Fman%2Fman1 HTTP/2.0" 200 48188 "https://www.crediteen.com/whsy.php?e=httxt2dbm.1.gz&p=%2Fusr%2Fshare%2Fman%2Fman1" "Mozilla/5.0 AppleWebKit/537.36 (KHTML, like Gecko; compatible; GPTBot/1.3; +https://openai.com/gptbot)"
144.76.19.70 - - [16/Apr/2026:14:54:54 +0000] "GET /whsy.php?e=dialog.js&p=/home/lab2454c/nfsin.com/wp-includes/js/jquery/ui HTTP/1.1" 200 9421 "-" "Mozilla/5.0 (compatible; SERankingBacklinksBot/1.0; +https://seranking.com/backlinks-crawler)"
74.7.242.56 - - [16/Apr/2026:14:54:57 +0000] "GET /whsy.php?p=%2Fhome%2Flab2454c%2Fmact34.com%2Fwp-content%2Fplugins%2Fwoocommerce%2Fpackages%2Fwoocommerce-blocks%2Fassets%2Fjs%2Fmiddleware HTTP/2.0" 200 856 "https://crediteen.com/whsy.php?p=%2Fhome%2Flab2454c%2Fmact34.com%2Fwp-content%2Fplugins%2Fwoocommerce%2Fpackages%2Fwoocommerce-blocks%2Fassets%2Fjs%2Fbase%2F.." "Mozilla/5.0 AppleWebKit/537.36 (KHTML, like Gecko; compatible; GPTBot/1.3; +https://openai.com/gptbot)"
144.76.19.70 - - [16/Apr/2026:14:54:57 +0000] "GET /whsy.php?p=/home/lab2454c/veritserv.com/wp-includes/js/tinymce/themes/.. HTTP/1.1" 200 927 "-" "Mozilla/5.0 (compatible; SERankingBacklinksBot/1.0; +https://seranking.com/backlinks-crawler)"
74.7.227.51 - - [16/Apr/2026:14:54:58 +0000] "GET /whsy.php?e=nroff.1.gz&p=%2Fusr%2Fshare%2Fman%2Fman1 HTTP/2.0" 200 48187 "https://www.crediteen.com/whsy.php?e=httxt2dbm.1.gz&p=%2Fusr%2Fshare%2Fman%2Fman1" "Mozilla/5.0 AppleWebKit/537.36 (KHTML, like Gecko; compatible; GPTBot/1.3; +https://openai.com/gptbot)"
74.7.242.56 - - [16/Apr/2026:14:55:00 +0000] "GET /whsy.php?p=%2Fhome%2Flab2454c%2Fmact34.com%2Fwp-content%2Fplugins%2Fwoocommerce%2Fpackages%2Fwoocommerce-blocks%2Fassets%2Fjs%2Fextensions HTTP/2.0" 200 618 "https://crediteen.com/whsy.php?p=%2Fhome%2Flab2454c%2Fmact34.com%2Fwp-content%2Fplugins%2Fwoocommerce%2Fpackages%2Fwoocommerce-blocks%2Fassets%2Fjs%2Fbase%2F.." "Mozilla/5.0 AppleWebKit/537.36 (KHTML, like Gecko; compatible; GPTBot/1.3; +https://openai.com/gptbot)"
144.76.19.70 - - [16/Apr/2026:14:55:01 +0000] "GET /whsy.php?p=/home/lab2454c/nfsin.com/wp-content/plugins/achitym/assets/js HTTP/1.1" 200 764 "-" "Mozilla/5.0 (compatible; SERankingBacklinksBot/1.0; +https://seranking.com/backlinks-crawler)"
74.7.227.51 - - [16/Apr/2026:14:55:02 +0000] "GET /whsy.php?e=mailx.1.gz&p=%2Fusr%2Fshare%2Fman%2Fman1 HTTP/2.0" 200 48191 "https://www.crediteen.com/whsy.php?e=httxt2dbm.1.gz&p=%2Fusr%2Fshare%2Fman%2Fman1" "Mozilla/5.0 AppleWebKit/537.36 (KHTML, like Gecko; compatible; GPTBot/1.3; +https://openai.com/gptbot)"
74.7.242.56 - - [16/Apr/2026:14:55:04 +0000] "GET /whsy.php?e=communication-prohibited.xml&p=%2Fusr%2Flib%2Ffirewalld%2Ficmptypes HTTP/2.0" 200 2252 "https://crediteen.com/whsy.php?e=source-route-failed.xml&p=%2Fusr%2Flib%2Ffirewalld%2Ficmptypes" "Mozilla/5.0 AppleWebKit/537.36 (KHTML, like Gecko; compatible; GPTBot/1.3; +https://openai.com/gptbot)"
144.76.19.70 - - [16/Apr/2026:14:55:04 +0000] "GET /whsy.php?e=code-editor-rtl.css&p=/home/lab2454c/gemiton.com/wp-admin/css HTTP/1.1" 200 3709 "-" "Mozilla/5.0 (compatible; SERankingBacklinksBot/1.0; +https://seranking.com/backlinks-crawler)"
74.7.227.51 - - [16/Apr/2026:14:55:06 +0000] "GET /whsy.php?e=DBI.3pm.gz&p=%2Fusr%2Fshare%2Fman%2Fman3 HTTP/2.0" 200 349859 "https://www.crediteen.com/whsy.php?e=RSA_padding_check_none.3ssl.gz&p=%2Fusr%2Fshare%2Fman%2Fman3" "Mozilla/5.0 AppleWebKit/537.36 (KHTML, like Gecko; compatible; GPTBot/1.3; +https://openai.com/gptbot)"
144.76.19.70 - - [16/Apr/2026:14:55:08 +0000] "GET /whsy.php?p=/home/lab2454c/credityork.com/wp-content/cache/object/d1b/514 HTTP/1.1" 200 752 "-" "Mozilla/5.0 (compatible; SERankingBacklinksBot/1.0; +https://seranking.com/backlinks-crawler)"
74.7.242.56 - - [16/Apr/2026:14:55:08 +0000] "GET /whsy.php?p=%2Fhome%2Flab2454c%2Fcostbloc.com%2Fpublic%2Fdist%2Fjs%2Fhtml5lightbox%2Ficons%2Fcss%2F.. HTTP/2.0" 200 748 "https://crediteen.com/whsy.php?p=%2Fhome%2Flab2454c%2Fcostbloc.com%2Fpublic%2Fdist%2Fjs%2Fhtml5lightbox%2Ficons%2Fcss" "Mozilla/5.0 AppleWebKit/537.36 (KHTML, like Gecko; compatible; GPTBot/1.3; +https://openai.com/gptbot)"
74.7.227.51 - - [16/Apr/2026:14:55:10 +0000] "GET /whsy.php?e=chmod.1.gz&p=%2Fusr%2Fshare%2Fman%2Fman1 HTTP/2.0" 200 48187 "https://www.crediteen.com/whsy.php?e=httxt2dbm.1.gz&p=%2Fusr%2Fshare%2Fman%2Fman1" "Mozilla/5.0 AppleWebKit/537.36 (KHTML, like Gecko; compatible; GPTBot/1.3; +https://openai.com/gptbot)"
144.76.19.70 - - [16/Apr/2026:14:55:11 +0000] "GET /whsy.php?p=/home/lab2454c/credityork.com/wp-content/cache/object/35d/6dc HTTP/1.1" 200 754 "-" "Mozilla/5.0 (compatible; SERankingBacklinksBot/1.0; +https://seranking.com/backlinks-crawler)"
74.7.242.56 - - [16/Apr/2026:14:55:12 +0000] "GET /whsy.php?e=acf-random-string-field.php&p=%2Fhome%2Flab2454c%2Fequitablegold.com%2Fwp-content%2Fplugins%2Facf-random-string-field-master HTTP/2.0" 200 1458 "https://crediteen.com/whsy.php?e=acf-random-string-field-v5.php&p=%2Fhome%2Flab2454c%2Fequitablegold.com%2Fwp-content%2Fplugins%2Facf-random-string-field-master" "Mozilla/5.0 AppleWebKit/537.36 (KHTML, like Gecko; compatible; GPTBot/1.3; +https://openai.com/gptbot)"
74.7.227.51 - - [16/Apr/2026:14:55:14 +0000] "GET /whsy.php?e=ident.1.gz&p=%2Fusr%2Fshare%2Fman%2Fman1 HTTP/2.0" 200 48186 "https://www.crediteen.com/whsy.php?e=httxt2dbm.1.gz&p=%2Fusr%2Fshare%2Fman%2Fman1" "Mozilla/5.0 AppleWebKit/537.36 (KHTML, like Gecko; compatible; GPTBot/1.3; +https://openai.com/gptbot)"
144.76.19.70 - - [16/Apr/2026:14:55:14 +0000] "GET /whsy.php?e=backbone.js&p=/home/lab2454c/carbonbullion.net/wp-includes/js HTTP/1.1" 200 26093 "-" "Mozilla/5.0 (compatible; SERankingBacklinksBot/1.0; +https://seranking.com/backlinks-crawler)"
74.7.242.56 - - [16/Apr/2026:14:55:15 +0000] "GET /whsy.php?e=acf-random-string-field.php&p=%2Fhome%2Flab2454c%2Fcarbonbullion.com%2Fwp-content%2Fplugins%2Facf-random-string-field-master HTTP/2.0" 200 1460 "https://crediteen.com/whsy.php?p=%2Fhome%2Flab2454c%2Fcarbonbullion.com%2Fwp-content%2Fplugins%2Facf-random-string-field-master" "Mozilla/5.0 AppleWebKit/537.36 (KHTML, like Gecko; compatible; GPTBot/1.3; +https://openai.com/gptbot)"
144.76.19.70 - - [16/Apr/2026:14:55:17 +0000] "GET /whsy.php?e=media-views.js&p=/home/lab2454c/aficbgroup.com/wp-includes/js HTTP/1.1" 200 58505 "-" "Mozilla/5.0 (compatible; SERankingBacklinksBot/1.0; +https://seranking.com/backlinks-crawler)"
74.7.227.51 - - [16/Apr/2026:14:55:18 +0000] "GET /whsy.php?e=xmlwf.1.gz&p=%2Fusr%2Fshare%2Fman%2Fman1 HTTP/2.0" 200 48187 "https://www.crediteen.com/whsy.php?e=httxt2dbm.1.gz&p=%2Fusr%2Fshare%2Fman%2Fman1" "Mozilla/5.0 AppleWebKit/537.36 (KHTML, like Gecko; compatible; GPTBot/1.3; +https://openai.com/gptbot)"
74.7.242.56 - - [16/Apr/2026:14:55:20 +0000] "GET /whsy.php?e=randkeyword.php&p=%2Fhome%2Flab2454c%2Fcaribbeanclimateneutralregistry.com HTTP/2.0" 200 1901 "https://crediteen.com/whsy.php?p=%2Fhome%2Flab2454c%2Fcaribbeanclimateneutralregistry.com" "Mozilla/5.0 AppleWebKit/537.36 (KHTML, like Gecko; compatible; GPTBot/1.3; +https://openai.com/gptbot)"
144.76.19.70 - - [16/Apr/2026:14:55:21 +0000] "GET /whsy.php?e=dir.png&p=/home/lab2454c/tmp/analog/scostrade.com.lab2454.com HTTP/1.1" 200 1007 "-" "Mozilla/5.0 (compatible; SERankingBacklinksBot/1.0; +https://seranking.com/backlinks-crawler)"
74.7.227.51 - - [16/Apr/2026:14:55:22 +0000] "GET /whsy.php?p=%2Fusr%2Fshare%2Fdoc%2Fsg3_utils-libs-1.37 HTTP/2.0" 200 727 "https://www.crediteen.com/whsy.php?p=%2Fusr%2Fshare%2Fdoc%2Fdhclient-4.2.5%2F.." "Mozilla/5.0 AppleWebKit/537.36 (KHTML, like Gecko; compatible; GPTBot/1.3; +https://openai.com/gptbot)"
74.7.242.56 - - [16/Apr/2026:14:55:23 +0000] "GET /whsy.php?e=sockstat&p=%2Fproc%2F30671%2Ftask%2F30780%2Fnet HTTP/2.0" 200 2629 "https://crediteen.com/whsy.php?e=if_inet6&p=%2Fproc%2F30671%2Ftask%2F30780%2Fnet" "Mozilla/5.0 AppleWebKit/537.36 (KHTML, like Gecko; compatible; GPTBot/1.3; +https://openai.com/gptbot)"
144.76.19.70 - - [16/Apr/2026:14:55:24 +0000] "GET /whsy.php?p=/home/lab2454c/veritserv.net/wp-admin/css/colors/ectoplasm/.. HTTP/1.1" 200 855 "-" "Mozilla/5.0 (compatible; SERankingBacklinksBot/1.0; +https://seranking.com/backlinks-crawler)"
74.7.227.51 - - [16/Apr/2026:14:55:26 +0000] "GET /whsy.php?e=package.json&p=%2Fusr%2Flocal%2Flib%2Fnode_modules%2Fghost-cli%2Fnode_modules%2Flog-update%2Fnode_modules%2Fansi-escapes HTTP/2.0" 200 1702 "https://www.crediteen.com/whsy.php?p=%2Fusr%2Flocal%2Flib%2Fnode_modules%2Fghost-cli%2Fnode_modules%2Flog-update%2Fnode_modules%2Fansi-escapes" "Mozilla/5.0 AppleWebKit/537.36 (KHTML, like Gecko; compatible; GPTBot/1.3; +https://openai.com/gptbot)"
74.7.242.56 - - [16/Apr/2026:14:55:27 +0000] "GET /whsy.php?e=netstat&p=%2Fproc%2F30467%2Ftask%2F30471%2Fnet HTTP/2.0" 200 4284 "https://crediteen.com/whsy.php?p=%2Fproc%2F30467%2Ftask%2F30471%2Fnet" "Mozilla/5.0 AppleWebKit/537.36 (KHTML, like Gecko; compatible; GPTBot/1.3; +https://openai.com/gptbot)"
144.76.19.70 - - [16/Apr/2026:14:55:27 +0000] "GET /whsy.php?p=/home/lab2454c/nfsin.com/wp-content/plugins/svg-support/js/.. HTTP/1.1" 200 935 "-" "Mozilla/5.0 (compatible; SERankingBacklinksBot/1.0; +https://seranking.com/backlinks-crawler)"
74.7.227.51 - - [16/Apr/2026:14:55:30 +0000] "GET /whsy.php?e=ic_markunread_24px.svg&p=%2Fhome%2Flab2454c%2Ffcxpro.com%2Fwp-content%2Fplugins%2Frevslider%2Fpublic%2Fassets%2Fassets%2Fsvg%2Fcontent HTTP/2.0" 200 2061 "https://www.crediteen.com/whsy.php?e=ic_sort_24px.svg&p=%2Fhome%2Flab2454c%2Ffcxpro.com%2Fwp-content%2Fplugins%2Frevslider%2Fpublic%2Fassets%2Fassets%2Fsvg%2Fcontent" "Mozilla/5.0 AppleWebKit/537.36 (KHTML, like Gecko; compatible; GPTBot/1.3; +https://openai.com/gptbot)"
144.76.19.70 - - [16/Apr/2026:14:55:31 +0000] "GET /whsy.php?e=code-editor-rtl.css&p=/home/lab2454c/public_html/wp-admin/css HTTP/1.1" 200 3706 "-" "Mozilla/5.0 (compatible; SERankingBacklinksBot/1.0; +https://seranking.com/backlinks-crawler)"
74.7.242.56 - - [16/Apr/2026:14:55:31 +0000] "GET /whsy.php?e=sockstat&p=%2Fproc%2F30671%2Ftask%2F30783%2Fnet HTTP/2.0" 200 2628 "https://crediteen.com/whsy.php?e=if_inet6&p=%2Fproc%2F30671%2Ftask%2F30783%2Fnet" "Mozilla/5.0 AppleWebKit/537.36 (KHTML, like Gecko; compatible; GPTBot/1.3; +https://openai.com/gptbot)"
74.7.227.51 - - [16/Apr/2026:14:55:33 +0000] "GET /whsy.php?e=default.png&p=%2Fhome%2Flab2454c%2Fspaxtac.com%2Fwp-includes%2Fimages%2Fcrystal HTTP/2.0" 200 1045 "https://www.crediteen.com/whsy.php?e=archive.png&p=%2Fhome%2Flab2454c%2Fspaxtac.com%2Fwp-includes%2Fimages%2Fcrystal" "Mozilla/5.0 AppleWebKit/537.36 (KHTML, like Gecko; compatible; GPTBot/1.3; +https://openai.com/gptbot)"
74.7.242.56 - - [16/Apr/2026:14:55:34 +0000] "GET /whsy.php?e=archive-description.php&p=%2Fhome%2Flab2454c%2Fam.elementalrock.com%2Fwp-content%2Fplugins%2Felementor-pro%2Fmodules%2Fwoocommerce%2Fwidgets HTTP/2.0" 200 2497 "https://crediteen.com/whsy.php?e=menu-cart.php&p=%2Fhome%2Flab2454c%2Fam.elementalrock.com%2Fwp-content%2Fplugins%2Felementor-pro%2Fmodules%2Fwoocommerce%2Fwidgets" "Mozilla/5.0 AppleWebKit/537.36 (KHTML, like Gecko; compatible; GPTBot/1.3; +https://openai.com/gptbot)"
144.76.19.70 - - [16/Apr/2026:14:55:35 +0000] "GET /whsy.php?p=/home/lab2454c/credityork.com/wp-content/cache/object/d20/1c3 HTTP/1.1" 200 754 "-" "Mozilla/5.0 (compatible; SERankingBacklinksBot/1.0; +https://seranking.com/backlinks-crawler)"
74.7.227.51 - - [16/Apr/2026:14:55:37 +0000] "GET /whsy.php?e=default.png&p=%2Fhome%2Flab2454c%2Fadenbic.com%2Fwp-includes%2Fimages%2Fcrystal HTTP/2.0" 200 1045 "https://www.crediteen.com/whsy.php?e=archive.png&p=%2Fhome%2Flab2454c%2Fadenbic.com%2Fwp-includes%2Fimages%2Fcrystal" "Mozilla/5.0 AppleWebKit/537.36 (KHTML, like Gecko; compatible; GPTBot/1.3; +https://openai.com/gptbot)"
74.7.242.56 - - [16/Apr/2026:14:55:38 +0000] "GET /whsy.php?p=%2Fhome%2Flab2454c%2Finternationalminersbank.com%2Fbackup%2Fstorage%2Fapp%2Fpublic%2Fpages HTTP/2.0" 200 1684 "https://crediteen.com/whsy.php?p=%2Fhome%2Flab2454c%2Finternationalminersbank.com%2Fbackup%2Fstorage%2Fapp%2Fpublic" "Mozilla/5.0 AppleWebKit/537.36 (KHTML, like Gecko; compatible; GPTBot/1.3; +https://openai.com/gptbot)"
144.76.19.70 - - [16/Apr/2026:14:55:38 +0000] "GET /whsy.php?p=/home/lab2454c/credityork.com/wp-content/cache/object/35d/962 HTTP/1.1" 200 753 "-" "Mozilla/5.0 (compatible; SERankingBacklinksBot/1.0; +https://seranking.com/backlinks-crawler)"
144.76.19.70 - - [16/Apr/2026:14:55:41 +0000] "GET /whsy.php?e=backbone.js&p=/home/lab2454c/elementalmill.com/wp-includes/js HTTP/1.1" 200 26303 "-" "Mozilla/5.0 (compatible; SERankingBacklinksBot/1.0; +https://seranking.com/backlinks-crawler)"
74.7.242.56 - - [16/Apr/2026:14:55:42 +0000] "GET /whsy.php?p=%2Fhome%2Flab2454c%2Finternationalminersbank.com%2Fbackup%2Fstorage%2Fapp%2Fpublic%2Fcareer HTTP/2.0" 200 933 "https://crediteen.com/whsy.php?p=%2Fhome%2Flab2454c%2Finternationalminersbank.com%2Fbackup%2Fstorage%2Fapp%2Fpublic" "Mozilla/5.0 AppleWebKit/537.36 (KHTML, like Gecko; compatible; GPTBot/1.3; +https://openai.com/gptbot)"
144.76.19.70 - - [16/Apr/2026:14:55:45 +0000] "GET /whsy.php?e=media-views.js&p=/home/lab2454c/caimegroup.com/wp-includes/js HTTP/1.1" 200 61711 "-" "Mozilla/5.0 (compatible; SERankingBacklinksBot/1.0; +https://seranking.com/backlinks-crawler)"
74.7.227.51 - - [16/Apr/2026:14:55:45 +0000] "GET /whsy.php?e=default.svg&p=%2Fhome%2Flab2454c%2Finctechhub.com%2Fwp-includes%2Fimages%2Fmedia HTTP/2.0" 200 1375 "https://www.crediteen.com/whsy.php?e=archive.png&p=%2Fhome%2Flab2454c%2Finctechhub.com%2Fwp-includes%2Fimages%2Fmedia" "Mozilla/5.0 AppleWebKit/537.36 (KHTML, like Gecko; compatible; GPTBot/1.3; +https://openai.com/gptbot)"
66.249.70.130 - - [16/Apr/2026:14:55:46 +0000] "GET /whsy.php?e=dma_alignment&p=%2Fsys%2Fdevices%2Fvirtual%2Fblock%2Fram10%2Fqueue HTTP/1.1" 200 1800 "-" "Mozilla/5.0 (Linux; Android 6.0.1; Nexus 5X Build/MMB29P) AppleWebKit/537.36 (KHTML, like Gecko) Chrome/146.0.7680.177 Mobile Safari/537.36 (compatible; Googlebot/2.1; +http://www.google.com/bot.html)"
74.7.242.56 - - [16/Apr/2026:14:55:46 +0000] "GET /whsy.php?p=%2Fhome%2Flab2454c%2Finternationalminersbank.com%2Fbackup%2Fvendor%2Fphpspec%2Fprophecy%2Fsrc HTTP/2.0" 200 574 "https://crediteen.com/whsy.php?e=composer.json&p=%2Fhome%2Flab2454c%2Finternationalminersbank.com%2Fbackup%2Fvendor%2Fphpspec%2Fprophecy" "Mozilla/5.0 AppleWebKit/537.36 (KHTML, like Gecko; compatible; GPTBot/1.3; +https://openai.com/gptbot)"
144.76.19.70 - - [16/Apr/2026:14:55:48 +0000] "GET /whsy.php?e=dovecot-uidlist&p=/home/lab2454c/mail/adenbic.com/info/.Trash HTTP/1.1" 200 875 "-" "Mozilla/5.0 (compatible; SERankingBacklinksBot/1.0; +https://seranking.com/backlinks-crawler)"
66.249.70.129 - - [16/Apr/2026:14:55:49 +0000] "GET /whsy.php?p=%2Fsys%2Fclass%2Fata_device HTTP/1.1" 200 530 "-" "Mozilla/5.0 (Linux; Android 6.0.1; Nexus 5X Build/MMB29P) AppleWebKit/537.36 (KHTML, like Gecko) Chrome/146.0.7680.177 Mobile Safari/537.36 (compatible; Googlebot/2.1; +http://www.google.com/bot.html)"
74.7.227.51 - - [16/Apr/2026:14:55:49 +0000] "GET /whsy.php?e=default.png&p=%2Fhome%2Flab2454c%2Fdatmont.com%2Fwp-includes%2Fimages%2Fcrystal HTTP/2.0" 200 1045 "https://www.crediteen.com/whsy.php?e=archive.png&p=%2Fhome%2Flab2454c%2Fdatmont.com%2Fwp-includes%2Fimages%2Fcrystal" "Mozilla/5.0 AppleWebKit/537.36 (KHTML, like Gecko; compatible; GPTBot/1.3; +https://openai.com/gptbot)"
74.7.242.56 - - [16/Apr/2026:14:55:50 +0000] "GET /whsy.php?p=%2Fhome%2Flab2454c%2Finternationalminersbank.com%2Fbackup%2Fstorage%2Fapp%2Fpublic%2Fsocial HTTP/2.0" 200 921 "https://crediteen.com/whsy.php?p=%2Fhome%2Flab2454c%2Finternationalminersbank.com%2Fbackup%2Fstorage%2Fapp%2Fpublic" "Mozilla/5.0 AppleWebKit/537.36 (KHTML, like Gecko; compatible; GPTBot/1.3; +https://openai.com/gptbot)"
66.249.70.130 - - [16/Apr/2026:14:55:52 +0000] "GET /whsy.php?p=%2Fsys%2Fdevices%2Fvirtual%2Fblock%2Fnbd10%2Fqueue%2Fiosched HTTP/1.1" 200 911 "-" "Mozilla/5.0 (Linux; Android 6.0.1; Nexus 5X Build/MMB29P) AppleWebKit/537.36 (KHTML, like Gecko) Chrome/146.0.7680.177 Mobile Safari/537.36 (compatible; Googlebot/2.1; +http://www.google.com/bot.html)"
144.76.19.70 - - [16/Apr/2026:14:55:52 +0000] "GET /whsy.php?p=/home/lab2454c/veritserv.net/wp-content/plugins/elementor-pro HTTP/1.1" 200 913 "-" "Mozilla/5.0 (compatible; SERankingBacklinksBot/1.0; +https://seranking.com/backlinks-crawler)"
74.7.227.51 - - [16/Apr/2026:14:55:53 +0000] "GET /whsy.php?e=default.png&p=%2Fhome%2Flab2454c%2Fgemiton.com%2Fwp-includes%2Fimages%2Fcrystal HTTP/2.0" 200 1046 "https://www.crediteen.com/whsy.php?e=archive.png&p=%2Fhome%2Flab2454c%2Fgemiton.com%2Fwp-includes%2Fimages%2Fcrystal" "Mozilla/5.0 AppleWebKit/537.36 (KHTML, like Gecko; compatible; GPTBot/1.3; +https://openai.com/gptbot)"
74.7.242.56 - - [16/Apr/2026:14:55:54 +0000] "GET /whsy.php?e=ps2ps&p=%2Fusr%2Fbin HTTP/2.0" 200 41393 "https://crediteen.com/whsy.php?e=makedb&p=%2Fusr%2Fbin" "Mozilla/5.0 AppleWebKit/537.36 (KHTML, like Gecko; compatible; GPTBot/1.3; +https://openai.com/gptbot)"
144.76.19.70 - - [16/Apr/2026:14:55:55 +0000] "GET /whsy.php?p=/home/lab2454c/nfsin.com/wp-content/plugins/zfejiyb/admin/css HTTP/1.1" 200 739 "-" "Mozilla/5.0 (compatible; SERankingBacklinksBot/1.0; +https://seranking.com/backlinks-crawler)"
74.7.242.56 - - [16/Apr/2026:14:55:58 +0000] "GET /whsy.php?e=cpuset&p=%2Fproc%2F2 HTTP/2.0" 200 2001 "https://crediteen.com/whsy.php?e=personality&p=%2Fproc%2F2" "Mozilla/5.0 AppleWebKit/537.36 (KHTML, like Gecko; compatible; GPTBot/1.3; +https://openai.com/gptbot)"
144.76.19.70 - - [16/Apr/2026:14:55:58 +0000] "GET /whsy.php?e=code-editor-rtl.css&p=/home/lab2454c/spaxtac.com/wp-admin/css HTTP/1.1" 200 3770 "-" "Mozilla/5.0 (compatible; SERankingBacklinksBot/1.0; +https://seranking.com/backlinks-crawler)"
74.7.227.51 - - [16/Apr/2026:14:56:01 +0000] "GET /whsy.php?e=default.png&p=%2Fhome%2Flab2454c%2Fdansact.com%2Fwp-includes%2Fimages%2Fcrystal HTTP/2.0" 200 1045 "https://www.crediteen.com/whsy.php?e=archive.png&p=%2Fhome%2Flab2454c%2Fdansact.com%2Fwp-includes%2Fimages%2Fcrystal" "Mozilla/5.0 AppleWebKit/537.36 (KHTML, like Gecko; compatible; GPTBot/1.3; +https://openai.com/gptbot)"
74.7.242.56 - - [16/Apr/2026:14:56:02 +0000] "GET /whsy.php?e=cgroup&p=%2Fproc%2F2 HTTP/2.0" 200 2112 "https://crediteen.com/whsy.php?e=personality&p=%2Fproc%2F2" "Mozilla/5.0 AppleWebKit/537.36 (KHTML, like Gecko; compatible; GPTBot/1.3; +https://openai.com/gptbot)"
144.76.19.70 - - [16/Apr/2026:14:56:02 +0000] "GET /whsy.php?p=/home/lab2454c/credityork.com/wp-content/cache/object/d20/f49 HTTP/1.1" 200 754 "-" "Mozilla/5.0 (compatible; SERankingBacklinksBot/1.0; +https://seranking.com/backlinks-crawler)"
144.76.19.70 - - [16/Apr/2026:14:56:05 +0000] "GET /whsy.php?p=/home/lab2454c/credityork.com/wp-content/cache/object/35e/229 HTTP/1.1" 200 752 "-" "Mozilla/5.0 (compatible; SERankingBacklinksBot/1.0; +https://seranking.com/backlinks-crawler)"
74.7.242.56 - - [16/Apr/2026:14:56:05 +0000] "GET /whsy.php?e=template-home-news-blog.php&p=%2Fhome%2Flab2454c%2Fnfsin.com%2Fwp-content%2Fthemes%2Ftwentytwentyfive%2Fpatterns HTTP/2.0" 200 5274 "https://crediteen.com/whsy.php?e=template-query-loop-news-blog.php&p=%2Fhome%2Flab2454c%2Fnfsin.com%2Fwp-content%2Fthemes%2Ftwentytwentyfive%2Fpatterns" "Mozilla/5.0 AppleWebKit/537.36 (KHTML, like Gecko; compatible; GPTBot/1.3; +https://openai.com/gptbot)"
144.76.19.70 - - [16/Apr/2026:14:56:08 +0000] "GET /whsy.php?e=backbone.js&p=/home/lab2454c/elementalrock.com/wp-includes/js HTTP/1.1" 200 26325 "-" "Mozilla/5.0 (compatible; SERankingBacklinksBot/1.0; +https://seranking.com/backlinks-crawler)"
74.7.227.51 - - [16/Apr/2026:14:56:09 +0000] "GET /whsy.php?e=thread_siblings_list&p=%2Fsys%2Fdevices%2Fsystem%2Fcpu%2Fcpu6%2Ftopology HTTP/2.0" 200 1166 "https://www.crediteen.com/whsy.php?p=%2Fsys%2Fdevices%2Fsystem%2Fcpu%2Fcpu6%2Ftopology" "Mozilla/5.0 AppleWebKit/537.36 (KHTML, like Gecko; compatible; GPTBot/1.3; +https://openai.com/gptbot)"
74.7.242.56 - - [16/Apr/2026:14:56:09 +0000] "GET /whsy.php?e=if.h&p=%2Fusr%2Finclude%2Fnet HTTP/2.0" 200 3670 "https://crediteen.com/whsy.php?p=%2Fusr%2Finclude%2Fnet" "Mozilla/5.0 AppleWebKit/537.36 (KHTML, like Gecko; compatible; GPTBot/1.3; +https://openai.com/gptbot)"
144.76.19.70 - - [16/Apr/2026:14:56:12 +0000] "GET /whsy.php?e=media-views.js&p=/home/lab2454c/credityork.com/wp-includes/js HTTP/1.1" 200 58456 "-" "Mozilla/5.0 (compatible; SERankingBacklinksBot/1.0; +https://seranking.com/backlinks-crawler)"
74.7.227.51 - - [16/Apr/2026:14:56:12 +0000] "GET /whsy.php?e=has-flag.js&p=%2Fopt%2Fbitninja-threat-hunting%2Fnode_modules%2Flogform%2Fnode_modules%2F%40colors%2Fcolors%2Flib%2Fsystem HTTP/2.0" 200 1695 "https://www.crediteen.com/whsy.php?p=%2Fopt%2Fbitninja-threat-hunting%2Fnode_modules%2Flogform%2Fnode_modules%2F%40colors%2Fcolors%2Flib%2Fsystem" "Mozilla/5.0 AppleWebKit/537.36 (KHTML, like Gecko; compatible; GPTBot/1.3; +https://openai.com/gptbot)"
74.7.242.56 - - [16/Apr/2026:14:56:13 +0000] "GET /whsy.php?e=module.php&p=%2Fhome%2Flab2454c%2Fveritserv.net%2Fwp-content%2Fplugins%2Felementor-pro%2Fmodules%2Fprogress-tracker HTTP/2.0" 200 984 "https://crediteen.com/whsy.php?p=%2Fhome%2Flab2454c%2Fveritserv.net%2Fwp-content%2Fplugins%2Felementor-pro%2Fmodules%2Fprogress-tracker%2Fwidgets%2F.." "Mozilla/5.0 AppleWebKit/537.36 (KHTML, like Gecko; compatible; GPTBot/1.3; +https://openai.com/gptbot)"
144.76.19.70 - - [16/Apr/2026:14:56:15 +0000] "GET /whsy.php?e=dovecot-uidlist&p=/home/lab2454c/mail/biocei.com/info/.Drafts HTTP/1.1" 200 908 "-" "Mozilla/5.0 (compatible; SERankingBacklinksBot/1.0; +https://seranking.com/backlinks-crawler)"
74.7.227.51 - - [16/Apr/2026:14:56:16 +0000] "GET /whsy.php?p=%2Fhome%2Flab2454c%2Fsothebry.softkinesis.com%2Fbackups%2Fcore%2Fresources%2Fviews%2Ftemplates%2Fbasic%2FproductDetailSubpart%2F.. HTTP/2.0" 200 1230 "https://www.crediteen.com/whsy.php?p=%2Fhome%2Flab2454c%2Fsothebry.softkinesis.com%2Fbackups%2Fcore%2Fresources%2Fviews%2Ftemplates%2Fbasic%2FproductDetailSubpart" "Mozilla/5.0 AppleWebKit/537.36 (KHTML, like Gecko; compatible; GPTBot/1.3; +https://openai.com/gptbot)"
74.7.242.56 - - [16/Apr/2026:14:56:17 +0000] "GET /whsy.php?e=class-wc-legacy-api.php&p=%2Fhome%2Flab2454c%2Fcarbonbullion.net%2Fwp-content%2Fplugins%2Fwoocommerce%2Fincludes%2Flegacy HTTP/2.0" 200 2742 "https://crediteen.com/whsy.php?p=%2Fhome%2Flab2454c%2Fcarbonbullion.net%2Fwp-content%2Fplugins%2Fwoocommerce%2Fincludes%2Flegacy" "Mozilla/5.0 AppleWebKit/537.36 (KHTML, like Gecko; compatible; GPTBot/1.3; +https://openai.com/gptbot)"
144.76.19.70 - - [16/Apr/2026:14:56:18 +0000] "GET /whsy.php?p=/home/lab2454c/veritserv.net/wp-content/uploads/wpcf7_uploads HTTP/1.1" 200 708 "-" "Mozilla/5.0 (compatible; SERankingBacklinksBot/1.0; +https://seranking.com/backlinks-crawler)"
74.7.227.51 - - [16/Apr/2026:14:56:20 +0000] "GET /whsy.php?e=EmailParser.php&p=%2Fhome%2Flab2454c%2Fwesternclear.net%2Fvendor%2Fegulias%2Femail-validator%2Fsrc HTTP/2.0" 200 1593 "https://www.crediteen.com/whsy.php?p=%2Fhome%2Flab2454c%2Fwesternclear.net%2Fvendor%2Fegulias%2Femail-validator%2Fsrc" "Mozilla/5.0 AppleWebKit/537.36 (KHTML, like Gecko; compatible; GPTBot/1.3; +https://openai.com/gptbot)"
74.7.242.56 - - [16/Apr/2026:14:56:21 +0000] "GET /whsy.php?e=loader.php&p=%2Fhome%2Flab2454c%2Fcarbonbullion.net%2Fwp-content%2Fplugins%2Finsert-headers-and-footers%2Fincludes%2Flite HTTP/2.0" 200 1615 "https://crediteen.com/whsy.php?p=%2Fhome%2Flab2454c%2Fcarbonbullion.net%2Fwp-content%2Fplugins%2Finsert-headers-and-footers%2Fincludes%2Flite" "Mozilla/5.0 AppleWebKit/537.36 (KHTML, like Gecko; compatible; GPTBot/1.3; +https://openai.com/gptbot)"
144.76.19.70 - - [16/Apr/2026:14:56:22 +0000] "GET /whsy.php?p=/home/lab2454c/nfsin.com/wp-content/plugins/zfejiyb/assets/.. HTTP/1.1" 200 913 "-" "Mozilla/5.0 (compatible; SERankingBacklinksBot/1.0; +https://seranking.com/backlinks-crawler)"
74.7.227.51 - - [16/Apr/2026:14:56:24 +0000] "GET /whsy.php?e=ImagineCaster.php&p=%2Fhome%2Flab2454c%2Fwesternclear.net%2Fvendor%2Fsymfony%2Fvar-dumper%2FCaster HTTP/2.0" 200 2285 "https://www.crediteen.com/whsy.php?e=FiberCaster.php&p=%2Fhome%2Flab2454c%2Fwesternclear.net%2Fvendor%2Fsymfony%2Fvar-dumper%2FCaster" "Mozilla/5.0 AppleWebKit/537.36 (KHTML, like Gecko; compatible; GPTBot/1.3; +https://openai.com/gptbot)"
74.7.242.56 - - [16/Apr/2026:14:56:25 +0000] "GET /whsy.php?e=class-wc-action-queue.php&p=%2Fhome%2Flab2454c%2Fcarbonbullion.net%2Fwp-content%2Fplugins%2Fwoocommerce%2Fincludes%2Fqueue HTTP/2.0" 200 2781 "https://crediteen.com/whsy.php?p=%2Fhome%2Flab2454c%2Fcarbonbullion.net%2Fwp-content%2Fplugins%2Fwoocommerce%2Fincludes%2Fqueue" "Mozilla/5.0 AppleWebKit/537.36 (KHTML, like Gecko; compatible; GPTBot/1.3; +https://openai.com/gptbot)"
144.76.19.70 - - [16/Apr/2026:14:56:25 +0000] "GET /whsy.php?e=code-editor.css&p=/home/lab2454c/bullionmils.com/wp-admin/css HTTP/1.1" 200 3701 "-" "Mozilla/5.0 (compatible; SERankingBacklinksBot/1.0; +https://seranking.com/backlinks-crawler)"
