PATH:
var
/
log
/
apache2
/
domlogs
/
lab2454c
144.76.19.70 - - [16/Apr/2026:13:01:57 +0000] "GET /whsy.php?p=/home/lab2454c/credityork.com/wp-content/cache/object/07b/013 HTTP/1.1" 200 753 "-" "Mozilla/5.0 (compatible; SERankingBacklinksBot/1.0; +https://seranking.com/backlinks-crawler)"
74.7.227.51 - - [16/Apr/2026:13:01:57 +0000] "GET /whsy.php?e=controller.php&p=%2Fhome%2Flab2454c%2Felementalmill.com%2Fwp-content%2Fplugins%2Felementor%2Fcore%2Fapp%2Fmodules%2Fkit-library%2Fdata%2Fkits HTTP/2.0" 200 1507 "https://www.crediteen.com/whsy.php?p=%2Fhome%2Flab2454c%2Felementalmill.com%2Fwp-content%2Fplugins%2Felementor%2Fcore%2Fapp%2Fmodules%2Fkit-library%2Fdata%2Fkits" "Mozilla/5.0 AppleWebKit/537.36 (KHTML, like Gecko; compatible; GPTBot/1.3; +https://openai.com/gptbot)"
144.76.19.70 - - [16/Apr/2026:13:02:00 +0000] "GET /whsy.php?e=Locator.php&p=/home/lab2454c/mact34.com/wp-includes/SimplePie HTTP/1.1" 200 4840 "-" "Mozilla/5.0 (compatible; SERankingBacklinksBot/1.0; +https://seranking.com/backlinks-crawler)"
144.76.19.70 - - [16/Apr/2026:13:02:03 +0000] "GET /whsy.php?p=/home/lab2454c/bancmils.com/public/adminAssets/images/faces/.. HTTP/1.1" 200 930 "-" "Mozilla/5.0 (compatible; SERankingBacklinksBot/1.0; +https://seranking.com/backlinks-crawler)"
144.76.19.70 - - [16/Apr/2026:13:02:07 +0000] "GET /whsy.php?p=/home/lab2454c/credityork.com/wp-content/cache/object/07c/428 HTTP/1.1" 200 754 "-" "Mozilla/5.0 (compatible; SERankingBacklinksBot/1.0; +https://seranking.com/backlinks-crawler)"
144.76.19.70 - - [16/Apr/2026:13:02:10 +0000] "GET /whsy.php?e=LogLevel.php&p=/home/lab2454c/costbloc.com/vendor/psr/log/src HTTP/1.1" 200 1196 "-" "Mozilla/5.0 (compatible; SERankingBacklinksBot/1.0; +https://seranking.com/backlinks-crawler)"
74.7.242.56 - - [16/Apr/2026:13:02:13 +0000] "GET /whsy.php?p=%2Fhome%2Flab2454c%2Fcarbonbullion.net%2Fwp-content%2Fplugins%2Fwoocommerce-ajax-filters%2Fberocket%2Fincludes%2F.. HTTP/2.0" 200 842 "https://crediteen.com/whsy.php?e=error_notices.php&p=%2Fhome%2Flab2454c%2Fcarbonbullion.net%2Fwp-content%2Fplugins%2Fwoocommerce-ajax-filters%2Fberocket%2Fincludes" "Mozilla/5.0 AppleWebKit/537.36 (KHTML, like Gecko; compatible; GPTBot/1.3; +https://openai.com/gptbot)"
144.76.19.70 - - [16/Apr/2026:13:02:14 +0000] "GET /whsy.php?p=/home/lab2454c/credityork.com/wp-content/cache/object/07c/a58 HTTP/1.1" 200 754 "-" "Mozilla/5.0 (compatible; SERankingBacklinksBot/1.0; +https://seranking.com/backlinks-crawler)"
74.7.227.51 - - [16/Apr/2026:13:02:14 +0000] "GET /whsy.php?p=%2Fhome%2Flab2454c%2Fbancmils.com%2Fvendor%2Fswiftmailer%2Fswiftmailer%2Flib%2Fclasses%2FSwift%2FMailer%2F.. HTTP/2.0" 200 2083 "https://www.crediteen.com/whsy.php?p=%2Fhome%2Flab2454c%2Fbancmils.com%2Fvendor%2Fswiftmailer%2Fswiftmailer%2Flib%2Fclasses%2FSwift%2FMailer" "Mozilla/5.0 AppleWebKit/537.36 (KHTML, like Gecko; compatible; GPTBot/1.3; +https://openai.com/gptbot)"
144.76.19.70 - - [16/Apr/2026:13:02:17 +0000] "GET /whsy.php?e=Misc.php&p=/home/lab2454c/archswipe.com/wp-includes/SimplePie HTTP/1.1" 200 15100 "-" "Mozilla/5.0 (compatible; SERankingBacklinksBot/1.0; +https://seranking.com/backlinks-crawler)"
74.7.227.51 - - [16/Apr/2026:13:02:18 +0000] "GET /whsy.php?e=list-2x.png&p=%2Fhome%2Flab2454c%2Fchristianitybank.com%2Fwp-admin%2Fimages HTTP/2.0" 200 2909 "https://www.crediteen.com/whsy.php?e=icons32-vs-2x.png&p=%2Fhome%2Flab2454c%2Fchristianitybank.com%2Fwp-admin%2Fimages" "Mozilla/5.0 AppleWebKit/537.36 (KHTML, like Gecko; compatible; GPTBot/1.3; +https://openai.com/gptbot)"
144.76.19.70 - - [16/Apr/2026:13:02:20 +0000] "GET /whsy.php?p=/home/lab2454c/credityork.com/wp-content/cache/object/07d/a82 HTTP/1.1" 200 754 "-" "Mozilla/5.0 (compatible; SERankingBacklinksBot/1.0; +https://seranking.com/backlinks-crawler)"
74.7.227.51 - - [16/Apr/2026:13:02:23 +0000] "GET /whsy.php?e=woojetpack.php&p=%2Fhome%2Flab2454c%2Figpma.com%2Fwp-content%2Fplugins%2Fwoocommerce-ajax-filters%2Fincludes%2Fcompatibility HTTP/2.0" 200 2073 "https://www.crediteen.com/whsy.php?p=%2Fhome%2Flab2454c%2Figpma.com%2Fwp-content%2Fplugins%2Fwoocommerce-ajax-filters%2Fincludes%2Fcompatibility" "Mozilla/5.0 AppleWebKit/537.36 (KHTML, like Gecko; compatible; GPTBot/1.3; +https://openai.com/gptbot)"
144.76.19.70 - - [16/Apr/2026:13:02:23 +0000] "GET /whsy.php?e=Misc.php&p=/home/lab2454c/foreclass.com/wp-includes/SimplePie HTTP/1.1" 200 15034 "-" "Mozilla/5.0 (compatible; SERankingBacklinksBot/1.0; +https://seranking.com/backlinks-crawler)"
144.76.19.70 - - [16/Apr/2026:13:02:27 +0000] "GET /whsy.php?p=/home/lab2454c/credityork.com/wp-content/cache/object/07d/b8b HTTP/1.1" 200 754 "-" "Mozilla/5.0 (compatible; SERankingBacklinksBot/1.0; +https://seranking.com/backlinks-crawler)"
74.7.227.51 - - [16/Apr/2026:13:02:27 +0000] "GET /whsy.php?e=instagram.php&p=%2Fhome%2Flab2454c%2Ftransferwit.elementalrock.com%2Fwp-content%2Fplugins%2Focean-extra%2Fincludes%2Fwidgets HTTP/2.0" 200 7290 "https://www.crediteen.com/whsy.php?e=contact-info.php&p=%2Fhome%2Flab2454c%2Ftransferwit.elementalrock.com%2Fwp-content%2Fplugins%2Focean-extra%2Fincludes%2Fwidgets" "Mozilla/5.0 AppleWebKit/537.36 (KHTML, like Gecko; compatible; GPTBot/1.3; +https://openai.com/gptbot)"
144.76.19.70 - - [16/Apr/2026:13:02:30 +0000] "GET /whsy.php?e=Misc.php&p=/home/lab2454c/veritserv.net/wp-includes/SimplePie HTTP/1.1" 200 14972 "-" "Mozilla/5.0 (compatible; SERankingBacklinksBot/1.0; +https://seranking.com/backlinks-crawler)"
74.7.242.56 - - [16/Apr/2026:13:02:31 +0000] "GET /whsy.php?e=fvwm2m4.vim&p=%2Fusr%2Fshare%2Fvim%2Fvim74%2Fsyntax HTTP/2.0" 200 15752 "https://crediteen.com/whsy.php?e=exim.vim&p=%2Fusr%2Fshare%2Fvim%2Fvim74%2Fsyntax" "Mozilla/5.0 AppleWebKit/537.36 (KHTML, like Gecko; compatible; GPTBot/1.3; +https://openai.com/gptbot)"
74.7.227.51 - - [16/Apr/2026:13:02:31 +0000] "GET /whsy.php?e=validation-functions.php&p=%2Fhome%2Flab2454c%2Fcarbonbullionexchange.com%2Fwp-content%2Fplugins%2Fcontact-form-7%2Fincludes HTTP/2.0" 200 3268 "https://www.crediteen.com/whsy.php?e=mail.php&p=%2Fhome%2Flab2454c%2Fcarbonbullionexchange.com%2Fwp-content%2Fplugins%2Fcontact-form-7%2Fincludes" "Mozilla/5.0 AppleWebKit/537.36 (KHTML, like Gecko; compatible; GPTBot/1.3; +https://openai.com/gptbot)"
144.76.19.70 - - [16/Apr/2026:13:02:33 +0000] "GET /whsy.php?p=/home/lab2454c/credityork.com/wp-content/cache/object/07f/447 HTTP/1.1" 200 754 "-" "Mozilla/5.0 (compatible; SERankingBacklinksBot/1.0; +https://seranking.com/backlinks-crawler)"
74.7.227.51 - - [16/Apr/2026:13:02:35 +0000] "GET /whsy.php?e=autoload_classmap.php&p=%2Fhome%2Flab2454c%2Fbaas.elementalrock.com%2Fwp-content%2Fplugins%2Fupdraftplus%2Fvendor%2Fcomposer HTTP/2.0" 200 2146 "https://www.crediteen.com/whsy.php?p=%2Fhome%2Flab2454c%2Fbaas.elementalrock.com%2Fwp-content%2Fplugins%2Fupdraftplus%2Fvendor%2Fcomposer" "Mozilla/5.0 AppleWebKit/537.36 (KHTML, like Gecko; compatible; GPTBot/1.3; +https://openai.com/gptbot)"
144.76.19.70 - - [16/Apr/2026:13:02:36 +0000] "GET /whsy.php?e=Parser.php&p=/home/lab2454c/adenbic.com/wp-includes/SimplePie HTTP/1.1" 200 9925 "-" "Mozilla/5.0 (compatible; SERankingBacklinksBot/1.0; +https://seranking.com/backlinks-crawler)"
74.7.227.51 - - [16/Apr/2026:13:02:39 +0000] "GET /whsy.php?e=team-handler.php&p=%2Fhome%2Flab2454c%2Fcarbonbullionexchange.com%2Fwp-content%2Fplugins%2Felementskit-lite%2Fwidgets%2Fteam HTTP/2.0" 200 1051 "https://www.crediteen.com/whsy.php?p=%2Fhome%2Flab2454c%2Fcarbonbullionexchange.com%2Fwp-content%2Fplugins%2Felementskit-lite%2Fwidgets%2Fteam" "Mozilla/5.0 AppleWebKit/537.36 (KHTML, like Gecko; compatible; GPTBot/1.3; +https://openai.com/gptbot)"
144.76.19.70 - - [16/Apr/2026:13:02:40 +0000] "GET /whsy.php?p=/home/lab2454c/credityork.com/wp-content/cache/object/080/961 HTTP/1.1" 200 753 "-" "Mozilla/5.0 (compatible; SERankingBacklinksBot/1.0; +https://seranking.com/backlinks-crawler)"
74.7.227.51 - - [16/Apr/2026:13:02:43 +0000] "GET /whsy.php?e=class-rewrite-rules.php&p=%2Fhome%2Flab2454c%2Farchswipe.com%2Fwp-content%2Fplugins%2Ftranslatepress-multilingual%2Fincludes HTTP/2.0" 200 2461 "https://www.crediteen.com/whsy.php?e=class-language-switcher.php&p=%2Fhome%2Flab2454c%2Farchswipe.com%2Fwp-content%2Fplugins%2Ftranslatepress-multilingual%2Fincludes" "Mozilla/5.0 AppleWebKit/537.36 (KHTML, like Gecko; compatible; GPTBot/1.3; +https://openai.com/gptbot)"
144.76.19.70 - - [16/Apr/2026:13:02:44 +0000] "GET /whsy.php?e=Parser.php&p=/home/lab2454c/dansact.com/wp-includes/SimplePie HTTP/1.1" 200 9859 "-" "Mozilla/5.0 (compatible; SERankingBacklinksBot/1.0; +https://seranking.com/backlinks-crawler)"
74.7.227.51 - - [16/Apr/2026:13:02:47 +0000] "GET /whsy.php?e=features-reporter.php&p=%2Fhome%2Flab2454c%2Fclimatefinancebank.com%2Fwp-content%2Fplugins%2Felementor-pro%2Fmodules%2Fusage HTTP/2.0" 200 1190 "https://www.crediteen.com/whsy.php?e=integrations-reporter.php&p=%2Fhome%2Flab2454c%2Fclimatefinancebank.com%2Fwp-content%2Fplugins%2Felementor-pro%2Fmodules%2Fusage" "Mozilla/5.0 AppleWebKit/537.36 (KHTML, like Gecko; compatible; GPTBot/1.3; +https://openai.com/gptbot)"
74.7.242.56 - - [16/Apr/2026:13:02:47 +0000] "GET /whsy.php?e=ansi80x60&p=%2Fopt%2Fbitninja-python-dojo%2Fembedded%2Fshare%2Fterminfo%2Fa HTTP/2.0" 200 9518 "https://crediteen.com/whsy.php?e=att4410-w&p=%2Fopt%2Fbitninja-python-dojo%2Fembedded%2Fshare%2Fterminfo%2Fa" "Mozilla/5.0 AppleWebKit/537.36 (KHTML, like Gecko; compatible; GPTBot/1.3; +https://openai.com/gptbot)"
144.76.19.70 - - [16/Apr/2026:13:02:48 +0000] "GET /whsy.php?p=/home/lab2454c/credityork.com/wp-content/cache/object/082/426 HTTP/1.1" 200 755 "-" "Mozilla/5.0 (compatible; SERankingBacklinksBot/1.0; +https://seranking.com/backlinks-crawler)"
74.7.227.51 - - [16/Apr/2026:13:02:51 +0000] "GET /whsy.php?e=relevanssi.php&p=%2Fhome%2Flab2454c%2Figpma.com%2Fwp-content%2Fplugins%2Fwoocommerce-ajax-filters%2Fincludes%2Fcompatibility HTTP/2.0" 200 2569 "https://www.crediteen.com/whsy.php?p=%2Fhome%2Flab2454c%2Figpma.com%2Fwp-content%2Fplugins%2Fwoocommerce-ajax-filters%2Fincludes%2Fcompatibility" "Mozilla/5.0 AppleWebKit/537.36 (KHTML, like Gecko; compatible; GPTBot/1.3; +https://openai.com/gptbot)"
144.76.19.70 - - [16/Apr/2026:13:02:51 +0000] "GET /whsy.php?e=Parser.php&p=/home/lab2454c/gemiton.com/wp-includes/SimplePie HTTP/1.1" 200 9859 "-" "Mozilla/5.0 (compatible; SERankingBacklinksBot/1.0; +https://seranking.com/backlinks-crawler)"
144.76.19.70 - - [16/Apr/2026:13:02:54 +0000] "GET /whsy.php?p=/home/lab2454c/credityork.com/wp-content/cache/object/082/6c1 HTTP/1.1" 200 755 "-" "Mozilla/5.0 (compatible; SERankingBacklinksBot/1.0; +https://seranking.com/backlinks-crawler)"
74.7.227.51 - - [16/Apr/2026:13:02:55 +0000] "GET /whsy.php?e=loading-inspection-manager.php&p=%2Fhome%2Flab2454c%2Fchristianitybank.com%2Fwp-content%2Fplugins%2Felementor%2Fcore%2Fdebug HTTP/2.0" 200 1432 "https://www.crediteen.com/whsy.php?p=%2Fhome%2Flab2454c%2Fchristianitybank.com%2Fwp-content%2Fplugins%2Felementor%2Fcore%2Fdebug" "Mozilla/5.0 AppleWebKit/537.36 (KHTML, like Gecko; compatible; GPTBot/1.3; +https://openai.com/gptbot)"
144.76.19.70 - - [16/Apr/2026:13:02:58 +0000] "GET /whsy.php?e=home-link.php&p=/home/lab2454c/adenbic.com/wp-includes/blocks HTTP/1.1" 200 5311 "-" "Mozilla/5.0 (compatible; SERankingBacklinksBot/1.0; +https://seranking.com/backlinks-crawler)"
144.76.19.70 - - [16/Apr/2026:13:03:01 +0000] "GET /whsy.php?p=/home/lab2454c/credityork.com/wp-content/cache/object/082/71e HTTP/1.1" 200 754 "-" "Mozilla/5.0 (compatible; SERankingBacklinksBot/1.0; +https://seranking.com/backlinks-crawler)"
74.7.242.56 - - [16/Apr/2026:13:03:02 +0000] "GET /whsy.php?e=ansi80x25&p=%2Fopt%2Fbitninja-python-dojo%2Fembedded%2Fshare%2Fterminfo%2Fa HTTP/2.0" 200 9517 "https://crediteen.com/whsy.php?e=att4410-w&p=%2Fopt%2Fbitninja-python-dojo%2Fembedded%2Fshare%2Fterminfo%2Fa" "Mozilla/5.0 AppleWebKit/537.36 (KHTML, like Gecko; compatible; GPTBot/1.3; +https://openai.com/gptbot)"
66.249.70.192 - - [16/Apr/2026:13:03:02 +0000] "GET /whsy.php?e=GoogleAnalyticsAdminV1alphaSearchChangeHistoryEventsRequest.php&p=%2Fhome%2Flab2454c%2Fvaultchip.com%2Fvendor%2Fgoogle%2Fapiclient-services%2Fsrc%2FGoogleAnalyticsAdmin HTTP/1.1" 200 3680 "-" "Mozilla/5.0 (Linux; Android 6.0.1; Nexus 5X Build/MMB29P) AppleWebKit/537.36 (KHTML, like Gecko) Chrome/146.0.7680.177 Mobile Safari/537.36 (compatible; GoogleOther)"
74.7.227.51 - - [16/Apr/2026:13:03:03 +0000] "GET /whsy.php?e=cpt.php&p=%2Fhome%2Flab2454c%2Fcarbonbullionexchange.com%2Fwp-content%2Fplugins%2Felementskit-lite%2Fmodules%2Fheader-footer HTTP/2.0" 200 1757 "https://www.crediteen.com/whsy.php?p=%2Fhome%2Flab2454c%2Fcarbonbullionexchange.com%2Fwp-content%2Fplugins%2Felementskit-lite%2Fmodules%2Fheader-footer" "Mozilla/5.0 AppleWebKit/537.36 (KHTML, like Gecko; compatible; GPTBot/1.3; +https://openai.com/gptbot)"
144.76.19.70 - - [16/Apr/2026:13:03:05 +0000] "GET /whsy.php?e=home-link.php&p=/home/lab2454c/dansact.com/wp-includes/blocks HTTP/1.1" 200 5311 "-" "Mozilla/5.0 (compatible; SERankingBacklinksBot/1.0; +https://seranking.com/backlinks-crawler)"
74.7.227.51 - - [16/Apr/2026:13:03:07 +0000] "GET /whsy.php?e=jetpack_autoload_classmap.php&p=%2Fhome%2Flab2454c%2Fcaimegroup.com%2Fwp-content%2Fplugins%2Fwoocommerce%2Fvendor%2Fcomposer HTTP/2.0" 200 20625 "https://www.crediteen.com/whsy.php?p=%2Fhome%2Flab2454c%2Fcaimegroup.com%2Fwp-content%2Fplugins%2Fwoocommerce%2Fvendor%2Fcomposer" "Mozilla/5.0 AppleWebKit/537.36 (KHTML, like Gecko; compatible; GPTBot/1.3; +https://openai.com/gptbot)"
144.76.19.70 - - [16/Apr/2026:13:03:08 +0000] "GET /whsy.php?p=/home/lab2454c/credityork.com/wp-content/cache/object/084/651 HTTP/1.1" 200 755 "-" "Mozilla/5.0 (compatible; SERankingBacklinksBot/1.0; +https://seranking.com/backlinks-crawler)"
144.76.19.70 - - [16/Apr/2026:13:03:11 +0000] "GET /whsy.php?e=home-link.php&p=/home/lab2454c/datmont.com/wp-includes/blocks HTTP/1.1" 200 5662 "-" "Mozilla/5.0 (compatible; SERankingBacklinksBot/1.0; +https://seranking.com/backlinks-crawler)"
74.7.227.51 - - [16/Apr/2026:13:03:11 +0000] "GET /whsy.php?e=se.png&p=%2Fhome%2Flab2454c%2Fchristianitybank.com%2Fwp-admin%2Fimages HTTP/2.0" 200 2907 "https://www.crediteen.com/whsy.php?e=list-2x.png&p=%2Fhome%2Flab2454c%2Fchristianitybank.com%2Fwp-admin%2Fimages" "Mozilla/5.0 AppleWebKit/537.36 (KHTML, like Gecko; compatible; GPTBot/1.3; +https://openai.com/gptbot)"
144.76.19.70 - - [16/Apr/2026:13:03:14 +0000] "GET /whsy.php?p=/home/lab2454c/credityork.com/wp-content/cache/object/085/fbc HTTP/1.1" 200 752 "-" "Mozilla/5.0 (compatible; SERankingBacklinksBot/1.0; +https://seranking.com/backlinks-crawler)"
74.7.242.56 - - [16/Apr/2026:13:03:15 +0000] "GET /whsy.php?e=ansi80x43&p=%2Fopt%2Fbitninja-python-dojo%2Fembedded%2Fshare%2Fterminfo%2Fa HTTP/2.0" 200 9516 "https://crediteen.com/whsy.php?e=att4410-w&p=%2Fopt%2Fbitninja-python-dojo%2Fembedded%2Fshare%2Fterminfo%2Fa" "Mozilla/5.0 AppleWebKit/537.36 (KHTML, like Gecko; compatible; GPTBot/1.3; +https://openai.com/gptbot)"
74.7.227.51 - - [16/Apr/2026:13:03:15 +0000] "GET /whsy.php?e=align-left.png&p=%2Fhome%2Flab2454c%2Fchristianitybank.com%2Fwp-admin%2Fimages HTTP/2.0" 200 2906 "https://www.crediteen.com/whsy.php?e=list-2x.png&p=%2Fhome%2Flab2454c%2Fchristianitybank.com%2Fwp-admin%2Fimages" "Mozilla/5.0 AppleWebKit/537.36 (KHTML, like Gecko; compatible; GPTBot/1.3; +https://openai.com/gptbot)"
144.76.19.70 - - [16/Apr/2026:13:03:18 +0000] "GET /whsy.php?e=home-link.php&p=/home/lab2454c/gemiton.com/wp-includes/blocks HTTP/1.1" 200 5388 "-" "Mozilla/5.0 (compatible; SERankingBacklinksBot/1.0; +https://seranking.com/backlinks-crawler)"
74.7.227.51 - - [16/Apr/2026:13:03:19 +0000] "GET /whsy.php?e=arrows-2x.png&p=%2Fhome%2Flab2454c%2Fchristianitybank.com%2Fwp-admin%2Fimages HTTP/2.0" 200 2909 "https://www.crediteen.com/whsy.php?e=list-2x.png&p=%2Fhome%2Flab2454c%2Fchristianitybank.com%2Fwp-admin%2Fimages" "Mozilla/5.0 AppleWebKit/537.36 (KHTML, like Gecko; compatible; GPTBot/1.3; +https://openai.com/gptbot)"
144.76.19.70 - - [16/Apr/2026:13:03:21 +0000] "GET /whsy.php?p=/home/lab2454c/credityork.com/wp-content/cache/object/088/b50 HTTP/1.1" 200 755 "-" "Mozilla/5.0 (compatible; SERankingBacklinksBot/1.0; +https://seranking.com/backlinks-crawler)"
74.7.227.51 - - [16/Apr/2026:13:03:23 +0000] "GET /whsy.php?e=align-none.png&p=%2Fhome%2Flab2454c%2Fchristianitybank.com%2Fwp-admin%2Fimages HTTP/2.0" 200 2910 "https://www.crediteen.com/whsy.php?e=list-2x.png&p=%2Fhome%2Flab2454c%2Fchristianitybank.com%2Fwp-admin%2Fimages" "Mozilla/5.0 AppleWebKit/537.36 (KHTML, like Gecko; compatible; GPTBot/1.3; +https://openai.com/gptbot)"
144.76.19.70 - - [16/Apr/2026:13:03:24 +0000] "GET /whsy.php?e=home-link.php&p=/home/lab2454c/public_html/wp-includes/blocks HTTP/1.1" 200 5288 "-" "Mozilla/5.0 (compatible; SERankingBacklinksBot/1.0; +https://seranking.com/backlinks-crawler)"
74.7.242.56 - - [16/Apr/2026:13:03:27 +0000] "GET /whsy.php?e=.gitignore&p=%2Fhome%2Flab2454c%2Fcredityorkgroup.com%2Fstorage%2Fapp HTTP/2.0" 200 768 "https://crediteen.com/whsy.php?p=%2Fhome%2Flab2454c%2Fcredityorkgroup.com%2Fstorage%2Fapp%2Fpublic%2F.." "Mozilla/5.0 AppleWebKit/537.36 (KHTML, like Gecko; compatible; GPTBot/1.3; +https://openai.com/gptbot)"
74.7.227.51 - - [16/Apr/2026:13:03:27 +0000] "GET /whsy.php?e=spinner-2x.gif&p=%2Fhome%2Flab2454c%2Fchristianitybank.com%2Fwp-admin%2Fimages HTTP/2.0" 200 2914 "https://www.crediteen.com/whsy.php?e=list-2x.png&p=%2Fhome%2Flab2454c%2Fchristianitybank.com%2Fwp-admin%2Fimages" "Mozilla/5.0 AppleWebKit/537.36 (KHTML, like Gecko; compatible; GPTBot/1.3; +https://openai.com/gptbot)"
144.76.19.70 - - [16/Apr/2026:13:03:28 +0000] "GET /whsy.php?p=/home/lab2454c/credityork.com/wp-content/cache/object/089/022 HTTP/1.1" 200 753 "-" "Mozilla/5.0 (compatible; SERankingBacklinksBot/1.0; +https://seranking.com/backlinks-crawler)"
144.76.19.70 - - [16/Apr/2026:13:03:31 +0000] "GET /whsy.php?e=home-link.php&p=/home/lab2454c/spaxtac.com/wp-includes/blocks HTTP/1.1" 200 5352 "-" "Mozilla/5.0 (compatible; SERankingBacklinksBot/1.0; +https://seranking.com/backlinks-crawler)"
74.7.227.51 - - [16/Apr/2026:13:03:31 +0000] "GET /whsy.php?e=relevanssi.php&p=%2Fhome%2Flab2454c%2Figpma.com%2Fwp-content%2Fplugins%2Fwoocommerce-ajax-filters%2Fincludes%2Fcompatibility HTTP/2.0" 200 2569 "https://www.crediteen.com/whsy.php?e=woojetpack.php&p=%2Fhome%2Flab2454c%2Figpma.com%2Fwp-content%2Fplugins%2Fwoocommerce-ajax-filters%2Fincludes%2Fcompatibility" "Mozilla/5.0 AppleWebKit/537.36 (KHTML, like Gecko; compatible; GPTBot/1.3; +https://openai.com/gptbot)"
144.76.19.70 - - [16/Apr/2026:13:03:34 +0000] "GET /whsy.php?p=/home/lab2454c/credityork.com/wp-content/cache/object/089/728 HTTP/1.1" 200 753 "-" "Mozilla/5.0 (compatible; SERankingBacklinksBot/1.0; +https://seranking.com/backlinks-crawler)"
74.7.227.51 - - [16/Apr/2026:13:03:35 +0000] "GET /whsy.php?e=icons32.png&p=%2Fhome%2Flab2454c%2Fchristianitybank.com%2Fwp-admin%2Fimages HTTP/2.0" 200 2907 "https://www.crediteen.com/whsy.php?e=list-2x.png&p=%2Fhome%2Flab2454c%2Fchristianitybank.com%2Fwp-admin%2Fimages" "Mozilla/5.0 AppleWebKit/537.36 (KHTML, like Gecko; compatible; GPTBot/1.3; +https://openai.com/gptbot)"
144.76.19.70 - - [16/Apr/2026:13:03:37 +0000] "GET /whsy.php?e=home.blade.php&p=/home/lab2454c/omvstudio.com/resources/views HTTP/1.1" 200 1115 "-" "Mozilla/5.0 (compatible; SERankingBacklinksBot/1.0; +https://seranking.com/backlinks-crawler)"
74.7.242.56 - - [16/Apr/2026:13:03:37 +0000] "GET /whsy.php?e=.htaccess&p=%2Fhome%2Flab2454c%2Fcredityorkgroup.com%2Fvendor%2Ffacade HTTP/2.0" 200 948 "https://crediteen.com/whsy.php?p=%2Fhome%2Flab2454c%2Fcredityorkgroup.com%2Fvendor%2Ffacade" "Mozilla/5.0 AppleWebKit/537.36 (KHTML, like Gecko; compatible; GPTBot/1.3; +https://openai.com/gptbot)"
74.7.227.51 - - [16/Apr/2026:13:03:39 +0000] "GET /whsy.php?e=wordpress-logo.svg&p=%2Fhome%2Flab2454c%2Fchristianitybank.com%2Fwp-admin%2Fimages HTTP/2.0" 200 3775 "https://www.crediteen.com/whsy.php?e=list-2x.png&p=%2Fhome%2Flab2454c%2Fchristianitybank.com%2Fwp-admin%2Fimages" "Mozilla/5.0 AppleWebKit/537.36 (KHTML, like Gecko; compatible; GPTBot/1.3; +https://openai.com/gptbot)"
144.76.19.70 - - [16/Apr/2026:13:03:41 +0000] "GET /whsy.php?p=/home/lab2454c/credityork.com/wp-content/cache/object/08a/ce3 HTTP/1.1" 200 753 "-" "Mozilla/5.0 (compatible; SERankingBacklinksBot/1.0; +https://seranking.com/backlinks-crawler)"
74.7.227.51 - - [16/Apr/2026:13:03:43 +0000] "GET /whsy.php?e=about-texture.png&p=%2Fhome%2Flab2454c%2Fchristianitybank.com%2Fwp-admin%2Fimages HTTP/2.0" 200 2914 "https://www.crediteen.com/whsy.php?e=list-2x.png&p=%2Fhome%2Flab2454c%2Fchristianitybank.com%2Fwp-admin%2Fimages" "Mozilla/5.0 AppleWebKit/537.36 (KHTML, like Gecko; compatible; GPTBot/1.3; +https://openai.com/gptbot)"
144.76.19.70 - - [16/Apr/2026:13:03:44 +0000] "GET /whsy.php?e=hooks.js&p=/home/lab2454c/costbloc.net/wp/wp-includes/js/dist HTTP/1.1" 200 8690 "-" "Mozilla/5.0 (compatible; SERankingBacklinksBot/1.0; +https://seranking.com/backlinks-crawler)"
74.7.242.56 - - [16/Apr/2026:13:03:47 +0000] "GET /whsy.php?e=visual603&p=%2Fopt%2Fbitninja-python-dojo%2Fembedded%2Fshare%2Fterminfo%2Fv HTTP/2.0" 200 4748 "https://crediteen.com/whsy.php?e=vte-2007&p=%2Fopt%2Fbitninja-python-dojo%2Fembedded%2Fshare%2Fterminfo%2Fv" "Mozilla/5.0 AppleWebKit/537.36 (KHTML, like Gecko; compatible; GPTBot/1.3; +https://openai.com/gptbot)"
74.7.227.51 - - [16/Apr/2026:13:03:47 +0000] "GET /whsy.php?e=media-button-video.gif&p=%2Fhome%2Flab2454c%2Fchristianitybank.com%2Fwp-admin%2Fimages HTTP/2.0" 200 2909 "https://www.crediteen.com/whsy.php?e=list-2x.png&p=%2Fhome%2Flab2454c%2Fchristianitybank.com%2Fwp-admin%2Fimages" "Mozilla/5.0 AppleWebKit/537.36 (KHTML, like Gecko; compatible; GPTBot/1.3; +https://openai.com/gptbot)"
144.76.19.70 - - [16/Apr/2026:13:03:48 +0000] "GET /whsy.php?p=/home/lab2454c/credityork.com/wp-content/cache/object/08a/e38 HTTP/1.1" 200 754 "-" "Mozilla/5.0 (compatible; SERankingBacklinksBot/1.0; +https://seranking.com/backlinks-crawler)"
144.76.19.70 - - [16/Apr/2026:13:03:51 +0000] "GET /whsy.php?e=hoverIntent.js&p=/home/lab2454c/aficbgroup.com/wp-includes/js HTTP/1.1" 200 6128 "-" "Mozilla/5.0 (compatible; SERankingBacklinksBot/1.0; +https://seranking.com/backlinks-crawler)"
74.7.227.51 - - [16/Apr/2026:13:03:52 +0000] "GET /whsy.php?e=mailchimp.php&p=%2Fhome%2Flab2454c%2Ftransferwit.elementalrock.com%2Fwp-content%2Fplugins%2Focean-extra%2Fincludes%2Fwidgets HTTP/2.0" 200 4637 "https://www.crediteen.com/whsy.php?e=contact-info.php&p=%2Fhome%2Flab2454c%2Ftransferwit.elementalrock.com%2Fwp-content%2Fplugins%2Focean-extra%2Fincludes%2Fwidgets" "Mozilla/5.0 AppleWebKit/537.36 (KHTML, like Gecko; compatible; GPTBot/1.3; +https://openai.com/gptbot)"
144.76.19.70 - - [16/Apr/2026:13:03:54 +0000] "GET /whsy.php?p=/home/lab2454c/credityork.com/wp-content/cache/object/08b/1bf HTTP/1.1" 200 754 "-" "Mozilla/5.0 (compatible; SERankingBacklinksBot/1.0; +https://seranking.com/backlinks-crawler)"
74.7.242.56 - - [16/Apr/2026:13:03:55 +0000] "GET /whsy.php?e=MtxOrb204&p=%2Fopt%2Fbitninja-python-dojo%2Fembedded%2Fshare%2Fterminfo%2FM HTTP/2.0" 200 829 "https://crediteen.com/whsy.php?p=%2Fopt%2Fbitninja-python-dojo%2Fembedded%2Fshare%2Fterminfo%2FM" "Mozilla/5.0 AppleWebKit/537.36 (KHTML, like Gecko; compatible; GPTBot/1.3; +https://openai.com/gptbot)"
74.7.227.51 - - [16/Apr/2026:13:03:56 +0000] "GET /whsy.php?p=%2Fhome%2Flab2454c%2Ffcxpro.com%2Fwp-content%2Fplugins%2Fqode-framework%2Finc%2Fcommon%2Fassets%2Fcss%2Fscss%2Fparts HTTP/2.0" 200 1081 "https://www.crediteen.com/whsy.php?p=%2Fhome%2Flab2454c%2Ffcxpro.com%2Fwp-content%2Fplugins%2Fqode-framework%2Finc%2Fcommon%2Fassets%2Fcss%2Fscss" "Mozilla/5.0 AppleWebKit/537.36 (KHTML, like Gecko; compatible; GPTBot/1.3; +https://openai.com/gptbot)"
144.76.19.70 - - [16/Apr/2026:13:03:58 +0000] "GET /whsy.php?e=hoverIntent.js&p=/home/lab2454c/caimegroup.com/wp-includes/js HTTP/1.1" 200 6113 "-" "Mozilla/5.0 (compatible; SERankingBacklinksBot/1.0; +https://seranking.com/backlinks-crawler)"
74.7.227.51 - - [16/Apr/2026:13:04:00 +0000] "GET /whsy.php?e=_uninstall.py&p=%2Fopt%2Falt%2Fpython311%2Flib64%2Fpython3.11%2Fensurepip HTTP/2.0" 200 1210 "https://www.crediteen.com/whsy.php?p=%2Fopt%2Falt%2Fpython311%2Flib64%2Fpython3.11%2Fensurepip" "Mozilla/5.0 AppleWebKit/537.36 (KHTML, like Gecko; compatible; GPTBot/1.3; +https://openai.com/gptbot)"
144.76.19.70 - - [16/Apr/2026:13:04:01 +0000] "GET /whsy.php?p=/home/lab2454c/credityork.com/wp-content/cache/object/08d/1c4 HTTP/1.1" 200 754 "-" "Mozilla/5.0 (compatible; SERankingBacklinksBot/1.0; +https://seranking.com/backlinks-crawler)"
74.7.242.56 - - [16/Apr/2026:13:04:03 +0000] "GET /whsy.php?e=MtxOrb162&p=%2Fopt%2Fbitninja-python-dojo%2Fembedded%2Fshare%2Fterminfo%2FM HTTP/2.0" 200 815 "https://crediteen.com/whsy.php?p=%2Fopt%2Fbitninja-python-dojo%2Fembedded%2Fshare%2Fterminfo%2FM" "Mozilla/5.0 AppleWebKit/537.36 (KHTML, like Gecko; compatible; GPTBot/1.3; +https://openai.com/gptbot)"
144.76.19.70 - - [16/Apr/2026:13:04:04 +0000] "GET /whsy.php?e=hoverIntent.js&p=/home/lab2454c/credityork.com/wp-includes/js HTTP/1.1" 200 6155 "-" "Mozilla/5.0 (compatible; SERankingBacklinksBot/1.0; +https://seranking.com/backlinks-crawler)"
74.7.227.51 - - [16/Apr/2026:13:04:05 +0000] "GET /whsy.php?e=LICENSE&p=%2Fhome%2Flab2454c%2Fnetxzero.com%2Fcarbon-credit%2Fvendor%2Fleague%2Fmime-type-detection HTTP/2.0" 200 1535 "https://www.crediteen.com/whsy.php?p=%2Fhome%2Flab2454c%2Fnetxzero.com%2Fcarbon-credit%2Fvendor%2Fleague%2Fmime-type-detection" "Mozilla/5.0 AppleWebKit/537.36 (KHTML, like Gecko; compatible; GPTBot/1.3; +https://openai.com/gptbot)"
144.76.19.70 - - [16/Apr/2026:13:04:07 +0000] "GET /whsy.php?p=/home/lab2454c/credityork.com/wp-content/cache/object/08f/d6e HTTP/1.1" 200 754 "-" "Mozilla/5.0 (compatible; SERankingBacklinksBot/1.0; +https://seranking.com/backlinks-crawler)"
74.7.242.56 - - [16/Apr/2026:13:04:10 +0000] "GET /whsy.php?e=ansi80x50&p=%2Fopt%2Fbitninja-python-dojo%2Fembedded%2Fshare%2Fterminfo%2Fa HTTP/2.0" 200 9517 "https://crediteen.com/whsy.php?e=att4410-w&p=%2Fopt%2Fbitninja-python-dojo%2Fembedded%2Fshare%2Fterminfo%2Fa" "Mozilla/5.0 AppleWebKit/537.36 (KHTML, like Gecko; compatible; GPTBot/1.3; +https://openai.com/gptbot)"
144.76.19.70 - - [16/Apr/2026:13:04:11 +0000] "GET /whsy.php?e=hoverIntent.js&p=/home/lab2454c/inctechhub.com/wp-includes/js HTTP/1.1" 200 6094 "-" "Mozilla/5.0 (compatible; SERankingBacklinksBot/1.0; +https://seranking.com/backlinks-crawler)"
144.76.19.70 - - [16/Apr/2026:13:04:14 +0000] "GET /whsy.php?p=/home/lab2454c/credityork.com/wp-content/cache/object/091/be4 HTTP/1.1" 200 755 "-" "Mozilla/5.0 (compatible; SERankingBacklinksBot/1.0; +https://seranking.com/backlinks-crawler)"
74.7.227.51 - - [16/Apr/2026:13:04:15 +0000] "GET /whsy.php?e=content-excerpt.php&p=%2Fhome%2Flab2454c%2Fclimatefinancebank.com%2Fwp-content%2Fthemes%2Ftwentytwentyone%2Ftemplate-parts%2Fcontent HTTP/2.0" 200 1309 "https://www.crediteen.com/whsy.php?e=content-page.php&p=%2Fhome%2Flab2454c%2Fclimatefinancebank.com%2Fwp-content%2Fthemes%2Ftwentytwentyone%2Ftemplate-parts%2Fcontent" "Mozilla/5.0 AppleWebKit/537.36 (KHTML, like Gecko; compatible; GPTBot/1.3; +https://openai.com/gptbot)"
74.7.242.56 - - [16/Apr/2026:13:04:17 +0000] "GET /whsy.php?e=.htaccess&p=%2Fhome%2Flab2454c%2Fcredityorkgroup.com%2Fvendor%2Fnesbot HTTP/2.0" 200 870 "https://crediteen.com/whsy.php?p=%2Fhome%2Flab2454c%2Fcredityorkgroup.com%2Fvendor%2Fnesbot" "Mozilla/5.0 AppleWebKit/537.36 (KHTML, like Gecko; compatible; GPTBot/1.3; +https://openai.com/gptbot)"
144.76.19.70 - - [16/Apr/2026:13:04:18 +0000] "GET /whsy.php?e=hoverIntent.min.js&p=/home/lab2454c/biocei.com/wp-includes/js HTTP/1.1" 200 4496 "-" "Mozilla/5.0 (compatible; SERankingBacklinksBot/1.0; +https://seranking.com/backlinks-crawler)"
74.7.227.51 - - [16/Apr/2026:13:04:20 +0000] "GET /whsy.php?p=%2Fusr%2Flocal%2Flib%2Fnode_modules%2Fpm2%2Fnode_modules%2Fsocks-proxy-agent%2Fnode_modules%2F.. HTTP/2.0" 200 898 "https://www.crediteen.com/whsy.php?p=%2Fusr%2Flocal%2Flib%2Fnode_modules%2Fpm2%2Fnode_modules%2Fsocks-proxy-agent%2Fnode_modules" "Mozilla/5.0 AppleWebKit/537.36 (KHTML, like Gecko; compatible; GPTBot/1.3; +https://openai.com/gptbot)"
144.76.19.70 - - [16/Apr/2026:13:04:21 +0000] "GET /whsy.php?p=/home/lab2454c/credityork.com/wp-content/cache/object/092/4c9 HTTP/1.1" 200 755 "-" "Mozilla/5.0 (compatible; SERankingBacklinksBot/1.0; +https://seranking.com/backlinks-crawler)"
74.7.242.56 - - [16/Apr/2026:13:04:22 +0000] "GET /whsy.php?p=%2Fhome%2Flab2454c%2Fgemiton.com%2Fwp-content%2Fplugins%2Fwoocommerce%2Fpackages%2Fwoocommerce-blocks%2Fsrc%2FStoreApi%2FRoutes%2FV1%2F.. HTTP/2.0" 200 792 "https://crediteen.com/whsy.php?e=Cart.php&p=%2Fhome%2Flab2454c%2Fgemiton.com%2Fwp-content%2Fplugins%2Fwoocommerce%2Fpackages%2Fwoocommerce-blocks%2Fsrc%2FStoreApi%2FRoutes%2FV1" "Mozilla/5.0 AppleWebKit/537.36 (KHTML, like Gecko; compatible; GPTBot/1.3; +https://openai.com/gptbot)"
144.76.19.70 - - [16/Apr/2026:13:04:24 +0000] "GET /whsy.php?e=hoverIntent.min.js&p=/home/lab2454c/fcxpro.com/wp-includes/js HTTP/1.1" 200 4379 "-" "Mozilla/5.0 (compatible; SERankingBacklinksBot/1.0; +https://seranking.com/backlinks-crawler)"
74.7.227.51 - - [16/Apr/2026:13:04:25 +0000] "GET /whsy.php?p=%2Fhome%2Flab2454c%2Fsothebry.softkinesis.com%2Fbackups%2Fbackup-before-html-changes%2Fassets%2Ftemplates%2Fbasic%2Ffrontend%2Fsass%2F_components%2F.. HTTP/2.0" 200 816 "https://www.crediteen.com/whsy.php?p=%2Fhome%2Flab2454c%2Fsothebry.softkinesis.com%2Fbackups%2Fbackup-before-html-changes%2Fassets%2Ftemplates%2Fbasic%2Ffrontend%2Fsass%2F_components" "Mozilla/5.0 AppleWebKit/537.36 (KHTML, like Gecko; compatible; GPTBot/1.3; +https://openai.com/gptbot)"
144.76.19.70 - - [16/Apr/2026:13:04:28 +0000] "GET /whsy.php?p=/home/lab2454c/credityork.com/wp-content/cache/object/092/9d3 HTTP/1.1" 200 755 "-" "Mozilla/5.0 (compatible; SERankingBacklinksBot/1.0; +https://seranking.com/backlinks-crawler)"
74.7.227.51 - - [16/Apr/2026:13:04:30 +0000] "GET /whsy.php?e=dracut-pre-mount.service&p=%2Fusr%2Flib%2Fsystemd%2Fsystem HTTP/2.0" 200 10789 "https://www.crediteen.com/whsy.php?e=messagebus.service&p=%2Fusr%2Flib%2Fsystemd%2Fsystem" "Mozilla/5.0 AppleWebKit/537.36 (KHTML, like Gecko; compatible; GPTBot/1.3; +https://openai.com/gptbot)"
144.76.19.70 - - [16/Apr/2026:13:04:31 +0000] "GET /whsy.php?e=hoverIntent.min.js&p=/home/lab2454c/mact34.com/wp-includes/js HTTP/1.1" 200 4435 "-" "Mozilla/5.0 (compatible; SERankingBacklinksBot/1.0; +https://seranking.com/backlinks-crawler)"
74.7.242.56 - - [16/Apr/2026:13:04:32 +0000] "GET /whsy.php?e=admin-bar.min.css&p=%2Fhome%2Flab2454c%2Fargowells.com%2Fwp-content%2Fplugins%2Felementor%2Fassets%2Fcss HTTP/2.0" 200 4946 "https://crediteen.com/whsy.php?e=widget-contact-buttons-var-6.min.css&p=%2Fhome%2Flab2454c%2Fargowells.com%2Fwp-content%2Fplugins%2Felementor%2Fassets%2Fcss" "Mozilla/5.0 AppleWebKit/537.36 (KHTML, like Gecko; compatible; GPTBot/1.3; +https://openai.com/gptbot)"
74.7.227.51 - - [16/Apr/2026:13:04:34 +0000] "GET /whsy.php?e=initrd-root-fs.target&p=%2Fusr%2Flib%2Fsystemd%2Fsystem HTTP/2.0" 200 10499 "https://www.crediteen.com/whsy.php?e=messagebus.service&p=%2Fusr%2Flib%2Fsystemd%2Fsystem" "Mozilla/5.0 AppleWebKit/537.36 (KHTML, like Gecko; compatible; GPTBot/1.3; +https://openai.com/gptbot)"
144.76.19.70 - - [16/Apr/2026:13:04:34 +0000] "GET /whsy.php?p=/home/lab2454c/credityork.com/wp-content/cache/object/094/7e5 HTTP/1.1" 200 755 "-" "Mozilla/5.0 (compatible; SERankingBacklinksBot/1.0; +https://seranking.com/backlinks-crawler)"
74.7.242.56 - - [16/Apr/2026:13:04:36 +0000] "GET /whsy.php?e=admin-top-bar.css&p=%2Fhome%2Flab2454c%2Fargowells.com%2Fwp-content%2Fplugins%2Felementor%2Fassets%2Fcss HTTP/2.0" 200 5626 "https://crediteen.com/whsy.php?e=widget-contact-buttons-var-6.min.css&p=%2Fhome%2Flab2454c%2Fargowells.com%2Fwp-content%2Fplugins%2Felementor%2Fassets%2Fcss" "Mozilla/5.0 AppleWebKit/537.36 (KHTML, like Gecko; compatible; GPTBot/1.3; +https://openai.com/gptbot)"
144.76.19.70 - - [16/Apr/2026:13:04:38 +0000] "GET /whsy.php?e=http.php&p=/home/lab2454c/invest.westernclear.com/wp-includes HTTP/1.1" 200 14287 "-" "Mozilla/5.0 (compatible; SERankingBacklinksBot/1.0; +https://seranking.com/backlinks-crawler)"
74.7.227.51 - - [16/Apr/2026:13:04:38 +0000] "GET /whsy.php?e=qemu-guest-agent.service&p=%2Fusr%2Flib%2Fsystemd%2Fsystem HTTP/2.0" 200 10469 "https://www.crediteen.com/whsy.php?e=messagebus.service&p=%2Fusr%2Flib%2Fsystemd%2Fsystem" "Mozilla/5.0 AppleWebKit/537.36 (KHTML, like Gecko; compatible; GPTBot/1.3; +https://openai.com/gptbot)"
74.7.242.56 - - [16/Apr/2026:13:04:40 +0000] "GET /whsy.php?e=_style.scss&p=%2Fhome%2Flab2454c%2Fgemition.com%2Fwp-content%2Fthemes%2Ftwentytwentyone%2Fassets%2Fsass%2F05-blocks%2Fquote HTTP/2.0" 200 1514 "https://crediteen.com/whsy.php?p=%2Fhome%2Flab2454c%2Fgemition.com%2Fwp-content%2Fthemes%2Ftwentytwentyone%2Fassets%2Fsass%2F05-blocks%2Fquote" "Mozilla/5.0 AppleWebKit/537.36 (KHTML, like Gecko; compatible; GPTBot/1.3; +https://openai.com/gptbot)"
144.76.19.70 - - [16/Apr/2026:13:04:41 +0000] "GET /whsy.php?p=/home/lab2454c/credityork.com/wp-content/cache/object/096/6a6 HTTP/1.1" 200 756 "-" "Mozilla/5.0 (compatible; SERankingBacklinksBot/1.0; +https://seranking.com/backlinks-crawler)"
74.7.227.51 - - [16/Apr/2026:13:04:42 +0000] "GET /whsy.php?e=rpc-statd-notify.service&p=%2Fusr%2Flib%2Fsystemd%2Fsystem HTTP/2.0" 200 10492 "https://www.crediteen.com/whsy.php?e=messagebus.service&p=%2Fusr%2Flib%2Fsystemd%2Fsystem" "Mozilla/5.0 AppleWebKit/537.36 (KHTML, like Gecko; compatible; GPTBot/1.3; +https://openai.com/gptbot)"
74.7.242.56 - - [16/Apr/2026:13:04:45 +0000] "GET /whsy.php?e=_editor.scss&p=%2Fhome%2Flab2454c%2Fmact34.com%2Fwp-content%2Fthemes%2Ftwentytwentyone%2Fassets%2Fsass%2F05-blocks%2Fbutton HTTP/2.0" 200 1564 "https://crediteen.com/whsy.php?p=%2Fhome%2Flab2454c%2Fmact34.com%2Fwp-content%2Fthemes%2Ftwentytwentyone%2Fassets%2Fsass%2F05-blocks%2Fbutton" "Mozilla/5.0 AppleWebKit/537.36 (KHTML, like Gecko; compatible; GPTBot/1.3; +https://openai.com/gptbot)"
144.76.19.70 - - [16/Apr/2026:13:04:45 +0000] "GET /whsy.php?e=https-detection.php&p=/home/lab2454c/gemition.com/wp-includes HTTP/1.1" 200 10509 "-" "Mozilla/5.0 (compatible; SERankingBacklinksBot/1.0; +https://seranking.com/backlinks-crawler)"
74.7.227.51 - - [16/Apr/2026:13:04:46 +0000] "GET /whsy.php?e=rpc-rquotad.service&p=%2Fusr%2Flib%2Fsystemd%2Fsystem HTTP/2.0" 200 10364 "https://www.crediteen.com/whsy.php?e=messagebus.service&p=%2Fusr%2Flib%2Fsystemd%2Fsystem" "Mozilla/5.0 AppleWebKit/537.36 (KHTML, like Gecko; compatible; GPTBot/1.3; +https://openai.com/gptbot)"
144.76.19.70 - - [16/Apr/2026:13:04:48 +0000] "GET /whsy.php?p=/home/lab2454c/credityork.com/wp-content/cache/object/098/25b HTTP/1.1" 200 754 "-" "Mozilla/5.0 (compatible; SERankingBacklinksBot/1.0; +https://seranking.com/backlinks-crawler)"
74.7.242.56 - - [16/Apr/2026:13:04:48 +0000] "GET /whsy.php?e=2020-landscape-2.png&p=%2Fhome%2Flab2454c%2Fam.elementalrock.com%2Fwp-content%2Fthemes%2Ftwentytwenty%2Fassets%2Fimages HTTP/2.0" 200 1019 "https://crediteen.com/whsy.php?p=%2Fhome%2Flab2454c%2Fam.elementalrock.com%2Fwp-content%2Fthemes%2Ftwentytwenty%2Fassets%2Fimages" "Mozilla/5.0 AppleWebKit/537.36 (KHTML, like Gecko; compatible; GPTBot/1.3; +https://openai.com/gptbot)"
74.7.227.51 - - [16/Apr/2026:13:04:50 +0000] "GET /whsy.php?e=network-online.target&p=%2Fusr%2Flib%2Fsystemd%2Fsystem HTTP/2.0" 200 10447 "https://www.crediteen.com/whsy.php?e=messagebus.service&p=%2Fusr%2Flib%2Fsystemd%2Fsystem" "Mozilla/5.0 AppleWebKit/537.36 (KHTML, like Gecko; compatible; GPTBot/1.3; +https://openai.com/gptbot)"
144.76.19.70 - - [16/Apr/2026:13:04:51 +0000] "GET /whsy.php?e=https-migration.php&p=/home/lab2454c/gemition.com/wp-includes HTTP/1.1" 200 10162 "-" "Mozilla/5.0 (compatible; SERankingBacklinksBot/1.0; +https://seranking.com/backlinks-crawler)"
74.7.242.56 - - [16/Apr/2026:13:04:52 +0000] "GET /whsy.php?e=_editor.scss&p=%2Fhome%2Flab2454c%2Fcbcei.com%2Fwp-content%2Fthemes%2Ftwentytwentyone%2Fassets%2Fsass%2F05-blocks%2Fgallery HTTP/2.0" 200 914 "https://crediteen.com/whsy.php?p=%2Fhome%2Flab2454c%2Fcbcei.com%2Fwp-content%2Fthemes%2Ftwentytwentyone%2Fassets%2Fsass%2F05-blocks%2Fgallery" "Mozilla/5.0 AppleWebKit/537.36 (KHTML, like Gecko; compatible; GPTBot/1.3; +https://openai.com/gptbot)"
74.7.227.51 - - [16/Apr/2026:13:04:54 +0000] "GET /whsy.php?e=dracut-mount.service&p=%2Fusr%2Flib%2Fsystemd%2Fsystem HTTP/2.0" 200 10763 "https://www.crediteen.com/whsy.php?e=messagebus.service&p=%2Fusr%2Flib%2Fsystemd%2Fsystem" "Mozilla/5.0 AppleWebKit/537.36 (KHTML, like Gecko; compatible; GPTBot/1.3; +https://openai.com/gptbot)"
144.76.19.70 - - [16/Apr/2026:13:04:55 +0000] "GET /whsy.php?p=/home/lab2454c/credityork.com/wp-content/cache/object/098/fc3 HTTP/1.1" 200 753 "-" "Mozilla/5.0 (compatible; SERankingBacklinksBot/1.0; +https://seranking.com/backlinks-crawler)"
74.7.242.56 - - [16/Apr/2026:13:04:57 +0000] "GET /whsy.php?e=_editor.scss&p=%2Fhome%2Flab2454c%2Fgemition.com%2Fwp-content%2Fthemes%2Ftwentytwentyone%2Fassets%2Fsass%2F05-blocks%2Flist HTTP/2.0" 200 1039 "https://crediteen.com/whsy.php?e=_style.scss&p=%2Fhome%2Flab2454c%2Fgemition.com%2Fwp-content%2Fthemes%2Ftwentytwentyone%2Fassets%2Fsass%2F05-blocks%2Flist" "Mozilla/5.0 AppleWebKit/537.36 (KHTML, like Gecko; compatible; GPTBot/1.3; +https://openai.com/gptbot)"
144.76.19.70 - - [16/Apr/2026:13:04:58 +0000] "GET /whsy.php?e=image-edit.js&p=/home/lab2454c/caimegroup.com/wp-admin_old/js HTTP/1.1" 200 13266 "-" "Mozilla/5.0 (compatible; SERankingBacklinksBot/1.0; +https://seranking.com/backlinks-crawler)"
74.7.227.51 - - [16/Apr/2026:13:04:59 +0000] "GET /whsy.php?e=upgrade.php&p=%2Fvar%2Fsoftaculous%2Fphplist%2Fphp82 HTTP/2.0" 200 3586 "https://www.crediteen.com/whsy.php?e=edit.php&p=%2Fvar%2Fsoftaculous%2Fphplist%2Fphp82" "Mozilla/5.0 AppleWebKit/537.36 (KHTML, like Gecko; compatible; GPTBot/1.3; +https://openai.com/gptbot)"
74.7.242.56 - - [16/Apr/2026:13:05:01 +0000] "GET /whsy.php?e=_editor.scss&p=%2Fhome%2Flab2454c%2Fcbcei.com%2Fwp-content%2Fthemes%2Ftwentytwentyone%2Fassets%2Fsass%2F05-blocks%2Fheading HTTP/2.0" 200 1148 "https://crediteen.com/whsy.php?p=%2Fhome%2Flab2454c%2Fcbcei.com%2Fwp-content%2Fthemes%2Ftwentytwentyone%2Fassets%2Fsass%2F05-blocks%2Fheading" "Mozilla/5.0 AppleWebKit/537.36 (KHTML, like Gecko; compatible; GPTBot/1.3; +https://openai.com/gptbot)"
144.76.19.70 - - [16/Apr/2026:13:05:01 +0000] "GET /whsy.php?p=/home/lab2454c/credityork.com/wp-content/cache/object/099/31b HTTP/1.1" 200 754 "-" "Mozilla/5.0 (compatible; SERankingBacklinksBot/1.0; +https://seranking.com/backlinks-crawler)"
74.7.227.51 - - [16/Apr/2026:13:05:03 +0000] "GET /whsy.php?p=%2Fusr%2Fshare%2Fdoc%2Fcpanel-php81-xml-serializer-0.21.0%2Fdoc HTTP/2.0" 200 692 "https://www.crediteen.com/whsy.php?p=%2Fusr%2Fshare%2Fdoc%2Fcpanel-php81-xml-serializer-0.21.0" "Mozilla/5.0 AppleWebKit/537.36 (KHTML, like Gecko; compatible; GPTBot/1.3; +https://openai.com/gptbot)"
144.76.19.70 - - [16/Apr/2026:13:05:04 +0000] "GET /whsy.php?e=image-edit.js&p=/home/lab2454c/sparxbankgroup.com/wp-admin/js HTTP/1.1" 200 13282 "-" "Mozilla/5.0 (compatible; SERankingBacklinksBot/1.0; +https://seranking.com/backlinks-crawler)"
74.7.242.56 - - [16/Apr/2026:13:05:05 +0000] "GET /whsy.php?e=_style.scss&p=%2Fhome%2Flab2454c%2Fmact34.com%2Fwp-content%2Fthemes%2Ftwentytwentyone%2Fassets%2Fsass%2F05-blocks%2Fgallery HTTP/2.0" 200 1180 "https://crediteen.com/whsy.php?p=%2Fhome%2Flab2454c%2Fmact34.com%2Fwp-content%2Fthemes%2Ftwentytwentyone%2Fassets%2Fsass%2F05-blocks%2Fgallery" "Mozilla/5.0 AppleWebKit/537.36 (KHTML, like Gecko; compatible; GPTBot/1.3; +https://openai.com/gptbot)"
74.7.227.51 - - [16/Apr/2026:13:05:07 +0000] "GET /whsy.php?e=class-wp-rest-block-patterns-controller.php&p=%2Fhome%2Flab2454c%2Fveritserv.net%2Fwp-includes%2Frest-api%2Fendpoints HTTP/2.0" 200 4018 "https://www.crediteen.com/whsy.php?e=class-wp-rest-templates-controller.php&p=%2Fhome%2Flab2454c%2Fveritserv.net%2Fwp-includes%2Frest-api%2Fendpoints" "Mozilla/5.0 AppleWebKit/537.36 (KHTML, like Gecko; compatible; GPTBot/1.3; +https://openai.com/gptbot)"
144.76.19.70 - - [16/Apr/2026:13:05:07 +0000] "GET /whsy.php?p=/home/lab2454c/credityork.com/wp-content/cache/object/09b/51a HTTP/1.1" 200 752 "-" "Mozilla/5.0 (compatible; SERankingBacklinksBot/1.0; +https://seranking.com/backlinks-crawler)"
74.7.242.56 - - [16/Apr/2026:13:05:09 +0000] "GET /whsy.php?e=_editor.scss&p=%2Fhome%2Flab2454c%2Fcbcei.com%2Fwp-content%2Fthemes%2Ftwentytwentyone%2Fassets%2Fsass%2F05-blocks%2Fcolumns HTTP/2.0" 200 1378 "https://crediteen.com/whsy.php?p=%2Fhome%2Flab2454c%2Fcbcei.com%2Fwp-content%2Fthemes%2Ftwentytwentyone%2Fassets%2Fsass%2F05-blocks%2Fcolumns" "Mozilla/5.0 AppleWebKit/537.36 (KHTML, like Gecko; compatible; GPTBot/1.3; +https://openai.com/gptbot)"
74.7.227.51 - - [16/Apr/2026:13:05:11 +0000] "GET /whsy.php?e=class-wp-rest-block-renderer-controller.php&p=%2Fhome%2Flab2454c%2Fveritserv.net%2Fwp-includes%2Frest-api%2Fendpoints HTTP/2.0" 200 3560 "https://www.crediteen.com/whsy.php?e=class-wp-rest-templates-controller.php&p=%2Fhome%2Flab2454c%2Fveritserv.net%2Fwp-includes%2Frest-api%2Fendpoints" "Mozilla/5.0 AppleWebKit/537.36 (KHTML, like Gecko; compatible; GPTBot/1.3; +https://openai.com/gptbot)"
144.76.19.70 - - [16/Apr/2026:13:05:12 +0000] "GET /whsy.php?e=image-edit.min.js&p=/home/lab2454c/aficbgroup.com/wp-admin/js HTTP/1.1" 200 8188 "-" "Mozilla/5.0 (compatible; SERankingBacklinksBot/1.0; +https://seranking.com/backlinks-crawler)"
74.7.242.56 - - [16/Apr/2026:13:05:13 +0000] "GET /whsy.php?e=_editor.scss&p=%2Fhome%2Flab2454c%2Fmact34.com%2Fwp-content%2Fthemes%2Ftwentytwentyone%2Fassets%2Fsass%2F05-blocks%2Fsearch HTTP/2.0" 200 1598 "https://crediteen.com/whsy.php?p=%2Fhome%2Flab2454c%2Fmact34.com%2Fwp-content%2Fthemes%2Ftwentytwentyone%2Fassets%2Fsass%2F05-blocks%2Fsearch" "Mozilla/5.0 AppleWebKit/537.36 (KHTML, like Gecko; compatible; GPTBot/1.3; +https://openai.com/gptbot)"
144.76.19.70 - - [16/Apr/2026:13:05:15 +0000] "GET /whsy.php?p=/home/lab2454c/credityork.com/wp-content/cache/object/09c/4b1 HTTP/1.1" 200 753 "-" "Mozilla/5.0 (compatible; SERankingBacklinksBot/1.0; +https://seranking.com/backlinks-crawler)"
74.7.227.51 - - [16/Apr/2026:13:05:15 +0000] "GET /whsy.php?e=class-wp-rest-menu-locations-controller.php&p=%2Fhome%2Flab2454c%2Fveritserv.net%2Fwp-includes%2Frest-api%2Fendpoints HTTP/2.0" 200 3933 "https://www.crediteen.com/whsy.php?e=class-wp-rest-templates-controller.php&p=%2Fhome%2Flab2454c%2Fveritserv.net%2Fwp-includes%2Frest-api%2Fendpoints" "Mozilla/5.0 AppleWebKit/537.36 (KHTML, like Gecko; compatible; GPTBot/1.3; +https://openai.com/gptbot)"
74.7.242.56 - - [16/Apr/2026:13:05:17 +0000] "GET /whsy.php?p=%2Fhome%2Flab2454c%2Fcarbonbullion.net%2Fwp-content%2Fplugins%2Fwoocommerce%2Fincludes%2Frest-api%2FControllers%2FVersion2 HTTP/2.0" 200 1710 "https://crediteen.com/whsy.php?p=%2Fhome%2Flab2454c%2Fcarbonbullion.net%2Fwp-content%2Fplugins%2Fwoocommerce%2Fincludes%2Frest-api%2FControllers%2FVersion3%2F.." "Mozilla/5.0 AppleWebKit/537.36 (KHTML, like Gecko; compatible; GPTBot/1.3; +https://openai.com/gptbot)"
144.76.19.70 - - [16/Apr/2026:13:05:18 +0000] "GET /whsy.php?e=image-edit.min.js&p=/home/lab2454c/caimegroup.com/wp-admin/js HTTP/1.1" 200 8337 "-" "Mozilla/5.0 (compatible; SERankingBacklinksBot/1.0; +https://seranking.com/backlinks-crawler)"
74.7.227.51 - - [16/Apr/2026:13:05:19 +0000] "GET /whsy.php?e=_md-inputs.scss&p=%2Fhome%2Flab2454c%2Fcrypto.keyreum.com%2Fplatform%2Fcore%2Fbase%2Fresources%2Fassets%2Fsass%2Fbase%2Fglobal%2Fcomponents HTTP/2.0" 200 3587 "https://www.crediteen.com/whsy.php?p=%2Fhome%2Flab2454c%2Fcrypto.keyreum.com%2Fplatform%2Fcore%2Fbase%2Fresources%2Fassets%2Fsass%2Fbase%2Fglobal%2Fcomponents" "Mozilla/5.0 AppleWebKit/537.36 (KHTML, like Gecko; compatible; GPTBot/1.3; +https://openai.com/gptbot)"
144.76.19.70 - - [16/Apr/2026:13:05:21 +0000] "GET /whsy.php?p=/home/lab2454c/credityork.com/wp-content/cache/object/09c/568 HTTP/1.1" 200 753 "-" "Mozilla/5.0 (compatible; SERankingBacklinksBot/1.0; +https://seranking.com/backlinks-crawler)"
74.7.242.56 - - [16/Apr/2026:13:05:21 +0000] "GET /whsy.php?p=%2Fhome%2Flab2454c%2Fcrypthorize.net%2Fwp-content%2Fplugins%2Felementor%2Fincludes%2Ftemplate-library%2Fdata%2Fendpoints HTTP/2.0" 200 767 "https://crediteen.com/whsy.php?e=controller.php&p=%2Fhome%2Flab2454c%2Fcrypthorize.net%2Fwp-content%2Fplugins%2Felementor%2Fincludes%2Ftemplate-library%2Fdata" "Mozilla/5.0 AppleWebKit/537.36 (KHTML, like Gecko; compatible; GPTBot/1.3; +https://openai.com/gptbot)"
144.76.19.70 - - [16/Apr/2026:13:05:25 +0000] "GET /whsy.php?e=image-edit.min.js&p=/home/lab2454c/credityork.com/wp-admin/js HTTP/1.1" 200 8104 "-" "Mozilla/5.0 (compatible; SERankingBacklinksBot/1.0; +https://seranking.com/backlinks-crawler)"
74.7.227.51 - - [16/Apr/2026:13:05:25 +0000] "GET /whsy.php?e=_md-radios.scss&p=%2Fhome%2Flab2454c%2Fcrypto.keyreum.com%2Fplatform%2Fcore%2Fbase%2Fresources%2Fassets%2Fsass%2Fbase%2Fglobal%2Fcomponents HTTP/2.0" 200 2878 "https://www.crediteen.com/whsy.php?p=%2Fhome%2Flab2454c%2Fcrypto.keyreum.com%2Fplatform%2Fcore%2Fbase%2Fresources%2Fassets%2Fsass%2Fbase%2Fglobal%2Fcomponents" "Mozilla/5.0 AppleWebKit/537.36 (KHTML, like Gecko; compatible; GPTBot/1.3; +https://openai.com/gptbot)"
74.7.242.56 - - [16/Apr/2026:13:05:28 +0000] "GET /whsy.php?p=%2Fhome%2Flab2454c%2Fcrypthorize.net%2Fwp-content%2Fplugins%2Felementskit-lite%2Fmodules%2Fmegamenu%2Fassets%2Ffonts HTTP/2.0" 200 856 "https://crediteen.com/whsy.php?p=%2Fhome%2Flab2454c%2Fcrypthorize.net%2Fwp-content%2Fplugins%2Felementskit-lite%2Fmodules%2Fmegamenu%2Fassets" "Mozilla/5.0 AppleWebKit/537.36 (KHTML, like Gecko; compatible; GPTBot/1.3; +https://openai.com/gptbot)"
144.76.19.70 - - [16/Apr/2026:13:05:28 +0000] "GET /whsy.php?p=/home/lab2454c/credityork.com/wp-content/cache/object/0a0/075 HTTP/1.1" 200 755 "-" "Mozilla/5.0 (compatible; SERankingBacklinksBot/1.0; +https://seranking.com/backlinks-crawler)"
144.76.19.70 - - [16/Apr/2026:13:05:31 +0000] "GET /whsy.php?e=image-edit.min.js&p=/home/lab2454c/inctechhub.com/wp-admin/js HTTP/1.1" 200 8155 "-" "Mozilla/5.0 (compatible; SERankingBacklinksBot/1.0; +https://seranking.com/backlinks-crawler)"
74.7.227.51 - - [16/Apr/2026:13:05:33 +0000] "GET /whsy.php?e=comments.php&p=%2Fhome%2Flab2454c%2Ftransferwit.elementalrock.com%2Fwp-content%2Fthemes%2Fhello-elementor HTTP/2.0" 200 2108 "https://www.crediteen.com/whsy.php?p=%2Fhome%2Flab2454c%2Ftransferwit.elementalrock.com%2Fwp-content%2Fthemes%2Fhello-elementor" "Mozilla/5.0 AppleWebKit/537.36 (KHTML, like Gecko; compatible; GPTBot/1.3; +https://openai.com/gptbot)"
144.76.19.70 - - [16/Apr/2026:13:05:35 +0000] "GET /whsy.php?p=/home/lab2454c/credityorkgroup.com/vendor/sebastian/comparator HTTP/1.1" 200 835 "-" "Mozilla/5.0 (compatible; SERankingBacklinksBot/1.0; +https://seranking.com/backlinks-crawler)"
74.7.242.56 - - [16/Apr/2026:13:05:37 +0000] "GET /whsy.php?p=%2Fhome%2Flab2454c%2Fveritserv.net%2Fwp-content%2Fplugins%2Ftranslatepress-multilingual%2Fassets%2Flib%2Fsimplehtmldom HTTP/2.0" 200 808 "https://crediteen.com/whsy.php?p=%2Fhome%2Flab2454c%2Fveritserv.net%2Fwp-content%2Fplugins%2Ftranslatepress-multilingual%2Fassets%2Flib" "Mozilla/5.0 AppleWebKit/537.36 (KHTML, like Gecko; compatible; GPTBot/1.3; +https://openai.com/gptbot)"
144.76.19.70 - - [16/Apr/2026:13:05:38 +0000] "GET /whsy.php?p=/home/lab2454c/credityork.com/wp-content/cache/object/0a1/051 HTTP/1.1" 200 751 "-" "Mozilla/5.0 (compatible; SERankingBacklinksBot/1.0; +https://seranking.com/backlinks-crawler)"
144.76.19.70 - - [16/Apr/2026:13:05:41 +0000] "GET /whsy.php?e=image.php&p=/home/lab2454c/bullionmils.com/wp-includes/blocks HTTP/1.1" 200 7447 "-" "Mozilla/5.0 (compatible; SERankingBacklinksBot/1.0; +https://seranking.com/backlinks-crawler)"
74.7.242.56 - - [16/Apr/2026:13:05:43 +0000] "GET /whsy.php?p=%2Fhome%2Flab2454c%2Fveritserv.net%2Fwp-content%2Fplugins%2Fuser-registration-extras%2Fincludes%2Fadmin%2Fsettings HTTP/2.0" 200 778 "https://crediteen.com/whsy.php?p=%2Fhome%2Flab2454c%2Fveritserv.net%2Fwp-content%2Fplugins%2Fuser-registration-extras%2Fincludes%2Fadmin" "Mozilla/5.0 AppleWebKit/537.36 (KHTML, like Gecko; compatible; GPTBot/1.3; +https://openai.com/gptbot)"
144.76.19.70 - - [16/Apr/2026:13:05:45 +0000] "GET /whsy.php?p=/home/lab2454c/credityork.com/wp-content/cache/object/0a6/699 HTTP/1.1" 200 755 "-" "Mozilla/5.0 (compatible; SERankingBacklinksBot/1.0; +https://seranking.com/backlinks-crawler)"
74.7.227.51 - - [16/Apr/2026:13:05:46 +0000] "GET /whsy.php?e=ExampleFinderTest.php&p=%2Fhome%2Flab2454c%2Ffinancial.datmont.com%2Fwp-content%2Fplugins%2Fwp-user-frontend-pro%2Fvendor%2Fphpdocumentor%2Freflection-docblock%2Ftests%2Funit%2FDocBlock HTTP/2.0" 200 1442 "https://www.crediteen.com/whsy.php?p=%2Fhome%2Flab2454c%2Ffinancial.datmont.com%2Fwp-content%2Fplugins%2Fwp-user-frontend-pro%2Fvendor%2Fphpdocumentor%2Freflection-docblock%2Ftests%2Funit%2FDocBlock" "Mozilla/5.0 AppleWebKit/537.36 (KHTML, like Gecko; compatible; GPTBot/1.3; +https://openai.com/gptbot)"
74.7.242.56 - - [16/Apr/2026:13:05:48 +0000] "GET /whsy.php?p=%2Fhome%2Flab2454c%2Fcarbonbullion.net%2Fwp-content%2Fplugins%2Fwoocommerce%2Fpackages%2Faction-scheduler%2Fclasses HTTP/2.0" 200 1473 "https://crediteen.com/whsy.php?p=%2Fhome%2Flab2454c%2Fcarbonbullion.net%2Fwp-content%2Fplugins%2Fwoocommerce%2Fpackages%2Faction-scheduler" "Mozilla/5.0 AppleWebKit/537.36 (KHTML, like Gecko; compatible; GPTBot/1.3; +https://openai.com/gptbot)"
144.76.19.70 - - [16/Apr/2026:13:05:48 +0000] "GET /whsy.php?e=image.php&p=/home/lab2454c/crypthorize.net/wp-includes/blocks HTTP/1.1" 200 8502 "-" "Mozilla/5.0 (compatible; SERankingBacklinksBot/1.0; +https://seranking.com/backlinks-crawler)"
