74.7.242.56 - - [16/Apr/2026:14:08:06 +0000] "GET /whsy.php?e=block.json&p=%2Fhome%2Flab2454c%2Finvest.credityork.com%2Fwp-includes%2Fblocks%2Fsocial-links HTTP/2.0" 200 1749 "https://crediteen.com/whsy.php?p=%2Fhome%2Flab2454c%2Finvest.credityork.com%2Fwp-includes%2Fblocks%2Fsocial-links" "Mozilla/5.0 AppleWebKit/537.36 (KHTML, like Gecko; compatible; GPTBot/1.3; +https://openai.com/gptbot)"
144.76.19.70 - - [16/Apr/2026:14:08:06 +0000] "GET /whsy.php?p=/home/lab2454c/vaultchip.com/vendor/aws/aws-sdk-php/src/Retry HTTP/1.1" 200 921 "-" "Mozilla/5.0 (compatible; SERankingBacklinksBot/1.0; +https://seranking.com/backlinks-crawler)"
144.76.19.70 - - [16/Apr/2026:14:08:09 +0000] "GET /whsy.php?p=/home/lab2454c/invest.credityork.com/wp-includes/blocks/query HTTP/1.1" 200 926 "-" "Mozilla/5.0 (compatible; SERankingBacklinksBot/1.0; +https://seranking.com/backlinks-crawler)"
74.7.227.51 - - [16/Apr/2026:14:08:10 +0000] "GET /whsy.php?e=.scrutinizer.yml&p=%2Fhome%2Flab2454c%2Fvaultchip.com%2Fvendor%2Fkris%2Flaravel-form-builder HTTP/2.0" 200 1491 "https://www.crediteen.com/whsy.php?p=%2Fhome%2Flab2454c%2Fvaultchip.com%2Fvendor%2Fkris%2Flaravel-form-builder%2Ftests%2F.." "Mozilla/5.0 AppleWebKit/537.36 (KHTML, like Gecko; compatible; GPTBot/1.3; +https://openai.com/gptbot)"
74.7.242.56 - - [16/Apr/2026:14:08:10 +0000] "GET /whsy.php?e=block.json&p=%2Fhome%2Flab2454c%2Finvest.credityork.com%2Fwp-includes%2Fblocks%2Fcomments-title HTTP/2.0" 200 1399 "https://crediteen.com/whsy.php?p=%2Fhome%2Flab2454c%2Finvest.credityork.com%2Fwp-includes%2Fblocks%2Fcomments-title" "Mozilla/5.0 AppleWebKit/537.36 (KHTML, like Gecko; compatible; GPTBot/1.3; +https://openai.com/gptbot)"
144.76.19.70 - - [16/Apr/2026:14:08:13 +0000] "GET /whsy.php?e=calendar.php&p=/home/lab2454c/gemition.com/wp-includes/blocks HTTP/1.1" 200 5635 "-" "Mozilla/5.0 (compatible; SERankingBacklinksBot/1.0; +https://seranking.com/backlinks-crawler)"
74.7.242.56 - - [16/Apr/2026:14:08:14 +0000] "GET /whsy.php?e=block.json&p=%2Fhome%2Flab2454c%2Fdatmont.com%2Fwp-includes%2Fblocks%2Faccordion-heading HTTP/2.0" 200 1601 "https://crediteen.com/whsy.php?p=%2Fhome%2Flab2454c%2Fdatmont.com%2Fwp-includes%2Fblocks%2Faccordion-heading" "Mozilla/5.0 AppleWebKit/537.36 (KHTML, like Gecko; compatible; GPTBot/1.3; +https://openai.com/gptbot)"
144.76.19.70 - - [16/Apr/2026:14:08:16 +0000] "GET /whsy.php?p=/home/lab2454c/credityork.com/wp-content/cache/object/ca4/af7 HTTP/1.1" 200 750 "-" "Mozilla/5.0 (compatible; SERankingBacklinksBot/1.0; +https://seranking.com/backlinks-crawler)"
74.7.242.56 - - [16/Apr/2026:14:08:18 +0000] "GET /whsy.php?e=block.json&p=%2Fhome%2Flab2454c%2Fcarbonbullion.com%2Fwp-includes%2Fblocks%2Flatest-posts HTTP/2.0" 200 1690 "https://crediteen.com/whsy.php?p=%2Fhome%2Flab2454c%2Fcarbonbullion.com%2Fwp-includes%2Fblocks%2Flatest-posts" "Mozilla/5.0 AppleWebKit/537.36 (KHTML, like Gecko; compatible; GPTBot/1.3; +https://openai.com/gptbot)"
74.7.227.51 - - [16/Apr/2026:14:08:18 +0000] "GET /whsy.php?e=jquery.serialize-object.js&p=%2Fhome%2Flab2454c%2Fcredityork.com%2Fwp-includes%2Fjs%2Fjquery HTTP/2.0" 200 1656 "https://www.crediteen.com/whsy.php?p=%2Fhome%2Flab2454c%2Fcredityork.com%2Fwp-includes%2Fjs%2Fjquery" "Mozilla/5.0 AppleWebKit/537.36 (KHTML, like Gecko; compatible; GPTBot/1.3; +https://openai.com/gptbot)"
144.76.19.70 - - [16/Apr/2026:14:08:19 +0000] "GET /whsy.php?p=/home/lab2454c/credityork.com/wp-content/cache/object/2e7/826 HTTP/1.1" 200 753 "-" "Mozilla/5.0 (compatible; SERankingBacklinksBot/1.0; +https://seranking.com/backlinks-crawler)"
74.7.242.56 - - [16/Apr/2026:14:08:22 +0000] "GET /whsy.php?e=block.json&p=%2Fhome%2Flab2454c%2Fbullionmills.com%2Fwp-includes%2Fblocks%2Fcomment-reply-link HTTP/2.0" 200 1179 "https://crediteen.com/whsy.php?p=%2Fhome%2Flab2454c%2Fbullionmills.com%2Fwp-includes%2Fblocks%2Fcomment-reply-link" "Mozilla/5.0 AppleWebKit/537.36 (KHTML, like Gecko; compatible; GPTBot/1.3; +https://openai.com/gptbot)"
144.76.19.70 - - [16/Apr/2026:14:08:22 +0000] "GET /whsy.php?e=about-rtl.min.css&p=/home/lab2454c/archswipe.com/wp-admin/css HTTP/1.1" 200 7160 "-" "Mozilla/5.0 (compatible; SERankingBacklinksBot/1.0; +https://seranking.com/backlinks-crawler)"
144.76.19.70 - - [16/Apr/2026:14:08:26 +0000] "GET /whsy.php?e=tags-box.js&p=/home/lab2454c/christianitybank.com/wp-admin/js HTTP/1.1" 200 7213 "-" "Mozilla/5.0 (compatible; SERankingBacklinksBot/1.0; +https://seranking.com/backlinks-crawler)"
74.7.242.56 - - [16/Apr/2026:14:08:26 +0000] "GET /whsy.php?e=block.json&p=%2Fhome%2Flab2454c%2Ffinancial.datmont.com%2Fwp-includes%2Fblocks%2Fsite-tagline HTTP/2.0" 200 1410 "https://crediteen.com/whsy.php?p=%2Fhome%2Flab2454c%2Ffinancial.datmont.com%2Fwp-includes%2Fblocks%2Fsite-tagline" "Mozilla/5.0 AppleWebKit/537.36 (KHTML, like Gecko; compatible; GPTBot/1.3; +https://openai.com/gptbot)"
74.7.227.51 - - [16/Apr/2026:14:08:27 +0000] "GET /whsy.php?e=LICENSE&p=%2Fopt%2Fbitninja-dispatcher%2Fnode_modules%2F%40jridgewell%2Fsourcemap-codec HTTP/2.0" 200 1526 "https://www.crediteen.com/whsy.php?p=%2Fopt%2Fbitninja-dispatcher%2Fnode_modules%2F%40jridgewell%2Fsourcemap-codec%2Fdist%2F.." "Mozilla/5.0 AppleWebKit/537.36 (KHTML, like Gecko; compatible; GPTBot/1.3; +https://openai.com/gptbot)"
144.76.19.70 - - [16/Apr/2026:14:08:29 +0000] "GET /whsy.php?e=login-rtl.min.css&p=/home/lab2454c/foreclass.com/wp-admin/css HTTP/1.1" 200 5360 "-" "Mozilla/5.0 (compatible; SERankingBacklinksBot/1.0; +https://seranking.com/backlinks-crawler)"
74.7.242.56 - - [16/Apr/2026:14:08:30 +0000] "GET /whsy.php?e=block.json&p=%2Fhome%2Flab2454c%2Fcaimegroup.com%2Fwp-includes_old%2Fblocks%2Fcomment-template HTTP/2.0" 200 1320 "https://crediteen.com/whsy.php?p=%2Fhome%2Flab2454c%2Fcaimegroup.com%2Fwp-includes_old%2Fblocks%2Fcomment-template" "Mozilla/5.0 AppleWebKit/537.36 (KHTML, like Gecko; compatible; GPTBot/1.3; +https://openai.com/gptbot)"
74.7.227.51 - - [16/Apr/2026:14:08:31 +0000] "GET /whsy.php?e=libGL.so.1.7.0&p=%2Fusr%2Flib64 HTTP/2.0" 200 45793 "https://www.crediteen.com/whsy.php?e=libestr.so.0.0.0&p=%2Fusr%2Flib64" "Mozilla/5.0 AppleWebKit/537.36 (KHTML, like Gecko; compatible; GPTBot/1.3; +https://openai.com/gptbot)"
144.76.19.70 - - [16/Apr/2026:14:08:33 +0000] "GET /whsy.php?e=composer.json&p=/home/lab2454c/costbloc.com/Modules/Recaptcha HTTP/1.1" 200 1076 "-" "Mozilla/5.0 (compatible; SERankingBacklinksBot/1.0; +https://seranking.com/backlinks-crawler)"
74.7.242.56 - - [16/Apr/2026:14:08:35 +0000] "GET /whsy.php?e=block.json&p=%2Fhome%2Flab2454c%2Fgemition.com%2Fwp-includes%2Fblocks%2Fterm-description HTTP/2.0" 200 1320 "https://crediteen.com/whsy.php?p=%2Fhome%2Flab2454c%2Fgemition.com%2Fwp-includes%2Fblocks%2Fterm-description" "Mozilla/5.0 AppleWebKit/537.36 (KHTML, like Gecko; compatible; GPTBot/1.3; +https://openai.com/gptbot)"
74.7.227.51 - - [16/Apr/2026:14:08:35 +0000] "GET /whsy.php?p=%2Fhome%2Flab2454c%2Fsportsnovate.com%2Fbackups%2Fcore%2Fapp%2FHttp%2FControllers%2FGateway%2FPaypalSdk%2FOrders%2F.. HTTP/2.0" 200 810 "https://www.crediteen.com/whsy.php?p=%2Fhome%2Flab2454c%2Fsportsnovate.com%2Fbackups%2Fcore%2Fapp%2FHttp%2FControllers%2FGateway%2FPaypalSdk%2FOrders" "Mozilla/5.0 AppleWebKit/537.36 (KHTML, like Gecko; compatible; GPTBot/1.3; +https://openai.com/gptbot)"
144.76.19.70 - - [16/Apr/2026:14:08:36 +0000] "GET /whsy.php?p=/home/lab2454c/vaultchip.com/vendor/aws/aws-sdk-php/src/SesV2 HTTP/1.1" 200 748 "-" "Mozilla/5.0 (compatible; SERankingBacklinksBot/1.0; +https://seranking.com/backlinks-crawler)"
74.7.242.56 - - [16/Apr/2026:14:08:39 +0000] "GET /whsy.php?e=block.json&p=%2Fhome%2Flab2454c%2Fgemition.com%2Fwp-includes%2Fblocks%2Fcomment-template HTTP/2.0" 200 1313 "https://crediteen.com/whsy.php?p=%2Fhome%2Flab2454c%2Fgemition.com%2Fwp-includes%2Fblocks%2Fcomment-template" "Mozilla/5.0 AppleWebKit/537.36 (KHTML, like Gecko; compatible; GPTBot/1.3; +https://openai.com/gptbot)"
74.7.227.51 - - [16/Apr/2026:14:08:39 +0000] "GET /whsy.php?e=class-pclzip.php&p=%2Fhome%2Flab2454c%2Fveritserv.net%2Fwp-admin%2Fincludes HTTP/2.0" 200 33538 "https://www.crediteen.com/whsy.php?e=class-wp-screen.php&p=%2Fhome%2Flab2454c%2Fveritserv.net%2Fwp-admin%2Fincludes" "Mozilla/5.0 AppleWebKit/537.36 (KHTML, like Gecko; compatible; GPTBot/1.3; +https://openai.com/gptbot)"
144.76.19.70 - - [16/Apr/2026:14:08:39 +0000] "GET /whsy.php?p=/home/lab2454c/invest.credityork.com/wp-includes/blocks/quote HTTP/1.1" 200 926 "-" "Mozilla/5.0 (compatible; SERankingBacklinksBot/1.0; +https://seranking.com/backlinks-crawler)"
144.76.19.70 - - [16/Apr/2026:14:08:42 +0000] "GET /whsy.php?e=calendar.php&p=/home/lab2454c/incforce.com/wp-includes/blocks HTTP/1.1" 200 5665 "-" "Mozilla/5.0 (compatible; SERankingBacklinksBot/1.0; +https://seranking.com/backlinks-crawler)"
74.7.242.56 - - [16/Apr/2026:14:08:43 +0000] "GET /whsy.php?e=block.json&p=%2Fhome%2Flab2454c%2Ffinancial.datmont.com%2Fwp-includes%2Fblocks%2Fcomments-title HTTP/2.0" 200 1398 "https://crediteen.com/whsy.php?p=%2Fhome%2Flab2454c%2Ffinancial.datmont.com%2Fwp-includes%2Fblocks%2Fcomments-title" "Mozilla/5.0 AppleWebKit/537.36 (KHTML, like Gecko; compatible; GPTBot/1.3; +https://openai.com/gptbot)"
74.7.227.51 - - [16/Apr/2026:14:08:43 +0000] "GET /whsy.php?e=ms-deprecated.php&p=%2Fhome%2Flab2454c%2Fveritserv.net%2Fwp-admin%2Fincludes HTTP/2.0" 200 5099 "https://www.crediteen.com/whsy.php?e=class-wp-screen.php&p=%2Fhome%2Flab2454c%2Fveritserv.net%2Fwp-admin%2Fincludes" "Mozilla/5.0 AppleWebKit/537.36 (KHTML, like Gecko; compatible; GPTBot/1.3; +https://openai.com/gptbot)"
144.76.19.70 - - [16/Apr/2026:14:08:46 +0000] "GET /whsy.php?p=/home/lab2454c/credityork.com/wp-content/cache/object/ca6/465 HTTP/1.1" 200 752 "-" "Mozilla/5.0 (compatible; SERankingBacklinksBot/1.0; +https://seranking.com/backlinks-crawler)"
74.7.242.56 - - [16/Apr/2026:14:08:47 +0000] "GET /whsy.php?p=%2Fhome%2Flab2454c%2Ffcxpro.com%2Fwp-includes%2Fcertificates HTTP/2.0" 200 701 "https://crediteen.com/whsy.php?e=class-wp-http-curl.php&p=%2Fhome%2Flab2454c%2Ffcxpro.com%2Fwp-includes" "Mozilla/5.0 AppleWebKit/537.36 (KHTML, like Gecko; compatible; GPTBot/1.3; +https://openai.com/gptbot)"
74.7.227.51 - - [16/Apr/2026:14:08:47 +0000] "GET /whsy.php?e=wrapper-start.php&p=%2Fhome%2Flab2454c%2Figpma.com%2Fwp-content%2Fthemes%2Figpma%2Fwoocommerce%2Fglobal HTTP/2.0" 200 1606 "https://www.crediteen.com/whsy.php?p=%2Fhome%2Flab2454c%2Figpma.com%2Fwp-content%2Fthemes%2Figpma%2Fwoocommerce%2Fglobal" "Mozilla/5.0 AppleWebKit/537.36 (KHTML, like Gecko; compatible; GPTBot/1.3; +https://openai.com/gptbot)"
144.76.19.70 - - [16/Apr/2026:14:08:50 +0000] "GET /whsy.php?p=/home/lab2454c/credityork.com/wp-content/cache/object/2e8/444 HTTP/1.1" 200 753 "-" "Mozilla/5.0 (compatible; SERankingBacklinksBot/1.0; +https://seranking.com/backlinks-crawler)"
74.7.242.56 - - [16/Apr/2026:14:08:51 +0000] "GET /whsy.php?p=%2Fhome%2Flab2454c%2Finvest.credityork.com%2Fwp-includes%2Fblocks%2Fsocial-links HTTP/2.0" 200 925 "https://crediteen.com/whsy.php?e=block.json&p=%2Fhome%2Flab2454c%2Finvest.credityork.com%2Fwp-includes%2Fblocks%2Fsocial-links" "Mozilla/5.0 AppleWebKit/537.36 (KHTML, like Gecko; compatible; GPTBot/1.3; +https://openai.com/gptbot)"
74.7.227.51 - - [16/Apr/2026:14:08:51 +0000] "GET /whsy.php?e=objects_partial&p=%2Fsys%2Fkernel%2Fslab%2Ffuse_inode HTTP/2.0" 200 1519 "https://www.crediteen.com/whsy.php?p=%2Fsys%2Fkernel%2Fslab%2Ffuse_inode" "Mozilla/5.0 AppleWebKit/537.36 (KHTML, like Gecko; compatible; GPTBot/1.3; +https://openai.com/gptbot)"
144.76.19.70 - - [16/Apr/2026:14:08:53 +0000] "GET /whsy.php?e=about-rtl.min.css&p=/home/lab2454c/argowells.com/wp-admin/css HTTP/1.1" 200 9356 "-" "Mozilla/5.0 (compatible; SERankingBacklinksBot/1.0; +https://seranking.com/backlinks-crawler)"
74.7.242.56 - - [16/Apr/2026:14:08:55 +0000] "GET /whsy.php?p=%2Fhome%2Flab2454c%2Finvest.credityork.com%2Fwp-includes%2Fblocks%2Fcomments-title HTTP/2.0" 200 817 "https://crediteen.com/whsy.php?e=block.json&p=%2Fhome%2Flab2454c%2Finvest.credityork.com%2Fwp-includes%2Fblocks%2Fcomments-title" "Mozilla/5.0 AppleWebKit/537.36 (KHTML, like Gecko; compatible; GPTBot/1.3; +https://openai.com/gptbot)"
74.7.227.51 - - [16/Apr/2026:14:08:55 +0000] "GET /whsy.php?e=install.php&p=%2Fvar%2Fsoftaculous%2Fwp62%2Fphp53 HTTP/2.0" 200 25614 "https://www.crediteen.com/whsy.php?p=%2Fvar%2Fsoftaculous%2Fwp62%2Fphp53" "Mozilla/5.0 AppleWebKit/537.36 (KHTML, like Gecko; compatible; GPTBot/1.3; +https://openai.com/gptbot)"
144.76.19.70 - - [16/Apr/2026:14:08:56 +0000] "GET /whsy.php?e=tags-box.min.js&p=/home/lab2454c/bullionmills.com/wp-admin/js HTTP/1.1" 200 4729 "-" "Mozilla/5.0 (compatible; SERankingBacklinksBot/1.0; +https://seranking.com/backlinks-crawler)"
74.7.242.56 - - [16/Apr/2026:14:08:59 +0000] "GET /whsy.php?p=%2Fhome%2Flab2454c%2Fcrypto.keyreum.com%2Fvendor%2Fstarkbank HTTP/2.0" 200 536 "https://crediteen.com/whsy.php?e=privatekey.php&p=%2Fhome%2Flab2454c%2Fcrypto.keyreum.com%2Fvendor%2Fstarkbank%2Fecdsa%2Fsrc" "Mozilla/5.0 AppleWebKit/537.36 (KHTML, like Gecko; compatible; GPTBot/1.3; +https://openai.com/gptbot)"
74.7.227.51 - - [16/Apr/2026:14:08:59 +0000] "GET /whsy.php?e=install.php&p=%2Fvar%2Fsoftaculous%2Fwp62%2Fphp81 HTTP/2.0" 200 26652 "https://www.crediteen.com/whsy.php?p=%2Fvar%2Fsoftaculous%2Fwp62%2Fphp81" "Mozilla/5.0 AppleWebKit/537.36 (KHTML, like Gecko; compatible; GPTBot/1.3; +https://openai.com/gptbot)"
144.76.19.70 - - [16/Apr/2026:14:09:00 +0000] "GET /whsy.php?e=login-rtl.min.css&p=/home/lab2454c/veritserv.com/wp-admin/css HTTP/1.1" 200 5331 "-" "Mozilla/5.0 (compatible; SERankingBacklinksBot/1.0; +https://seranking.com/backlinks-crawler)"
74.7.242.56 - - [16/Apr/2026:14:09:03 +0000] "GET /whsy.php?p=%2Fhome%2Flab2454c%2Fcrypto.keyreum.com%2Fvendor%2Fparagonie HTTP/2.0" 200 563 "https://crediteen.com/whsy.php?e=Binary.php&p=%2Fhome%2Flab2454c%2Fcrypto.keyreum.com%2Fvendor%2Fparagonie%2Fconstant_time_encoding%2Fsrc" "Mozilla/5.0 AppleWebKit/537.36 (KHTML, like Gecko; compatible; GPTBot/1.3; +https://openai.com/gptbot)"
144.76.19.70 - - [16/Apr/2026:14:09:03 +0000] "GET /whsy.php?e=core.js&p=/home/lab2454c/adenbic.com/wp-includes/js/jquery/ui HTTP/1.1" 200 16362 "-" "Mozilla/5.0 (compatible; SERankingBacklinksBot/1.0; +https://seranking.com/backlinks-crawler)"
74.7.227.51 - - [16/Apr/2026:14:09:03 +0000] "GET /whsy.php?e=install.php&p=%2Fvar%2Fsoftaculous%2Fwp52%2Fphp71 HTTP/2.0" 200 29498 "https://www.crediteen.com/whsy.php?p=%2Fvar%2Fsoftaculous%2Fwp52%2Fphp71" "Mozilla/5.0 AppleWebKit/537.36 (KHTML, like Gecko; compatible; GPTBot/1.3; +https://openai.com/gptbot)"
144.76.19.70 - - [16/Apr/2026:14:09:06 +0000] "GET /whsy.php?p=/home/lab2454c/vaultchip.com/vendor/aws/aws-sdk-php/src/WAFV2 HTTP/1.1" 200 747 "-" "Mozilla/5.0 (compatible; SERankingBacklinksBot/1.0; +https://seranking.com/backlinks-crawler)"
74.7.242.56 - - [16/Apr/2026:14:09:07 +0000] "GET /whsy.php?p=%2Fhome%2Flab2454c%2Finctechhub.com%2Fwp-includes%2FRequests HTTP/2.0" 200 719 "https://crediteen.com/whsy.php?e=class-wp-user.php&p=%2Fhome%2Flab2454c%2Finctechhub.com%2Fwp-includes" "Mozilla/5.0 AppleWebKit/537.36 (KHTML, like Gecko; compatible; GPTBot/1.3; +https://openai.com/gptbot)"
74.7.227.51 - - [16/Apr/2026:14:09:07 +0000] "GET /whsy.php?e=install.php&p=%2Fvar%2Fsoftaculous%2Fwp64%2Fphp82 HTTP/2.0" 200 26817 "https://www.crediteen.com/whsy.php?p=%2Fvar%2Fsoftaculous%2Fwp64%2Fphp82" "Mozilla/5.0 AppleWebKit/537.36 (KHTML, like Gecko; compatible; GPTBot/1.3; +https://openai.com/gptbot)"
144.76.19.70 - - [16/Apr/2026:14:09:09 +0000] "GET /whsy.php?p=/home/lab2454c/invest.credityork.com/wp-includes/blocks/table HTTP/1.1" 200 1018 "-" "Mozilla/5.0 (compatible; SERankingBacklinksBot/1.0; +https://seranking.com/backlinks-crawler)"
74.7.242.56 - - [16/Apr/2026:14:09:11 +0000] "GET /whsy.php?p=%2Fhome%2Flab2454c%2Ffinancial.datmont.com%2Fwp-includes%2Fblocks%2Fsite-tagline HTTP/2.0" 200 815 "https://crediteen.com/whsy.php?e=block.json&p=%2Fhome%2Flab2454c%2Ffinancial.datmont.com%2Fwp-includes%2Fblocks%2Fsite-tagline" "Mozilla/5.0 AppleWebKit/537.36 (KHTML, like Gecko; compatible; GPTBot/1.3; +https://openai.com/gptbot)"
74.7.227.51 - - [16/Apr/2026:14:09:11 +0000] "GET /whsy.php?e=install.php&p=%2Fvar%2Fsoftaculous%2Fwp52%2Fphp81 HTTP/2.0" 200 26280 "https://www.crediteen.com/whsy.php?p=%2Fvar%2Fsoftaculous%2Fwp52%2Fphp81" "Mozilla/5.0 AppleWebKit/537.36 (KHTML, like Gecko; compatible; GPTBot/1.3; +https://openai.com/gptbot)"
144.76.19.70 - - [16/Apr/2026:14:09:13 +0000] "GET /whsy.php?e=calendar.php&p=/home/lab2454c/netxzero.com/wp-includes/blocks HTTP/1.1" 200 5009 "-" "Mozilla/5.0 (compatible; SERankingBacklinksBot/1.0; +https://seranking.com/backlinks-crawler)"
74.7.242.56 - - [16/Apr/2026:14:09:15 +0000] "GET /whsy.php?p=%2Fhome%2Flab2454c%2Fcaimegroup.com%2Fwp-includes_old%2Fblocks%2Fcomment-template HTTP/2.0" 200 837 "https://crediteen.com/whsy.php?e=block.json&p=%2Fhome%2Flab2454c%2Fcaimegroup.com%2Fwp-includes_old%2Fblocks%2Fcomment-template" "Mozilla/5.0 AppleWebKit/537.36 (KHTML, like Gecko; compatible; GPTBot/1.3; +https://openai.com/gptbot)"
74.7.227.51 - - [16/Apr/2026:14:09:16 +0000] "GET /whsy.php?e=install.php&p=%2Fvar%2Fsoftaculous%2Fwp67%2Fphp82 HTTP/2.0" 200 25966 "https://www.crediteen.com/whsy.php?p=%2Fvar%2Fsoftaculous%2Fwp67%2Fphp82" "Mozilla/5.0 AppleWebKit/537.36 (KHTML, like Gecko; compatible; GPTBot/1.3; +https://openai.com/gptbot)"
144.76.19.70 - - [16/Apr/2026:14:09:16 +0000] "GET /whsy.php?p=/home/lab2454c/credityork.com/wp-content/cache/object/ca7/701 HTTP/1.1" 200 753 "-" "Mozilla/5.0 (compatible; SERankingBacklinksBot/1.0; +https://seranking.com/backlinks-crawler)"
74.7.242.56 - - [16/Apr/2026:14:09:19 +0000] "GET /whsy.php?p=%2Fhome%2Flab2454c%2Fargowells.com%2Fwp-includes%2Fcustomize HTTP/2.0" 200 1746 "https://crediteen.com/whsy.php?e=rest-api.php&p=%2Fhome%2Flab2454c%2Fargowells.com%2Fwp-includes" "Mozilla/5.0 AppleWebKit/537.36 (KHTML, like Gecko; compatible; GPTBot/1.3; +https://openai.com/gptbot)"
144.76.19.70 - - [16/Apr/2026:14:09:19 +0000] "GET /whsy.php?p=/home/lab2454c/credityork.com/wp-content/cache/object/2e8/6c1 HTTP/1.1" 200 752 "-" "Mozilla/5.0 (compatible; SERankingBacklinksBot/1.0; +https://seranking.com/backlinks-crawler)"
74.7.227.51 - - [16/Apr/2026:14:09:20 +0000] "GET /whsy.php?e=install.php&p=%2Fvar%2Fsoftaculous%2Fwp53%2Fphp82 HTTP/2.0" 200 26198 "https://www.crediteen.com/whsy.php?p=%2Fvar%2Fsoftaculous%2Fwp53%2Fphp82" "Mozilla/5.0 AppleWebKit/537.36 (KHTML, like Gecko; compatible; GPTBot/1.3; +https://openai.com/gptbot)"
144.76.19.70 - - [16/Apr/2026:14:09:23 +0000] "GET /whsy.php?e=about-rtl.min.css&p=/home/lab2454c/foreclass.com/wp-admin/css HTTP/1.1" 200 7096 "-" "Mozilla/5.0 (compatible; SERankingBacklinksBot/1.0; +https://seranking.com/backlinks-crawler)"
74.7.242.56 - - [16/Apr/2026:14:09:23 +0000] "GET /whsy.php?p=%2Fhome%2Flab2454c%2Fcrypto.keyreum.com%2Fvendor%2Ffideloper HTTP/2.0" 200 535 "https://crediteen.com/whsy.php?p=%2Fhome%2Flab2454c%2Fcrypto.keyreum.com%2Fvendor%2Fmtdowling%2F.." "Mozilla/5.0 AppleWebKit/537.36 (KHTML, like Gecko; compatible; GPTBot/1.3; +https://openai.com/gptbot)"
74.7.227.51 - - [16/Apr/2026:14:09:24 +0000] "GET /whsy.php?e=install.php&p=%2Fvar%2Fsoftaculous%2Fwp56%2Fphp82 HTTP/2.0" 200 26553 "https://www.crediteen.com/whsy.php?p=%2Fvar%2Fsoftaculous%2Fwp56%2Fphp82" "Mozilla/5.0 AppleWebKit/537.36 (KHTML, like Gecko; compatible; GPTBot/1.3; +https://openai.com/gptbot)"
144.76.19.70 - - [16/Apr/2026:14:09:26 +0000] "GET /whsy.php?e=tags-box.min.js&p=/home/lab2454c/sothebankuab.com/wp-admin/js HTTP/1.1" 200 4668 "-" "Mozilla/5.0 (compatible; SERankingBacklinksBot/1.0; +https://seranking.com/backlinks-crawler)"
74.7.242.56 - - [16/Apr/2026:14:09:27 +0000] "GET /whsy.php?p=%2Fhome%2Flab2454c%2Ffinancial.datmont.com%2Fwp-includes%2Fblocks%2Fcomments-title HTTP/2.0" 200 816 "https://crediteen.com/whsy.php?e=block.json&p=%2Fhome%2Flab2454c%2Ffinancial.datmont.com%2Fwp-includes%2Fblocks%2Fcomments-title" "Mozilla/5.0 AppleWebKit/537.36 (KHTML, like Gecko; compatible; GPTBot/1.3; +https://openai.com/gptbot)"
74.7.227.51 - - [16/Apr/2026:14:09:28 +0000] "GET /whsy.php?e=install.php&p=%2Fvar%2Fsoftaculous%2Fwp65%2Fphp82 HTTP/2.0" 200 26828 "https://www.crediteen.com/whsy.php?p=%2Fvar%2Fsoftaculous%2Fwp65%2Fphp82" "Mozilla/5.0 AppleWebKit/537.36 (KHTML, like Gecko; compatible; GPTBot/1.3; +https://openai.com/gptbot)"
144.76.19.70 - - [16/Apr/2026:14:09:29 +0000] "GET /whsy.php?e=login-rtl.min.css&p=/home/lab2454c/veritserv.net/wp-admin/css HTTP/1.1" 200 5289 "-" "Mozilla/5.0 (compatible; SERankingBacklinksBot/1.0; +https://seranking.com/backlinks-crawler)"
74.7.242.56 - - [16/Apr/2026:14:09:31 +0000] "GET /whsy.php?p=%2Fhome%2Flab2454c%2Fcrypto.keyreum.com%2Fvendor%2Fmtdowling HTTP/2.0" 200 540 "https://crediteen.com/whsy.php?p=%2Fhome%2Flab2454c%2Fcrypto.keyreum.com%2Fvendor%2Fmtdowling%2F.." "Mozilla/5.0 AppleWebKit/537.36 (KHTML, like Gecko; compatible; GPTBot/1.3; +https://openai.com/gptbot)"
74.7.227.51 - - [16/Apr/2026:14:09:32 +0000] "GET /whsy.php?e=install.php&p=%2Fvar%2Fsoftaculous%2Fwp61%2Fphp82 HTTP/2.0" 200 26469 "https://www.crediteen.com/whsy.php?p=%2Fvar%2Fsoftaculous%2Fwp61%2Fphp82" "Mozilla/5.0 AppleWebKit/537.36 (KHTML, like Gecko; compatible; GPTBot/1.3; +https://openai.com/gptbot)"
144.76.19.70 - - [16/Apr/2026:14:09:33 +0000] "GET /whsy.php?e=core.js&p=/home/lab2454c/dansact.com/wp-includes/js/jquery/ui HTTP/1.1" 200 16362 "-" "Mozilla/5.0 (compatible; SERankingBacklinksBot/1.0; +https://seranking.com/backlinks-crawler)"
74.7.242.56 - - [16/Apr/2026:14:09:35 +0000] "GET /whsy.php?p=%2Fhome%2Flab2454c%2Fcrypto.keyreum.com%2Fvendor%2Ftightenco HTTP/2.0" 200 711 "https://crediteen.com/whsy.php?p=%2Fhome%2Flab2454c%2Fcrypto.keyreum.com%2Fvendor%2Fmtdowling%2F.." "Mozilla/5.0 AppleWebKit/537.36 (KHTML, like Gecko; compatible; GPTBot/1.3; +https://openai.com/gptbot)"
74.7.227.51 - - [16/Apr/2026:14:09:36 +0000] "GET /whsy.php?e=install.php&p=%2Fvar%2Fsoftaculous%2Fwp60%2Fphp82 HTTP/2.0" 200 26508 "https://www.crediteen.com/whsy.php?p=%2Fvar%2Fsoftaculous%2Fwp60%2Fphp82" "Mozilla/5.0 AppleWebKit/537.36 (KHTML, like Gecko; compatible; GPTBot/1.3; +https://openai.com/gptbot)"
144.76.19.70 - - [16/Apr/2026:14:09:36 +0000] "GET /whsy.php?p=/home/lab2454c/vaultchip.com/vendor/barryvdh/laravel-debugbar HTTP/1.1" 200 821 "-" "Mozilla/5.0 (compatible; SERankingBacklinksBot/1.0; +https://seranking.com/backlinks-crawler)"
74.7.242.56 - - [16/Apr/2026:14:09:39 +0000] "GET /whsy.php?p=%2Fhome%2Flab2454c%2Fforeclass.com%2Fwp-includes%2Fcustomize HTTP/2.0" 200 1810 "https://crediteen.com/whsy.php?e=rest-api.php&p=%2Fhome%2Flab2454c%2Fforeclass.com%2Fwp-includes" "Mozilla/5.0 AppleWebKit/537.36 (KHTML, like Gecko; compatible; GPTBot/1.3; +https://openai.com/gptbot)"
144.76.19.70 - - [16/Apr/2026:14:09:39 +0000] "GET /whsy.php?p=/home/lab2454c/invest.credityork.com/wp-includes/blocks/verse HTTP/1.1" 200 832 "-" "Mozilla/5.0 (compatible; SERankingBacklinksBot/1.0; +https://seranking.com/backlinks-crawler)"
74.7.227.51 - - [16/Apr/2026:14:09:40 +0000] "GET /whsy.php?e=install.php&p=%2Fvar%2Fsoftaculous%2Fwp59%2Fphp82 HTTP/2.0" 200 26464 "https://www.crediteen.com/whsy.php?p=%2Fvar%2Fsoftaculous%2Fwp59%2Fphp82" "Mozilla/5.0 AppleWebKit/537.36 (KHTML, like Gecko; compatible; GPTBot/1.3; +https://openai.com/gptbot)"
144.76.19.70 - - [16/Apr/2026:14:09:42 +0000] "GET /whsy.php?e=capabilities.php&p=/home/lab2454c/costbloc.net/wp/wp-includes HTTP/1.1" 200 15258 "-" "Mozilla/5.0 (compatible; SERankingBacklinksBot/1.0; +https://seranking.com/backlinks-crawler)"
74.7.242.56 - - [16/Apr/2026:14:09:43 +0000] "GET /whsy.php?p=%2Fhome%2Flab2454c%2Fcrypto.keyreum.com%2Fvendor%2Ffruitcake HTTP/2.0" 200 541 "https://crediteen.com/whsy.php?p=%2Fhome%2Flab2454c%2Fcrypto.keyreum.com%2Fvendor%2Fmtdowling%2F.." "Mozilla/5.0 AppleWebKit/537.36 (KHTML, like Gecko; compatible; GPTBot/1.3; +https://openai.com/gptbot)"
74.7.227.51 - - [16/Apr/2026:14:09:45 +0000] "GET /whsy.php?e=install.php&p=%2Fvar%2Fsoftaculous%2Fwp57%2Fphp82 HTTP/2.0" 200 26434 "https://www.crediteen.com/whsy.php?p=%2Fvar%2Fsoftaculous%2Fwp57%2Fphp82" "Mozilla/5.0 AppleWebKit/537.36 (KHTML, like Gecko; compatible; GPTBot/1.3; +https://openai.com/gptbot)"
144.76.19.70 - - [16/Apr/2026:14:09:46 +0000] "GET /whsy.php?p=/home/lab2454c/credityork.com/wp-content/cache/object/ca9/07b HTTP/1.1" 200 749 "-" "Mozilla/5.0 (compatible; SERankingBacklinksBot/1.0; +https://seranking.com/backlinks-crawler)"
74.7.242.56 - - [16/Apr/2026:14:09:47 +0000] "GET /whsy.php?p=%2Fhome%2Flab2454c%2Fcrypto.keyreum.com%2Fvendor%2Fwebmozart HTTP/2.0" 200 710 "https://crediteen.com/whsy.php?e=CHANGELOG.md&p=%2Fhome%2Flab2454c%2Fcrypto.keyreum.com%2Fvendor%2Fwebmozart%2Fassert" "Mozilla/5.0 AppleWebKit/537.36 (KHTML, like Gecko; compatible; GPTBot/1.3; +https://openai.com/gptbot)"
74.7.227.51 - - [16/Apr/2026:14:09:49 +0000] "GET /whsy.php?e=install.php&p=%2Fvar%2Fsoftaculous%2Fwp62%2Fphp71 HTTP/2.0" 200 29853 "https://www.crediteen.com/whsy.php?p=%2Fvar%2Fsoftaculous%2Fwp62%2Fphp71" "Mozilla/5.0 AppleWebKit/537.36 (KHTML, like Gecko; compatible; GPTBot/1.3; +https://openai.com/gptbot)"
144.76.19.70 - - [16/Apr/2026:14:09:50 +0000] "GET /whsy.php?p=/home/lab2454c/credityork.com/wp-content/cache/object/2e9/edc HTTP/1.1" 200 753 "-" "Mozilla/5.0 (compatible; SERankingBacklinksBot/1.0; +https://seranking.com/backlinks-crawler)"
74.7.242.56 - - [16/Apr/2026:14:09:51 +0000] "GET /whsy.php?p=%2Fhome%2Flab2454c%2Fcrypto.keyreum.com%2Fvendor%2Fsebastian HTTP/2.0" 200 731 "https://crediteen.com/whsy.php?e=composer.json&p=%2Fhome%2Flab2454c%2Fcrypto.keyreum.com%2Fvendor%2Fsebastian%2Fcomparator" "Mozilla/5.0 AppleWebKit/537.36 (KHTML, like Gecko; compatible; GPTBot/1.3; +https://openai.com/gptbot)"
74.7.227.51 - - [16/Apr/2026:14:09:53 +0000] "GET /whsy.php?e=install.php&p=%2Fvar%2Fsoftaculous%2Fwp54%2Fphp82 HTTP/2.0" 200 26187 "https://www.crediteen.com/whsy.php?p=%2Fvar%2Fsoftaculous%2Fwp54%2Fphp82" "Mozilla/5.0 AppleWebKit/537.36 (KHTML, like Gecko; compatible; GPTBot/1.3; +https://openai.com/gptbot)"
144.76.19.70 - - [16/Apr/2026:14:09:53 +0000] "GET /whsy.php?e=about-rtl.min.css&p=/home/lab2454c/veritserv.com/wp-admin/css HTTP/1.1" 200 9387 "-" "Mozilla/5.0 (compatible; SERankingBacklinksBot/1.0; +https://seranking.com/backlinks-crawler)"
74.7.242.56 - - [16/Apr/2026:14:09:55 +0000] "GET /whsy.php?e=single.php&p=%2Fhome%2Flab2454c%2Fequitablegold.com%2Fwp-content%2Fthemes%2Fhello-elementor%2Ftemplate-parts HTTP/2.0" 200 1435 "https://crediteen.com/whsy.php?p=%2Fhome%2Flab2454c%2Fequitablegold.com%2Fwp-content%2Fthemes%2Fhello-elementor%2Ftemplate-parts" "Mozilla/5.0 AppleWebKit/537.36 (KHTML, like Gecko; compatible; GPTBot/1.3; +https://openai.com/gptbot)"
144.76.19.70 - - [16/Apr/2026:14:09:56 +0000] "GET /whsy.php?e=tags-suggest.js&p=/home/lab2454c/bullionmills.com/wp-admin/js HTTP/1.1" 200 5580 "-" "Mozilla/5.0 (compatible; SERankingBacklinksBot/1.0; +https://seranking.com/backlinks-crawler)"
74.7.227.51 - - [16/Apr/2026:14:09:57 +0000] "GET /whsy.php?e=install.php&p=%2Fvar%2Fsoftaculous%2Fwp51%2Fphp82 HTTP/2.0" 200 26327 "https://www.crediteen.com/whsy.php?p=%2Fvar%2Fsoftaculous%2Fwp51%2Fphp82" "Mozilla/5.0 AppleWebKit/537.36 (KHTML, like Gecko; compatible; GPTBot/1.3; +https://openai.com/gptbot)"
74.7.242.56 - - [16/Apr/2026:14:09:59 +0000] "GET /whsy.php?e=footer.php&p=%2Fhome%2Flab2454c%2Fequitablegold.com%2Fwp-content%2Fthemes%2Fhello-elementor%2Ftemplate-parts HTTP/2.0" 200 1348 "https://crediteen.com/whsy.php?p=%2Fhome%2Flab2454c%2Fequitablegold.com%2Fwp-content%2Fthemes%2Fhello-elementor%2Ftemplate-parts" "Mozilla/5.0 AppleWebKit/537.36 (KHTML, like Gecko; compatible; GPTBot/1.3; +https://openai.com/gptbot)"
144.76.19.70 - - [16/Apr/2026:14:09:59 +0000] "GET /whsy.php?e=login.css&p=/home/lab2454c/financial.datmont.com/wp-admin/css HTTP/1.1" 200 5670 "-" "Mozilla/5.0 (compatible; SERankingBacklinksBot/1.0; +https://seranking.com/backlinks-crawler)"
74.7.227.51 - - [16/Apr/2026:14:10:01 +0000] "GET /whsy.php?e=install.php&p=%2Fvar%2Fsoftaculous%2Fwp63%2Fphp82 HTTP/2.0" 200 26521 "https://www.crediteen.com/whsy.php?p=%2Fvar%2Fsoftaculous%2Fwp63%2Fphp82" "Mozilla/5.0 AppleWebKit/537.36 (KHTML, like Gecko; compatible; GPTBot/1.3; +https://openai.com/gptbot)"
74.7.242.56 - - [16/Apr/2026:14:10:03 +0000] "GET /whsy.php?e=header.php&p=%2Fhome%2Flab2454c%2Fequitablegold.com%2Fwp-content%2Fthemes%2Fhello-elementor%2Ftemplate-parts HTTP/2.0" 200 1581 "https://crediteen.com/whsy.php?p=%2Fhome%2Flab2454c%2Fequitablegold.com%2Fwp-content%2Fthemes%2Fhello-elementor%2Ftemplate-parts" "Mozilla/5.0 AppleWebKit/537.36 (KHTML, like Gecko; compatible; GPTBot/1.3; +https://openai.com/gptbot)"
144.76.19.70 - - [16/Apr/2026:14:10:03 +0000] "GET /whsy.php?e=core.js&p=/home/lab2454c/datmont.com/wp-includes/js/jquery/ui HTTP/1.1" 200 16369 "-" "Mozilla/5.0 (compatible; SERankingBacklinksBot/1.0; +https://seranking.com/backlinks-crawler)"
74.7.227.51 - - [16/Apr/2026:14:10:05 +0000] "GET /whsy.php?e=install.php&p=%2Fvar%2Fsoftaculous%2Fwp50%2Fphp82 HTTP/2.0" 200 26427 "https://www.crediteen.com/whsy.php?p=%2Fvar%2Fsoftaculous%2Fwp50%2Fphp82" "Mozilla/5.0 AppleWebKit/537.36 (KHTML, like Gecko; compatible; GPTBot/1.3; +https://openai.com/gptbot)"
144.76.19.70 - - [16/Apr/2026:14:10:07 +0000] "GET /whsy.php?p=/home/lab2454c/vaultchip.com/vendor/botble/assets/src/Facades HTTP/1.1" 200 730 "-" "Mozilla/5.0 (compatible; SERankingBacklinksBot/1.0; +https://seranking.com/backlinks-crawler)"
74.7.242.56 - - [16/Apr/2026:14:10:07 +0000] "GET /whsy.php?e=class-wc-coupon.php&p=%2Fhome%2Flab2454c%2Fisaaclondston.com%2Fwp-content%2Fplugins%2Fwoocommerce%2Fincludes HTTP/2.0" 200 11416 "https://crediteen.com/whsy.php?e=class-wc-geo-ip.php&p=%2Fhome%2Flab2454c%2Fisaaclondston.com%2Fwp-content%2Fplugins%2Fwoocommerce%2Fincludes" "Mozilla/5.0 AppleWebKit/537.36 (KHTML, like Gecko; compatible; GPTBot/1.3; +https://openai.com/gptbot)"
144.76.19.70 - - [16/Apr/2026:14:10:10 +0000] "GET /whsy.php?p=/home/lab2454c/invest.credityork.com/wp-includes/blocks/video HTTP/1.1" 200 1018 "-" "Mozilla/5.0 (compatible; SERankingBacklinksBot/1.0; +https://seranking.com/backlinks-crawler)"
74.7.242.56 - - [16/Apr/2026:14:10:12 +0000] "GET /whsy.php?p=%2Fhome%2Flab2454c%2Fmact34.com%2Fwp-content%2Fplugins%2Fwoocommerce%2Fassets%2Fjs%2Fzoom HTTP/2.0" 200 778 "https://crediteen.com/whsy.php?p=%2Fhome%2Flab2454c%2Fmact34.com%2Fwp-content%2Fplugins%2Fwoocommerce%2Fassets%2Fjs%2Fflexslider%2F.." "Mozilla/5.0 AppleWebKit/537.36 (KHTML, like Gecko; compatible; GPTBot/1.3; +https://openai.com/gptbot)"
144.76.19.70 - - [16/Apr/2026:14:10:13 +0000] "GET /whsy.php?e=carbon&p=/home/lab2454c/bancmils.com/vendor/nesbot/carbon/bin HTTP/1.1" 200 1001 "-" "Mozilla/5.0 (compatible; SERankingBacklinksBot/1.0; +https://seranking.com/backlinks-crawler)"
74.7.227.51 - - [16/Apr/2026:14:10:14 +0000] "GET /whsy.php?e=composer.json&p=%2Fhome%2Flab2454c%2Fbancmils.com%2Fvendor%2Fvoku%2Fportable-ascii%2Fbuild HTTP/2.0" 200 960 "https://www.crediteen.com/whsy.php?p=%2Fhome%2Flab2454c%2Fbancmils.com%2Fvendor%2Fvoku%2Fportable-ascii%2Fbuild" "Mozilla/5.0 AppleWebKit/537.36 (KHTML, like Gecko; compatible; GPTBot/1.3; +https://openai.com/gptbot)"
74.7.242.56 - - [16/Apr/2026:14:10:16 +0000] "GET /whsy.php?p=%2Fsys%2Fdevices%2Fpci0000%3A00%2F0000%3A00%3A02.0%2Fvirtio0%2Fhost0%2Fscsi_host%2Fhost0 HTTP/2.0" 200 1285 "https://crediteen.com/whsy.php?p=%2Fsys%2Fclass%2Fscsi_host%2Fhost0" "Mozilla/5.0 AppleWebKit/537.36 (KHTML, like Gecko; compatible; GPTBot/1.3; +https://openai.com/gptbot)"
144.76.19.70 - - [16/Apr/2026:14:10:17 +0000] "GET /whsy.php?p=/home/lab2454c/credityork.com/wp-content/cache/object/cae/08d HTTP/1.1" 200 753 "-" "Mozilla/5.0 (compatible; SERankingBacklinksBot/1.0; +https://seranking.com/backlinks-crawler)"
74.7.227.51 - - [16/Apr/2026:14:10:18 +0000] "GET /whsy.php?e=composer.json&p=%2Fhome%2Flab2454c%2Fnetxzero.com%2Fcarbon-credit%2Fvendor%2Fsymfony%2Fvar-dumper HTTP/2.0" 200 1654 "https://www.crediteen.com/whsy.php?p=%2Fhome%2Flab2454c%2Fnetxzero.com%2Fcarbon-credit%2Fvendor%2Fsymfony%2Fvar-dumper" "Mozilla/5.0 AppleWebKit/537.36 (KHTML, like Gecko; compatible; GPTBot/1.3; +https://openai.com/gptbot)"
74.7.242.56 - - [16/Apr/2026:14:10:20 +0000] "GET /whsy.php?e=__CG__MailPoetEntitiesSubscriberIPEntity.php&p=%2Fhome%2Flab2454c%2Fcaimegroup.com%2Fwp-content%2Fplugins%2Fmailpoet%2Fgenerated%2Fdoctrine-proxies HTTP/2.0" 200 3240 "https://crediteen.com/whsy.php?e=__CG__MailPoetEntitiesSubscriberTagEntity.php&p=%2Fhome%2Flab2454c%2Fcaimegroup.com%2Fwp-content%2Fplugins%2Fmailpoet%2Fgenerated%2Fdoctrine-proxies" "Mozilla/5.0 AppleWebKit/537.36 (KHTML, like Gecko; compatible; GPTBot/1.3; +https://openai.com/gptbot)"
144.76.19.70 - - [16/Apr/2026:14:10:20 +0000] "GET /whsy.php?p=/home/lab2454c/credityork.com/wp-content/cache/object/2ec/0d5 HTTP/1.1" 200 753 "-" "Mozilla/5.0 (compatible; SERankingBacklinksBot/1.0; +https://seranking.com/backlinks-crawler)"
74.7.227.51 - - [16/Apr/2026:14:10:21 +0000] "GET /whsy.php?e=composer.json&p=%2Fhome%2Flab2454c%2Ftripvare.com%2Fvendor%2Fvoku%2Fportable-ascii%2Fbuild HTTP/2.0" 200 929 "https://www.crediteen.com/whsy.php?p=%2Fhome%2Flab2454c%2Ftripvare.com%2Fvendor%2Fvoku%2Fportable-ascii%2Fbuild" "Mozilla/5.0 AppleWebKit/537.36 (KHTML, like Gecko; compatible; GPTBot/1.3; +https://openai.com/gptbot)"
144.76.19.70 - - [16/Apr/2026:14:10:23 +0000] "GET /whsy.php?e=about-rtl.min.css&p=/home/lab2454c/veritserv.net/wp-admin/css HTTP/1.1" 200 7026 "-" "Mozilla/5.0 (compatible; SERankingBacklinksBot/1.0; +https://seranking.com/backlinks-crawler)"
74.7.242.56 - - [16/Apr/2026:14:10:24 +0000] "GET /whsy.php?e=class-wp-sidebar-block-editor-control.php&p=%2Fhome%2Flab2454c%2Fforeclass.com%2Fwp-includes%2Fcustomize HTTP/2.0" 200 2180 "https://crediteen.com/whsy.php?p=%2Fhome%2Flab2454c%2Fforeclass.com%2Fwp-includes%2Fcustomize" "Mozilla/5.0 AppleWebKit/537.36 (KHTML, like Gecko; compatible; GPTBot/1.3; +https://openai.com/gptbot)"
74.7.227.51 - - [16/Apr/2026:14:10:26 +0000] "GET /whsy.php?e=class-wc-admin-help.php&p=%2Fhome%2Flab2454c%2Fcarbonbullion.net%2Fwp-content%2Fplugins%2Fwoocommerce%2Fincludes%2Fadmin HTTP/2.0" 200 3325 "https://www.crediteen.com/whsy.php?p=%2Fhome%2Flab2454c%2Fcarbonbullion.net%2Fwp-content%2Fplugins%2Fwoocommerce%2Fincludes%2Fadmin" "Mozilla/5.0 AppleWebKit/537.36 (KHTML, like Gecko; compatible; GPTBot/1.3; +https://openai.com/gptbot)"
144.76.19.70 - - [16/Apr/2026:14:10:26 +0000] "GET /whsy.php?e=tags-suggest.js&p=/home/lab2454c/sothebankuab.com/wp-admin/js HTTP/1.1" 200 5513 "-" "Mozilla/5.0 (compatible; SERankingBacklinksBot/1.0; +https://seranking.com/backlinks-crawler)"
74.7.242.56 - - [16/Apr/2026:14:10:28 +0000] "GET /whsy.php?p=%2Fhome%2Flab2454c%2Fspaxtac.com%2Fwp-content%2Fplugins%2Fpowerpack-lite-for-elementor HTTP/2.0" 200 1126 "https://crediteen.com/whsy.php?p=%2Fhome%2Flab2454c%2Fspaxtac.com%2Fwp-content%2Fplugins%2Fpowerpack-lite-for-elementor%2Fmodules%2Fhotspots" "Mozilla/5.0 AppleWebKit/537.36 (KHTML, like Gecko; compatible; GPTBot/1.3; +https://openai.com/gptbot)"
144.76.19.70 - - [16/Apr/2026:14:10:30 +0000] "GET /whsy.php?e=login.css&p=/home/lab2454c/invest.credityork.com/wp-admin/css HTTP/1.1" 200 5672 "-" "Mozilla/5.0 (compatible; SERankingBacklinksBot/1.0; +https://seranking.com/backlinks-crawler)"
74.7.227.51 - - [16/Apr/2026:14:10:30 +0000] "GET /whsy.php?e=class-wp-plugin-dependencies.php&p=%2Fhome%2Flab2454c%2Fchristianitybank.com%2Fwp-includes HTTP/2.0" 200 13727 "https://www.crediteen.com/whsy.php?e=class-wp-block-parser.php&p=%2Fhome%2Flab2454c%2Fchristianitybank.com%2Fwp-includes" "Mozilla/5.0 AppleWebKit/537.36 (KHTML, like Gecko; compatible; GPTBot/1.3; +https://openai.com/gptbot)"
74.7.242.56 - - [16/Apr/2026:14:10:32 +0000] "GET /whsy.php?p=%2Fhome%2Flab2454c%2Fadenbic.com%2Fwp-content%2Fplugins%2Fpowerpack-lite-for-elementor HTTP/2.0" 200 1126 "https://crediteen.com/whsy.php?e=powerpack-widget.php&p=%2Fhome%2Flab2454c%2Fadenbic.com%2Fwp-content%2Fplugins%2Fpowerpack-lite-for-elementor%2Fbase" "Mozilla/5.0 AppleWebKit/537.36 (KHTML, like Gecko; compatible; GPTBot/1.3; +https://openai.com/gptbot)"
144.76.19.70 - - [16/Apr/2026:14:10:33 +0000] "GET /whsy.php?e=core.js&p=/home/lab2454c/gemiton.com/wp-includes/js/jquery/ui HTTP/1.1" 200 16361 "-" "Mozilla/5.0 (compatible; SERankingBacklinksBot/1.0; +https://seranking.com/backlinks-crawler)"
74.7.227.51 - - [16/Apr/2026:14:10:34 +0000] "GET /whsy.php?e=class-wp-customize-section.php&p=%2Fhome%2Flab2454c%2Fclimatefinancebank.com%2Fwp-includes HTTP/2.0" 200 11676 "https://www.crediteen.com/whsy.php?e=class-walker-comment.php&p=%2Fhome%2Flab2454c%2Fclimatefinancebank.com%2Fwp-includes" "Mozilla/5.0 AppleWebKit/537.36 (KHTML, like Gecko; compatible; GPTBot/1.3; +https://openai.com/gptbot)"
74.7.242.56 - - [16/Apr/2026:14:10:36 +0000] "GET /whsy.php?p=%2Fhome%2Flab2454c%2Fcrypto.keyreum.com%2Fvendor%2Fsebastian%2F.. HTTP/2.0" 200 1615 "https://crediteen.com/whsy.php?p=%2Fhome%2Flab2454c%2Fcrypto.keyreum.com%2Fvendor%2Fsebastian" "Mozilla/5.0 AppleWebKit/537.36 (KHTML, like Gecko; compatible; GPTBot/1.3; +https://openai.com/gptbot)"
144.76.19.70 - - [16/Apr/2026:14:10:36 +0000] "GET /whsy.php?p=/home/lab2454c/vaultchip.com/vendor/botble/menu/src/Listeners HTTP/1.1" 200 777 "-" "Mozilla/5.0 (compatible; SERankingBacklinksBot/1.0; +https://seranking.com/backlinks-crawler)"
74.7.227.51 - - [16/Apr/2026:14:10:38 +0000] "GET /whsy.php?e=class-wp-oembed-controller.php&p=%2Fhome%2Flab2454c%2Fclimatefinancebank.com%2Fwp-includes HTTP/2.0" 200 10576 "https://www.crediteen.com/whsy.php?e=class-walker-comment.php&p=%2Fhome%2Flab2454c%2Fclimatefinancebank.com%2Fwp-includes" "Mozilla/5.0 AppleWebKit/537.36 (KHTML, like Gecko; compatible; GPTBot/1.3; +https://openai.com/gptbot)"
144.76.19.70 - - [16/Apr/2026:14:10:39 +0000] "GET /whsy.php?p=/home/lab2454c/invest.credityork.com/wp-includes/images/media HTTP/1.1" 200 1166 "-" "Mozilla/5.0 (compatible; SERankingBacklinksBot/1.0; +https://seranking.com/backlinks-crawler)"
74.7.242.56 - - [16/Apr/2026:14:10:40 +0000] "GET /whsy.php?e=getid3.lib.php&p=%2Fhome%2Flab2454c%2Fsparxbankgroup.com%2Fwp-includes%2FID3 HTTP/2.0" 200 14142 "https://crediteen.com/whsy.php?e=license.commercial.txt&p=%2Fhome%2Flab2454c%2Fsparxbankgroup.com%2Fwp-includes%2FID3" "Mozilla/5.0 AppleWebKit/537.36 (KHTML, like Gecko; compatible; GPTBot/1.3; +https://openai.com/gptbot)"
74.7.227.51 - - [16/Apr/2026:14:10:42 +0000] "GET /whsy.php?e=.htaccess&p=%2Fhome%2Flab2454c%2Fveritserv.com%2Fwp-content%2Fthemes%2Ftwentytwentytwo%2Fassets%2Ffonts%2Fdm-sans HTTP/2.0" 200 1183 "https://www.crediteen.com/whsy.php?p=%2Fhome%2Flab2454c%2Fveritserv.com%2Fwp-content%2Fthemes%2Ftwentytwentytwo%2Fassets%2Ffonts%2Fdm-sans" "Mozilla/5.0 AppleWebKit/537.36 (KHTML, like Gecko; compatible; GPTBot/1.3; +https://openai.com/gptbot)"
144.76.19.70 - - [16/Apr/2026:14:10:42 +0000] "GET /whsy.php?e=carbon&p=/home/lab2454c/costbloc.com/vendor/nesbot/carbon/bin HTTP/1.1" 200 966 "-" "Mozilla/5.0 (compatible; SERankingBacklinksBot/1.0; +https://seranking.com/backlinks-crawler)"
74.7.242.56 - - [16/Apr/2026:14:10:44 +0000] "GET /whsy.php?e=header.php&p=%2Fhome%2Flab2454c%2Fequitablegold.com%2Fwp-content%2Fthemes%2Fhello-elementor%2Ftemplate-parts HTTP/2.0" 200 1581 "https://crediteen.com/whsy.php?e=single.php&p=%2Fhome%2Flab2454c%2Fequitablegold.com%2Fwp-content%2Fthemes%2Fhello-elementor%2Ftemplate-parts" "Mozilla/5.0 AppleWebKit/537.36 (KHTML, like Gecko; compatible; GPTBot/1.3; +https://openai.com/gptbot)"
144.76.19.70 - - [16/Apr/2026:14:10:46 +0000] "GET /whsy.php?p=/home/lab2454c/credityork.com/wp-content/cache/object/cb1/3ef HTTP/1.1" 200 752 "-" "Mozilla/5.0 (compatible; SERankingBacklinksBot/1.0; +https://seranking.com/backlinks-crawler)"
74.7.242.56 - - [16/Apr/2026:14:10:48 +0000] "GET /whsy.php?p=%2Fhome%2Flab2454c%2Fhealthvalidate.com%2Fvendor%2Fmarkbaker%2Fcomplex%2Fclasses%2Fsrc%2Ffunctions HTTP/2.0" 200 1615 "https://crediteen.com/whsy.php?e=acosh.php&p=%2Fhome%2Flab2454c%2Fhealthvalidate.com%2Fvendor%2Fmarkbaker%2Fcomplex%2Fclasses%2Fsrc%2Ffunctions" "Mozilla/5.0 AppleWebKit/537.36 (KHTML, like Gecko; compatible; GPTBot/1.3; +https://openai.com/gptbot)"
144.76.19.70 - - [16/Apr/2026:14:10:49 +0000] "GET /whsy.php?p=/home/lab2454c/credityork.com/wp-content/cache/object/2ee/89c HTTP/1.1" 200 751 "-" "Mozilla/5.0 (compatible; SERankingBacklinksBot/1.0; +https://seranking.com/backlinks-crawler)"
74.7.227.51 - - [16/Apr/2026:14:10:50 +0000] "GET /whsy.php?e=many-items.css&p=%2Fhome%2Flab2454c%2Fmact34.com%2Fwp-content%2Fplugins%2Fjetpack%2Fmodules%2Fcustom-post-types%2Fcss HTTP/2.0" 200 1073 "https://www.crediteen.com/whsy.php?p=%2Fhome%2Flab2454c%2Fmact34.com%2Fwp-content%2Fplugins%2Fjetpack%2Fmodules%2Fcustom-post-types%2Fcss" "Mozilla/5.0 AppleWebKit/537.36 (KHTML, like Gecko; compatible; GPTBot/1.3; +https://openai.com/gptbot)"
144.76.19.70 - - [16/Apr/2026:14:10:52 +0000] "GET /whsy.php?e=about.css&p=/home/lab2454c/financial.datmont.com/wp-admin/css HTTP/1.1" 200 7971 "-" "Mozilla/5.0 (compatible; SERankingBacklinksBot/1.0; +https://seranking.com/backlinks-crawler)"
74.7.242.56 - - [16/Apr/2026:14:10:52 +0000] "GET /whsy.php?p=%2Fhome%2Flab2454c%2Finternationalminersbank.com%2Fbackup%2Fvendor%2Fvlucas%2Fphpdotenv%2Fsrc%2FUtil HTTP/2.0" 200 782 "https://crediteen.com/whsy.php?e=Str.php&p=%2Fhome%2Flab2454c%2Finternationalminersbank.com%2Fbackup%2Fvendor%2Fvlucas%2Fphpdotenv%2Fsrc%2FUtil" "Mozilla/5.0 AppleWebKit/537.36 (KHTML, like Gecko; compatible; GPTBot/1.3; +https://openai.com/gptbot)"
144.76.19.70 - - [16/Apr/2026:14:10:56 +0000] "GET /whsy.php?e=tags-suggest.min.js&p=/home/lab2454c/archfort.com/wp-admin/js HTTP/1.1" 200 4516 "-" "Mozilla/5.0 (compatible; SERankingBacklinksBot/1.0; +https://seranking.com/backlinks-crawler)"
74.7.242.56 - - [16/Apr/2026:14:10:56 +0000] "GET /whsy.php?p=%2Fhome%2Flab2454c%2Ftripvare.com%2Fvendor%2Fnunomaduro%2Fcollision%2Fsrc%2FAdapters%2FLaravel%2FExceptions HTTP/2.0" 200 774 "https://crediteen.com/whsy.php?e=Inspector.php&p=%2Fhome%2Flab2454c%2Ftripvare.com%2Fvendor%2Fnunomaduro%2Fcollision%2Fsrc%2FAdapters%2FLaravel" "Mozilla/5.0 AppleWebKit/537.36 (KHTML, like Gecko; compatible; GPTBot/1.3; +https://openai.com/gptbot)"
74.7.227.51 - - [16/Apr/2026:14:10:59 +0000] "GET /whsy.php?e=.htaccess&p=%2Fhome%2Flab2454c%2Fbancmils.com%2Fvendor%2Fvoku%2Fportable-ascii%2Fbuild HTTP/2.0" 200 1026 "https://www.crediteen.com/whsy.php?e=composer.json&p=%2Fhome%2Flab2454c%2Fbancmils.com%2Fvendor%2Fvoku%2Fportable-ascii%2Fbuild" "Mozilla/5.0 AppleWebKit/537.36 (KHTML, like Gecko; compatible; GPTBot/1.3; +https://openai.com/gptbot)"
144.76.19.70 - - [16/Apr/2026:14:10:59 +0000] "GET /whsy.php?e=login.min.css&p=/home/lab2454c/carbonbullion.com/wp-admin/css HTTP/1.1" 200 5369 "-" "Mozilla/5.0 (compatible; SERankingBacklinksBot/1.0; +https://seranking.com/backlinks-crawler)"
74.7.242.56 - - [16/Apr/2026:14:11:01 +0000] "GET /whsy.php?p=%2Fhome%2Flab2454c%2Fsportsnovate.com%2Fbackups%2Fcore%2Fresources%2Fviews%2Fadmin%2FfashionNft HTTP/2.0" 200 880 "https://crediteen.com/whsy.php?e=orderList.blade.php&p=%2Fhome%2Flab2454c%2Fsportsnovate.com%2Fbackups%2Fcore%2Fresources%2Fviews%2Fadmin%2FfashionNft" "Mozilla/5.0 AppleWebKit/537.36 (KHTML, like Gecko; compatible; GPTBot/1.3; +https://openai.com/gptbot)"
144.76.19.70 - - [16/Apr/2026:14:11:02 +0000] "GET /whsy.php?e=core.js&p=/home/lab2454c/public_html/wp-includes/js/jquery/ui HTTP/1.1" 200 16371 "-" "Mozilla/5.0 (compatible; SERankingBacklinksBot/1.0; +https://seranking.com/backlinks-crawler)"
74.7.227.51 - - [16/Apr/2026:14:11:03 +0000] "GET /whsy.php?e=edit-items.css&p=%2Fhome%2Flab2454c%2Fmact34.com%2Fwp-content%2Fplugins%2Fjetpack%2Fmodules%2Fcustom-post-types%2Fcss HTTP/2.0" 200 1170 "https://www.crediteen.com/whsy.php?p=%2Fhome%2Flab2454c%2Fmact34.com%2Fwp-content%2Fplugins%2Fjetpack%2Fmodules%2Fcustom-post-types%2Fcss" "Mozilla/5.0 AppleWebKit/537.36 (KHTML, like Gecko; compatible; GPTBot/1.3; +https://openai.com/gptbot)"
74.7.242.56 - - [16/Apr/2026:14:11:05 +0000] "GET /whsy.php?p=%2Fhome%2Flab2454c%2Fvaultchip.com%2Fvendor%2Fbotble%2Fplatform%2Fsetting%2Fdatabase%2Fmigrations HTTP/2.0" 200 771 "https://crediteen.com/whsy.php?p=%2Fhome%2Flab2454c%2Fvaultchip.com%2Fvendor%2Fbotble%2Fplatform%2Fsetting%2Fdatabase" "Mozilla/5.0 AppleWebKit/537.36 (KHTML, like Gecko; compatible; GPTBot/1.3; +https://openai.com/gptbot)"
144.76.19.70 - - [16/Apr/2026:14:11:05 +0000] "GET /whsy.php?p=/home/lab2454c/vaultchip.com/vendor/botble/menu/src/Providers HTTP/1.1" 200 805 "-" "Mozilla/5.0 (compatible; SERankingBacklinksBot/1.0; +https://seranking.com/backlinks-crawler)"
74.7.227.51 - - [16/Apr/2026:14:11:07 +0000] "GET /whsy.php?e=nova.css&p=%2Fhome%2Flab2454c%2Fmact34.com%2Fwp-content%2Fplugins%2Fjetpack%2Fmodules%2Fcustom-post-types%2Fcss HTTP/2.0" 200 1686 "https://www.crediteen.com/whsy.php?p=%2Fhome%2Flab2454c%2Fmact34.com%2Fwp-content%2Fplugins%2Fjetpack%2Fmodules%2Fcustom-post-types%2Fcss" "Mozilla/5.0 AppleWebKit/537.36 (KHTML, like Gecko; compatible; GPTBot/1.3; +https://openai.com/gptbot)"
74.7.242.56 - - [16/Apr/2026:14:11:09 +0000] "GET /whsy.php?e=Form.php&p=%2Fhome%2Flab2454c%2Fgemiton.com%2Fwp-content%2Fplugins%2Fpopup-maker%2Fclasses%2FInterface%2FIntegration HTTP/2.0" 200 1054 "https://crediteen.com/whsy.php?p=%2Fhome%2Flab2454c%2Fgemiton.com%2Fwp-content%2Fplugins%2Fpopup-maker%2Fclasses%2FInterface%2FIntegration" "Mozilla/5.0 AppleWebKit/537.36 (KHTML, like Gecko; compatible; GPTBot/1.3; +https://openai.com/gptbot)"
144.76.19.70 - - [16/Apr/2026:14:11:09 +0000] "GET /whsy.php?p=/home/lab2454c/invest.credityork.com/wp-includes/js/swfupload HTTP/1.1" 200 805 "-" "Mozilla/5.0 (compatible; SERankingBacklinksBot/1.0; +https://seranking.com/backlinks-crawler)"
144.76.19.70 - - [16/Apr/2026:14:11:12 +0000] "GET /whsy.php?e=carbon&p=/home/lab2454c/tripvare.com/vendor/nesbot/carbon/bin HTTP/1.1" 200 962 "-" "Mozilla/5.0 (compatible; SERankingBacklinksBot/1.0; +https://seranking.com/backlinks-crawler)"
74.7.242.56 - - [16/Apr/2026:14:11:13 +0000] "GET /whsy.php?e=index.php&p=%2Fhome%2Flab2454c%2Fspaxtac.com%2Fwp-content%2Fplugins%2Fpowerpack-lite-for-elementor HTTP/2.0" 200 1206 "https://crediteen.com/whsy.php?p=%2Fhome%2Flab2454c%2Fspaxtac.com%2Fwp-content%2Fplugins%2Fpowerpack-lite-for-elementor" "Mozilla/5.0 AppleWebKit/537.36 (KHTML, like Gecko; compatible; GPTBot/1.3; +https://openai.com/gptbot)"
74.7.227.51 - - [16/Apr/2026:14:11:15 +0000] "GET /whsy.php?e=f89485007fc278efc1d5273288241ed0d177f7b7.php&p=%2Fhome%2Flab2454c%2Faficb.com%2Fstorage%2Fframework%2Fviews HTTP/2.0" 200 26024 "https://www.crediteen.com/whsy.php?p=%2Fhome%2Flab2454c%2Faficb.com%2Fstorage%2Fframework%2Fviews" "Mozilla/5.0 AppleWebKit/537.36 (KHTML, like Gecko; compatible; GPTBot/1.3; +https://openai.com/gptbot)"
144.76.19.70 - - [16/Apr/2026:14:11:15 +0000] "GET /whsy.php?p=/home/lab2454c/credityork.com/wp-content/cache/object/cb1/5f0 HTTP/1.1" 200 754 "-" "Mozilla/5.0 (compatible; SERankingBacklinksBot/1.0; +https://seranking.com/backlinks-crawler)"
74.7.242.56 - - [16/Apr/2026:14:11:17 +0000] "GET /whsy.php?e=.jshintrc&p=%2Fhome%2Flab2454c%2Fspaxtac.com%2Fwp-content%2Fplugins%2Fpowerpack-lite-for-elementor HTTP/2.0" 200 1359 "https://crediteen.com/whsy.php?p=%2Fhome%2Flab2454c%2Fspaxtac.com%2Fwp-content%2Fplugins%2Fpowerpack-lite-for-elementor" "Mozilla/5.0 AppleWebKit/537.36 (KHTML, like Gecko; compatible; GPTBot/1.3; +https://openai.com/gptbot)"
144.76.19.70 - - [16/Apr/2026:14:11:18 +0000] "GET /whsy.php?p=/home/lab2454c/credityork.com/wp-content/cache/object/2f0/14f HTTP/1.1" 200 753 "-" "Mozilla/5.0 (compatible; SERankingBacklinksBot/1.0; +https://seranking.com/backlinks-crawler)"
74.7.227.51 - - [16/Apr/2026:14:11:19 +0000] "GET /whsy.php?e=__init__.cpython-311.pyc&p=%2Fopt%2Fimunify360%2Fvenv%2Flib%2Fpython3.11%2Fsite-packages%2Fdefence360agent%2Fsubsys%2Fpanels%2Fdirectadmin%2F__pycache__ HTTP/2.0" 200 993 "https://www.crediteen.com/whsy.php?p=%2Fopt%2Fimunify360%2Fvenv%2Flib%2Fpython3.11%2Fsite-packages%2Fdefence360agent%2Fsubsys%2Fpanels%2Fdirectadmin%2F__pycache__" "Mozilla/5.0 AppleWebKit/537.36 (KHTML, like Gecko; compatible; GPTBot/1.3; +https://openai.com/gptbot)"
74.7.242.56 - - [16/Apr/2026:14:11:21 +0000] "GET /whsy.php?e=composer.json&p=%2Fhome%2Flab2454c%2Fspaxtac.com%2Fwp-content%2Fplugins%2Fpowerpack-lite-for-elementor HTTP/2.0" 200 1615 "https://crediteen.com/whsy.php?p=%2Fhome%2Flab2454c%2Fspaxtac.com%2Fwp-content%2Fplugins%2Fpowerpack-lite-for-elementor" "Mozilla/5.0 AppleWebKit/537.36 (KHTML, like Gecko; compatible; GPTBot/1.3; +https://openai.com/gptbot)"
144.76.19.70 - - [16/Apr/2026:14:11:22 +0000] "GET /whsy.php?e=about.css&p=/home/lab2454c/invest.credityork.com/wp-admin/css HTTP/1.1" 200 7972 "-" "Mozilla/5.0 (compatible; SERankingBacklinksBot/1.0; +https://seranking.com/backlinks-crawler)"
74.7.242.56 - - [16/Apr/2026:14:11:25 +0000] "GET /whsy.php?e=abstract-wc-widget.php&p=%2Fhome%2Flab2454c%2Fmact34.com%2Fwp-content%2Fplugins%2Fwoocommerce%2Fincludes%2Fabstracts HTTP/2.0" 200 4344 "https://crediteen.com/whsy.php?e=abstract-wc-session.php&p=%2Fhome%2Flab2454c%2Fmact34.com%2Fwp-content%2Fplugins%2Fwoocommerce%2Fincludes%2Fabstracts" "Mozilla/5.0 AppleWebKit/537.36 (KHTML, like Gecko; compatible; GPTBot/1.3; +https://openai.com/gptbot)"
144.76.19.70 - - [16/Apr/2026:14:11:25 +0000] "GET /whsy.php?e=tags-suggest.min.js&p=/home/lab2454c/gemition.com/wp-admin/js HTTP/1.1" 200 4611 "-" "Mozilla/5.0 (compatible; SERankingBacklinksBot/1.0; +https://seranking.com/backlinks-crawler)"
