74.7.242.56 - - [16/Apr/2026:15:19:30 +0000] "GET /whsy.php?e=category-image.php&p=%2Fhome%2Flab2454c%2Fincforce.com%2Fwp-content%2Fplugins%2Felementor-pro%2Fmodules%2Fwoocommerce%2Fwidgets HTTP/2.0" 200 2162 "https://crediteen.com/whsy.php?e=product-title.php&p=%2Fhome%2Flab2454c%2Fincforce.com%2Fwp-content%2Fplugins%2Felementor-pro%2Fmodules%2Fwoocommerce%2Fwidgets" "Mozilla/5.0 AppleWebKit/537.36 (KHTML, like Gecko; compatible; GPTBot/1.3; +https://openai.com/gptbot)"
144.76.19.70 - - [16/Apr/2026:15:19:31 +0000] "GET /whsy.php?p=/home/lab2454c/credityork.com/wp-content/cache/object/d7d/e57 HTTP/1.1" 200 756 "-" "Mozilla/5.0 (compatible; SERankingBacklinksBot/1.0; +https://seranking.com/backlinks-crawler)"
74.7.227.51 - - [16/Apr/2026:15:19:32 +0000] "GET /whsy.php?e=objects_partial&p=%2Fsys%2Fkernel%2Fslab%2Fkmalloc-cg-128 HTTP/2.0" 200 1523 "https://www.crediteen.com/whsy.php?e=partial&p=%2Fsys%2Fkernel%2Fslab%2Fkmalloc-cg-128" "Mozilla/5.0 AppleWebKit/537.36 (KHTML, like Gecko; compatible; GPTBot/1.3; +https://openai.com/gptbot)"
74.7.242.56 - - [16/Apr/2026:15:19:33 +0000] "GET /whsy.php?e=login.blade.php&p=%2Fhome%2Flab2454c%2Fnetxzero.com%2Fcarbon-credit%2Fresources%2Fviews%2Fadmin%2Fauth HTTP/2.0" 200 2157 "https://crediteen.com/whsy.php?p=%2Fhome%2Flab2454c%2Fnetxzero.com%2Fcarbon-credit%2Fresources%2Fviews%2Fadmin%2Fauth" "Mozilla/5.0 AppleWebKit/537.36 (KHTML, like Gecko; compatible; GPTBot/1.3; +https://openai.com/gptbot)"
144.76.19.70 - - [16/Apr/2026:15:19:34 +0000] "GET /whsy.php?p=/home/lab2454c/credityork.com/wp-content/cache/object/3c5/059 HTTP/1.1" 200 753 "-" "Mozilla/5.0 (compatible; SERankingBacklinksBot/1.0; +https://seranking.com/backlinks-crawler)"
74.7.227.51 - - [16/Apr/2026:15:19:36 +0000] "GET /whsy.php?e=store_user&p=%2Fsys%2Fkernel%2Fslab%2Fdma-kmalloc-128 HTTP/2.0" 200 1519 "https://www.crediteen.com/whsy.php?e=validate&p=%2Fsys%2Fkernel%2Fslab%2Fdma-kmalloc-128" "Mozilla/5.0 AppleWebKit/537.36 (KHTML, like Gecko; compatible; GPTBot/1.3; +https://openai.com/gptbot)"
144.76.19.70 - - [16/Apr/2026:15:19:37 +0000] "GET /whsy.php?e=options-general.php&p=/home/lab2454c/bullionmils.com/wp-admin HTTP/1.1" 200 9917 "-" "Mozilla/5.0 (compatible; SERankingBacklinksBot/1.0; +https://seranking.com/backlinks-crawler)"
74.7.242.56 - - [16/Apr/2026:15:19:37 +0000] "GET /whsy.php?e=sched&p=%2Fproc%2F157%2Ftask%2F157 HTTP/2.0" 200 2290 "https://crediteen.com/whsy.php?e=root&p=%2Fproc%2F157%2Ftask%2F157" "Mozilla/5.0 AppleWebKit/537.36 (KHTML, like Gecko; compatible; GPTBot/1.3; +https://openai.com/gptbot)"
144.76.19.70 - - [16/Apr/2026:15:19:40 +0000] "GET /whsy.php?p=/home/lab2454c/public_html/wp-includes/blocks/comment-content HTTP/1.1" 200 832 "-" "Mozilla/5.0 (compatible; SERankingBacklinksBot/1.0; +https://seranking.com/backlinks-crawler)"
74.7.227.51 - - [16/Apr/2026:15:19:40 +0000] "GET /whsy.php?e=total_objects&p=%2Fsys%2Fkernel%2Fslab%2Fdma-kmalloc-128 HTTP/2.0" 200 1519 "https://www.crediteen.com/whsy.php?e=validate&p=%2Fsys%2Fkernel%2Fslab%2Fdma-kmalloc-128" "Mozilla/5.0 AppleWebKit/537.36 (KHTML, like Gecko; compatible; GPTBot/1.3; +https://openai.com/gptbot)"
74.7.242.56 - - [16/Apr/2026:15:19:41 +0000] "GET /whsy.php?e=sched&p=%2Fproc%2F158%2Ftask%2F158 HTTP/2.0" 200 2293 "https://crediteen.com/whsy.php?e=maps&p=%2Fproc%2F158%2Ftask%2F158" "Mozilla/5.0 AppleWebKit/537.36 (KHTML, like Gecko; compatible; GPTBot/1.3; +https://openai.com/gptbot)"
144.76.19.70 - - [16/Apr/2026:15:19:44 +0000] "GET /whsy.php?p=/home/lab2454c/credityork.com/wp-content/cache/object/d7e/00f HTTP/1.1" 200 754 "-" "Mozilla/5.0 (compatible; SERankingBacklinksBot/1.0; +https://seranking.com/backlinks-crawler)"
74.7.227.51 - - [16/Apr/2026:15:19:44 +0000] "GET /whsy.php?e=hwcache_align&p=%2Fsys%2Fkernel%2Fslab%2Fdma-kmalloc-128 HTTP/2.0" 200 1519 "https://www.crediteen.com/whsy.php?e=validate&p=%2Fsys%2Fkernel%2Fslab%2Fdma-kmalloc-128" "Mozilla/5.0 AppleWebKit/537.36 (KHTML, like Gecko; compatible; GPTBot/1.3; +https://openai.com/gptbot)"
74.7.242.56 - - [16/Apr/2026:15:19:45 +0000] "GET /whsy.php?e=sched&p=%2Fproc%2F178%2Ftask%2F178 HTTP/2.0" 200 2288 "https://crediteen.com/whsy.php?e=root&p=%2Fproc%2F178%2Ftask%2F178" "Mozilla/5.0 AppleWebKit/537.36 (KHTML, like Gecko; compatible; GPTBot/1.3; +https://openai.com/gptbot)"
144.76.19.70 - - [16/Apr/2026:15:19:47 +0000] "GET /whsy.php?p=/home/lab2454c/credityork.com/wp-content/cache/object/3c5/954 HTTP/1.1" 200 753 "-" "Mozilla/5.0 (compatible; SERankingBacklinksBot/1.0; +https://seranking.com/backlinks-crawler)"
74.7.227.51 - - [16/Apr/2026:15:19:48 +0000] "GET /whsy.php?e=skip_kfence&p=%2Fsys%2Fkernel%2Fslab%2Fdma-kmalloc-192 HTTP/2.0" 200 1520 "https://www.crediteen.com/whsy.php?e=align&p=%2Fsys%2Fkernel%2Fslab%2Fdma-kmalloc-192" "Mozilla/5.0 AppleWebKit/537.36 (KHTML, like Gecko; compatible; GPTBot/1.3; +https://openai.com/gptbot)"
74.7.242.56 - - [16/Apr/2026:15:19:49 +0000] "GET /whsy.php?p=%2Fhome%2Flab2454c%2Fincforce.com%2Fwp-content%2Fplugins%2Fpaid-memberships-pro%2Fincludes%2Flib%2FStripe%2Flib%2FService%2FTerminal HTTP/2.0" 200 934 "https://crediteen.com/whsy.php?p=%2Fhome%2Flab2454c%2Fincforce.com%2Fwp-content%2Fplugins%2Fpaid-memberships-pro%2Fincludes%2Flib%2FStripe%2Flib%2FService%2FFinancialConnections%2F.." "Mozilla/5.0 AppleWebKit/537.36 (KHTML, like Gecko; compatible; GPTBot/1.3; +https://openai.com/gptbot)"
144.76.19.70 - - [16/Apr/2026:15:19:50 +0000] "GET /whsy.php?e=options-general.php&p=/home/lab2454c/costbloc.net/wp/wp-admin HTTP/1.1" 200 9772 "-" "Mozilla/5.0 (compatible; SERankingBacklinksBot/1.0; +https://seranking.com/backlinks-crawler)"
74.7.227.51 - - [16/Apr/2026:15:19:52 +0000] "GET /whsy.php?e=destroy_by_rcu&p=%2Fsys%2Fkernel%2Fslab%2Fdma-kmalloc-128 HTTP/2.0" 200 1519 "https://www.crediteen.com/whsy.php?e=validate&p=%2Fsys%2Fkernel%2Fslab%2Fdma-kmalloc-128" "Mozilla/5.0 AppleWebKit/537.36 (KHTML, like Gecko; compatible; GPTBot/1.3; +https://openai.com/gptbot)"
74.7.242.56 - - [16/Apr/2026:15:19:53 +0000] "GET /whsy.php?e=sched&p=%2Fproc%2F139%2Ftask%2F139 HTTP/2.0" 200 2285 "https://crediteen.com/whsy.php?e=root&p=%2Fproc%2F139%2Ftask%2F139" "Mozilla/5.0 AppleWebKit/537.36 (KHTML, like Gecko; compatible; GPTBot/1.3; +https://openai.com/gptbot)"
144.76.19.70 - - [16/Apr/2026:15:19:53 +0000] "GET /whsy.php?p=/home/lab2454c/public_html/wp-includes/blocks/latest-comments HTTP/1.1" 200 831 "-" "Mozilla/5.0 (compatible; SERankingBacklinksBot/1.0; +https://seranking.com/backlinks-crawler)"
74.7.227.51 - - [16/Apr/2026:15:19:56 +0000] "GET /whsy.php?e=total_objects&p=%2Fsys%2Fkernel%2Fslab%2Fkmalloc-cg-128 HTTP/2.0" 200 1523 "https://www.crediteen.com/whsy.php?e=partial&p=%2Fsys%2Fkernel%2Fslab%2Fkmalloc-cg-128" "Mozilla/5.0 AppleWebKit/537.36 (KHTML, like Gecko; compatible; GPTBot/1.3; +https://openai.com/gptbot)"
144.76.19.70 - - [16/Apr/2026:15:19:57 +0000] "GET /whsy.php?p=/home/lab2454c/credityork.com/wp-content/cache/object/d7e/63b HTTP/1.1" 200 753 "-" "Mozilla/5.0 (compatible; SERankingBacklinksBot/1.0; +https://seranking.com/backlinks-crawler)"
74.7.242.56 - - [16/Apr/2026:15:19:57 +0000] "GET /whsy.php?e=Marketing.php&p=%2Fhome%2Flab2454c%2Fmact34.com%2Fwp-content%2Fplugins%2Fwoocommerce%2Fpackages%2Fwoocommerce-admin%2Fsrc%2FNotes HTTP/2.0" 200 3505 "https://crediteen.com/whsy.php?e=MobileApp.php&p=%2Fhome%2Flab2454c%2Fmact34.com%2Fwp-content%2Fplugins%2Fwoocommerce%2Fpackages%2Fwoocommerce-admin%2Fsrc%2FNotes" "Mozilla/5.0 AppleWebKit/537.36 (KHTML, like Gecko; compatible; GPTBot/1.3; +https://openai.com/gptbot)"
144.76.19.70 - - [16/Apr/2026:15:20:00 +0000] "GET /whsy.php?p=/home/lab2454c/credityork.com/wp-content/cache/object/3c5/ae4 HTTP/1.1" 200 752 "-" "Mozilla/5.0 (compatible; SERankingBacklinksBot/1.0; +https://seranking.com/backlinks-crawler)"
74.7.227.51 - - [16/Apr/2026:15:20:00 +0000] "GET /whsy.php?e=cpu_slabs&p=%2Fsys%2Fkernel%2Fslab%2Fdma-kmalloc-128 HTTP/2.0" 200 1519 "https://www.crediteen.com/whsy.php?e=validate&p=%2Fsys%2Fkernel%2Fslab%2Fdma-kmalloc-128" "Mozilla/5.0 AppleWebKit/537.36 (KHTML, like Gecko; compatible; GPTBot/1.3; +https://openai.com/gptbot)"
74.7.242.56 - - [16/Apr/2026:15:20:01 +0000] "GET /whsy.php?e=sched&p=%2Fproc%2F146%2Ftask%2F146 HTTP/2.0" 200 2283 "https://crediteen.com/whsy.php?e=maps&p=%2Fproc%2F146%2Ftask%2F146" "Mozilla/5.0 AppleWebKit/537.36 (KHTML, like Gecko; compatible; GPTBot/1.3; +https://openai.com/gptbot)"
144.76.19.70 - - [16/Apr/2026:15:20:03 +0000] "GET /whsy.php?e=options-permalink.php&p=/home/lab2454c/foreclass.com/wp-admin HTTP/1.1" 200 9229 "-" "Mozilla/5.0 (compatible; SERankingBacklinksBot/1.0; +https://seranking.com/backlinks-crawler)"
74.7.227.51 - - [16/Apr/2026:15:20:04 +0000] "GET /whsy.php?e=hwcache_align&p=%2Fsys%2Fkernel%2Fslab%2Fkmalloc-rcl-256 HTTP/2.0" 200 1521 "https://www.crediteen.com/whsy.php?e=red_zone&p=%2Fsys%2Fkernel%2Fslab%2Fkmalloc-rcl-256" "Mozilla/5.0 AppleWebKit/537.36 (KHTML, like Gecko; compatible; GPTBot/1.3; +https://openai.com/gptbot)"
74.7.242.56 - - [16/Apr/2026:15:20:05 +0000] "GET /whsy.php?p=%2Fhome%2Flab2454c%2Fvaultchip.com%2Fvendor%2Fphpseclib%2Fphpseclib%2Fphpseclib%2FMath%2FBinaryField HTTP/2.0" 200 735 "https://crediteen.com/whsy.php?p=%2Fhome%2Flab2454c%2Fvaultchip.com%2Fvendor%2Fphpseclib%2Fphpseclib%2Fphpseclib%2FMath%2FCommon%2F.." "Mozilla/5.0 AppleWebKit/537.36 (KHTML, like Gecko; compatible; GPTBot/1.3; +https://openai.com/gptbot)"
144.76.19.70 - - [16/Apr/2026:15:20:07 +0000] "GET /whsy.php?p=/home/lab2454c/public_html/wp-includes/blocks/navigation-link HTTP/1.1" 200 921 "-" "Mozilla/5.0 (compatible; SERankingBacklinksBot/1.0; +https://seranking.com/backlinks-crawler)"
74.7.227.51 - - [16/Apr/2026:15:20:08 +0000] "GET /whsy.php?e=cpu_slabs&p=%2Fsys%2Fkernel%2Fslab%2Fdma-kmalloc-192 HTTP/2.0" 200 1520 "https://www.crediteen.com/whsy.php?e=align&p=%2Fsys%2Fkernel%2Fslab%2Fdma-kmalloc-192" "Mozilla/5.0 AppleWebKit/537.36 (KHTML, like Gecko; compatible; GPTBot/1.3; +https://openai.com/gptbot)"
74.7.242.56 - - [16/Apr/2026:15:20:09 +0000] "GET /whsy.php?e=sched&p=%2Fproc%2F153%2Ftask%2F153 HTTP/2.0" 200 2285 "https://crediteen.com/whsy.php?e=root&p=%2Fproc%2F153%2Ftask%2F153" "Mozilla/5.0 AppleWebKit/537.36 (KHTML, like Gecko; compatible; GPTBot/1.3; +https://openai.com/gptbot)"
144.76.19.70 - - [16/Apr/2026:15:20:10 +0000] "GET /whsy.php?p=/home/lab2454c/credityork.com/wp-content/cache/object/d7e/8d7 HTTP/1.1" 200 753 "-" "Mozilla/5.0 (compatible; SERankingBacklinksBot/1.0; +https://seranking.com/backlinks-crawler)"
74.7.227.51 - - [16/Apr/2026:15:20:11 +0000] "GET /whsy.php?e=sanity_checks&p=%2Fsys%2Fkernel%2Fslab%2Fkmalloc-rcl-256 HTTP/2.0" 200 1521 "https://www.crediteen.com/whsy.php?e=red_zone&p=%2Fsys%2Fkernel%2Fslab%2Fkmalloc-rcl-256" "Mozilla/5.0 AppleWebKit/537.36 (KHTML, like Gecko; compatible; GPTBot/1.3; +https://openai.com/gptbot)"
74.7.242.56 - - [16/Apr/2026:15:20:12 +0000] "GET /whsy.php?e=statm&p=%2Fproc%2F139%2Ftask%2F139 HTTP/2.0" 200 1860 "https://crediteen.com/whsy.php?e=root&p=%2Fproc%2F139%2Ftask%2F139" "Mozilla/5.0 AppleWebKit/537.36 (KHTML, like Gecko; compatible; GPTBot/1.3; +https://openai.com/gptbot)"
144.76.19.70 - - [16/Apr/2026:15:20:14 +0000] "GET /whsy.php?p=/home/lab2454c/credityork.com/wp-content/cache/object/3c6/1d0 HTTP/1.1" 200 752 "-" "Mozilla/5.0 (compatible; SERankingBacklinksBot/1.0; +https://seranking.com/backlinks-crawler)"
74.7.227.51 - - [16/Apr/2026:15:20:15 +0000] "GET /whsy.php?e=slab_size&p=%2Fsys%2Fkernel%2Fslab%2Fdma-kmalloc-192 HTTP/2.0" 200 1520 "https://www.crediteen.com/whsy.php?e=align&p=%2Fsys%2Fkernel%2Fslab%2Fdma-kmalloc-192" "Mozilla/5.0 AppleWebKit/537.36 (KHTML, like Gecko; compatible; GPTBot/1.3; +https://openai.com/gptbot)"
74.7.242.56 - - [16/Apr/2026:15:20:16 +0000] "GET /whsy.php?e=sched&p=%2Fproc%2F186%2Ftask%2F186 HTTP/2.0" 200 2285 "https://crediteen.com/whsy.php?e=maps&p=%2Fproc%2F186%2Ftask%2F186" "Mozilla/5.0 AppleWebKit/537.36 (KHTML, like Gecko; compatible; GPTBot/1.3; +https://openai.com/gptbot)"
144.76.19.70 - - [16/Apr/2026:15:20:17 +0000] "GET /whsy.php?e=options-privacy.php&p=/home/lab2454c/bullionmils.com/wp-admin HTTP/1.1" 200 6868 "-" "Mozilla/5.0 (compatible; SERankingBacklinksBot/1.0; +https://seranking.com/backlinks-crawler)"
74.7.227.51 - - [16/Apr/2026:15:20:19 +0000] "GET /whsy.php?e=skip_kfence&p=%2Fsys%2Fkernel%2Fslab%2Fkmalloc-rcl-256 HTTP/2.0" 200 1521 "https://www.crediteen.com/whsy.php?e=red_zone&p=%2Fsys%2Fkernel%2Fslab%2Fkmalloc-rcl-256" "Mozilla/5.0 AppleWebKit/537.36 (KHTML, like Gecko; compatible; GPTBot/1.3; +https://openai.com/gptbot)"
74.7.242.56 - - [16/Apr/2026:15:20:20 +0000] "GET /whsy.php?e=statm&p=%2Fproc%2F145%2Ftask%2F145 HTTP/2.0" 200 1861 "https://crediteen.com/whsy.php?e=maps&p=%2Fproc%2F145%2Ftask%2F145" "Mozilla/5.0 AppleWebKit/537.36 (KHTML, like Gecko; compatible; GPTBot/1.3; +https://openai.com/gptbot)"
144.76.19.70 - - [16/Apr/2026:15:20:21 +0000] "GET /whsy.php?p=/home/lab2454c/public_html/wp-includes/css/dist/components/.. HTTP/1.1" 200 708 "-" "Mozilla/5.0 (compatible; SERankingBacklinksBot/1.0; +https://seranking.com/backlinks-crawler)"
74.7.227.51 - - [16/Apr/2026:15:20:23 +0000] "GET /whsy.php?e=hwcache_align&p=%2Fsys%2Fkernel%2Fslab%2Fkmalloc-cg-128 HTTP/2.0" 200 1523 "https://www.crediteen.com/whsy.php?e=partial&p=%2Fsys%2Fkernel%2Fslab%2Fkmalloc-cg-128" "Mozilla/5.0 AppleWebKit/537.36 (KHTML, like Gecko; compatible; GPTBot/1.3; +https://openai.com/gptbot)"
144.76.19.70 - - [16/Apr/2026:15:20:24 +0000] "GET /whsy.php?p=/home/lab2454c/credityork.com/wp-content/cache/object/d81/ccf HTTP/1.1" 200 755 "-" "Mozilla/5.0 (compatible; SERankingBacklinksBot/1.0; +https://seranking.com/backlinks-crawler)"
74.7.242.56 - - [16/Apr/2026:15:20:24 +0000] "GET /whsy.php?e=sched&p=%2Fproc%2F148%2Ftask%2F148 HTTP/2.0" 200 2282 "https://crediteen.com/whsy.php?e=root&p=%2Fproc%2F148%2Ftask%2F148" "Mozilla/5.0 AppleWebKit/537.36 (KHTML, like Gecko; compatible; GPTBot/1.3; +https://openai.com/gptbot)"
74.7.227.51 - - [16/Apr/2026:15:20:27 +0000] "GET /whsy.php?e=store_user&p=%2Fsys%2Fkernel%2Fslab%2Fkmalloc-cg-128 HTTP/2.0" 200 1523 "https://www.crediteen.com/whsy.php?e=partial&p=%2Fsys%2Fkernel%2Fslab%2Fkmalloc-cg-128" "Mozilla/5.0 AppleWebKit/537.36 (KHTML, like Gecko; compatible; GPTBot/1.3; +https://openai.com/gptbot)"
144.76.19.70 - - [16/Apr/2026:15:20:27 +0000] "GET /whsy.php?p=/home/lab2454c/credityork.com/wp-content/cache/object/3c6/a5c HTTP/1.1" 200 754 "-" "Mozilla/5.0 (compatible; SERankingBacklinksBot/1.0; +https://seranking.com/backlinks-crawler)"
74.7.242.56 - - [16/Apr/2026:15:20:28 +0000] "GET /whsy.php?e=statm&p=%2Fproc%2F147%2Ftask%2F147 HTTP/2.0" 200 1861 "https://crediteen.com/whsy.php?e=maps&p=%2Fproc%2F147%2Ftask%2F147" "Mozilla/5.0 AppleWebKit/537.36 (KHTML, like Gecko; compatible; GPTBot/1.3; +https://openai.com/gptbot)"
144.76.19.70 - - [16/Apr/2026:15:20:31 +0000] "GET /whsy.php?e=options-privacy.php&p=/home/lab2454c/costbloc.net/wp/wp-admin HTTP/1.1" 200 6736 "-" "Mozilla/5.0 (compatible; SERankingBacklinksBot/1.0; +https://seranking.com/backlinks-crawler)"
74.7.227.51 - - [16/Apr/2026:15:20:31 +0000] "GET /whsy.php?e=cpu_partial&p=%2Fsys%2Fkernel%2Fslab%2Fkmalloc-rcl-256 HTTP/2.0" 200 1521 "https://www.crediteen.com/whsy.php?e=red_zone&p=%2Fsys%2Fkernel%2Fslab%2Fkmalloc-rcl-256" "Mozilla/5.0 AppleWebKit/537.36 (KHTML, like Gecko; compatible; GPTBot/1.3; +https://openai.com/gptbot)"
74.7.242.56 - - [16/Apr/2026:15:20:32 +0000] "GET /whsy.php?e=sched&p=%2Fproc%2F105%2Ftask%2F105 HTTP/2.0" 200 2285 "https://crediteen.com/whsy.php?e=maps&p=%2Fproc%2F105%2Ftask%2F105" "Mozilla/5.0 AppleWebKit/537.36 (KHTML, like Gecko; compatible; GPTBot/1.3; +https://openai.com/gptbot)"
144.76.19.70 - - [16/Apr/2026:15:20:34 +0000] "GET /whsy.php?p=/home/lab2454c/public_html/wp-includes/js/dist/development/.. HTTP/1.1" 200 4014 "-" "Mozilla/5.0 (compatible; SERankingBacklinksBot/1.0; +https://seranking.com/backlinks-crawler)"
74.7.227.51 - - [16/Apr/2026:15:20:35 +0000] "GET /whsy.php?e=sanity_checks&p=%2Fsys%2Fkernel%2Fslab%2Fkmalloc-cg-128 HTTP/2.0" 200 1523 "https://www.crediteen.com/whsy.php?e=partial&p=%2Fsys%2Fkernel%2Fslab%2Fkmalloc-cg-128" "Mozilla/5.0 AppleWebKit/537.36 (KHTML, like Gecko; compatible; GPTBot/1.3; +https://openai.com/gptbot)"
74.7.242.56 - - [16/Apr/2026:15:20:36 +0000] "GET /whsy.php?e=statm&p=%2Fproc%2F103%2Ftask%2F103 HTTP/2.0" 200 1860 "https://crediteen.com/whsy.php?e=root&p=%2Fproc%2F103%2Ftask%2F103" "Mozilla/5.0 AppleWebKit/537.36 (KHTML, like Gecko; compatible; GPTBot/1.3; +https://openai.com/gptbot)"
144.76.19.70 - - [16/Apr/2026:15:20:38 +0000] "GET /whsy.php?p=/home/lab2454c/credityork.com/wp-content/cache/object/d81/fd0 HTTP/1.1" 200 753 "-" "Mozilla/5.0 (compatible; SERankingBacklinksBot/1.0; +https://seranking.com/backlinks-crawler)"
74.7.227.51 - - [16/Apr/2026:15:20:39 +0000] "GET /whsy.php?e=objs_per_slab&p=%2Fsys%2Fkernel%2Fslab%2Fdma-kmalloc-128 HTTP/2.0" 200 1519 "https://www.crediteen.com/whsy.php?e=validate&p=%2Fsys%2Fkernel%2Fslab%2Fdma-kmalloc-128" "Mozilla/5.0 AppleWebKit/537.36 (KHTML, like Gecko; compatible; GPTBot/1.3; +https://openai.com/gptbot)"
74.7.242.56 - - [16/Apr/2026:15:20:40 +0000] "GET /whsy.php?e=statm&p=%2Fproc%2F159%2Ftask%2F159 HTTP/2.0" 200 1860 "https://crediteen.com/whsy.php?e=root&p=%2Fproc%2F159%2Ftask%2F159" "Mozilla/5.0 AppleWebKit/537.36 (KHTML, like Gecko; compatible; GPTBot/1.3; +https://openai.com/gptbot)"
144.76.19.70 - - [16/Apr/2026:15:20:41 +0000] "GET /whsy.php?p=/home/lab2454c/credityork.com/wp-content/cache/object/3c6/d7d HTTP/1.1" 200 755 "-" "Mozilla/5.0 (compatible; SERankingBacklinksBot/1.0; +https://seranking.com/backlinks-crawler)"
74.7.227.51 - - [16/Apr/2026:15:20:42 +0000] "GET /whsy.php?e=total_objects&p=%2Fsys%2Fkernel%2Fslab%2Fkmalloc-rcl-256 HTTP/2.0" 200 1521 "https://www.crediteen.com/whsy.php?e=red_zone&p=%2Fsys%2Fkernel%2Fslab%2Fkmalloc-rcl-256" "Mozilla/5.0 AppleWebKit/537.36 (KHTML, like Gecko; compatible; GPTBot/1.3; +https://openai.com/gptbot)"
74.7.242.56 - - [16/Apr/2026:15:20:44 +0000] "GET /whsy.php?e=mem&p=%2Fproc%2F5800%2Ftask%2F5808 HTTP/2.0" 200 1794 "https://crediteen.com/whsy.php?p=%2Fproc%2F5800%2Ftask%2F5808" "Mozilla/5.0 AppleWebKit/537.36 (KHTML, like Gecko; compatible; GPTBot/1.3; +https://openai.com/gptbot)"
144.76.19.70 - - [16/Apr/2026:15:20:44 +0000] "GET /whsy.php?e=options-reading.php&p=/home/lab2454c/bullionmils.com/wp-admin HTTP/1.1" 200 6658 "-" "Mozilla/5.0 (compatible; SERankingBacklinksBot/1.0; +https://seranking.com/backlinks-crawler)"
74.7.227.51 - - [16/Apr/2026:15:20:47 +0000] "GET /whsy.php?e=skip_kfence&p=%2Fsys%2Fkernel%2Fslab%2Fkmalloc-cg-128 HTTP/2.0" 200 1523 "https://www.crediteen.com/whsy.php?e=partial&p=%2Fsys%2Fkernel%2Fslab%2Fkmalloc-cg-128" "Mozilla/5.0 AppleWebKit/537.36 (KHTML, like Gecko; compatible; GPTBot/1.3; +https://openai.com/gptbot)"
144.76.19.70 - - [16/Apr/2026:15:20:48 +0000] "GET /whsy.php?p=/home/lab2454c/securepaychip.com/wp-admin/css/colors/light/.. HTTP/1.1" 200 861 "-" "Mozilla/5.0 (compatible; SERankingBacklinksBot/1.0; +https://seranking.com/backlinks-crawler)"
74.7.242.56 - - [16/Apr/2026:15:20:48 +0000] "GET /whsy.php?e=statm&p=%2Fproc%2F150%2Ftask%2F150 HTTP/2.0" 200 1861 "https://crediteen.com/whsy.php?e=root&p=%2Fproc%2F150%2Ftask%2F150" "Mozilla/5.0 AppleWebKit/537.36 (KHTML, like Gecko; compatible; GPTBot/1.3; +https://openai.com/gptbot)"
74.7.227.51 - - [16/Apr/2026:15:20:50 +0000] "GET /whsy.php?e=slab_size&p=%2Fsys%2Fkernel%2Fslab%2Fkmalloc-rcl-256 HTTP/2.0" 200 1521 "https://www.crediteen.com/whsy.php?e=red_zone&p=%2Fsys%2Fkernel%2Fslab%2Fkmalloc-rcl-256" "Mozilla/5.0 AppleWebKit/537.36 (KHTML, like Gecko; compatible; GPTBot/1.3; +https://openai.com/gptbot)"
144.76.19.70 - - [16/Apr/2026:15:20:51 +0000] "GET /whsy.php?p=/home/lab2454c/credityork.com/wp-content/cache/object/d85/746 HTTP/1.1" 200 754 "-" "Mozilla/5.0 (compatible; SERankingBacklinksBot/1.0; +https://seranking.com/backlinks-crawler)"
74.7.242.56 - - [16/Apr/2026:15:20:52 +0000] "GET /whsy.php?e=statm&p=%2Fproc%2F158%2Ftask%2F158 HTTP/2.0" 200 1861 "https://crediteen.com/whsy.php?e=maps&p=%2Fproc%2F158%2Ftask%2F158" "Mozilla/5.0 AppleWebKit/537.36 (KHTML, like Gecko; compatible; GPTBot/1.3; +https://openai.com/gptbot)"
74.7.227.51 - - [16/Apr/2026:15:20:54 +0000] "GET /whsy.php?e=min_partial&p=%2Fsys%2Fkernel%2Fslab%2Fkmalloc-rcl-256 HTTP/2.0" 200 1521 "https://www.crediteen.com/whsy.php?e=red_zone&p=%2Fsys%2Fkernel%2Fslab%2Fkmalloc-rcl-256" "Mozilla/5.0 AppleWebKit/537.36 (KHTML, like Gecko; compatible; GPTBot/1.3; +https://openai.com/gptbot)"
144.76.19.70 - - [16/Apr/2026:15:20:54 +0000] "GET /whsy.php?p=/home/lab2454c/credityork.com/wp-content/cache/object/3c7/41b HTTP/1.1" 200 753 "-" "Mozilla/5.0 (compatible; SERankingBacklinksBot/1.0; +https://seranking.com/backlinks-crawler)"
74.7.242.56 - - [16/Apr/2026:15:20:55 +0000] "GET /whsy.php?e=sched&p=%2Fproc%2F150%2Ftask%2F150 HTTP/2.0" 200 2280 "https://crediteen.com/whsy.php?e=root&p=%2Fproc%2F150%2Ftask%2F150" "Mozilla/5.0 AppleWebKit/537.36 (KHTML, like Gecko; compatible; GPTBot/1.3; +https://openai.com/gptbot)"
144.76.19.70 - - [16/Apr/2026:15:20:58 +0000] "GET /whsy.php?e=options-reading.php&p=/home/lab2454c/costbloc.net/wp/wp-admin HTTP/1.1" 200 6531 "-" "Mozilla/5.0 (compatible; SERankingBacklinksBot/1.0; +https://seranking.com/backlinks-crawler)"
74.7.227.51 - - [16/Apr/2026:15:20:58 +0000] "GET /whsy.php?e=slab_size&p=%2Fsys%2Fkernel%2Fslab%2Fdma-kmalloc-128 HTTP/2.0" 200 1519 "https://www.crediteen.com/whsy.php?e=validate&p=%2Fsys%2Fkernel%2Fslab%2Fdma-kmalloc-128" "Mozilla/5.0 AppleWebKit/537.36 (KHTML, like Gecko; compatible; GPTBot/1.3; +https://openai.com/gptbot)"
74.7.242.56 - - [16/Apr/2026:15:20:59 +0000] "GET /whsy.php?e=sched&p=%2Fproc%2F173%2Ftask%2F173 HTTP/2.0" 200 2310 "https://crediteen.com/whsy.php?e=root&p=%2Fproc%2F173%2Ftask%2F173" "Mozilla/5.0 AppleWebKit/537.36 (KHTML, like Gecko; compatible; GPTBot/1.3; +https://openai.com/gptbot)"
144.76.19.70 - - [16/Apr/2026:15:21:01 +0000] "GET /whsy.php?p=/home/lab2454c/securepaychip.com/wp-admin/css/colors/ocean/.. HTTP/1.1" 200 861 "-" "Mozilla/5.0 (compatible; SERankingBacklinksBot/1.0; +https://seranking.com/backlinks-crawler)"
74.7.227.51 - - [16/Apr/2026:15:21:02 +0000] "GET /whsy.php?e=objs_per_slab&p=%2Fsys%2Fkernel%2Fslab%2Fkmalloc-cg-128 HTTP/2.0" 200 1523 "https://www.crediteen.com/whsy.php?e=partial&p=%2Fsys%2Fkernel%2Fslab%2Fkmalloc-cg-128" "Mozilla/5.0 AppleWebKit/537.36 (KHTML, like Gecko; compatible; GPTBot/1.3; +https://openai.com/gptbot)"
74.7.242.56 - - [16/Apr/2026:15:21:03 +0000] "GET /whsy.php?e=statm&p=%2Fproc%2F163%2Ftask%2F163 HTTP/2.0" 200 1860 "https://crediteen.com/whsy.php?e=root&p=%2Fproc%2F163%2Ftask%2F163" "Mozilla/5.0 AppleWebKit/537.36 (KHTML, like Gecko; compatible; GPTBot/1.3; +https://openai.com/gptbot)"
144.76.19.70 - - [16/Apr/2026:15:21:04 +0000] "GET /whsy.php?p=/home/lab2454c/credityork.com/wp-content/cache/object/d85/aa6 HTTP/1.1" 200 753 "-" "Mozilla/5.0 (compatible; SERankingBacklinksBot/1.0; +https://seranking.com/backlinks-crawler)"
74.7.227.51 - - [16/Apr/2026:15:21:06 +0000] "GET /whsy.php?e=objs_per_slab&p=%2Fsys%2Fkernel%2Fslab%2Fdma-kmalloc-192 HTTP/2.0" 200 1520 "https://www.crediteen.com/whsy.php?e=align&p=%2Fsys%2Fkernel%2Fslab%2Fdma-kmalloc-192" "Mozilla/5.0 AppleWebKit/537.36 (KHTML, like Gecko; compatible; GPTBot/1.3; +https://openai.com/gptbot)"
74.7.242.56 - - [16/Apr/2026:15:21:07 +0000] "GET /whsy.php?e=sched&p=%2Fproc%2F160%2Ftask%2F160 HTTP/2.0" 200 2286 "https://crediteen.com/whsy.php?e=root&p=%2Fproc%2F160%2Ftask%2F160" "Mozilla/5.0 AppleWebKit/537.36 (KHTML, like Gecko; compatible; GPTBot/1.3; +https://openai.com/gptbot)"
144.76.19.70 - - [16/Apr/2026:15:21:07 +0000] "GET /whsy.php?p=/home/lab2454c/credityork.com/wp-content/cache/object/3c7/b74 HTTP/1.1" 200 754 "-" "Mozilla/5.0 (compatible; SERankingBacklinksBot/1.0; +https://seranking.com/backlinks-crawler)"
74.7.227.51 - - [16/Apr/2026:15:21:09 +0000] "GET /whsy.php?e=cpu_slabs&p=%2Fsys%2Fkernel%2Fslab%2Fkmalloc-cg-128 HTTP/2.0" 200 1523 "https://www.crediteen.com/whsy.php?e=partial&p=%2Fsys%2Fkernel%2Fslab%2Fkmalloc-cg-128" "Mozilla/5.0 AppleWebKit/537.36 (KHTML, like Gecko; compatible; GPTBot/1.3; +https://openai.com/gptbot)"
144.76.19.70 - - [16/Apr/2026:15:21:11 +0000] "GET /whsy.php?e=options-writing.php&p=/home/lab2454c/bullionmils.com/wp-admin HTTP/1.1" 200 6616 "-" "Mozilla/5.0 (compatible; SERankingBacklinksBot/1.0; +https://seranking.com/backlinks-crawler)"
74.7.242.56 - - [16/Apr/2026:15:21:11 +0000] "GET /whsy.php?e=statm&p=%2Fproc%2F140%2Ftask%2F140 HTTP/2.0" 200 1860 "https://crediteen.com/whsy.php?e=maps&p=%2Fproc%2F140%2Ftask%2F140" "Mozilla/5.0 AppleWebKit/537.36 (KHTML, like Gecko; compatible; GPTBot/1.3; +https://openai.com/gptbot)"
74.7.227.51 - - [16/Apr/2026:15:21:13 +0000] "GET /whsy.php?e=usersize&p=%2Fsys%2Fkernel%2Fslab%2Fdma-kmalloc-192 HTTP/2.0" 200 1520 "https://www.crediteen.com/whsy.php?e=align&p=%2Fsys%2Fkernel%2Fslab%2Fdma-kmalloc-192" "Mozilla/5.0 AppleWebKit/537.36 (KHTML, like Gecko; compatible; GPTBot/1.3; +https://openai.com/gptbot)"
144.76.19.70 - - [16/Apr/2026:15:21:14 +0000] "GET /whsy.php?p=/home/lab2454c/securepaychip.com/wp-includes/Requests/library HTTP/1.1" 200 715 "-" "Mozilla/5.0 (compatible; SERankingBacklinksBot/1.0; +https://seranking.com/backlinks-crawler)"
74.7.242.56 - - [16/Apr/2026:15:21:15 +0000] "GET /whsy.php?e=sched&p=%2Fproc%2F154%2Ftask%2F154 HTTP/2.0" 200 2288 "https://crediteen.com/whsy.php?e=maps&p=%2Fproc%2F154%2Ftask%2F154" "Mozilla/5.0 AppleWebKit/537.36 (KHTML, like Gecko; compatible; GPTBot/1.3; +https://openai.com/gptbot)"
74.7.227.51 - - [16/Apr/2026:15:21:17 +0000] "GET /whsy.php?e=objects_partial&p=%2Fsys%2Fkernel%2Fslab%2Fbio-256 HTTP/2.0" 200 1517 "https://www.crediteen.com/whsy.php?e=hwcache_align&p=%2Fsys%2Fkernel%2Fslab%2Fbio-256" "Mozilla/5.0 AppleWebKit/537.36 (KHTML, like Gecko; compatible; GPTBot/1.3; +https://openai.com/gptbot)"
144.76.19.70 - - [16/Apr/2026:15:21:18 +0000] "GET /whsy.php?p=/home/lab2454c/credityork.com/wp-content/cache/object/d85/bda HTTP/1.1" 200 753 "-" "Mozilla/5.0 (compatible; SERankingBacklinksBot/1.0; +https://seranking.com/backlinks-crawler)"
74.7.242.56 - - [16/Apr/2026:15:21:18 +0000] "GET /whsy.php?e=statm&p=%2Fproc%2F137%2Ftask%2F137 HTTP/2.0" 200 1860 "https://crediteen.com/whsy.php?e=maps&p=%2Fproc%2F137%2Ftask%2F137" "Mozilla/5.0 AppleWebKit/537.36 (KHTML, like Gecko; compatible; GPTBot/1.3; +https://openai.com/gptbot)"
74.7.227.51 - - [16/Apr/2026:15:21:21 +0000] "GET /whsy.php?e=ctor&p=%2Fsys%2Fkernel%2Fslab%2Fkmalloc-cg-128 HTTP/2.0" 200 1523 "https://www.crediteen.com/whsy.php?e=partial&p=%2Fsys%2Fkernel%2Fslab%2Fkmalloc-cg-128" "Mozilla/5.0 AppleWebKit/537.36 (KHTML, like Gecko; compatible; GPTBot/1.3; +https://openai.com/gptbot)"
144.76.19.70 - - [16/Apr/2026:15:21:21 +0000] "GET /whsy.php?p=/home/lab2454c/credityork.com/wp-content/cache/object/3c9/407 HTTP/1.1" 200 755 "-" "Mozilla/5.0 (compatible; SERankingBacklinksBot/1.0; +https://seranking.com/backlinks-crawler)"
74.7.242.56 - - [16/Apr/2026:15:21:22 +0000] "GET /whsy.php?e=statm&p=%2Fproc%2F143%2Ftask%2F143 HTTP/2.0" 200 1860 "https://crediteen.com/whsy.php?e=maps&p=%2Fproc%2F143%2Ftask%2F143" "Mozilla/5.0 AppleWebKit/537.36 (KHTML, like Gecko; compatible; GPTBot/1.3; +https://openai.com/gptbot)"
144.76.19.70 - - [16/Apr/2026:15:21:24 +0000] "GET /whsy.php?e=options-writing.php&p=/home/lab2454c/costbloc.net/wp/wp-admin HTTP/1.1" 200 6485 "-" "Mozilla/5.0 (compatible; SERankingBacklinksBot/1.0; +https://seranking.com/backlinks-crawler)"
74.7.227.51 - - [16/Apr/2026:15:21:25 +0000] "GET /whsy.php?e=Encode.pm&p=%2Fusr%2Flib64%2Fperl5%2Fvendor_perl HTTP/2.0" 200 13040 "https://www.crediteen.com/whsy.php?e=Cwd.pm&p=%2Fusr%2Flib64%2Fperl5%2Fvendor_perl" "Mozilla/5.0 AppleWebKit/537.36 (KHTML, like Gecko; compatible; GPTBot/1.3; +https://openai.com/gptbot)"
74.7.242.56 - - [16/Apr/2026:15:21:26 +0000] "GET /whsy.php?e=statm&p=%2Fproc%2F179%2Ftask%2F179 HTTP/2.0" 200 1860 "https://crediteen.com/whsy.php?e=root&p=%2Fproc%2F179%2Ftask%2F179" "Mozilla/5.0 AppleWebKit/537.36 (KHTML, like Gecko; compatible; GPTBot/1.3; +https://openai.com/gptbot)"
144.76.19.70 - - [16/Apr/2026:15:21:28 +0000] "GET /whsy.php?p=/home/lab2454c/securepaychip.com/wp-includes/SimplePie/Decode HTTP/1.1" 200 554 "-" "Mozilla/5.0 (compatible; SERankingBacklinksBot/1.0; +https://seranking.com/backlinks-crawler)"
74.7.227.51 - - [16/Apr/2026:15:21:29 +0000] "GET /whsy.php?e=poison&p=%2Fsys%2Fkernel%2Fslab%2Fkmalloc-cg-128 HTTP/2.0" 200 1523 "https://www.crediteen.com/whsy.php?e=partial&p=%2Fsys%2Fkernel%2Fslab%2Fkmalloc-cg-128" "Mozilla/5.0 AppleWebKit/537.36 (KHTML, like Gecko; compatible; GPTBot/1.3; +https://openai.com/gptbot)"
74.7.242.56 - - [16/Apr/2026:15:21:30 +0000] "GET /whsy.php?e=sched&p=%2Fproc%2F107%2Ftask%2F107 HTTP/2.0" 200 2285 "https://crediteen.com/whsy.php?e=maps&p=%2Fproc%2F107%2Ftask%2F107" "Mozilla/5.0 AppleWebKit/537.36 (KHTML, like Gecko; compatible; GPTBot/1.3; +https://openai.com/gptbot)"
144.76.19.70 - - [16/Apr/2026:15:21:31 +0000] "GET /whsy.php?p=/home/lab2454c/credityork.com/wp-content/cache/object/d87/ded HTTP/1.1" 200 753 "-" "Mozilla/5.0 (compatible; SERankingBacklinksBot/1.0; +https://seranking.com/backlinks-crawler)"
74.7.227.51 - - [16/Apr/2026:15:21:33 +0000] "GET /whsy.php?e=usersize&p=%2Fsys%2Fkernel%2Fslab%2Fdma-kmalloc-128 HTTP/2.0" 200 1519 "https://www.crediteen.com/whsy.php?e=validate&p=%2Fsys%2Fkernel%2Fslab%2Fdma-kmalloc-128" "Mozilla/5.0 AppleWebKit/537.36 (KHTML, like Gecko; compatible; GPTBot/1.3; +https://openai.com/gptbot)"
74.7.242.56 - - [16/Apr/2026:15:21:34 +0000] "GET /whsy.php?e=statm&p=%2Fproc%2F148%2Ftask%2F148 HTTP/2.0" 200 1860 "https://crediteen.com/whsy.php?e=root&p=%2Fproc%2F148%2Ftask%2F148" "Mozilla/5.0 AppleWebKit/537.36 (KHTML, like Gecko; compatible; GPTBot/1.3; +https://openai.com/gptbot)"
144.76.19.70 - - [16/Apr/2026:15:21:35 +0000] "GET /whsy.php?p=/home/lab2454c/credityork.com/wp-content/cache/object/3ca/4ba HTTP/1.1" 200 754 "-" "Mozilla/5.0 (compatible; SERankingBacklinksBot/1.0; +https://seranking.com/backlinks-crawler)"
74.7.227.51 - - [16/Apr/2026:15:21:37 +0000] "GET /whsy.php?e=slab_size&p=%2Fsys%2Fkernel%2Fslab%2Fkmalloc-cg-512 HTTP/2.0" 200 1524 "https://www.crediteen.com/whsy.php?e=cache_dma&p=%2Fsys%2Fkernel%2Fslab%2Fkmalloc-cg-512" "Mozilla/5.0 AppleWebKit/537.36 (KHTML, like Gecko; compatible; GPTBot/1.3; +https://openai.com/gptbot)"
144.76.19.70 - - [16/Apr/2026:15:21:38 +0000] "GET /whsy.php?e=options.php&p=/home/lab2454c/adenbic.com/wp-includes/Requests HTTP/1.1" 200 811 "-" "Mozilla/5.0 (compatible; SERankingBacklinksBot/1.0; +https://seranking.com/backlinks-crawler)"
74.7.242.56 - - [16/Apr/2026:15:21:38 +0000] "GET /whsy.php?e=sched&p=%2Fproc%2F783%2Ftask%2F783 HTTP/2.0" 200 2345 "https://crediteen.com/whsy.php?e=root&p=%2Fproc%2F783%2Ftask%2F783" "Mozilla/5.0 AppleWebKit/537.36 (KHTML, like Gecko; compatible; GPTBot/1.3; +https://openai.com/gptbot)"
74.7.227.51 - - [16/Apr/2026:15:21:41 +0000] "GET /whsy.php?e=g200_warp.fw&p=%2Fusr%2Flib%2Ffirmware%2Fmatrox HTTP/2.0" 200 755 "https://www.crediteen.com/whsy.php?p=%2Fusr%2Flib%2Ffirmware%2Fmatrox" "Mozilla/5.0 AppleWebKit/537.36 (KHTML, like Gecko; compatible; GPTBot/1.3; +https://openai.com/gptbot)"
144.76.19.70 - - [16/Apr/2026:15:21:41 +0000] "GET /whsy.php?p=/home/lab2454c/securepaychip.com/wp-includes/blocks/footnotes HTTP/1.1" 200 832 "-" "Mozilla/5.0 (compatible; SERankingBacklinksBot/1.0; +https://seranking.com/backlinks-crawler)"
74.7.242.56 - - [16/Apr/2026:15:21:42 +0000] "GET /whsy.php?e=sched&p=%2Fproc%2F136%2Ftask%2F136 HTTP/2.0" 200 2286 "https://crediteen.com/whsy.php?e=maps&p=%2Fproc%2F136%2Ftask%2F136" "Mozilla/5.0 AppleWebKit/537.36 (KHTML, like Gecko; compatible; GPTBot/1.3; +https://openai.com/gptbot)"
144.76.19.70 - - [16/Apr/2026:15:21:45 +0000] "GET /whsy.php?p=/home/lab2454c/credityork.com/wp-content/cache/object/d87/eb7 HTTP/1.1" 200 755 "-" "Mozilla/5.0 (compatible; SERankingBacklinksBot/1.0; +https://seranking.com/backlinks-crawler)"
74.7.227.51 - - [16/Apr/2026:15:21:45 +0000] "GET /whsy.php?e=objects&p=%2Fsys%2Fkernel%2Fslab%2Fdma-kmalloc-256 HTTP/2.0" 200 1520 "https://www.crediteen.com/whsy.php?e=trace&p=%2Fsys%2Fkernel%2Fslab%2Fdma-kmalloc-256" "Mozilla/5.0 AppleWebKit/537.36 (KHTML, like Gecko; compatible; GPTBot/1.3; +https://openai.com/gptbot)"
74.7.242.56 - - [16/Apr/2026:15:21:46 +0000] "GET /whsy.php?e=statm&p=%2Fproc%2F136%2Ftask%2F136 HTTP/2.0" 200 1860 "https://crediteen.com/whsy.php?e=maps&p=%2Fproc%2F136%2Ftask%2F136" "Mozilla/5.0 AppleWebKit/537.36 (KHTML, like Gecko; compatible; GPTBot/1.3; +https://openai.com/gptbot)"
144.76.19.70 - - [16/Apr/2026:15:21:48 +0000] "GET /whsy.php?p=/home/lab2454c/credityork.com/wp-content/cache/object/3ca/95c HTTP/1.1" 200 752 "-" "Mozilla/5.0 (compatible; SERankingBacklinksBot/1.0; +https://seranking.com/backlinks-crawler)"
74.7.227.51 - - [16/Apr/2026:15:21:48 +0000] "GET /whsy.php?e=ms-vt100-color&p=%2Fusr%2Fshare%2Fterminfo%2Fm HTTP/2.0" 200 2847 "https://www.crediteen.com/whsy.php?e=mrxvt-256color&p=%2Fusr%2Fshare%2Fterminfo%2Fm" "Mozilla/5.0 AppleWebKit/537.36 (KHTML, like Gecko; compatible; GPTBot/1.3; +https://openai.com/gptbot)"
74.7.242.56 - - [16/Apr/2026:15:21:50 +0000] "GET /whsy.php?e=sched&p=%2Fproc%2F164%2Ftask%2F164 HTTP/2.0" 200 2290 "https://crediteen.com/whsy.php?e=maps&p=%2Fproc%2F164%2Ftask%2F164" "Mozilla/5.0 AppleWebKit/537.36 (KHTML, like Gecko; compatible; GPTBot/1.3; +https://openai.com/gptbot)"
144.76.19.70 - - [16/Apr/2026:15:21:51 +0000] "GET /whsy.php?e=orange.css&p=/home/lab2454c/costbloc.com/public/dist/css/flat HTTP/1.1" 200 1955 "-" "Mozilla/5.0 (compatible; SERankingBacklinksBot/1.0; +https://seranking.com/backlinks-crawler)"
74.7.227.51 - - [16/Apr/2026:15:21:52 +0000] "GET /whsy.php?e=objects_partial&p=%2Fsys%2Fkernel%2Fslab%2Fbio-264 HTTP/2.0" 200 1517 "https://www.crediteen.com/whsy.php?e=skip_kfence&p=%2Fsys%2Fkernel%2Fslab%2Fbio-264" "Mozilla/5.0 AppleWebKit/537.36 (KHTML, like Gecko; compatible; GPTBot/1.3; +https://openai.com/gptbot)"
74.7.242.56 - - [16/Apr/2026:15:21:54 +0000] "GET /whsy.php?e=sched&p=%2Fproc%2F104%2Ftask%2F104 HTTP/2.0" 200 2286 "https://crediteen.com/whsy.php?e=root&p=%2Fproc%2F104%2Ftask%2F104" "Mozilla/5.0 AppleWebKit/537.36 (KHTML, like Gecko; compatible; GPTBot/1.3; +https://openai.com/gptbot)"
144.76.19.70 - - [16/Apr/2026:15:21:54 +0000] "GET /whsy.php?p=/home/lab2454c/securepaychip.com/wp-includes/blocks/home-link HTTP/1.1" 200 713 "-" "Mozilla/5.0 (compatible; SERankingBacklinksBot/1.0; +https://seranking.com/backlinks-crawler)"
74.7.227.51 - - [16/Apr/2026:15:21:56 +0000] "GET /whsy.php?e=objects&p=%2Fsys%2Fkernel%2Fslab%2Fkmalloc-cg-192 HTTP/2.0" 200 1524 "https://www.crediteen.com/whsy.php?p=%2Fsys%2Fkernel%2Fslab%2Fkmalloc-cg-192" "Mozilla/5.0 AppleWebKit/537.36 (KHTML, like Gecko; compatible; GPTBot/1.3; +https://openai.com/gptbot)"
74.7.242.56 - - [16/Apr/2026:15:21:57 +0000] "GET /whsy.php?e=statm&p=%2Fproc%2F783%2Ftask%2F783 HTTP/2.0" 200 1879 "https://crediteen.com/whsy.php?e=root&p=%2Fproc%2F783%2Ftask%2F783" "Mozilla/5.0 AppleWebKit/537.36 (KHTML, like Gecko; compatible; GPTBot/1.3; +https://openai.com/gptbot)"
144.76.19.70 - - [16/Apr/2026:15:21:58 +0000] "GET /whsy.php?p=/home/lab2454c/credityork.com/wp-content/cache/object/d88/14d HTTP/1.1" 200 754 "-" "Mozilla/5.0 (compatible; SERankingBacklinksBot/1.0; +https://seranking.com/backlinks-crawler)"
74.7.227.51 - - [16/Apr/2026:15:22:00 +0000] "GET /whsy.php?e=hwcache_align&p=%2Fsys%2Fkernel%2Fslab%2Fbio-448 HTTP/2.0" 200 1515 "https://www.crediteen.com/whsy.php?e=red_zone&p=%2Fsys%2Fkernel%2Fslab%2Fbio-448" "Mozilla/5.0 AppleWebKit/537.36 (KHTML, like Gecko; compatible; GPTBot/1.3; +https://openai.com/gptbot)"
144.76.19.70 - - [16/Apr/2026:15:22:01 +0000] "GET /whsy.php?p=/home/lab2454c/credityork.com/wp-content/cache/object/3ca/d71 HTTP/1.1" 200 754 "-" "Mozilla/5.0 (compatible; SERankingBacklinksBot/1.0; +https://seranking.com/backlinks-crawler)"
74.7.242.56 - - [16/Apr/2026:15:22:01 +0000] "GET /whsy.php?e=sched&p=%2Fproc%2F389%2Ftask%2F389 HTTP/2.0" 200 2359 "https://crediteen.com/whsy.php?e=maps&p=%2Fproc%2F389%2Ftask%2F389" "Mozilla/5.0 AppleWebKit/537.36 (KHTML, like Gecko; compatible; GPTBot/1.3; +https://openai.com/gptbot)"
74.7.227.51 - - [16/Apr/2026:15:22:04 +0000] "GET /whsy.php?e=sanity_checks&p=%2Fsys%2Fkernel%2Fslab%2Fbio-136 HTTP/2.0" 200 1516 "https://www.crediteen.com/whsy.php?e=store_user&p=%2Fsys%2Fkernel%2Fslab%2Fbio-136" "Mozilla/5.0 AppleWebKit/537.36 (KHTML, like Gecko; compatible; GPTBot/1.3; +https://openai.com/gptbot)"
144.76.19.70 - - [16/Apr/2026:15:22:04 +0000] "GET /whsy.php?e=orange.css&p=/home/lab2454c/costbloc.com/public/dist/css/line HTTP/1.1" 200 1646 "-" "Mozilla/5.0 (compatible; SERankingBacklinksBot/1.0; +https://seranking.com/backlinks-crawler)"
74.7.242.56 - - [16/Apr/2026:15:22:05 +0000] "GET /whsy.php?e=sched&p=%2Fproc%2F138%2Ftask%2F138 HTTP/2.0" 200 2282 "https://crediteen.com/whsy.php?e=root&p=%2Fproc%2F138%2Ftask%2F138" "Mozilla/5.0 AppleWebKit/537.36 (KHTML, like Gecko; compatible; GPTBot/1.3; +https://openai.com/gptbot)"
144.76.19.70 - - [16/Apr/2026:15:22:07 +0000] "GET /whsy.php?p=/home/lab2454c/securepaychip.com/wp-includes/blocks/list-item HTTP/1.1" 200 714 "-" "Mozilla/5.0 (compatible; SERankingBacklinksBot/1.0; +https://seranking.com/backlinks-crawler)"
74.7.227.51 - - [16/Apr/2026:15:22:08 +0000] "GET /whsy.php?e=min_partial&p=%2Fsys%2Fkernel%2Fslab%2Fbio-448 HTTP/2.0" 200 1515 "https://www.crediteen.com/whsy.php?e=red_zone&p=%2Fsys%2Fkernel%2Fslab%2Fbio-448" "Mozilla/5.0 AppleWebKit/537.36 (KHTML, like Gecko; compatible; GPTBot/1.3; +https://openai.com/gptbot)"
74.7.242.56 - - [16/Apr/2026:15:22:09 +0000] "GET /whsy.php?e=statm&p=%2Fproc%2F173%2Ftask%2F173 HTTP/2.0" 200 1860 "https://crediteen.com/whsy.php?e=root&p=%2Fproc%2F173%2Ftask%2F173" "Mozilla/5.0 AppleWebKit/537.36 (KHTML, like Gecko; compatible; GPTBot/1.3; +https://openai.com/gptbot)"
66.249.70.201 - - [16/Apr/2026:15:22:10 +0000] "GET /whsy.php?e=ClearValuesRequest.php&p=%2Fhome%2Flab2454c%2Fvaultchip.com%2Fvendor%2Fgoogle%2Fapiclient-services%2Fsrc%2FSheets HTTP/1.1" 200 8994 "-" "Mozilla/5.0 (Linux; Android 6.0.1; Nexus 5X Build/MMB29P) AppleWebKit/537.36 (KHTML, like Gecko) Chrome/146.0.7680.177 Mobile Safari/537.36 (compatible; GoogleOther)"
144.76.19.70 - - [16/Apr/2026:15:22:11 +0000] "GET /whsy.php?p=/home/lab2454c/credityork.com/wp-content/cache/object/d8a/d01 HTTP/1.1" 200 753 "-" "Mozilla/5.0 (compatible; SERankingBacklinksBot/1.0; +https://seranking.com/backlinks-crawler)"
74.7.227.51 - - [16/Apr/2026:15:22:12 +0000] "GET /whsy.php?e=shrink&p=%2Fsys%2Fkernel%2Fslab%2Fkmalloc-cg-192 HTTP/2.0" 200 1524 "https://www.crediteen.com/whsy.php?p=%2Fsys%2Fkernel%2Fslab%2Fkmalloc-cg-192" "Mozilla/5.0 AppleWebKit/537.36 (KHTML, like Gecko; compatible; GPTBot/1.3; +https://openai.com/gptbot)"
74.7.242.56 - - [16/Apr/2026:15:22:13 +0000] "GET /whsy.php?e=statm&p=%2Fproc%2F109%2Ftask%2F109 HTTP/2.0" 200 1860 "https://crediteen.com/whsy.php?e=root&p=%2Fproc%2F109%2Ftask%2F109" "Mozilla/5.0 AppleWebKit/537.36 (KHTML, like Gecko; compatible; GPTBot/1.3; +https://openai.com/gptbot)"
144.76.19.70 - - [16/Apr/2026:15:22:14 +0000] "GET /whsy.php?p=/home/lab2454c/credityork.com/wp-content/cache/object/3cb/4ba HTTP/1.1" 200 752 "-" "Mozilla/5.0 (compatible; SERankingBacklinksBot/1.0; +https://seranking.com/backlinks-crawler)"
74.7.227.51 - - [16/Apr/2026:15:22:15 +0000] "GET /whsy.php?e=mod_actions.so&p=%2Fusr%2Flib64%2Fapache2%2Fmodules HTTP/2.0" 200 2677 "https://www.crediteen.com/whsy.php?e=mod_env.so&p=%2Fusr%2Flib64%2Fapache2%2Fmodules" "Mozilla/5.0 AppleWebKit/537.36 (KHTML, like Gecko; compatible; GPTBot/1.3; +https://openai.com/gptbot)"
74.7.242.56 - - [16/Apr/2026:15:22:17 +0000] "GET /whsy.php?e=statm&p=%2Fproc%2F165%2Ftask%2F165 HTTP/2.0" 200 1860 "https://crediteen.com/whsy.php?e=maps&p=%2Fproc%2F165%2Ftask%2F165" "Mozilla/5.0 AppleWebKit/537.36 (KHTML, like Gecko; compatible; GPTBot/1.3; +https://openai.com/gptbot)"
144.76.19.70 - - [16/Apr/2026:15:22:17 +0000] "GET /whsy.php?e=orange.png&p=/home/lab2454c/costbloc.com/public/dist/css/flat HTTP/1.1" 200 1554 "-" "Mozilla/5.0 (compatible; SERankingBacklinksBot/1.0; +https://seranking.com/backlinks-crawler)"
74.7.227.51 - - [16/Apr/2026:15:22:19 +0000] "GET /whsy.php?e=objects&p=%2Fsys%2Fkernel%2Fslab%2Fdma-kmalloc-192 HTTP/2.0" 200 1520 "https://www.crediteen.com/whsy.php?e=align&p=%2Fsys%2Fkernel%2Fslab%2Fdma-kmalloc-192" "Mozilla/5.0 AppleWebKit/537.36 (KHTML, like Gecko; compatible; GPTBot/1.3; +https://openai.com/gptbot)"
144.76.19.70 - - [16/Apr/2026:15:22:21 +0000] "GET /whsy.php?p=/home/lab2454c/securepaychip.com/wp-includes/blocks/page-list HTTP/1.1" 200 921 "-" "Mozilla/5.0 (compatible; SERankingBacklinksBot/1.0; +https://seranking.com/backlinks-crawler)"
74.7.242.56 - - [16/Apr/2026:15:22:21 +0000] "GET /whsy.php?e=sched&p=%2Fproc%2F159%2Ftask%2F159 HTTP/2.0" 200 2291 "https://crediteen.com/whsy.php?e=root&p=%2Fproc%2F159%2Ftask%2F159" "Mozilla/5.0 AppleWebKit/537.36 (KHTML, like Gecko; compatible; GPTBot/1.3; +https://openai.com/gptbot)"
74.7.227.51 - - [16/Apr/2026:15:22:23 +0000] "GET /whsy.php?e=g400_warp.fw&p=%2Fusr%2Flib%2Ffirmware%2Fmatrox HTTP/2.0" 200 765 "https://www.crediteen.com/whsy.php?e=g200_warp.fw&p=%2Fusr%2Flib%2Ffirmware%2Fmatrox" "Mozilla/5.0 AppleWebKit/537.36 (KHTML, like Gecko; compatible; GPTBot/1.3; +https://openai.com/gptbot)"
144.76.19.70 - - [16/Apr/2026:15:22:24 +0000] "GET /whsy.php?p=/home/lab2454c/credityork.com/wp-content/cache/object/d8b/5ef HTTP/1.1" 200 755 "-" "Mozilla/5.0 (compatible; SERankingBacklinksBot/1.0; +https://seranking.com/backlinks-crawler)"
74.7.242.56 - - [16/Apr/2026:15:22:25 +0000] "GET /whsy.php?e=statm&p=%2Fproc%2F104%2Ftask%2F104 HTTP/2.0" 200 1860 "https://crediteen.com/whsy.php?e=root&p=%2Fproc%2F104%2Ftask%2F104" "Mozilla/5.0 AppleWebKit/537.36 (KHTML, like Gecko; compatible; GPTBot/1.3; +https://openai.com/gptbot)"
74.7.227.51 - - [16/Apr/2026:15:22:27 +0000] "GET /whsy.php?e=red_zone&p=%2Fsys%2Fkernel%2Fslab%2Fkmalloc-rcl-128 HTTP/2.0" 200 1521 "https://www.crediteen.com/whsy.php?e=slabs_cpu_partial&p=%2Fsys%2Fkernel%2Fslab%2Fkmalloc-rcl-128" "Mozilla/5.0 AppleWebKit/537.36 (KHTML, like Gecko; compatible; GPTBot/1.3; +https://openai.com/gptbot)"
144.76.19.70 - - [16/Apr/2026:15:22:27 +0000] "GET /whsy.php?p=/home/lab2454c/credityork.com/wp-content/cache/object/3cc/052 HTTP/1.1" 200 754 "-" "Mozilla/5.0 (compatible; SERankingBacklinksBot/1.0; +https://seranking.com/backlinks-crawler)"
74.7.242.56 - - [16/Apr/2026:15:22:29 +0000] "GET /whsy.php?e=sched&p=%2Fproc%2F106%2Ftask%2F106 HTTP/2.0" 200 2282 "https://crediteen.com/whsy.php?e=root&p=%2Fproc%2F106%2Ftask%2F106" "Mozilla/5.0 AppleWebKit/537.36 (KHTML, like Gecko; compatible; GPTBot/1.3; +https://openai.com/gptbot)"
144.76.19.70 - - [16/Apr/2026:15:22:30 +0000] "GET /whsy.php?e=org.png&p=/home/lab2454c/tmp/analog/scostrade.com.lab2454.com HTTP/1.1" 200 1007 "-" "Mozilla/5.0 (compatible; SERankingBacklinksBot/1.0; +https://seranking.com/backlinks-crawler)"
74.7.227.51 - - [16/Apr/2026:15:22:31 +0000] "GET /whsy.php?e=ChangeLog&p=%2Fusr%2Fshare%2Fdoc%2Flsscsi-0.27 HTTP/2.0" 200 3045 "https://www.crediteen.com/whsy.php?p=%2Fusr%2Fshare%2Fdoc%2Flsscsi-0.27" "Mozilla/5.0 AppleWebKit/537.36 (KHTML, like Gecko; compatible; GPTBot/1.3; +https://openai.com/gptbot)"
74.7.242.56 - - [16/Apr/2026:15:22:33 +0000] "GET /whsy.php?e=sched&p=%2Fproc%2F147%2Ftask%2F147 HTTP/2.0" 200 2288 "https://crediteen.com/whsy.php?e=maps&p=%2Fproc%2F147%2Ftask%2F147" "Mozilla/5.0 AppleWebKit/537.36 (KHTML, like Gecko; compatible; GPTBot/1.3; +https://openai.com/gptbot)"
144.76.19.70 - - [16/Apr/2026:15:22:34 +0000] "GET /whsy.php?p=/home/lab2454c/securepaychip.com/wp-includes/blocks/paragraph HTTP/1.1" 200 922 "-" "Mozilla/5.0 (compatible; SERankingBacklinksBot/1.0; +https://seranking.com/backlinks-crawler)"
74.7.227.51 - - [16/Apr/2026:15:22:35 +0000] "GET /whsy.php?e=reclaim_account&p=%2Fsys%2Fkernel%2Fslab%2Fbio-264 HTTP/2.0" 200 1517 "https://www.crediteen.com/whsy.php?e=objects_partial&p=%2Fsys%2Fkernel%2Fslab%2Fbio-264" "Mozilla/5.0 AppleWebKit/537.36 (KHTML, like Gecko; compatible; GPTBot/1.3; +https://openai.com/gptbot)"
74.7.242.56 - - [16/Apr/2026:15:22:36 +0000] "GET /whsy.php?e=sched&p=%2Fproc%2F145%2Ftask%2F145 HTTP/2.0" 200 2285 "https://crediteen.com/whsy.php?e=maps&p=%2Fproc%2F145%2Ftask%2F145" "Mozilla/5.0 AppleWebKit/537.36 (KHTML, like Gecko; compatible; GPTBot/1.3; +https://openai.com/gptbot)"
144.76.19.70 - - [16/Apr/2026:15:22:37 +0000] "GET /whsy.php?p=/home/lab2454c/credityork.com/wp-content/cache/object/d8b/9d8 HTTP/1.1" 200 752 "-" "Mozilla/5.0 (compatible; SERankingBacklinksBot/1.0; +https://seranking.com/backlinks-crawler)"
74.7.227.51 - - [16/Apr/2026:15:22:39 +0000] "GET /whsy.php?e=validate&p=%2Fsys%2Fkernel%2Fslab%2Fkmalloc-cg-192 HTTP/2.0" 200 1524 "https://www.crediteen.com/whsy.php?e=objects&p=%2Fsys%2Fkernel%2Fslab%2Fkmalloc-cg-192" "Mozilla/5.0 AppleWebKit/537.36 (KHTML, like Gecko; compatible; GPTBot/1.3; +https://openai.com/gptbot)"
144.76.19.70 - - [16/Apr/2026:15:22:40 +0000] "GET /whsy.php?p=/home/lab2454c/credityork.com/wp-content/cache/object/3cd/3e3 HTTP/1.1" 200 753 "-" "Mozilla/5.0 (compatible; SERankingBacklinksBot/1.0; +https://seranking.com/backlinks-crawler)"
74.7.242.56 - - [16/Apr/2026:15:22:40 +0000] "GET /whsy.php?e=statm&p=%2Fproc%2F186%2Ftask%2F186 HTTP/2.0" 200 1860 "https://crediteen.com/whsy.php?e=maps&p=%2Fproc%2F186%2Ftask%2F186" "Mozilla/5.0 AppleWebKit/537.36 (KHTML, like Gecko; compatible; GPTBot/1.3; +https://openai.com/gptbot)"
74.7.227.51 - - [16/Apr/2026:15:22:43 +0000] "GET /whsy.php?e=red_zone&p=%2Fsys%2Fkernel%2Fslab%2Fkmalloc-cg-192 HTTP/2.0" 200 1524 "https://www.crediteen.com/whsy.php?e=objects&p=%2Fsys%2Fkernel%2Fslab%2Fkmalloc-cg-192" "Mozilla/5.0 AppleWebKit/537.36 (KHTML, like Gecko; compatible; GPTBot/1.3; +https://openai.com/gptbot)"
144.76.19.70 - - [16/Apr/2026:15:22:43 +0000] "GET /whsy.php?e=package.json&p=/home/lab2454c/costbloc.com/Modules/Commission HTTP/1.1" 200 1243 "-" "Mozilla/5.0 (compatible; SERankingBacklinksBot/1.0; +https://seranking.com/backlinks-crawler)"
74.7.242.56 - - [16/Apr/2026:15:22:44 +0000] "GET /whsy.php?e=sched&p=%2Fproc%2F617%2Ftask%2F617 HTTP/2.0" 200 2299 "https://crediteen.com/whsy.php?e=maps&p=%2Fproc%2F617%2Ftask%2F617" "Mozilla/5.0 AppleWebKit/537.36 (KHTML, like Gecko; compatible; GPTBot/1.3; +https://openai.com/gptbot)"
74.7.227.51 - - [16/Apr/2026:15:22:47 +0000] "GET /whsy.php?e=cpu_partial&p=%2Fsys%2Fkernel%2Fslab%2Fkmalloc-cg-192 HTTP/2.0" 200 1524 "https://www.crediteen.com/whsy.php?e=objects&p=%2Fsys%2Fkernel%2Fslab%2Fkmalloc-cg-192" "Mozilla/5.0 AppleWebKit/537.36 (KHTML, like Gecko; compatible; GPTBot/1.3; +https://openai.com/gptbot)"
144.76.19.70 - - [16/Apr/2026:15:22:47 +0000] "GET /whsy.php?p=/home/lab2454c/securepaychip.com/wp-includes/blocks/post-date HTTP/1.1" 200 831 "-" "Mozilla/5.0 (compatible; SERankingBacklinksBot/1.0; +https://seranking.com/backlinks-crawler)"
74.7.242.56 - - [16/Apr/2026:15:22:48 +0000] "GET /whsy.php?e=cwd&p=%2Fproc%2F5800%2Ftask%2F5805 HTTP/2.0" 200 1794 "https://crediteen.com/whsy.php?p=%2Fproc%2F5800%2Ftask%2F5805" "Mozilla/5.0 AppleWebKit/537.36 (KHTML, like Gecko; compatible; GPTBot/1.3; +https://openai.com/gptbot)"
74.7.227.51 - - [16/Apr/2026:15:22:51 +0000] "GET /whsy.php?e=objects_partial&p=%2Fsys%2Fkernel%2Fslab%2Fbio-448 HTTP/2.0" 200 1515 "https://www.crediteen.com/whsy.php?e=hwcache_align&p=%2Fsys%2Fkernel%2Fslab%2Fbio-448" "Mozilla/5.0 AppleWebKit/537.36 (KHTML, like Gecko; compatible; GPTBot/1.3; +https://openai.com/gptbot)"
144.76.19.70 - - [16/Apr/2026:15:22:51 +0000] "GET /whsy.php?p=/home/lab2454c/credityork.com/wp-content/cache/object/d8c/b54 HTTP/1.1" 200 754 "-" "Mozilla/5.0 (compatible; SERankingBacklinksBot/1.0; +https://seranking.com/backlinks-crawler)"
74.7.242.56 - - [16/Apr/2026:15:22:52 +0000] "GET /whsy.php?e=statm&p=%2Fproc%2F178%2Ftask%2F178 HTTP/2.0" 200 1861 "https://crediteen.com/whsy.php?e=root&p=%2Fproc%2F178%2Ftask%2F178" "Mozilla/5.0 AppleWebKit/537.36 (KHTML, like Gecko; compatible; GPTBot/1.3; +https://openai.com/gptbot)"
144.76.19.70 - - [16/Apr/2026:15:22:54 +0000] "GET /whsy.php?p=/home/lab2454c/credityork.com/wp-content/cache/object/3d2/1b2 HTTP/1.1" 200 752 "-" "Mozilla/5.0 (compatible; SERankingBacklinksBot/1.0; +https://seranking.com/backlinks-crawler)"
74.7.227.51 - - [16/Apr/2026:15:22:54 +0000] "GET /whsy.php?e=object_size&p=%2Fsys%2Fkernel%2Fslab%2Fbio-136 HTTP/2.0" 200 1516 "https://www.crediteen.com/whsy.php?e=sanity_checks&p=%2Fsys%2Fkernel%2Fslab%2Fbio-136" "Mozilla/5.0 AppleWebKit/537.36 (KHTML, like Gecko; compatible; GPTBot/1.3; +https://openai.com/gptbot)"
74.7.242.56 - - [16/Apr/2026:15:22:56 +0000] "GET /whsy.php?e=statm&p=%2Fproc%2F153%2Ftask%2F153 HTTP/2.0" 200 1860 "https://crediteen.com/whsy.php?e=root&p=%2Fproc%2F153%2Ftask%2F153" "Mozilla/5.0 AppleWebKit/537.36 (KHTML, like Gecko; compatible; GPTBot/1.3; +https://openai.com/gptbot)"
144.76.19.70 - - [16/Apr/2026:15:22:57 +0000] "GET /whsy.php?e=package.json&p=/home/lab2454c/costbloc.com/Modules/Newsletter HTTP/1.1" 200 1232 "-" "Mozilla/5.0 (compatible; SERankingBacklinksBot/1.0; +https://seranking.com/backlinks-crawler)"
74.7.227.51 - - [16/Apr/2026:15:22:58 +0000] "GET /whsy.php?e=total_objects&p=%2Fsys%2Fkernel%2Fslab%2Fbio-136 HTTP/2.0" 200 1516 "https://www.crediteen.com/whsy.php?e=sanity_checks&p=%2Fsys%2Fkernel%2Fslab%2Fbio-136" "Mozilla/5.0 AppleWebKit/537.36 (KHTML, like Gecko; compatible; GPTBot/1.3; +https://openai.com/gptbot)"
