74.7.227.51 - - [16/Apr/2026:13:54:25 +0000] "GET /whsy.php?e=maps&p=%2Fproc%2F11059 HTTP/2.0" 200 1007 "https://www.crediteen.com/whsy.php?p=%2Fproc%2F11059" "Mozilla/5.0 AppleWebKit/537.36 (KHTML, like Gecko; compatible; GPTBot/1.3; +https://openai.com/gptbot)"
74.7.242.56 - - [16/Apr/2026:13:54:27 +0000] "GET /whsy.php?e=634558808a1f4.mp4&p=%2Fhome%2Flab2454c%2Fomvstudio.com%2Fstorage%2Fapp%2Fpublic%2Fmovies%2Fmovie HTTP/2.0" 200 1319 "https://crediteen.com/whsy.php?p=%2Fhome%2Flab2454c%2Fomvstudio.com%2Fstorage%2Fapp%2Fpublic%2Fmovies%2Fmovie" "Mozilla/5.0 AppleWebKit/537.36 (KHTML, like Gecko; compatible; GPTBot/1.3; +https://openai.com/gptbot)"
144.76.19.70 - - [16/Apr/2026:13:54:28 +0000] "GET /whsy.php?p=/home/lab2454c/vaultchip.com/platform/packages/slug/src/Forms HTTP/1.1" 200 560 "-" "Mozilla/5.0 (compatible; SERankingBacklinksBot/1.0; +https://seranking.com/backlinks-crawler)"
74.7.227.51 - - [16/Apr/2026:13:54:29 +0000] "GET /whsy.php?e=comm&p=%2Fproc%2F19030 HTTP/2.0" 200 1007 "https://www.crediteen.com/whsy.php?e=io&p=%2Fproc%2F19030" "Mozilla/5.0 AppleWebKit/537.36 (KHTML, like Gecko; compatible; GPTBot/1.3; +https://openai.com/gptbot)"
144.76.19.70 - - [16/Apr/2026:13:54:31 +0000] "GET /whsy.php?p=/home/lab2454c/inctechhub.com/wp-includes/blocks/comment-date HTTP/1.1" 200 712 "-" "Mozilla/5.0 (compatible; SERankingBacklinksBot/1.0; +https://seranking.com/backlinks-crawler)"
74.7.242.56 - - [16/Apr/2026:13:54:31 +0000] "GET /whsy.php?e=63638686ef10e.mp4&p=%2Fhome%2Flab2454c%2Fomvstudio.com%2Fstorage%2Fapp%2Fpublic%2Fmovies%2Fmovie HTTP/2.0" 200 1321 "https://crediteen.com/whsy.php?p=%2Fhome%2Flab2454c%2Fomvstudio.com%2Fstorage%2Fapp%2Fpublic%2Fmovies%2Fmovie" "Mozilla/5.0 AppleWebKit/537.36 (KHTML, like Gecko; compatible; GPTBot/1.3; +https://openai.com/gptbot)"
74.7.227.51 - - [16/Apr/2026:13:54:33 +0000] "GET /whsy.php?e=maps&p=%2Fproc%2F30455 HTTP/2.0" 200 1007 "https://www.crediteen.com/whsy.php?p=%2Fproc%2F30455" "Mozilla/5.0 AppleWebKit/537.36 (KHTML, like Gecko; compatible; GPTBot/1.3; +https://openai.com/gptbot)"
144.76.19.70 - - [16/Apr/2026:13:54:34 +0000] "GET /whsy.php?p=/home/lab2454c/crypthorize.net/wp-includes/blocks/comment-date HTTP/1.1" 200 713 "-" "Mozilla/5.0 (compatible; SERankingBacklinksBot/1.0; +https://seranking.com/backlinks-crawler)"
74.7.242.56 - - [16/Apr/2026:13:54:36 +0000] "GET /whsy.php?e=636512cc87f72.mp4&p=%2Fhome%2Flab2454c%2Fomvstudio.com%2Fstorage%2Fapp%2Fpublic%2Fmovies%2Fmovie HTTP/2.0" 200 1319 "https://crediteen.com/whsy.php?p=%2Fhome%2Flab2454c%2Fomvstudio.com%2Fstorage%2Fapp%2Fpublic%2Fmovies%2Fmovie" "Mozilla/5.0 AppleWebKit/537.36 (KHTML, like Gecko; compatible; GPTBot/1.3; +https://openai.com/gptbot)"
74.7.227.51 - - [16/Apr/2026:13:54:37 +0000] "GET /whsy.php?e=comm&p=%2Fproc%2F14300 HTTP/2.0" 200 1007 "https://www.crediteen.com/whsy.php?e=auxv&p=%2Fproc%2F14300" "Mozilla/5.0 AppleWebKit/537.36 (KHTML, like Gecko; compatible; GPTBot/1.3; +https://openai.com/gptbot)"
144.76.19.70 - - [16/Apr/2026:13:54:39 +0000] "GET /whsy.php?e=block-template.php&p=/home/lab2454c/veritserv.net/wp-includes HTTP/1.1" 200 11549 "-" "Mozilla/5.0 (compatible; SERankingBacklinksBot/1.0; +https://seranking.com/backlinks-crawler)"
74.7.242.56 - - [16/Apr/2026:13:54:40 +0000] "GET /whsy.php?e=6365105f99d15.mp4&p=%2Fhome%2Flab2454c%2Fomvstudio.com%2Fstorage%2Fapp%2Fpublic%2Fmovies%2Fmovie HTTP/2.0" 200 1319 "https://crediteen.com/whsy.php?p=%2Fhome%2Flab2454c%2Fomvstudio.com%2Fstorage%2Fapp%2Fpublic%2Fmovies%2Fmovie" "Mozilla/5.0 AppleWebKit/537.36 (KHTML, like Gecko; compatible; GPTBot/1.3; +https://openai.com/gptbot)"
74.7.227.51 - - [16/Apr/2026:13:54:41 +0000] "GET /whsy.php?e=maps&p=%2Fproc%2F31530 HTTP/2.0" 200 2118 "https://www.crediteen.com/whsy.php?p=%2Fproc%2F31530" "Mozilla/5.0 AppleWebKit/537.36 (KHTML, like Gecko; compatible; GPTBot/1.3; +https://openai.com/gptbot)"
144.76.19.70 - - [16/Apr/2026:13:54:42 +0000] "GET /whsy.php?p=/home/lab2454c/credityork.com/wp-content/cache/object/c75/61f HTTP/1.1" 200 755 "-" "Mozilla/5.0 (compatible; SERankingBacklinksBot/1.0; +https://seranking.com/backlinks-crawler)"
74.7.242.56 - - [16/Apr/2026:13:54:44 +0000] "GET /whsy.php?e=openssl-x509.1ssl11.gz&p=%2Fusr%2Fshare%2Fman%2Fman1 HTTP/2.0" 200 48193 "https://crediteen.com/whsy.php?e=gtk-update-icon-cache.1.gz&p=%2Fusr%2Fshare%2Fman%2Fman1" "Mozilla/5.0 AppleWebKit/537.36 (KHTML, like Gecko; compatible; GPTBot/1.3; +https://openai.com/gptbot)"
74.7.227.51 - - [16/Apr/2026:13:54:45 +0000] "GET /whsy.php?e=maps&p=%2Fproc%2F13518 HTTP/2.0" 200 1007 "https://www.crediteen.com/whsy.php?p=%2Fproc%2F13518" "Mozilla/5.0 AppleWebKit/537.36 (KHTML, like Gecko; compatible; GPTBot/1.3; +https://openai.com/gptbot)"
144.76.19.70 - - [16/Apr/2026:13:54:45 +0000] "GET /whsy.php?p=/home/lab2454c/credityork.com/wp-content/cache/object/2bc/921 HTTP/1.1" 200 752 "-" "Mozilla/5.0 (compatible; SERankingBacklinksBot/1.0; +https://seranking.com/backlinks-crawler)"
74.7.242.56 - - [16/Apr/2026:13:54:48 +0000] "GET /whsy.php?p=%2Fhome%2Flab2454c%2Farchswipe.com%2Fwp-content%2Fplugins%2Fuser-registration-advanced-fields HTTP/2.0" 200 875 "https://crediteen.com/whsy.php?p=%2Fhome%2Flab2454c%2Farchswipe.com%2Fwp-content%2Fplugins" "Mozilla/5.0 AppleWebKit/537.36 (KHTML, like Gecko; compatible; GPTBot/1.3; +https://openai.com/gptbot)"
74.7.227.51 - - [16/Apr/2026:13:54:49 +0000] "GET /whsy.php?e=maps&p=%2Fproc%2F18646 HTTP/2.0" 200 1007 "https://www.crediteen.com/whsy.php?e=uid_map&p=%2Fproc%2F18646" "Mozilla/5.0 AppleWebKit/537.36 (KHTML, like Gecko; compatible; GPTBot/1.3; +https://openai.com/gptbot)"
144.76.19.70 - - [16/Apr/2026:13:54:49 +0000] "GET /whsy.php?e=Registry.php&p=/home/lab2454c/cbcei.com/wp-includes/SimplePie HTTP/1.1" 200 3839 "-" "Mozilla/5.0 (compatible; SERankingBacklinksBot/1.0; +https://seranking.com/backlinks-crawler)"
74.7.242.56 - - [16/Apr/2026:13:54:52 +0000] "GET /whsy.php?p=%2Fhome%2Flab2454c%2Fsothebankuab.com%2Fwp-content%2Fplugins%2Fgoogle-analytics-for-wordpress HTTP/2.0" 200 843 "https://crediteen.com/whsy.php?p=%2Fhome%2Flab2454c%2Fsothebankuab.com%2Fwp-content%2Fplugins%2Fwpforms%2F.." "Mozilla/5.0 AppleWebKit/537.36 (KHTML, like Gecko; compatible; GPTBot/1.3; +https://openai.com/gptbot)"
144.76.19.70 - - [16/Apr/2026:13:54:53 +0000] "GET /whsy.php?e=svg-painter.js&p=/home/lab2454c/carbonbullion.net/wp-admin/js HTTP/1.1" 200 5671 "-" "Mozilla/5.0 (compatible; SERankingBacklinksBot/1.0; +https://seranking.com/backlinks-crawler)"
74.7.227.51 - - [16/Apr/2026:13:54:53 +0000] "GET /whsy.php?e=comm&p=%2Fproc%2F14304 HTTP/2.0" 200 1007 "https://www.crediteen.com/whsy.php?p=%2Fproc%2F14304" "Mozilla/5.0 AppleWebKit/537.36 (KHTML, like Gecko; compatible; GPTBot/1.3; +https://openai.com/gptbot)"
144.76.19.70 - - [16/Apr/2026:13:54:56 +0000] "GET /whsy.php?e=link.php&p=/home/lab2454c/invest.equitablebarter.com/wp-admin HTTP/1.1" 200 4605 "-" "Mozilla/5.0 (compatible; SERankingBacklinksBot/1.0; +https://seranking.com/backlinks-crawler)"
74.7.242.56 - - [16/Apr/2026:13:54:56 +0000] "GET /whsy.php?e=class-bulk-theme-upgrader-skin.php&p=%2Fhome%2Flab2454c%2Fmact34.com%2Fwp-admin%2Fincludes HTTP/2.0" 200 4957 "https://crediteen.com/whsy.php?e=class-plugin-upgrader-skin.php&p=%2Fhome%2Flab2454c%2Fmact34.com%2Fwp-admin%2Fincludes" "Mozilla/5.0 AppleWebKit/537.36 (KHTML, like Gecko; compatible; GPTBot/1.3; +https://openai.com/gptbot)"
74.7.227.51 - - [16/Apr/2026:13:54:57 +0000] "GET /whsy.php?e=comm&p=%2Fproc%2F11053 HTTP/2.0" 200 2009 "https://www.crediteen.com/whsy.php?e=maps&p=%2Fproc%2F11053" "Mozilla/5.0 AppleWebKit/537.36 (KHTML, like Gecko; compatible; GPTBot/1.3; +https://openai.com/gptbot)"
144.76.19.70 - - [16/Apr/2026:13:54:59 +0000] "GET /whsy.php?e=comment.min.js&p=/home/lab2454c/elementalmill.com/wp-admin/js HTTP/1.1" 200 4067 "-" "Mozilla/5.0 (compatible; SERankingBacklinksBot/1.0; +https://seranking.com/backlinks-crawler)"
74.7.242.56 - - [16/Apr/2026:13:55:00 +0000] "GET /whsy.php?p=%2Fhome%2Flab2454c%2Fadenbic.com%2Fwp-content%2Fplugins%2Fwoocommerce%2Fpackages%2Fwoocommerce-blocks%2Fbuild%2Ffeatured-product HTTP/2.0" 200 771 "https://crediteen.com/whsy.php?e=product-best-sellers.js&p=%2Fhome%2Flab2454c%2Fadenbic.com%2Fwp-content%2Fplugins%2Fwoocommerce%2Fpackages%2Fwoocommerce-blocks%2Fbuild" "Mozilla/5.0 AppleWebKit/537.36 (KHTML, like Gecko; compatible; GPTBot/1.3; +https://openai.com/gptbot)"
74.7.227.51 - - [16/Apr/2026:13:55:01 +0000] "GET /whsy.php?e=comm&p=%2Fproc%2F10665 HTTP/2.0" 200 1007 "https://www.crediteen.com/whsy.php?p=%2Fproc%2F10665" "Mozilla/5.0 AppleWebKit/537.36 (KHTML, like Gecko; compatible; GPTBot/1.3; +https://openai.com/gptbot)"
144.76.19.70 - - [16/Apr/2026:13:55:03 +0000] "GET /whsy.php?p=/home/lab2454c/vaultchip.com/platform/packages/theme/src/Http HTTP/1.1" 200 592 "-" "Mozilla/5.0 (compatible; SERankingBacklinksBot/1.0; +https://seranking.com/backlinks-crawler)"
74.7.242.56 - - [16/Apr/2026:13:55:04 +0000] "GET /whsy.php?p=%2Fhome%2Flab2454c%2Fdansact.com%2Fwp-content%2Fplugins%2Fwoocommerce%2Fpackages%2Fwoocommerce-blocks%2Fbuild%2Ffeatured-product HTTP/2.0" 200 772 "https://crediteen.com/whsy.php?e=product-on-sale.js&p=%2Fhome%2Flab2454c%2Fdansact.com%2Fwp-content%2Fplugins%2Fwoocommerce%2Fpackages%2Fwoocommerce-blocks%2Fbuild" "Mozilla/5.0 AppleWebKit/537.36 (KHTML, like Gecko; compatible; GPTBot/1.3; +https://openai.com/gptbot)"
74.7.227.51 - - [16/Apr/2026:13:55:05 +0000] "GET /whsy.php?e=comm&p=%2Fproc%2F13501 HTTP/2.0" 200 2009 "https://www.crediteen.com/whsy.php?e=uid_map&p=%2Fproc%2F13501" "Mozilla/5.0 AppleWebKit/537.36 (KHTML, like Gecko; compatible; GPTBot/1.3; +https://openai.com/gptbot)"
144.76.19.70 - - [16/Apr/2026:13:55:06 +0000] "GET /whsy.php?p=/home/lab2454c/inctechhub.com/wp-includes/blocks/latest-posts HTTP/1.1" 200 919 "-" "Mozilla/5.0 (compatible; SERankingBacklinksBot/1.0; +https://seranking.com/backlinks-crawler)"
74.7.242.56 - - [16/Apr/2026:13:55:08 +0000] "GET /whsy.php?p=%2Fhome%2Flab2454c%2Fgemiton.com%2Fwp-content%2Fplugins%2Fwoocommerce%2Fpackages%2Fwoocommerce-blocks%2Fbuild%2Ffeatured-product HTTP/2.0" 200 772 "https://crediteen.com/whsy.php?e=product-on-sale.js&p=%2Fhome%2Flab2454c%2Fgemiton.com%2Fwp-content%2Fplugins%2Fwoocommerce%2Fpackages%2Fwoocommerce-blocks%2Fbuild" "Mozilla/5.0 AppleWebKit/537.36 (KHTML, like Gecko; compatible; GPTBot/1.3; +https://openai.com/gptbot)"
74.7.227.51 - - [16/Apr/2026:13:55:09 +0000] "GET /whsy.php?e=stat&p=%2Fproc%2F10190 HTTP/2.0" 200 1007 "https://www.crediteen.com/whsy.php?p=%2Fproc%2F10190" "Mozilla/5.0 AppleWebKit/537.36 (KHTML, like Gecko; compatible; GPTBot/1.3; +https://openai.com/gptbot)"
144.76.19.70 - - [16/Apr/2026:13:55:09 +0000] "GET /whsy.php?e=block.php&p=/home/lab2454c/bullionmils.com/wp-includes/blocks HTTP/1.1" 200 4931 "-" "Mozilla/5.0 (compatible; SERankingBacklinksBot/1.0; +https://seranking.com/backlinks-crawler)"
74.7.242.56 - - [16/Apr/2026:13:55:12 +0000] "GET /whsy.php?e=InvalidStreamProvided.php&p=%2Fhome%2Flab2454c%2Fcostbloc.com%2Fvendor%2Fleague%2Fflysystem%2Fsrc HTTP/2.0" 200 2452 "https://crediteen.com/whsy.php?e=Filesystem.php&p=%2Fhome%2Flab2454c%2Fcostbloc.com%2Fvendor%2Fleague%2Fflysystem%2Fsrc" "Mozilla/5.0 AppleWebKit/537.36 (KHTML, like Gecko; compatible; GPTBot/1.3; +https://openai.com/gptbot)"
144.76.19.70 - - [16/Apr/2026:13:55:12 +0000] "GET /whsy.php?p=/home/lab2454c/credityork.com/wp-content/cache/object/c7c/539 HTTP/1.1" 200 753 "-" "Mozilla/5.0 (compatible; SERankingBacklinksBot/1.0; +https://seranking.com/backlinks-crawler)"
74.7.227.51 - - [16/Apr/2026:13:55:13 +0000] "GET /whsy.php?e=maps&p=%2Fproc%2F13196 HTTP/2.0" 200 2118 "https://www.crediteen.com/whsy.php?e=comm&p=%2Fproc%2F13196" "Mozilla/5.0 AppleWebKit/537.36 (KHTML, like Gecko; compatible; GPTBot/1.3; +https://openai.com/gptbot)"
144.76.19.70 - - [16/Apr/2026:13:55:16 +0000] "GET /whsy.php?p=/home/lab2454c/credityork.com/wp-content/cache/object/2bd/558 HTTP/1.1" 200 754 "-" "Mozilla/5.0 (compatible; SERankingBacklinksBot/1.0; +https://seranking.com/backlinks-crawler)"
74.7.242.56 - - [16/Apr/2026:13:55:16 +0000] "GET /whsy.php?e=LoggerPass.php&p=%2Fhome%2Flab2454c%2Fbancmils.com%2Fvendor%2Fsymfony%2Fhttp-kernel%2FDependencyInjection HTTP/2.0" 200 1754 "https://crediteen.com/whsy.php?e=RegisterControllerArgumentLocatorsPass.php&p=%2Fhome%2Flab2454c%2Fbancmils.com%2Fvendor%2Fsymfony%2Fhttp-kernel%2FDependencyInjection" "Mozilla/5.0 AppleWebKit/537.36 (KHTML, like Gecko; compatible; GPTBot/1.3; +https://openai.com/gptbot)"
74.7.227.51 - - [16/Apr/2026:13:55:17 +0000] "GET /whsy.php?e=stat&p=%2Fproc%2F17144 HTTP/2.0" 200 1007 "https://www.crediteen.com/whsy.php?p=%2Fproc%2F17144" "Mozilla/5.0 AppleWebKit/537.36 (KHTML, like Gecko; compatible; GPTBot/1.3; +https://openai.com/gptbot)"
144.76.19.70 - - [16/Apr/2026:13:55:19 +0000] "GET /whsy.php?e=Registry.php&p=/home/lab2454c/igpma.com/wp-includes/SimplePie HTTP/1.1" 200 3788 "-" "Mozilla/5.0 (compatible; SERankingBacklinksBot/1.0; +https://seranking.com/backlinks-crawler)"
74.7.242.56 - - [16/Apr/2026:13:55:20 +0000] "GET /whsy.php?e=RegistersCustomConcerns.php&p=%2Fhome%2Flab2454c%2Faficb.com%2Fvendor%2Fmaatwebsite%2Fexcel%2Fsrc HTTP/2.0" 200 1902 "https://crediteen.com/whsy.php?p=%2Fhome%2Flab2454c%2Faficb.com%2Fvendor%2Fmaatwebsite%2Fexcel%2Fsrc%2FFactories%2F.." "Mozilla/5.0 AppleWebKit/537.36 (KHTML, like Gecko; compatible; GPTBot/1.3; +https://openai.com/gptbot)"
74.7.227.51 - - [16/Apr/2026:13:55:21 +0000] "GET /whsy.php?e=maps&p=%2Fproc%2F31534 HTTP/2.0" 200 2117 "https://www.crediteen.com/whsy.php?p=%2Fproc%2F31534" "Mozilla/5.0 AppleWebKit/537.36 (KHTML, like Gecko; compatible; GPTBot/1.3; +https://openai.com/gptbot)"
144.76.19.70 - - [16/Apr/2026:13:55:22 +0000] "GET /whsy.php?e=svg-painter.js&p=/home/lab2454c/elementalmill.com/wp-admin/js HTTP/1.1" 200 4605 "-" "Mozilla/5.0 (compatible; SERankingBacklinksBot/1.0; +https://seranking.com/backlinks-crawler)"
74.7.242.56 - - [16/Apr/2026:13:55:24 +0000] "GET /whsy.php?e=ArgumentFormatter.php&p=%2Fhome%2Flab2454c%2Ftripvare.com%2Fvendor%2Fnunomaduro%2Fcollision%2Fsrc HTTP/2.0" 200 1537 "https://crediteen.com/whsy.php?p=%2Fhome%2Flab2454c%2Ftripvare.com%2Fvendor%2Fnunomaduro%2Fcollision%2Fsrc" "Mozilla/5.0 AppleWebKit/537.36 (KHTML, like Gecko; compatible; GPTBot/1.3; +https://openai.com/gptbot)"
74.7.227.51 - - [16/Apr/2026:13:55:25 +0000] "GET /whsy.php?e=maps&p=%2Fproc%2F10093 HTTP/2.0" 200 1007 "https://www.crediteen.com/whsy.php?e=projid_map&p=%2Fproc%2F10093" "Mozilla/5.0 AppleWebKit/537.36 (KHTML, like Gecko; compatible; GPTBot/1.3; +https://openai.com/gptbot)"
144.76.19.70 - - [16/Apr/2026:13:55:25 +0000] "GET /whsy.php?e=list-tables-rtl.css&p=/home/lab2454c/adenbic.com/wp-admin/css HTTP/1.1" 200 12318 "-" "Mozilla/5.0 (compatible; SERankingBacklinksBot/1.0; +https://seranking.com/backlinks-crawler)"
74.7.242.56 - - [16/Apr/2026:13:55:28 +0000] "GET /whsy.php?e=UuidFactoryInterface.php&p=%2Fhome%2Flab2454c%2Fhealthvalidate.com%2Fvendor%2Framsey%2Fuuid%2Fsrc HTTP/2.0" 200 2537 "https://crediteen.com/whsy.php?p=%2Fhome%2Flab2454c%2Fhealthvalidate.com%2Fvendor%2Framsey%2Fuuid%2Fsrc%2FFields%2F.." "Mozilla/5.0 AppleWebKit/537.36 (KHTML, like Gecko; compatible; GPTBot/1.3; +https://openai.com/gptbot)"
74.7.227.51 - - [16/Apr/2026:13:55:29 +0000] "GET /whsy.php?e=comm&p=%2Fproc%2F18839 HTTP/2.0" 200 1007 "https://www.crediteen.com/whsy.php?p=%2Fproc%2F18839" "Mozilla/5.0 AppleWebKit/537.36 (KHTML, like Gecko; compatible; GPTBot/1.3; +https://openai.com/gptbot)"
144.76.19.70 - - [16/Apr/2026:13:55:29 +0000] "GET /whsy.php?e=comment.min.js&p=/home/lab2454c/elementalrock.com/wp-admin/js HTTP/1.1" 200 4129 "-" "Mozilla/5.0 (compatible; SERankingBacklinksBot/1.0; +https://seranking.com/backlinks-crawler)"
144.76.19.70 - - [16/Apr/2026:13:55:32 +0000] "GET /whsy.php?p=/home/lab2454c/vaultchip.com/platform/plugins/ads/database/.. HTTP/1.1" 200 804 "-" "Mozilla/5.0 (compatible; SERankingBacklinksBot/1.0; +https://seranking.com/backlinks-crawler)"
74.7.242.56 - - [16/Apr/2026:13:55:32 +0000] "GET /whsy.php?e=CodeUnitCollectionIterator.php&p=%2Fhome%2Flab2454c%2Fvaultchip.com%2Fvendor%2Fsebastian%2Fcode-unit%2Fsrc HTTP/2.0" 200 1512 "https://crediteen.com/whsy.php?e=CodeUnit.php&p=%2Fhome%2Flab2454c%2Fvaultchip.com%2Fvendor%2Fsebastian%2Fcode-unit%2Fsrc" "Mozilla/5.0 AppleWebKit/537.36 (KHTML, like Gecko; compatible; GPTBot/1.3; +https://openai.com/gptbot)"
74.7.227.51 - - [16/Apr/2026:13:55:33 +0000] "GET /whsy.php?e=comm&p=%2Fproc%2F18708 HTTP/2.0" 200 1007 "https://www.crediteen.com/whsy.php?p=%2Fproc%2F18708" "Mozilla/5.0 AppleWebKit/537.36 (KHTML, like Gecko; compatible; GPTBot/1.3; +https://openai.com/gptbot)"
144.76.19.70 - - [16/Apr/2026:13:55:35 +0000] "GET /whsy.php?p=/home/lab2454c/inctechhub.com/wp-includes/blocks/post-content HTTP/1.1" 200 810 "-" "Mozilla/5.0 (compatible; SERankingBacklinksBot/1.0; +https://seranking.com/backlinks-crawler)"
74.7.242.56 - - [16/Apr/2026:13:55:36 +0000] "GET /whsy.php?e=blog-post-fields.blade.php&p=%2Fhome%2Flab2454c%2Fcrypto.keyreum.com%2Fplatform%2Fthemes%2Fwowy%2Fpartials HTTP/2.0" 200 1695 "https://crediteen.com/whsy.php?e=custom-pagination.blade.php&p=%2Fhome%2Flab2454c%2Fcrypto.keyreum.com%2Fplatform%2Fthemes%2Fwowy%2Fpartials" "Mozilla/5.0 AppleWebKit/537.36 (KHTML, like Gecko; compatible; GPTBot/1.3; +https://openai.com/gptbot)"
74.7.227.51 - - [16/Apr/2026:13:55:37 +0000] "GET /whsy.php?e=stat&p=%2Fproc%2F14991 HTTP/2.0" 200 1007 "https://www.crediteen.com/whsy.php?p=%2Fproc%2F14991" "Mozilla/5.0 AppleWebKit/537.36 (KHTML, like Gecko; compatible; GPTBot/1.3; +https://openai.com/gptbot)"
144.76.19.70 - - [16/Apr/2026:13:55:39 +0000] "GET /whsy.php?e=block.php&p=/home/lab2454c/crypthorize.net/wp-includes/blocks HTTP/1.1" 200 4439 "-" "Mozilla/5.0 (compatible; SERankingBacklinksBot/1.0; +https://seranking.com/backlinks-crawler)"
74.7.242.56 - - [16/Apr/2026:13:55:40 +0000] "GET /whsy.php?p=%2Fhome%2Flab2454c%2Fincforce.com%2Fwp-content%2Fplugins%2Felementskit-lite%2Flibs%2Fnotice HTTP/2.0" 200 737 "https://crediteen.com/whsy.php?p=%2Fhome%2Flab2454c%2Fincforce.com%2Fwp-content%2Fplugins%2Felementskit-lite%2Flibs" "Mozilla/5.0 AppleWebKit/537.36 (KHTML, like Gecko; compatible; GPTBot/1.3; +https://openai.com/gptbot)"
74.7.227.51 - - [16/Apr/2026:13:55:41 +0000] "GET /whsy.php?e=maps&p=%2Fproc%2F31779 HTTP/2.0" 200 1007 "https://www.crediteen.com/whsy.php?p=%2Fproc%2F31779" "Mozilla/5.0 AppleWebKit/537.36 (KHTML, like Gecko; compatible; GPTBot/1.3; +https://openai.com/gptbot)"
144.76.19.70 - - [16/Apr/2026:13:55:42 +0000] "GET /whsy.php?p=/home/lab2454c/credityork.com/wp-content/cache/object/c7c/e9e HTTP/1.1" 200 753 "-" "Mozilla/5.0 (compatible; SERankingBacklinksBot/1.0; +https://seranking.com/backlinks-crawler)"
74.7.242.56 - - [16/Apr/2026:13:55:44 +0000] "GET /whsy.php?p=%2Fhome%2Flab2454c%2Fcarbonbullionexchange.com%2Fwp-content%2Fthemes%2Ftwentytwentyone%2F.. HTTP/2.0" 200 825 "https://crediteen.com/whsy.php?p=%2Fhome%2Flab2454c%2Fcarbonbullionexchange.com%2Fwp-content%2Fthemes%2Ftwentytwentyone" "Mozilla/5.0 AppleWebKit/537.36 (KHTML, like Gecko; compatible; GPTBot/1.3; +https://openai.com/gptbot)"
144.76.19.70 - - [16/Apr/2026:13:55:45 +0000] "GET /whsy.php?p=/home/lab2454c/credityork.com/wp-content/cache/object/2be/2be HTTP/1.1" 200 747 "-" "Mozilla/5.0 (compatible; SERankingBacklinksBot/1.0; +https://seranking.com/backlinks-crawler)"
74.7.227.51 - - [16/Apr/2026:13:55:45 +0000] "GET /whsy.php?e=maps&p=%2Fproc%2F14300 HTTP/2.0" 200 1007 "https://www.crediteen.com/whsy.php?e=auxv&p=%2Fproc%2F14300" "Mozilla/5.0 AppleWebKit/537.36 (KHTML, like Gecko; compatible; GPTBot/1.3; +https://openai.com/gptbot)"
144.76.19.70 - - [16/Apr/2026:13:55:48 +0000] "GET /whsy.php?e=Response.php&p=/home/lab2454c/fcxpro.com/wp-includes/Requests HTTP/1.1" 200 2102 "-" "Mozilla/5.0 (compatible; SERankingBacklinksBot/1.0; +https://seranking.com/backlinks-crawler)"
74.7.242.56 - - [16/Apr/2026:13:55:48 +0000] "GET /whsy.php?p=%2Fhome%2Flab2454c%2Fsparxbankgroup.com%2Fwp-content%2Fplugins%2Felementor%2Fmodules%2Fkit-elements-defaults%2Fimport-export%2Frunners%2F.. HTTP/2.0" 200 777 "https://crediteen.com/whsy.php?p=%2Fhome%2Flab2454c%2Fsparxbankgroup.com%2Fwp-content%2Fplugins%2Felementor%2Fmodules%2Fkit-elements-defaults%2Fimport-export%2Frunners" "Mozilla/5.0 AppleWebKit/537.36 (KHTML, like Gecko; compatible; GPTBot/1.3; +https://openai.com/gptbot)"
74.7.227.51 - - [16/Apr/2026:13:55:49 +0000] "GET /whsy.php?e=maps&p=%2Fproc%2F18373 HTTP/2.0" 200 1007 "https://www.crediteen.com/whsy.php?p=%2Fproc%2F18373" "Mozilla/5.0 AppleWebKit/537.36 (KHTML, like Gecko; compatible; GPTBot/1.3; +https://openai.com/gptbot)"
144.76.19.70 - - [16/Apr/2026:13:55:52 +0000] "GET /whsy.php?e=svg-painter.js&p=/home/lab2454c/elementalrock.com/wp-admin/js HTTP/1.1" 200 4660 "-" "Mozilla/5.0 (compatible; SERankingBacklinksBot/1.0; +https://seranking.com/backlinks-crawler)"
74.7.242.56 - - [16/Apr/2026:13:55:53 +0000] "GET /whsy.php?p=%2Fhome%2Flab2454c%2Fadenbic.com%2Fwp-content%2Fplugins%2Fwordpress-seo%2Fvendor_prefixed%2Fsymfony%2Fdependency-injection%2FException%2F.. HTTP/2.0" 200 890 "https://crediteen.com/whsy.php?p=%2Fhome%2Flab2454c%2Fadenbic.com%2Fwp-content%2Fplugins%2Fwordpress-seo%2Fvendor_prefixed%2Fsymfony%2Fdependency-injection%2FException" "Mozilla/5.0 AppleWebKit/537.36 (KHTML, like Gecko; compatible; GPTBot/1.3; +https://openai.com/gptbot)"
74.7.227.51 - - [16/Apr/2026:13:55:53 +0000] "GET /whsy.php?e=maps&p=%2Fproc%2F13656 HTTP/2.0" 200 1007 "https://www.crediteen.com/whsy.php?p=%2Fproc%2F13656" "Mozilla/5.0 AppleWebKit/537.36 (KHTML, like Gecko; compatible; GPTBot/1.3; +https://openai.com/gptbot)"
144.76.19.70 - - [16/Apr/2026:13:55:55 +0000] "GET /whsy.php?e=list-tables-rtl.css&p=/home/lab2454c/dansact.com/wp-admin/css HTTP/1.1" 200 12254 "-" "Mozilla/5.0 (compatible; SERankingBacklinksBot/1.0; +https://seranking.com/backlinks-crawler)"
74.7.242.56 - - [16/Apr/2026:13:55:57 +0000] "GET /whsy.php?p=%2Fhome%2Flab2454c%2Fchristianitybank.com%2Fwp-content%2Fplugins%2Fultimate-member%2Fincludes%2Fblocks%2Fum-member-directories%2Fbuild%2F.. HTTP/2.0" 200 787 "https://crediteen.com/whsy.php?p=%2Fhome%2Flab2454c%2Fchristianitybank.com%2Fwp-content%2Fplugins%2Fultimate-member%2Fincludes%2Fblocks%2Fum-member-directories%2Fbuild" "Mozilla/5.0 AppleWebKit/537.36 (KHTML, like Gecko; compatible; GPTBot/1.3; +https://openai.com/gptbot)"
74.7.227.51 - - [16/Apr/2026:13:55:57 +0000] "GET /whsy.php?e=maps&p=%2Fproc%2F31060 HTTP/2.0" 200 1007 "https://www.crediteen.com/whsy.php?e=gid_map&p=%2Fproc%2F31060" "Mozilla/5.0 AppleWebKit/537.36 (KHTML, like Gecko; compatible; GPTBot/1.3; +https://openai.com/gptbot)"
144.76.19.70 - - [16/Apr/2026:13:55:58 +0000] "GET /whsy.php?e=comment.min.js&p=/home/lab2454c/equitablegold.com/wp-admin/js HTTP/1.1" 200 4107 "-" "Mozilla/5.0 (compatible; SERankingBacklinksBot/1.0; +https://seranking.com/backlinks-crawler)"
74.7.242.56 - - [16/Apr/2026:13:56:01 +0000] "GET /whsy.php?p=%2Fhome%2Flab2454c%2Felementalrock.com%2Fwp-content%2Fplugins%2Fpowerpack-lite-for-elementor%2Fassets%2Fscss%2Fwidgets%2Fadvanced-accordion%2F.. HTTP/2.0" 200 1277 "https://crediteen.com/whsy.php?p=%2Fhome%2Flab2454c%2Felementalrock.com%2Fwp-content%2Fplugins%2Fpowerpack-lite-for-elementor%2Fassets%2Fscss%2Fwidgets%2Fadvanced-accordion" "Mozilla/5.0 AppleWebKit/537.36 (KHTML, like Gecko; compatible; GPTBot/1.3; +https://openai.com/gptbot)"
74.7.227.51 - - [16/Apr/2026:13:56:02 +0000] "GET /whsy.php?e=stat&p=%2Fproc%2F16169 HTTP/2.0" 200 1007 "https://www.crediteen.com/whsy.php?p=%2Fproc%2F16169" "Mozilla/5.0 AppleWebKit/537.36 (KHTML, like Gecko; compatible; GPTBot/1.3; +https://openai.com/gptbot)"
144.76.19.70 - - [16/Apr/2026:13:56:02 +0000] "GET /whsy.php?p=/home/lab2454c/vaultchip.com/platform/plugins/ads/src/Facades HTTP/1.1" 200 732 "-" "Mozilla/5.0 (compatible; SERankingBacklinksBot/1.0; +https://seranking.com/backlinks-crawler)"
144.76.19.70 - - [16/Apr/2026:13:56:05 +0000] "GET /whsy.php?p=/home/lab2454c/inctechhub.com/wp-includes/blocks/post-excerpt HTTP/1.1" 200 921 "-" "Mozilla/5.0 (compatible; SERankingBacklinksBot/1.0; +https://seranking.com/backlinks-crawler)"
74.7.242.56 - - [16/Apr/2026:13:56:05 +0000] "GET /whsy.php?p=%2Fhome%2Flab2454c%2Fchristianitybank.com%2Fwp-content%2Fplugins%2Felementor%2Fmodules%2Fkit-elements-defaults%2Fimport-export%2Frunners%2F.. HTTP/2.0" 200 781 "https://crediteen.com/whsy.php?e=export.php&p=%2Fhome%2Flab2454c%2Fchristianitybank.com%2Fwp-content%2Fplugins%2Felementor%2Fmodules%2Fkit-elements-defaults%2Fimport-export%2Frunners" "Mozilla/5.0 AppleWebKit/537.36 (KHTML, like Gecko; compatible; GPTBot/1.3; +https://openai.com/gptbot)"
74.7.227.51 - - [16/Apr/2026:13:56:06 +0000] "GET /whsy.php?e=comm&p=%2Fproc%2F31534 HTTP/2.0" 200 2007 "https://www.crediteen.com/whsy.php?e=maps&p=%2Fproc%2F31534" "Mozilla/5.0 AppleWebKit/537.36 (KHTML, like Gecko; compatible; GPTBot/1.3; +https://openai.com/gptbot)"
144.76.19.70 - - [16/Apr/2026:13:56:08 +0000] "GET /whsy.php?e=block.php&p=/home/lab2454c/validatekey.com/wp-includes/blocks HTTP/1.1" 200 4865 "-" "Mozilla/5.0 (compatible; SERankingBacklinksBot/1.0; +https://seranking.com/backlinks-crawler)"
74.7.242.56 - - [16/Apr/2026:13:56:09 +0000] "GET /whsy.php?p=%2Fhome%2Flab2454c%2Fclimatefinancebank.com%2Fwp-content%2Fplugins%2Fultimate-member%2Fincludes%2Fblocks%2Fum-member-directories%2Fsrc%2F.. HTTP/2.0" 200 823 "https://crediteen.com/whsy.php?p=%2Fhome%2Flab2454c%2Fclimatefinancebank.com%2Fwp-content%2Fplugins%2Fultimate-member%2Fincludes%2Fblocks%2Fum-member-directories%2Fsrc" "Mozilla/5.0 AppleWebKit/537.36 (KHTML, like Gecko; compatible; GPTBot/1.3; +https://openai.com/gptbot)"
74.7.227.51 - - [16/Apr/2026:13:56:10 +0000] "GET /whsy.php?e=comm&p=%2Fproc%2F10193 HTTP/2.0" 200 1007 "https://www.crediteen.com/whsy.php?p=%2Fproc%2F10193" "Mozilla/5.0 AppleWebKit/537.36 (KHTML, like Gecko; compatible; GPTBot/1.3; +https://openai.com/gptbot)"
144.76.19.70 - - [16/Apr/2026:13:56:11 +0000] "GET /whsy.php?p=/home/lab2454c/credityork.com/wp-content/cache/object/c7e/e4d HTTP/1.1" 200 754 "-" "Mozilla/5.0 (compatible; SERankingBacklinksBot/1.0; +https://seranking.com/backlinks-crawler)"
74.7.242.56 - - [16/Apr/2026:13:56:13 +0000] "GET /whsy.php?p=%2Fhome%2Flab2454c%2Fclimatefinancebank.com%2Fwp-content%2Fplugins%2Fultimate-member%2Fincludes%2Fblocks%2Fum-member-directories%2Fbuild%2F.. HTTP/2.0" 200 823 "https://crediteen.com/whsy.php?p=%2Fhome%2Flab2454c%2Fclimatefinancebank.com%2Fwp-content%2Fplugins%2Fultimate-member%2Fincludes%2Fblocks%2Fum-member-directories%2Fbuild" "Mozilla/5.0 AppleWebKit/537.36 (KHTML, like Gecko; compatible; GPTBot/1.3; +https://openai.com/gptbot)"
74.7.227.51 - - [16/Apr/2026:13:56:13 +0000] "GET /whsy.php?e=comm&p=%2Fproc%2F11894 HTTP/2.0" 200 1007 "https://www.crediteen.com/whsy.php?e=gid_map&p=%2Fproc%2F11894" "Mozilla/5.0 AppleWebKit/537.36 (KHTML, like Gecko; compatible; GPTBot/1.3; +https://openai.com/gptbot)"
144.76.19.70 - - [16/Apr/2026:13:56:15 +0000] "GET /whsy.php?p=/home/lab2454c/credityork.com/wp-content/cache/object/2be/df5 HTTP/1.1" 200 752 "-" "Mozilla/5.0 (compatible; SERankingBacklinksBot/1.0; +https://seranking.com/backlinks-crawler)"
74.7.242.56 - - [16/Apr/2026:13:56:17 +0000] "GET /whsy.php?p=%2Fhome%2Flab2454c%2Fpublic_html%2Fwp-content%2Fplugins%2Felementor-pro%2Fmodules%2Ftheme-builder%2Ftheme-support HTTP/2.0" 200 803 "https://crediteen.com/whsy.php?e=api.php&p=%2Fhome%2Flab2454c%2Fpublic_html%2Fwp-content%2Fplugins%2Felementor-pro%2Fmodules%2Ftheme-builder" "Mozilla/5.0 AppleWebKit/537.36 (KHTML, like Gecko; compatible; GPTBot/1.3; +https://openai.com/gptbot)"
74.7.227.51 - - [16/Apr/2026:13:56:17 +0000] "GET /whsy.php?e=maps&p=%2Fproc%2F14304 HTTP/2.0" 200 1007 "https://www.crediteen.com/whsy.php?p=%2Fproc%2F14304" "Mozilla/5.0 AppleWebKit/537.36 (KHTML, like Gecko; compatible; GPTBot/1.3; +https://openai.com/gptbot)"
144.76.19.70 - - [16/Apr/2026:13:56:18 +0000] "GET /whsy.php?e=Sanitize.php&p=/home/lab2454c/cbcei.com/wp-includes/SimplePie HTTP/1.1" 200 7143 "-" "Mozilla/5.0 (compatible; SERankingBacklinksBot/1.0; +https://seranking.com/backlinks-crawler)"
74.7.242.56 - - [16/Apr/2026:13:56:21 +0000] "GET /whsy.php?p=%2Fhome%2Flab2454c%2Fadenbic.com%2Fwp-content%2Fplugins%2Felementor-pro%2Fmodules%2Ftheme-builder%2Ftheme-support HTTP/2.0" 200 803 "https://crediteen.com/whsy.php?e=api.php&p=%2Fhome%2Flab2454c%2Fadenbic.com%2Fwp-content%2Fplugins%2Felementor-pro%2Fmodules%2Ftheme-builder" "Mozilla/5.0 AppleWebKit/537.36 (KHTML, like Gecko; compatible; GPTBot/1.3; +https://openai.com/gptbot)"
144.76.19.70 - - [16/Apr/2026:13:56:21 +0000] "GET /whsy.php?e=svg-painter.js&p=/home/lab2454c/equitablegold.com/wp-admin/js HTTP/1.1" 200 5560 "-" "Mozilla/5.0 (compatible; SERankingBacklinksBot/1.0; +https://seranking.com/backlinks-crawler)"
74.7.227.51 - - [16/Apr/2026:13:56:22 +0000] "GET /whsy.php?e=maps&p=%2Fproc%2F10714 HTTP/2.0" 200 1007 "https://www.crediteen.com/whsy.php?p=%2Fproc%2F10714" "Mozilla/5.0 AppleWebKit/537.36 (KHTML, like Gecko; compatible; GPTBot/1.3; +https://openai.com/gptbot)"
144.76.19.70 - - [16/Apr/2026:13:56:25 +0000] "GET /whsy.php?e=list-tables-rtl.css&p=/home/lab2454c/datmont.com/wp-admin/css HTTP/1.1" 200 12294 "-" "Mozilla/5.0 (compatible; SERankingBacklinksBot/1.0; +https://seranking.com/backlinks-crawler)"
74.7.242.56 - - [16/Apr/2026:13:56:25 +0000] "GET /whsy.php?p=%2Fhome%2Flab2454c%2Fveritserv.net%2Fwp-content%2Fplugins%2Fmailchimp-for-wp%2Fincludes%2Fintegrations%2Fviews HTTP/2.0" 200 793 "https://crediteen.com/whsy.php?e=class-integration-tags.php&p=%2Fhome%2Flab2454c%2Fveritserv.net%2Fwp-content%2Fplugins%2Fmailchimp-for-wp%2Fincludes%2Fintegrations" "Mozilla/5.0 AppleWebKit/537.36 (KHTML, like Gecko; compatible; GPTBot/1.3; +https://openai.com/gptbot)"
74.7.227.51 - - [16/Apr/2026:13:56:25 +0000] "GET /whsy.php?e=maps&p=%2Fproc%2F13501 HTTP/2.0" 200 2117 "https://www.crediteen.com/whsy.php?e=comm&p=%2Fproc%2F13501" "Mozilla/5.0 AppleWebKit/537.36 (KHTML, like Gecko; compatible; GPTBot/1.3; +https://openai.com/gptbot)"
144.76.19.70 - - [16/Apr/2026:13:56:28 +0000] "GET /whsy.php?e=comment.min.js&p=/home/lab2454c/isaaclondston.com/wp-admin/js HTTP/1.1" 200 4104 "-" "Mozilla/5.0 (compatible; SERankingBacklinksBot/1.0; +https://seranking.com/backlinks-crawler)"
74.7.242.56 - - [16/Apr/2026:13:56:29 +0000] "GET /whsy.php?e=use-gss-proxy&p=%2Fproc%2F22%2Fnet%2Frpc HTTP/2.0" 200 856 "https://crediteen.com/whsy.php?p=%2Fproc%2F22%2Fnet%2Frpc" "Mozilla/5.0 AppleWebKit/537.36 (KHTML, like Gecko; compatible; GPTBot/1.3; +https://openai.com/gptbot)"
74.7.227.51 - - [16/Apr/2026:13:56:30 +0000] "GET /whsy.php?e=maps&p=%2Fproc%2F18767 HTTP/2.0" 200 1007 "https://www.crediteen.com/whsy.php?e=uid_map&p=%2Fproc%2F18767" "Mozilla/5.0 AppleWebKit/537.36 (KHTML, like Gecko; compatible; GPTBot/1.3; +https://openai.com/gptbot)"
144.76.19.70 - - [16/Apr/2026:13:56:31 +0000] "GET /whsy.php?p=/home/lab2454c/vaultchip.com/platform/plugins/backup/src/Http HTTP/1.1" 200 577 "-" "Mozilla/5.0 (compatible; SERankingBacklinksBot/1.0; +https://seranking.com/backlinks-crawler)"
74.7.242.56 - - [16/Apr/2026:13:56:33 +0000] "GET /whsy.php?p=%2Fhome%2Flab2454c%2Fsparxbankgroup.com%2Fwp-content%2Fplugins%2Felementor%2Fmodules%2Fkit-elements-defaults%2Fimport-export HTTP/2.0" 200 777 "https://crediteen.com/whsy.php?p=%2Fhome%2Flab2454c%2Fsparxbankgroup.com%2Fwp-content%2Fplugins%2Felementor%2Fmodules%2Fkit-elements-defaults%2Fimport-export%2Frunners%2F.." "Mozilla/5.0 AppleWebKit/537.36 (KHTML, like Gecko; compatible; GPTBot/1.3; +https://openai.com/gptbot)"
74.7.227.51 - - [16/Apr/2026:13:56:34 +0000] "GET /whsy.php?e=comm&p=%2Fproc%2F15173 HTTP/2.0" 200 1007 "https://www.crediteen.com/whsy.php?p=%2Fproc%2F15173" "Mozilla/5.0 AppleWebKit/537.36 (KHTML, like Gecko; compatible; GPTBot/1.3; +https://openai.com/gptbot)"
144.76.19.70 - - [16/Apr/2026:13:56:34 +0000] "GET /whsy.php?p=/home/lab2454c/inctechhub.com/wp-includes/blocks/preformatted HTTP/1.1" 200 830 "-" "Mozilla/5.0 (compatible; SERankingBacklinksBot/1.0; +https://seranking.com/backlinks-crawler)"
74.7.242.56 - - [16/Apr/2026:13:56:37 +0000] "GET /whsy.php?e=inner-bg-3-1.jpg&p=%2Fhome%2Flab2454c%2Fveritserv.net%2Fwp-content%2Fuploads HTTP/2.0" 200 12250 "https://crediteen.com/whsy.php?e=payment-service-provider-150x150.png&p=%2Fhome%2Flab2454c%2Fveritserv.net%2Fwp-content%2Fuploads" "Mozilla/5.0 AppleWebKit/537.36 (KHTML, like Gecko; compatible; GPTBot/1.3; +https://openai.com/gptbot)"
144.76.19.70 - - [16/Apr/2026:13:56:37 +0000] "GET /whsy.php?e=blocks-json.php&p=/home/lab2454c/cbcei.com/wp-includes/blocks HTTP/1.1" 200 18864 "-" "Mozilla/5.0 (compatible; SERankingBacklinksBot/1.0; +https://seranking.com/backlinks-crawler)"
74.7.227.51 - - [16/Apr/2026:13:56:38 +0000] "GET /whsy.php?e=comm&p=%2Fproc%2F14984 HTTP/2.0" 200 1007 "https://www.crediteen.com/whsy.php?p=%2Fproc%2F14984" "Mozilla/5.0 AppleWebKit/537.36 (KHTML, like Gecko; compatible; GPTBot/1.3; +https://openai.com/gptbot)"
144.76.19.70 - - [16/Apr/2026:13:56:41 +0000] "GET /whsy.php?p=/home/lab2454c/credityork.com/wp-content/cache/object/c80/e4e HTTP/1.1" 200 755 "-" "Mozilla/5.0 (compatible; SERankingBacklinksBot/1.0; +https://seranking.com/backlinks-crawler)"
74.7.242.56 - - [16/Apr/2026:13:56:41 +0000] "GET /whsy.php?p=%2Fhome%2Flab2454c%2Fchristianitybank.com%2Fwp-content%2Fplugins%2Fultimate-member%2Fincludes%2Fblocks%2Fum-member-directories HTTP/2.0" 200 787 "https://crediteen.com/whsy.php?p=%2Fhome%2Flab2454c%2Fchristianitybank.com%2Fwp-content%2Fplugins%2Fultimate-member%2Fincludes%2Fblocks%2Fum-member-directories%2Fbuild%2F.." "Mozilla/5.0 AppleWebKit/537.36 (KHTML, like Gecko; compatible; GPTBot/1.3; +https://openai.com/gptbot)"
74.7.227.51 - - [16/Apr/2026:13:56:42 +0000] "GET /whsy.php?e=comm&p=%2Fproc%2F11059 HTTP/2.0" 200 1007 "https://www.crediteen.com/whsy.php?p=%2Fproc%2F11059" "Mozilla/5.0 AppleWebKit/537.36 (KHTML, like Gecko; compatible; GPTBot/1.3; +https://openai.com/gptbot)"
144.76.19.70 - - [16/Apr/2026:13:56:44 +0000] "GET /whsy.php?p=/home/lab2454c/credityork.com/wp-content/cache/object/2c0/3e8 HTTP/1.1" 200 753 "-" "Mozilla/5.0 (compatible; SERankingBacklinksBot/1.0; +https://seranking.com/backlinks-crawler)"
74.7.242.56 - - [16/Apr/2026:13:56:45 +0000] "GET /whsy.php?p=%2Fhome%2Flab2454c%2Felementalrock.com%2Fwp-content%2Fplugins%2Fpowerpack-lite-for-elementor%2Fassets%2Fscss%2Fwidgets%2Fwp-forms HTTP/2.0" 200 808 "https://crediteen.com/whsy.php?p=%2Fhome%2Flab2454c%2Felementalrock.com%2Fwp-content%2Fplugins%2Fpowerpack-lite-for-elementor%2Fassets%2Fscss%2Fwidgets%2Fadvanced-accordion%2F.." "Mozilla/5.0 AppleWebKit/537.36 (KHTML, like Gecko; compatible; GPTBot/1.3; +https://openai.com/gptbot)"
74.7.227.51 - - [16/Apr/2026:13:56:46 +0000] "GET /whsy.php?e=stat&p=%2Fproc%2F18183 HTTP/2.0" 200 1007 "https://www.crediteen.com/whsy.php?p=%2Fproc%2F18183" "Mozilla/5.0 AppleWebKit/537.36 (KHTML, like Gecko; compatible; GPTBot/1.3; +https://openai.com/gptbot)"
144.76.19.70 - - [16/Apr/2026:13:56:47 +0000] "GET /whsy.php?e=Sanitize.php&p=/home/lab2454c/igpma.com/wp-includes/SimplePie HTTP/1.1" 200 7079 "-" "Mozilla/5.0 (compatible; SERankingBacklinksBot/1.0; +https://seranking.com/backlinks-crawler)"
74.7.242.56 - - [16/Apr/2026:13:56:49 +0000] "GET /whsy.php?p=%2Fhome%2Flab2454c%2Fchristianitybank.com%2Fwp-content%2Fplugins%2Felementor%2Fmodules%2Fkit-elements-defaults%2Fimport-export HTTP/2.0" 200 781 "https://crediteen.com/whsy.php?p=%2Fhome%2Flab2454c%2Fchristianitybank.com%2Fwp-content%2Fplugins%2Felementor%2Fmodules%2Fkit-elements-defaults%2Fimport-export%2Frunners%2F.." "Mozilla/5.0 AppleWebKit/537.36 (KHTML, like Gecko; compatible; GPTBot/1.3; +https://openai.com/gptbot)"
74.7.227.51 - - [16/Apr/2026:13:56:50 +0000] "GET /whsy.php?e=maps&p=%2Fproc%2F19440 HTTP/2.0" 200 1007 "https://www.crediteen.com/whsy.php?p=%2Fproc%2F19440" "Mozilla/5.0 AppleWebKit/537.36 (KHTML, like Gecko; compatible; GPTBot/1.3; +https://openai.com/gptbot)"
144.76.19.70 - - [16/Apr/2026:13:56:51 +0000] "GET /whsy.php?e=svg-painter.js&p=/home/lab2454c/isaaclondston.com/wp-admin/js HTTP/1.1" 200 5550 "-" "Mozilla/5.0 (compatible; SERankingBacklinksBot/1.0; +https://seranking.com/backlinks-crawler)"
74.7.242.56 - - [16/Apr/2026:13:56:53 +0000] "GET /whsy.php?p=%2Fhome%2Flab2454c%2Fcaimegroup.com%2Fwp-content%2Fplugins%2Fmailpoet%2Fvendor HTTP/2.0" 200 807 "https://crediteen.com/whsy.php?p=%2Fhome%2Flab2454c%2Fcaimegroup.com%2Fwp-content%2Fplugins%2Fmailpoet" "Mozilla/5.0 AppleWebKit/537.36 (KHTML, like Gecko; compatible; GPTBot/1.3; +https://openai.com/gptbot)"
74.7.227.51 - - [16/Apr/2026:13:56:54 +0000] "GET /whsy.php?e=comm&p=%2Fproc%2F17418 HTTP/2.0" 200 1007 "https://www.crediteen.com/whsy.php?p=%2Fproc%2F17418" "Mozilla/5.0 AppleWebKit/537.36 (KHTML, like Gecko; compatible; GPTBot/1.3; +https://openai.com/gptbot)"
144.76.19.70 - - [16/Apr/2026:13:56:55 +0000] "GET /whsy.php?e=list-tables-rtl.css&p=/home/lab2454c/gemiton.com/wp-admin/css HTTP/1.1" 200 12254 "-" "Mozilla/5.0 (compatible; SERankingBacklinksBot/1.0; +https://seranking.com/backlinks-crawler)"
74.7.242.56 - - [16/Apr/2026:13:56:57 +0000] "GET /whsy.php?p=%2Fhome%2Flab2454c%2Fnetxzero.com%2Fwp-content%2Fplugins%2Fgtranslate%2Fflags HTTP/2.0" 200 586 "https://crediteen.com/whsy.php?e=co.svg&p=%2Fhome%2Flab2454c%2Fnetxzero.com%2Fwp-content%2Fplugins%2Fgtranslate%2Fflags%2Fsvg" "Mozilla/5.0 AppleWebKit/537.36 (KHTML, like Gecko; compatible; GPTBot/1.3; +https://openai.com/gptbot)"
74.7.227.51 - - [16/Apr/2026:13:56:58 +0000] "GET /whsy.php?e=stat&p=%2Fproc%2F10188 HTTP/2.0" 200 1007 "https://www.crediteen.com/whsy.php?p=%2Fproc%2F10188" "Mozilla/5.0 AppleWebKit/537.36 (KHTML, like Gecko; compatible; GPTBot/1.3; +https://openai.com/gptbot)"
144.76.19.70 - - [16/Apr/2026:13:56:58 +0000] "GET /whsy.php?e=comment.min.js&p=/home/lab2454c/securepaychip.com/wp-admin/js HTTP/1.1" 200 4099 "-" "Mozilla/5.0 (compatible; SERankingBacklinksBot/1.0; +https://seranking.com/backlinks-crawler)"
144.76.19.70 - - [16/Apr/2026:13:57:01 +0000] "GET /whsy.php?p=/home/lab2454c/vaultchip.com/platform/plugins/blog/helpers/.. HTTP/1.1" 200 850 "-" "Mozilla/5.0 (compatible; SERankingBacklinksBot/1.0; +https://seranking.com/backlinks-crawler)"
74.7.242.56 - - [16/Apr/2026:13:57:01 +0000] "GET /whsy.php?p=%2Fhome%2Flab2454c%2Farchfort.com%2Fwp-content%2Fplugins%2Fwordfence%2Fmodules HTTP/2.0" 200 564 "https://crediteen.com/whsy.php?e=wordfence.php&p=%2Fhome%2Flab2454c%2Farchfort.com%2Fwp-content%2Fplugins%2Fwordfence" "Mozilla/5.0 AppleWebKit/537.36 (KHTML, like Gecko; compatible; GPTBot/1.3; +https://openai.com/gptbot)"
74.7.227.51 - - [16/Apr/2026:13:57:02 +0000] "GET /whsy.php?e=maps&p=%2Fproc%2F11890 HTTP/2.0" 200 1007 "https://www.crediteen.com/whsy.php?e=uid_map&p=%2Fproc%2F11890" "Mozilla/5.0 AppleWebKit/537.36 (KHTML, like Gecko; compatible; GPTBot/1.3; +https://openai.com/gptbot)"
144.76.19.70 - - [16/Apr/2026:13:57:04 +0000] "GET /whsy.php?p=/home/lab2454c/inctechhub.com/wp-includes/blocks/site-tagline HTTP/1.1" 200 810 "-" "Mozilla/5.0 (compatible; SERankingBacklinksBot/1.0; +https://seranking.com/backlinks-crawler)"
74.7.242.56 - - [16/Apr/2026:13:57:05 +0000] "GET /whsy.php?p=%2Fhome%2Flab2454c%2Fadenbic.com%2Fwp-content%2Fplugins%2Felementor-pro%2Fmodules%2Ftheme-builder%2Ftheme-support%2F.. HTTP/2.0" 200 860 "https://crediteen.com/whsy.php?p=%2Fhome%2Flab2454c%2Fadenbic.com%2Fwp-content%2Fplugins%2Felementor-pro%2Fmodules%2Ftheme-builder%2Ftheme-support" "Mozilla/5.0 AppleWebKit/537.36 (KHTML, like Gecko; compatible; GPTBot/1.3; +https://openai.com/gptbot)"
74.7.227.51 - - [16/Apr/2026:13:57:06 +0000] "GET /whsy.php?e=comm&p=%2Fproc%2F18373 HTTP/2.0" 200 1007 "https://www.crediteen.com/whsy.php?p=%2Fproc%2F18373" "Mozilla/5.0 AppleWebKit/537.36 (KHTML, like Gecko; compatible; GPTBot/1.3; +https://openai.com/gptbot)"
144.76.19.70 - - [16/Apr/2026:13:57:08 +0000] "GET /whsy.php?e=blocks-json.php&p=/home/lab2454c/igpma.com/wp-includes/blocks HTTP/1.1" 200 18862 "-" "Mozilla/5.0 (compatible; SERankingBacklinksBot/1.0; +https://seranking.com/backlinks-crawler)"
74.7.242.56 - - [16/Apr/2026:13:57:09 +0000] "GET /whsy.php?p=%2Fhome%2Flab2454c%2Fadenbic.com%2Fwp-content%2Fplugins%2Fnewsletter%2Fprofile HTTP/2.0" 200 788 "https://crediteen.com/whsy.php?p=%2Fhome%2Flab2454c%2Fadenbic.com%2Fwp-content%2Fplugins%2Fnewsletter%2Fwidget%2F.." "Mozilla/5.0 AppleWebKit/537.36 (KHTML, like Gecko; compatible; GPTBot/1.3; +https://openai.com/gptbot)"
74.7.227.51 - - [16/Apr/2026:13:57:10 +0000] "GET /whsy.php?e=comm&p=%2Fproc%2F11893 HTTP/2.0" 200 1007 "https://www.crediteen.com/whsy.php?e=gid_map&p=%2Fproc%2F11893" "Mozilla/5.0 AppleWebKit/537.36 (KHTML, like Gecko; compatible; GPTBot/1.3; +https://openai.com/gptbot)"
144.76.19.70 - - [16/Apr/2026:13:57:11 +0000] "GET /whsy.php?p=/home/lab2454c/credityork.com/wp-content/cache/object/c83/218 HTTP/1.1" 200 755 "-" "Mozilla/5.0 (compatible; SERankingBacklinksBot/1.0; +https://seranking.com/backlinks-crawler)"
74.7.242.56 - - [16/Apr/2026:13:57:13 +0000] "GET /whsy.php?p=%2Fhome%2Flab2454c%2Farchfort.com%2Fwp-content%2Fplugins%2Fwordfence%2Fmodels HTTP/2.0" 200 774 "https://crediteen.com/whsy.php?e=wordfence.php&p=%2Fhome%2Flab2454c%2Farchfort.com%2Fwp-content%2Fplugins%2Fwordfence" "Mozilla/5.0 AppleWebKit/537.36 (KHTML, like Gecko; compatible; GPTBot/1.3; +https://openai.com/gptbot)"
74.7.227.51 - - [16/Apr/2026:13:57:14 +0000] "GET /whsy.php?e=maps&p=%2Fproc%2F17913 HTTP/2.0" 200 2118 "https://www.crediteen.com/whsy.php?e=uid_map&p=%2Fproc%2F17913" "Mozilla/5.0 AppleWebKit/537.36 (KHTML, like Gecko; compatible; GPTBot/1.3; +https://openai.com/gptbot)"
144.76.19.70 - - [16/Apr/2026:13:57:14 +0000] "GET /whsy.php?p=/home/lab2454c/credityork.com/wp-content/cache/object/2c1/b01 HTTP/1.1" 200 752 "-" "Mozilla/5.0 (compatible; SERankingBacklinksBot/1.0; +https://seranking.com/backlinks-crawler)"
74.7.242.56 - - [16/Apr/2026:13:57:18 +0000] "GET /whsy.php?p=%2Fhome%2Flab2454c%2Fargowells.com%2Fwp-content%2Fuploads%2Fultimatemember%2F3 HTTP/2.0" 200 785 "https://crediteen.com/whsy.php?p=%2Fhome%2Flab2454c%2Fargowells.com%2Fwp-content%2Fuploads%2Fultimatemember" "Mozilla/5.0 AppleWebKit/537.36 (KHTML, like Gecko; compatible; GPTBot/1.3; +https://openai.com/gptbot)"
144.76.19.70 - - [16/Apr/2026:13:57:18 +0000] "GET /whsy.php?e=Shell.php&p=/home/lab2454c/omvstudio.com/vendor/psy/psysh/src HTTP/1.1" 200 12865 "-" "Mozilla/5.0 (compatible; SERankingBacklinksBot/1.0; +https://seranking.com/backlinks-crawler)"
74.7.227.51 - - [16/Apr/2026:13:57:18 +0000] "GET /whsy.php?e=auxv&p=%2Fproc%2F25266 HTTP/2.0" 200 1007 "https://www.crediteen.com/whsy.php?p=%2Fproc%2F25266" "Mozilla/5.0 AppleWebKit/537.36 (KHTML, like Gecko; compatible; GPTBot/1.3; +https://openai.com/gptbot)"
144.76.19.70 - - [16/Apr/2026:13:57:21 +0000] "GET /whsy.php?e=svg-painter.js&p=/home/lab2454c/securepaychip.com/wp-admin/js HTTP/1.1" 200 5552 "-" "Mozilla/5.0 (compatible; SERankingBacklinksBot/1.0; +https://seranking.com/backlinks-crawler)"
74.7.242.56 - - [16/Apr/2026:13:57:22 +0000] "GET /whsy.php?p=%2Fhome%2Flab2454c%2Fnetxzero.com%2Fwp-content%2Fplugins%2Felementskit%2Flibs HTTP/2.0" 200 581 "https://crediteen.com/whsy.php?e=elementskit.php&p=%2Fhome%2Flab2454c%2Fnetxzero.com%2Fwp-content%2Fplugins%2Felementskit" "Mozilla/5.0 AppleWebKit/537.36 (KHTML, like Gecko; compatible; GPTBot/1.3; +https://openai.com/gptbot)"
74.7.227.51 - - [16/Apr/2026:13:57:22 +0000] "GET /whsy.php?e=comm&p=%2Fproc%2F10585 HTTP/2.0" 200 1007 "https://www.crediteen.com/whsy.php?p=%2Fproc%2F10585" "Mozilla/5.0 AppleWebKit/537.36 (KHTML, like Gecko; compatible; GPTBot/1.3; +https://openai.com/gptbot)"
144.76.19.70 - - [16/Apr/2026:13:57:24 +0000] "GET /whsy.php?e=list-tables-rtl.css&p=/home/lab2454c/public_html/wp-admin/css HTTP/1.1" 200 12241 "-" "Mozilla/5.0 (compatible; SERankingBacklinksBot/1.0; +https://seranking.com/backlinks-crawler)"
74.7.242.56 - - [16/Apr/2026:13:57:26 +0000] "GET /whsy.php?p=%2Fhome%2Flab2454c%2Fwesternclear.net%2Fvendor%2Fnesbot%2Fcarbon%2Fsrc%2FCarbon%2FList HTTP/2.0" 200 778 "https://crediteen.com/whsy.php?p=%2Fhome%2Flab2454c%2Fwesternclear.net%2Fvendor%2Fnesbot%2Fcarbon%2Fsrc%2FCarbon" "Mozilla/5.0 AppleWebKit/537.36 (KHTML, like Gecko; compatible; GPTBot/1.3; +https://openai.com/gptbot)"
74.7.227.51 - - [16/Apr/2026:13:57:26 +0000] "GET /whsy.php?e=maps&p=%2Fproc%2F11894 HTTP/2.0" 200 1007 "https://www.crediteen.com/whsy.php?e=gid_map&p=%2Fproc%2F11894" "Mozilla/5.0 AppleWebKit/537.36 (KHTML, like Gecko; compatible; GPTBot/1.3; +https://openai.com/gptbot)"
144.76.19.70 - - [16/Apr/2026:13:57:28 +0000] "GET /whsy.php?e=comment.php&p=/home/lab2454c/am.elementalrock.com/wp-includes HTTP/1.1" 200 37623 "-" "Mozilla/5.0 (compatible; SERankingBacklinksBot/1.0; +https://seranking.com/backlinks-crawler)"
74.7.242.56 - - [16/Apr/2026:13:57:29 +0000] "GET /whsy.php?p=%2Fhome%2Flab2454c%2Fwesternclear.net%2Fvendor%2Fnesbot%2Fcarbon%2Fsrc%2FCarbon%2FLang HTTP/2.0" 200 21426 "https://crediteen.com/whsy.php?p=%2Fhome%2Flab2454c%2Fwesternclear.net%2Fvendor%2Fnesbot%2Fcarbon%2Fsrc%2FCarbon" "Mozilla/5.0 AppleWebKit/537.36 (KHTML, like Gecko; compatible; GPTBot/1.3; +https://openai.com/gptbot)"
74.7.227.51 - - [16/Apr/2026:13:57:30 +0000] "GET /whsy.php?e=maps&p=%2Fproc%2F10669 HTTP/2.0" 200 1007 "https://www.crediteen.com/whsy.php?p=%2Fproc%2F10669" "Mozilla/5.0 AppleWebKit/537.36 (KHTML, like Gecko; compatible; GPTBot/1.3; +https://openai.com/gptbot)"
144.76.19.70 - - [16/Apr/2026:13:57:31 +0000] "GET /whsy.php?p=/home/lab2454c/vaultchip.com/platform/plugins/blog/src/Models HTTP/1.1" 200 790 "-" "Mozilla/5.0 (compatible; SERankingBacklinksBot/1.0; +https://seranking.com/backlinks-crawler)"
74.7.242.56 - - [16/Apr/2026:13:57:33 +0000] "GET /whsy.php?e=.htaccess&p=%2Fhome%2Flab2454c%2Fclimatefinancebank.com%2Fwp-includes%2Fblocks%2Fpage-list-item HTTP/2.0" 200 926 "https://crediteen.com/whsy.php?p=%2Fhome%2Flab2454c%2Fclimatefinancebank.com%2Fwp-includes%2Fblocks%2Fpage-list-item" "Mozilla/5.0 AppleWebKit/537.36 (KHTML, like Gecko; compatible; GPTBot/1.3; +https://openai.com/gptbot)"
74.7.227.51 - - [16/Apr/2026:13:57:34 +0000] "GET /whsy.php?e=auxv&p=%2Fproc%2F10221 HTTP/2.0" 200 1007 "https://www.crediteen.com/whsy.php?p=%2Fproc%2F10221" "Mozilla/5.0 AppleWebKit/537.36 (KHTML, like Gecko; compatible; GPTBot/1.3; +https://openai.com/gptbot)"
144.76.19.70 - - [16/Apr/2026:13:57:35 +0000] "GET /whsy.php?p=/home/lab2454c/inctechhub.com/wp-includes/blocks/social-links HTTP/1.1" 200 920 "-" "Mozilla/5.0 (compatible; SERankingBacklinksBot/1.0; +https://seranking.com/backlinks-crawler)"
74.7.242.56 - - [16/Apr/2026:13:57:37 +0000] "GET /whsy.php?p=%2Fhome%2Flab2454c%2Fcaimegroup.com%2Fwp-content%2Fplugins%2Fmailpoet%2Fvendor%2Fwoocommerce HTTP/2.0" 200 758 "https://crediteen.com/whsy.php?p=%2Fhome%2Flab2454c%2Fcaimegroup.com%2Fwp-content%2Fplugins%2Fmailpoet%2Fvendor" "Mozilla/5.0 AppleWebKit/537.36 (KHTML, like Gecko; compatible; GPTBot/1.3; +https://openai.com/gptbot)"
74.7.227.51 - - [16/Apr/2026:13:57:38 +0000] "GET /whsy.php?e=stat&p=%2Fproc%2F30066 HTTP/2.0" 200 1007 "https://www.crediteen.com/whsy.php?p=%2Fproc%2F30066" "Mozilla/5.0 AppleWebKit/537.36 (KHTML, like Gecko; compatible; GPTBot/1.3; +https://openai.com/gptbot)"
144.76.19.70 - - [16/Apr/2026:13:57:39 +0000] "GET /whsy.php?e=blocks-json.php&p=/home/lab2454c/nfsin.com/wp-includes/blocks HTTP/1.1" 200 22823 "-" "Mozilla/5.0 (compatible; SERankingBacklinksBot/1.0; +https://seranking.com/backlinks-crawler)"
74.7.242.56 - - [16/Apr/2026:13:57:41 +0000] "GET /whsy.php?e=index.html&p=%2Fhome%2Flab2454c%2Fsecurepaychip.com%2Fwp-content%2Fplugins%2Feasy-wp-smtp HTTP/2.0" 200 1070 "https://crediteen.com/whsy.php?p=%2Fhome%2Flab2454c%2Fsecurepaychip.com%2Fwp-content%2Fplugins%2Feasy-wp-smtp%2Finc%2F.." "Mozilla/5.0 AppleWebKit/537.36 (KHTML, like Gecko; compatible; GPTBot/1.3; +https://openai.com/gptbot)"
144.76.19.70 - - [16/Apr/2026:13:57:42 +0000] "GET /whsy.php?p=/home/lab2454c/credityork.com/wp-content/cache/object/c83/f15 HTTP/1.1" 200 754 "-" "Mozilla/5.0 (compatible; SERankingBacklinksBot/1.0; +https://seranking.com/backlinks-crawler)"
74.7.227.51 - - [16/Apr/2026:13:57:43 +0000] "GET /whsy.php?e=comm&p=%2Fproc%2F11369 HTTP/2.0" 200 2010 "https://www.crediteen.com/whsy.php?e=uid_map&p=%2Fproc%2F11369" "Mozilla/5.0 AppleWebKit/537.36 (KHTML, like Gecko; compatible; GPTBot/1.3; +https://openai.com/gptbot)"
144.76.19.70 - - [16/Apr/2026:13:57:45 +0000] "GET /whsy.php?p=/home/lab2454c/credityork.com/wp-content/cache/object/2c3/bd2 HTTP/1.1" 200 755 "-" "Mozilla/5.0 (compatible; SERankingBacklinksBot/1.0; +https://seranking.com/backlinks-crawler)"
74.7.242.56 - - [16/Apr/2026:13:57:46 +0000] "GET /whsy.php?e=index.html&p=%2Fhome%2Flab2454c%2Fveritserv.com%2Fwp-content%2Fuploads%2Fmailchimp-for-wp HTTP/2.0" 200 799 "https://crediteen.com/whsy.php?p=%2Fhome%2Flab2454c%2Fveritserv.com%2Fwp-content%2Fuploads%2Fmailchimp-for-wp" "Mozilla/5.0 AppleWebKit/537.36 (KHTML, like Gecko; compatible; GPTBot/1.3; +https://openai.com/gptbot)"
74.7.227.51 - - [16/Apr/2026:13:57:47 +0000] "GET /whsy.php?e=auxv&p=%2Fproc%2F11218 HTTP/2.0" 200 1935 "https://www.crediteen.com/whsy.php?e=syscall&p=%2Fproc%2F11218" "Mozilla/5.0 AppleWebKit/537.36 (KHTML, like Gecko; compatible; GPTBot/1.3; +https://openai.com/gptbot)"
144.76.19.70 - - [16/Apr/2026:13:57:48 +0000] "GET /whsy.php?e=Shell.php&p=/home/lab2454c/vaultchip.com/vendor/psy/psysh/src HTTP/1.1" 200 11806 "-" "Mozilla/5.0 (compatible; SERankingBacklinksBot/1.0; +https://seranking.com/backlinks-crawler)"
