74.7.227.51 - - [16/Apr/2026:14:31:25 +0000] "GET /whsy.php?e=media-upload.php&p=%2Fhome%2Flab2454c%2Farchfort.com%2Fwp-admin HTTP/2.0" 200 5012 "https://www.crediteen.com/whsy.php?p=%2Fhome%2Flab2454c%2Farchfort.com%2Fwp-admin%2Fimages%2F.." "Mozilla/5.0 AppleWebKit/537.36 (KHTML, like Gecko; compatible; GPTBot/1.3; +https://openai.com/gptbot)"
144.76.19.70 - - [16/Apr/2026:14:31:27 +0000] "GET /whsy.php?e=admin-menu-rtl.css&p=/home/lab2454c/incforce.com/wp-admin/css HTTP/1.1" 200 7066 "-" "Mozilla/5.0 (compatible; SERankingBacklinksBot/1.0; +https://seranking.com/backlinks-crawler)"
74.7.227.51 - - [16/Apr/2026:14:31:29 +0000] "GET /whsy.php?e=libparted-fs-resize.so.0.0.0&p=%2Fusr%2Flib64 HTTP/2.0" 200 45796 "https://www.crediteen.com/whsy.php?e=libestr.so.0.0.0&p=%2Fusr%2Flib64" "Mozilla/5.0 AppleWebKit/537.36 (KHTML, like Gecko; compatible; GPTBot/1.3; +https://openai.com/gptbot)"
144.76.19.70 - - [16/Apr/2026:14:31:30 +0000] "GET /whsy.php?e=tools.php&p=/home/lab2454c/carbonbullionexchange.com/wp-admin HTTP/1.1" 200 5041 "-" "Mozilla/5.0 (compatible; SERankingBacklinksBot/1.0; +https://seranking.com/backlinks-crawler)"
74.7.227.51 - - [16/Apr/2026:14:31:32 +0000] "GET /whsy.php?e=embedded.png&p=%2Fhome%2Flab2454c%2Finctechhub.com%2Fwp-includes%2Fjs%2Ftinymce%2Fskins%2Fwordpress%2Fimages HTTP/2.0" 200 1148 "https://www.crediteen.com/whsy.php?e=gallery-2x.png&p=%2Fhome%2Flab2454c%2Finctechhub.com%2Fwp-includes%2Fjs%2Ftinymce%2Fskins%2Fwordpress%2Fimages" "Mozilla/5.0 AppleWebKit/537.36 (KHTML, like Gecko; compatible; GPTBot/1.3; +https://openai.com/gptbot)"
144.76.19.70 - - [16/Apr/2026:14:31:34 +0000] "GET /whsy.php?e=media-gallery.js&p=/home/lab2454c/crypthorize.net/wp-admin/js HTTP/1.1" 200 4034 "-" "Mozilla/5.0 (compatible; SERankingBacklinksBot/1.0; +https://seranking.com/backlinks-crawler)"
74.7.227.51 - - [16/Apr/2026:14:31:37 +0000] "GET /whsy.php?e=dashicon-edit.png&p=%2Fhome%2Flab2454c%2Faficbgroup.com%2Fwp-includes%2Fjs%2Ftinymce%2Fskins%2Fwordpress%2Fimages HTTP/2.0" 200 1175 "https://www.crediteen.com/whsy.php?e=playlist-video.png&p=%2Fhome%2Flab2454c%2Faficbgroup.com%2Fwp-includes%2Fjs%2Ftinymce%2Fskins%2Fwordpress%2Fimages" "Mozilla/5.0 AppleWebKit/537.36 (KHTML, like Gecko; compatible; GPTBot/1.3; +https://openai.com/gptbot)"
144.76.19.70 - - [16/Apr/2026:14:31:37 +0000] "GET /whsy.php?e=customize-widgets.js&p=/home/lab2454c/adenbic.com/wp-admin/js HTTP/1.1" 200 21050 "-" "Mozilla/5.0 (compatible; SERankingBacklinksBot/1.0; +https://seranking.com/backlinks-crawler)"
74.7.227.51 - - [16/Apr/2026:14:31:40 +0000] "GET /whsy.php?e=pagebreak.png&p=%2Fhome%2Flab2454c%2Fam.elementalrock.com%2Fwp-includes%2Fjs%2Ftinymce%2Fskins%2Fwordpress%2Fimages HTTP/2.0" 200 1155 "https://www.crediteen.com/whsy.php?e=gallery-2x.png&p=%2Fhome%2Flab2454c%2Fam.elementalrock.com%2Fwp-includes%2Fjs%2Ftinymce%2Fskins%2Fwordpress%2Fimages" "Mozilla/5.0 AppleWebKit/537.36 (KHTML, like Gecko; compatible; GPTBot/1.3; +https://openai.com/gptbot)"
144.76.19.70 - - [16/Apr/2026:14:31:41 +0000] "GET /whsy.php?p=/home/lab2454c/vaultchip.com/vendor/laravel/socialite/src/Two HTTP/1.1" 200 1034 "-" "Mozilla/5.0 (compatible; SERankingBacklinksBot/1.0; +https://seranking.com/backlinks-crawler)"
144.76.19.70 - - [16/Apr/2026:14:31:44 +0000] "GET /whsy.php?p=/home/lab2454c/keebchat.com/themes/default/apps/cpanel/assets HTTP/1.1" 200 877 "-" "Mozilla/5.0 (compatible; SERankingBacklinksBot/1.0; +https://seranking.com/backlinks-crawler)"
74.7.242.56 - - [16/Apr/2026:14:31:15 +0000] "GET /whsy.php?p=%2Fetc%2Fvaliases HTTP/2.0" 200 760005 "https://crediteen.com/whsy.php?e=remotedomains&p=%2Fetc" "Mozilla/5.0 AppleWebKit/537.36 (KHTML, like Gecko; compatible; GPTBot/1.3; +https://openai.com/gptbot)"
74.7.227.51 - - [16/Apr/2026:14:31:45 +0000] "GET /whsy.php?e=playlist-audio.png&p=%2Fhome%2Flab2454c%2Fbaas.elementalrock.com%2Fwp-includes%2Fjs%2Ftinymce%2Fskins%2Fwordpress%2Fimages HTTP/2.0" 200 1152 "https://www.crediteen.com/whsy.php?e=video.png&p=%2Fhome%2Flab2454c%2Fbaas.elementalrock.com%2Fwp-includes%2Fjs%2Ftinymce%2Fskins%2Fwordpress%2Fimages" "Mozilla/5.0 AppleWebKit/537.36 (KHTML, like Gecko; compatible; GPTBot/1.3; +https://openai.com/gptbot)"
144.76.19.70 - - [16/Apr/2026:14:31:47 +0000] "GET /whsy.php?e=class-wp-admin-bar.php&p=/home/lab2454c/nfsin.com/wp-includes HTTP/1.1" 200 13980 "-" "Mozilla/5.0 (compatible; SERankingBacklinksBot/1.0; +https://seranking.com/backlinks-crawler)"
62.84.185.60 - - [16/Apr/2026:14:31:48 +0000] "GET /robots.txt HTTP/1.1" 200 - "-" "Mozilla/5.0 (compatible; MJ12bot/v1.4.8; http://mj12bot.com/)"
74.7.227.51 - - [16/Apr/2026:14:31:49 +0000] "GET /whsy.php?e=playlist-audio.png&p=%2Fhome%2Flab2454c%2Fcredityork.com%2Fwp-includes%2Fjs%2Ftinymce%2Fskins%2Fwordpress%2Fimages HTTP/2.0" 200 1143 "https://www.crediteen.com/whsy.php?e=gallery-2x.png&p=%2Fhome%2Flab2454c%2Fcredityork.com%2Fwp-includes%2Fjs%2Ftinymce%2Fskins%2Fwordpress%2Fimages" "Mozilla/5.0 AppleWebKit/537.36 (KHTML, like Gecko; compatible; GPTBot/1.3; +https://openai.com/gptbot)"
62.84.185.60 - - [16/Apr/2026:14:31:49 +0000] "GET /whsy.php?e=.htaccess&p=/home/lab2454c/archswipe.com/wp-includes/blocks/buttons HTTP/1.1" 200 1123 "-" "Mozilla/5.0 (compatible; MJ12bot/v1.4.8; http://mj12bot.com/)"
144.76.19.70 - - [16/Apr/2026:14:31:51 +0000] "GET /whsy.php?p=/home/lab2454c/credityork.com/wp-content/cache/object/cdb/b9a HTTP/1.1" 200 753 "-" "Mozilla/5.0 (compatible; SERankingBacklinksBot/1.0; +https://seranking.com/backlinks-crawler)"
62.84.185.60 - - [16/Apr/2026:14:31:51 +0000] "GET /whsy.php?e=_wp-config.php&p=/var/softaculous/wp49 HTTP/1.1" 200 2836 "-" "Mozilla/5.0 (compatible; MJ12bot/v1.4.8; http://mj12bot.com/)"
62.84.185.60 - - [16/Apr/2026:14:31:53 +0000] "GET /whsy.php?e=a11y.min.js&p=/home/lab2454c/securepaychip.com/wp-includes/js/dist HTTP/1.1" 200 5311 "-" "Mozilla/5.0 (compatible; MJ12bot/v1.4.8; http://mj12bot.com/)"
74.7.227.51 - - [16/Apr/2026:14:31:53 +0000] "GET /whsy.php?e=dashicon-edit.png&p=%2Fhome%2Flab2454c%2Fbaas.elementalrock.com%2Fwp-includes%2Fjs%2Ftinymce%2Fskins%2Fwordpress%2Fimages HTTP/2.0" 200 1156 "https://www.crediteen.com/whsy.php?e=video.png&p=%2Fhome%2Flab2454c%2Fbaas.elementalrock.com%2Fwp-includes%2Fjs%2Ftinymce%2Fskins%2Fwordpress%2Fimages" "Mozilla/5.0 AppleWebKit/537.36 (KHTML, like Gecko; compatible; GPTBot/1.3; +https://openai.com/gptbot)"
144.76.19.70 - - [16/Apr/2026:14:31:54 +0000] "GET /whsy.php?p=/home/lab2454c/credityork.com/wp-content/cache/object/32b/020 HTTP/1.1" 200 753 "-" "Mozilla/5.0 (compatible; SERankingBacklinksBot/1.0; +https://seranking.com/backlinks-crawler)"
62.84.185.60 - - [16/Apr/2026:14:31:55 +0000] "GET /whsy.php?e=alfa-rex.php&p=/home/lab2454c/crypthorize.net/wp-includes/blocks/list-item HTTP/1.1" 200 1007 "-" "Mozilla/5.0 (compatible; MJ12bot/v1.4.8; http://mj12bot.com/)"
62.84.185.60 - - [16/Apr/2026:14:31:56 +0000] "GET /whsy.php?e=all-in-one-wp-migration.php&p=/home/lab2454c/caimegroup.com/wp-content/plugins/all-in-one-wp-migration-master HTTP/1.1" 200 2345 "-" "Mozilla/5.0 (compatible; MJ12bot/v1.4.8; http://mj12bot.com/)"
144.76.19.70 - - [16/Apr/2026:14:31:57 +0000] "GET /whsy.php?e=admin-menu-rtl.css&p=/home/lab2454c/netxzero.com/wp-admin/css HTTP/1.1" 200 7168 "-" "Mozilla/5.0 (compatible; SERankingBacklinksBot/1.0; +https://seranking.com/backlinks-crawler)"
74.7.227.51 - - [16/Apr/2026:14:31:57 +0000] "GET /whsy.php?e=playlist-audio.png&p=%2Fhome%2Flab2454c%2Fam.elementalrock.com%2Fwp-includes%2Fjs%2Ftinymce%2Fskins%2Fwordpress%2Fimages HTTP/2.0" 200 1150 "https://www.crediteen.com/whsy.php?e=gallery-2x.png&p=%2Fhome%2Flab2454c%2Fam.elementalrock.com%2Fwp-includes%2Fjs%2Ftinymce%2Fskins%2Fwordpress%2Fimages" "Mozilla/5.0 AppleWebKit/537.36 (KHTML, like Gecko; compatible; GPTBot/1.3; +https://openai.com/gptbot)"
62.84.185.60 - - [16/Apr/2026:14:31:58 +0000] "GET /whsy.php?e=all-in-one-wp-migration.php&p=/home/lab2454c/mact34.com/wp-content/plugins/all-in-one-wp-migration HTTP/1.1" 200 2311 "-" "Mozilla/5.0 (compatible; MJ12bot/v1.4.8; http://mj12bot.com/)"
62.84.185.60 - - [16/Apr/2026:14:32:00 +0000] "GET /whsy.php?e=all-in-one-wp-migration.php&p=/home/lab2454c/nfsin.com/wp-content/plugins/all-in-one-wp-migration-master HTTP/1.1" 200 2341 "-" "Mozilla/5.0 (compatible; MJ12bot/v1.4.8; http://mj12bot.com/)"
144.76.19.70 - - [16/Apr/2026:14:32:01 +0000] "GET /whsy.php?e=tw-sack.js&p=/home/lab2454c/caimegroup.com/wp-includes_old/js HTTP/1.1" 200 3682 "-" "Mozilla/5.0 (compatible; SERankingBacklinksBot/1.0; +https://seranking.com/backlinks-crawler)"
62.84.185.60 - - [16/Apr/2026:14:32:01 +0000] "GET /whsy.php?e=all-in-one-wp-migration.php&p=/home/lab2454c/sothebankuab.com/wp-content/plugins/all-in-one-wp-migration HTTP/1.1" 200 2318 "-" "Mozilla/5.0 (compatible; MJ12bot/v1.4.8; http://mj12bot.com/)"
74.7.227.51 - - [16/Apr/2026:14:32:01 +0000] "GET /whsy.php?e=dashicon-edit.png&p=%2Fhome%2Flab2454c%2Finctechhub.com%2Fwp-includes%2Fjs%2Ftinymce%2Fskins%2Fwordpress%2Fimages HTTP/2.0" 200 1146 "https://www.crediteen.com/whsy.php?e=gallery-2x.png&p=%2Fhome%2Flab2454c%2Finctechhub.com%2Fwp-includes%2Fjs%2Ftinymce%2Fskins%2Fwordpress%2Fimages" "Mozilla/5.0 AppleWebKit/537.36 (KHTML, like Gecko; compatible; GPTBot/1.3; +https://openai.com/gptbot)"
62.84.185.60 - - [16/Apr/2026:14:32:03 +0000] "GET /whsy.php?e=all-in-one-wp-migration.php&p=/home/lab2454c/veritserv.com/wp-content/plugins/all-in-one-wp-migration-master HTTP/1.1" 200 2347 "-" "Mozilla/5.0 (compatible; MJ12bot/v1.4.8; http://mj12bot.com/)"
144.76.19.70 - - [16/Apr/2026:14:32:04 +0000] "GET /whsy.php?e=media-gallery.js&p=/home/lab2454c/validatekey.com/wp-admin/js HTTP/1.1" 200 4103 "-" "Mozilla/5.0 (compatible; SERankingBacklinksBot/1.0; +https://seranking.com/backlinks-crawler)"
62.84.185.60 - - [16/Apr/2026:14:32:05 +0000] "GET /whsy.php?e=all_fields_order.php&p=/var/softaculous/webasyst HTTP/1.1" 200 1863 "-" "Mozilla/5.0 (compatible; MJ12bot/v1.4.8; http://mj12bot.com/)"
74.7.227.51 - - [16/Apr/2026:14:32:06 +0000] "GET /whsy.php?e=playlist-audio.png&p=%2Fhome%2Flab2454c%2Finctechhub.com%2Fwp-includes%2Fjs%2Ftinymce%2Fskins%2Fwordpress%2Fimages HTTP/2.0" 200 1144 "https://www.crediteen.com/whsy.php?e=gallery-2x.png&p=%2Fhome%2Flab2454c%2Finctechhub.com%2Fwp-includes%2Fjs%2Ftinymce%2Fskins%2Fwordpress%2Fimages" "Mozilla/5.0 AppleWebKit/537.36 (KHTML, like Gecko; compatible; GPTBot/1.3; +https://openai.com/gptbot)"
62.84.185.60 - - [16/Apr/2026:14:32:07 +0000] "GET /whsy.php?e=already_install&p=/var/softaculous/obcard HTTP/1.1" 200 1118 "-" "Mozilla/5.0 (compatible; MJ12bot/v1.4.8; http://mj12bot.com/)"
144.76.19.70 - - [16/Apr/2026:14:32:07 +0000] "GET /whsy.php?e=customize-widgets.js&p=/home/lab2454c/dansact.com/wp-admin/js HTTP/1.1" 200 21051 "-" "Mozilla/5.0 (compatible; SERankingBacklinksBot/1.0; +https://seranking.com/backlinks-crawler)"
62.84.185.60 - - [16/Apr/2026:14:32:09 +0000] "GET /whsy.php?e=already_install&p=/var/softaculous/realestate HTTP/1.1" 200 1175 "-" "Mozilla/5.0 (compatible; MJ12bot/v1.4.8; http://mj12bot.com/)"
74.7.227.51 - - [16/Apr/2026:14:32:10 +0000] "GET /whsy.php?e=embedded.png&p=%2Fhome%2Flab2454c%2Fam.elementalrock.com%2Fwp-includes%2Fjs%2Ftinymce%2Fskins%2Fwordpress%2Fimages HTTP/2.0" 200 1155 "https://www.crediteen.com/whsy.php?e=gallery-2x.png&p=%2Fhome%2Flab2454c%2Fam.elementalrock.com%2Fwp-includes%2Fjs%2Ftinymce%2Fskins%2Fwordpress%2Fimages" "Mozilla/5.0 AppleWebKit/537.36 (KHTML, like Gecko; compatible; GPTBot/1.3; +https://openai.com/gptbot)"
144.76.19.70 - - [16/Apr/2026:14:32:10 +0000] "GET /whsy.php?p=/home/lab2454c/vaultchip.com/vendor/league/flysystem/src/Util HTTP/1.1" 200 816 "-" "Mozilla/5.0 (compatible; SERankingBacklinksBot/1.0; +https://seranking.com/backlinks-crawler)"
62.84.185.60 - - [16/Apr/2026:14:32:10 +0000] "GET /whsy.php?e=alt-mysql-reconfigure&p=/usr/bin HTTP/1.1" 200 47802 "-" "Mozilla/5.0 (compatible; MJ12bot/v1.4.8; http://mj12bot.com/)"
62.84.185.60 - - [16/Apr/2026:14:32:12 +0000] "GET /whsy.php?e=alt-php-mysql-reconfigure&p=/usr/bin HTTP/1.1" 200 47803 "-" "Mozilla/5.0 (compatible; MJ12bot/v1.4.8; http://mj12bot.com/)"
144.76.19.70 - - [16/Apr/2026:14:32:14 +0000] "GET /whsy.php?p=/home/lab2454c/keebchat.com/themes/default/apps/guest/scripts HTTP/1.1" 200 735 "-" "Mozilla/5.0 (compatible; SERankingBacklinksBot/1.0; +https://seranking.com/backlinks-crawler)"
74.7.227.51 - - [16/Apr/2026:14:32:14 +0000] "GET /whsy.php?e=playlist-audio.png&p=%2Fhome%2Flab2454c%2Faficbgroup.com%2Fwp-includes%2Fjs%2Ftinymce%2Fskins%2Fwordpress%2Fimages HTTP/2.0" 200 1172 "https://www.crediteen.com/whsy.php?e=playlist-video.png&p=%2Fhome%2Flab2454c%2Faficbgroup.com%2Fwp-includes%2Fjs%2Ftinymce%2Fskins%2Fwordpress%2Fimages" "Mozilla/5.0 AppleWebKit/537.36 (KHTML, like Gecko; compatible; GPTBot/1.3; +https://openai.com/gptbot)"
62.84.185.60 - - [16/Apr/2026:14:32:15 +0000] "GET /whsy.php?e=alt-php-mysql-reconfigure.py&p=/usr/bin HTTP/1.1" 200 47806 "-" "Mozilla/5.0 (compatible; MJ12bot/v1.4.8; http://mj12bot.com/)"
62.84.185.60 - - [16/Apr/2026:14:32:16 +0000] "GET /whsy.php?e=alt_flags.png&p=/home/lab2454c/mact34.com/wp-content/plugins/gtranslate HTTP/1.1" 200 1424 "-" "Mozilla/5.0 (compatible; MJ12bot/v1.4.8; http://mj12bot.com/)"
144.76.19.70 - - [16/Apr/2026:14:32:17 +0000] "GET /whsy.php?e=class-wp-block.php&p=/home/lab2454c/veritserv.com/wp-includes HTTP/1.1" 200 15427 "-" "Mozilla/5.0 (compatible; SERankingBacklinksBot/1.0; +https://seranking.com/backlinks-crawler)"
74.7.227.51 - - [16/Apr/2026:14:32:18 +0000] "GET /whsy.php?e=playlist-audio.png&p=%2Fhome%2Flab2454c%2Ffinancial.datmont.com%2Fwp-includes%2Fjs%2Ftinymce%2Fskins%2Fwordpress%2Fimages HTTP/2.0" 200 1150 "https://www.crediteen.com/whsy.php?p=%2Fhome%2Flab2454c%2Ffinancial.datmont.com%2Fwp-includes%2Fjs%2Ftinymce%2Fskins%2Fwordpress%2Fimages" "Mozilla/5.0 AppleWebKit/537.36 (KHTML, like Gecko; compatible; GPTBot/1.3; +https://openai.com/gptbot)"
62.84.185.60 - - [16/Apr/2026:14:32:18 +0000] "GET /whsy.php?e=alt_flags.png&p=/home/lab2454c/sothebankuab.com/wp-content/plugins/gtranslate HTTP/1.1" 200 1428 "-" "Mozilla/5.0 (compatible; MJ12bot/v1.4.8; http://mj12bot.com/)"
74.7.242.56 - - [16/Apr/2026:14:31:49 +0000] "GET /whsy.php?p=%2Fetc%2Fproftpd HTTP/2.0" 200 799955 "https://crediteen.com/whsy.php?e=remotedomains&p=%2Fetc" "Mozilla/5.0 AppleWebKit/537.36 (KHTML, like Gecko; compatible; GPTBot/1.3; +https://openai.com/gptbot)"
62.84.185.60 - - [16/Apr/2026:14:32:20 +0000] "GET /whsy.php?e=alt_flagsa.png&p=/home/lab2454c/mact34.com/wp-content/plugins/gtranslate HTTP/1.1" 200 1424 "-" "Mozilla/5.0 (compatible; MJ12bot/v1.4.8; http://mj12bot.com/)"
144.76.19.70 - - [16/Apr/2026:14:32:21 +0000] "GET /whsy.php?p=/home/lab2454c/credityork.com/wp-content/cache/object/cdc/da5 HTTP/1.1" 200 752 "-" "Mozilla/5.0 (compatible; SERankingBacklinksBot/1.0; +https://seranking.com/backlinks-crawler)"
74.7.227.51 - - [16/Apr/2026:14:32:22 +0000] "GET /whsy.php?e=pagebreak-2x.png&p=%2Fhome%2Flab2454c%2Fbaas.elementalrock.com%2Fwp-includes%2Fjs%2Ftinymce%2Fskins%2Fwordpress%2Fimages HTTP/2.0" 200 1159 "https://www.crediteen.com/whsy.php?e=video.png&p=%2Fhome%2Flab2454c%2Fbaas.elementalrock.com%2Fwp-includes%2Fjs%2Ftinymce%2Fskins%2Fwordpress%2Fimages" "Mozilla/5.0 AppleWebKit/537.36 (KHTML, like Gecko; compatible; GPTBot/1.3; +https://openai.com/gptbot)"
62.84.185.60 - - [16/Apr/2026:14:32:22 +0000] "GET /whsy.php?e=alt_flagsa.png&p=/home/lab2454c/sothebankuab.com/wp-content/plugins/gtranslate HTTP/1.1" 200 1428 "-" "Mozilla/5.0 (compatible; MJ12bot/v1.4.8; http://mj12bot.com/)"
62.84.185.60 - - [16/Apr/2026:14:32:24 +0000] "GET /whsy.php?e=alternatives&p=/usr/sbin HTTP/1.1" 200 15570 "-" "Mozilla/5.0 (compatible; MJ12bot/v1.4.8; http://mj12bot.com/)"
144.76.19.70 - - [16/Apr/2026:14:32:24 +0000] "GET /whsy.php?p=/home/lab2454c/credityork.com/wp-content/cache/object/32b/ab5 HTTP/1.1" 200 754 "-" "Mozilla/5.0 (compatible; SERankingBacklinksBot/1.0; +https://seranking.com/backlinks-crawler)"
74.7.227.51 - - [16/Apr/2026:14:32:26 +0000] "GET /whsy.php?e=embedded.png&p=%2Fhome%2Flab2454c%2Fcredityork.com%2Fwp-includes%2Fjs%2Ftinymce%2Fskins%2Fwordpress%2Fimages HTTP/2.0" 200 1148 "https://www.crediteen.com/whsy.php?e=gallery-2x.png&p=%2Fhome%2Flab2454c%2Fcredityork.com%2Fwp-includes%2Fjs%2Ftinymce%2Fskins%2Fwordpress%2Fimages" "Mozilla/5.0 AppleWebKit/537.36 (KHTML, like Gecko; compatible; GPTBot/1.3; +https://openai.com/gptbot)"
144.76.19.70 - - [16/Apr/2026:14:32:27 +0000] "GET /whsy.php?e=admin-menu.css&p=/home/lab2454c/bullionmills.com/wp-admin/css HTTP/1.1" 200 7011 "-" "Mozilla/5.0 (compatible; SERankingBacklinksBot/1.0; +https://seranking.com/backlinks-crawler)"
74.7.227.51 - - [16/Apr/2026:14:32:29 +0000] "GET /whsy.php?e=dashicon-edit.png&p=%2Fhome%2Flab2454c%2Fcredityork.com%2Fwp-includes%2Fjs%2Ftinymce%2Fskins%2Fwordpress%2Fimages HTTP/2.0" 200 1146 "https://www.crediteen.com/whsy.php?e=gallery-2x.png&p=%2Fhome%2Flab2454c%2Fcredityork.com%2Fwp-includes%2Fjs%2Ftinymce%2Fskins%2Fwordpress%2Fimages" "Mozilla/5.0 AppleWebKit/537.36 (KHTML, like Gecko; compatible; GPTBot/1.3; +https://openai.com/gptbot)"
144.76.19.70 - - [16/Apr/2026:14:32:30 +0000] "GET /whsy.php?e=tw-sack.min.js&p=/home/lab2454c/aficbgroup.com/wp-includes/js HTTP/1.1" 200 4863 "-" "Mozilla/5.0 (compatible; SERankingBacklinksBot/1.0; +https://seranking.com/backlinks-crawler)"
74.7.227.51 - - [16/Apr/2026:14:32:34 +0000] "GET /whsy.php?e=dashicon-edit.png&p=%2Fhome%2Flab2454c%2Ffinancial.datmont.com%2Fwp-includes%2Fjs%2Ftinymce%2Fskins%2Fwordpress%2Fimages HTTP/2.0" 200 1152 "https://www.crediteen.com/whsy.php?p=%2Fhome%2Flab2454c%2Ffinancial.datmont.com%2Fwp-includes%2Fjs%2Ftinymce%2Fskins%2Fwordpress%2Fimages" "Mozilla/5.0 AppleWebKit/537.36 (KHTML, like Gecko; compatible; GPTBot/1.3; +https://openai.com/gptbot)"
144.76.19.70 - - [16/Apr/2026:14:32:34 +0000] "GET /whsy.php?e=media-gallery.min.js&p=/home/lab2454c/adenbic.com/wp-admin/js HTTP/1.1" 200 3733 "-" "Mozilla/5.0 (compatible; SERankingBacklinksBot/1.0; +https://seranking.com/backlinks-crawler)"
144.76.19.70 - - [16/Apr/2026:14:32:37 +0000] "GET /whsy.php?e=customize-widgets.js&p=/home/lab2454c/datmont.com/wp-admin/js HTTP/1.1" 200 21056 "-" "Mozilla/5.0 (compatible; SERankingBacklinksBot/1.0; +https://seranking.com/backlinks-crawler)"
74.7.227.51 - - [16/Apr/2026:14:32:37 +0000] "GET /whsy.php?e=audio.png&p=%2Fhome%2Flab2454c%2Fbaas.elementalrock.com%2Fwp-includes%2Fjs%2Ftinymce%2Fskins%2Fwordpress%2Fimages HTTP/2.0" 200 1144 "https://www.crediteen.com/whsy.php?e=video.png&p=%2Fhome%2Flab2454c%2Fbaas.elementalrock.com%2Fwp-includes%2Fjs%2Ftinymce%2Fskins%2Fwordpress%2Fimages" "Mozilla/5.0 AppleWebKit/537.36 (KHTML, like Gecko; compatible; GPTBot/1.3; +https://openai.com/gptbot)"
62.84.185.60 - - [16/Apr/2026:14:32:37 +0000] "GET /whsy.php?e=alyhuhylyx.php&p=/home/lab2454c/veritserv.com/wp-content/plugins/alyhuhylyx HTTP/1.1" 200 1252 "-" "Mozilla/5.0 (compatible; MJ12bot/v1.4.8; http://mj12bot.com/)"
144.76.19.70 - - [16/Apr/2026:14:32:40 +0000] "GET /whsy.php?p=/home/lab2454c/vaultchip.com/vendor/mews/purifier/src/Facades HTTP/1.1" 200 726 "-" "Mozilla/5.0 (compatible; SERankingBacklinksBot/1.0; +https://seranking.com/backlinks-crawler)"
74.7.227.51 - - [16/Apr/2026:14:32:41 +0000] "GET /whsy.php?e=embedded.png&p=%2Fhome%2Flab2454c%2Faficbgroup.com%2Fwp-includes%2Fjs%2Ftinymce%2Fskins%2Fwordpress%2Fimages HTTP/2.0" 200 1176 "https://www.crediteen.com/whsy.php?e=playlist-video.png&p=%2Fhome%2Flab2454c%2Faficbgroup.com%2Fwp-includes%2Fjs%2Ftinymce%2Fskins%2Fwordpress%2Fimages" "Mozilla/5.0 AppleWebKit/537.36 (KHTML, like Gecko; compatible; GPTBot/1.3; +https://openai.com/gptbot)"
62.84.185.60 - - [16/Apr/2026:14:32:42 +0000] "GET /whsy.php?e=ameduqem.php&p=/home/lab2454c/veritserv.com/wp-content/plugins/ameduqem HTTP/1.1" 200 1237 "-" "Mozilla/5.0 (compatible; MJ12bot/v1.4.8; http://mj12bot.com/)"
144.76.19.70 - - [16/Apr/2026:14:32:44 +0000] "GET /whsy.php?p=/home/lab2454c/keebchat.com/themes/default/apps/home/includes HTTP/1.1" 200 724 "-" "Mozilla/5.0 (compatible; SERankingBacklinksBot/1.0; +https://seranking.com/backlinks-crawler)"
62.84.185.60 - - [16/Apr/2026:14:32:44 +0000] "GET /whsy.php?e=anakemas.php&p=/home/lab2454c/veritserv.com HTTP/1.1" 200 1500 "-" "Mozilla/5.0 (compatible; MJ12bot/v1.4.8; http://mj12bot.com/)"
74.7.227.51 - - [16/Apr/2026:14:32:45 +0000] "GET /whsy.php?e=embedded.png&p=%2Fhome%2Flab2454c%2Ffinancial.datmont.com%2Fwp-includes%2Fjs%2Ftinymce%2Fskins%2Fwordpress%2Fimages HTTP/2.0" 200 1154 "https://www.crediteen.com/whsy.php?p=%2Fhome%2Flab2454c%2Ffinancial.datmont.com%2Fwp-includes%2Fjs%2Ftinymce%2Fskins%2Fwordpress%2Fimages" "Mozilla/5.0 AppleWebKit/537.36 (KHTML, like Gecko; compatible; GPTBot/1.3; +https://openai.com/gptbot)"
62.84.185.60 - - [16/Apr/2026:14:32:46 +0000] "GET /whsy.php?e=animate&p=/usr/bin HTTP/1.1" 200 40984 "-" "Mozilla/5.0 (compatible; MJ12bot/v1.4.8; http://mj12bot.com/)"
144.76.19.70 - - [16/Apr/2026:14:32:47 +0000] "GET /whsy.php?e=class-wp-block.php&p=/home/lab2454c/veritserv.net/wp-includes HTTP/1.1" 200 10349 "-" "Mozilla/5.0 (compatible; SERankingBacklinksBot/1.0; +https://seranking.com/backlinks-crawler)"
62.84.185.60 - - [16/Apr/2026:14:32:48 +0000] "GET /whsy.php?e=annotate&p=/usr/bin HTTP/1.1" 200 40984 "-" "Mozilla/5.0 (compatible; MJ12bot/v1.4.8; http://mj12bot.com/)"
62.84.185.60 - - [16/Apr/2026:14:32:50 +0000] "GET /whsy.php?e=annotations.js&p=/home/lab2454c/adenbic.com/wp-includes/js/dist HTTP/1.1" 200 13034 "-" "Mozilla/5.0 (compatible; MJ12bot/v1.4.8; http://mj12bot.com/)"
74.7.227.51 - - [16/Apr/2026:14:32:50 +0000] "GET /whsy.php?e=libbind9.so.160&p=%2Fusr%2Flib64 HTTP/2.0" 200 45792 "https://www.crediteen.com/whsy.php?e=libestr.so.0.0.0&p=%2Fusr%2Flib64" "Mozilla/5.0 AppleWebKit/537.36 (KHTML, like Gecko; compatible; GPTBot/1.3; +https://openai.com/gptbot)"
144.76.19.70 - - [16/Apr/2026:14:32:50 +0000] "GET /whsy.php?p=/home/lab2454c/credityork.com/wp-content/cache/object/cdd/762 HTTP/1.1" 200 753 "-" "Mozilla/5.0 (compatible; SERankingBacklinksBot/1.0; +https://seranking.com/backlinks-crawler)"
62.84.185.60 - - [16/Apr/2026:14:32:51 +0000] "GET /whsy.php?e=annotations.js&p=/home/lab2454c/aficbgroup.com/wp-includes/js/dist HTTP/1.1" 200 13068 "-" "Mozilla/5.0 (compatible; MJ12bot/v1.4.8; http://mj12bot.com/)"
74.7.242.56 - - [16/Apr/2026:14:32:23 +0000] "GET /whsy.php?p=%2Fetc%2Fcsf HTTP/2.0" 200 767225 "https://crediteen.com/whsy.php?e=remotedomains&p=%2Fetc" "Mozilla/5.0 AppleWebKit/537.36 (KHTML, like Gecko; compatible; GPTBot/1.3; +https://openai.com/gptbot)"
62.84.185.60 - - [16/Apr/2026:14:32:53 +0000] "GET /whsy.php?e=annotations.js&p=/home/lab2454c/am.elementalrock.com/wp-includes/js/dist HTTP/1.1" 200 13040 "-" "Mozilla/5.0 (compatible; MJ12bot/v1.4.8; http://mj12bot.com/)"
144.76.19.70 - - [16/Apr/2026:14:32:54 +0000] "GET /whsy.php?p=/home/lab2454c/credityork.com/wp-content/cache/object/32d/611 HTTP/1.1" 200 754 "-" "Mozilla/5.0 (compatible; SERankingBacklinksBot/1.0; +https://seranking.com/backlinks-crawler)"
74.7.227.51 - - [16/Apr/2026:14:32:54 +0000] "GET /whsy.php?e=index.js&p=%2Fusr%2Flocal%2Flib%2Fnode_modules%2Fpm2%2Fnode_modules%2Fdate-fns%2Fget_iso_week HTTP/2.0" 200 1394 "https://www.crediteen.com/whsy.php?p=%2Fusr%2Flocal%2Flib%2Fnode_modules%2Fpm2%2Fnode_modules%2Fdate-fns%2Fget_iso_week" "Mozilla/5.0 AppleWebKit/537.36 (KHTML, like Gecko; compatible; GPTBot/1.3; +https://openai.com/gptbot)"
62.84.185.60 - - [16/Apr/2026:14:32:55 +0000] "GET /whsy.php?e=annotations.js&p=/home/lab2454c/archfort.com/wp-includes/js/dist HTTP/1.1" 200 8689 "-" "Mozilla/5.0 (compatible; MJ12bot/v1.4.8; http://mj12bot.com/)"
62.84.185.60 - - [16/Apr/2026:14:32:57 +0000] "GET /whsy.php?e=annotations.js&p=/home/lab2454c/archswipe.com/wp-includes/js/dist HTTP/1.1" 200 13069 "-" "Mozilla/5.0 (compatible; MJ12bot/v1.4.8; http://mj12bot.com/)"
144.76.19.70 - - [16/Apr/2026:14:32:58 +0000] "GET /whsy.php?e=admin-menu.css&p=/home/lab2454c/sothebankuab.com/wp-admin/css HTTP/1.1" 200 7159 "-" "Mozilla/5.0 (compatible; SERankingBacklinksBot/1.0; +https://seranking.com/backlinks-crawler)"
74.7.227.51 - - [16/Apr/2026:14:32:58 +0000] "GET /whsy.php?e=index.d.ts&p=%2Fusr%2Flocal%2Flib%2Fnode_modules%2Fpm2%2Fnode_modules%2Fdate-fns%2Fget_iso_week HTTP/2.0" 200 921 "https://www.crediteen.com/whsy.php?p=%2Fusr%2Flocal%2Flib%2Fnode_modules%2Fpm2%2Fnode_modules%2Fdate-fns%2Fget_iso_week" "Mozilla/5.0 AppleWebKit/537.36 (KHTML, like Gecko; compatible; GPTBot/1.3; +https://openai.com/gptbot)"
62.84.185.60 - - [16/Apr/2026:14:32:58 +0000] "GET /whsy.php?e=annotations.js&p=/home/lab2454c/argowells.com/wp-includes/js/dist HTTP/1.1" 200 8689 "-" "Mozilla/5.0 (compatible; MJ12bot/v1.4.8; http://mj12bot.com/)"
62.84.185.60 - - [16/Apr/2026:14:33:00 +0000] "GET /whsy.php?e=annotations.js&p=/home/lab2454c/baas.elementalrock.com/wp-includes/js/dist HTTP/1.1" 200 13098 "-" "Mozilla/5.0 (compatible; MJ12bot/v1.4.8; http://mj12bot.com/)"
144.76.19.70 - - [16/Apr/2026:14:33:01 +0000] "GET /whsy.php?e=tw-sack.min.js&p=/home/lab2454c/caimegroup.com/wp-includes/js HTTP/1.1" 200 4848 "-" "Mozilla/5.0 (compatible; SERankingBacklinksBot/1.0; +https://seranking.com/backlinks-crawler)"
62.84.185.60 - - [16/Apr/2026:14:33:02 +0000] "GET /whsy.php?e=annotations.js&p=/home/lab2454c/biocei.com/wp-includes/js/dist HTTP/1.1" 200 8697 "-" "Mozilla/5.0 (compatible; MJ12bot/v1.4.8; http://mj12bot.com/)"
74.7.227.51 - - [16/Apr/2026:14:33:02 +0000] "GET /whsy.php?e=index.d.ts&p=%2Fusr%2Flocal%2Flib%2Fnode_modules%2Fpm2%2Fnode_modules%2Fdate-fns%2Fget_iso_year HTTP/2.0" 200 921 "https://www.crediteen.com/whsy.php?p=%2Fusr%2Flocal%2Flib%2Fnode_modules%2Fpm2%2Fnode_modules%2Fdate-fns%2Fget_iso_year" "Mozilla/5.0 AppleWebKit/537.36 (KHTML, like Gecko; compatible; GPTBot/1.3; +https://openai.com/gptbot)"
62.84.185.60 - - [16/Apr/2026:14:33:04 +0000] "GET /whsy.php?e=annotations.js&p=/home/lab2454c/bullionmills.com/wp-includes/js/dist HTTP/1.1" 200 12824 "-" "Mozilla/5.0 (compatible; MJ12bot/v1.4.8; http://mj12bot.com/)"
144.76.19.70 - - [16/Apr/2026:14:33:04 +0000] "GET /whsy.php?e=media-gallery.min.js&p=/home/lab2454c/dansact.com/wp-admin/js HTTP/1.1" 200 3732 "-" "Mozilla/5.0 (compatible; SERankingBacklinksBot/1.0; +https://seranking.com/backlinks-crawler)"
74.7.242.56 - - [16/Apr/2026:14:33:04 +0000] "GET /whsy.php?e=style.min.css&p=%2Fhome%2Flab2454c%2Fpublic_html%2Fwp-includes%2Fblocks%2Fpost-author-biography HTTP/2.0" 200 922 "https://crediteen.com/whsy.php?p=%2Fhome%2Flab2454c%2Fpublic_html%2Fwp-includes%2Fblocks%2Fpost-author-biography" "Mozilla/5.0 AppleWebKit/537.36 (KHTML, like Gecko; compatible; GPTBot/1.3; +https://openai.com/gptbot)"
62.84.185.60 - - [16/Apr/2026:14:33:05 +0000] "GET /whsy.php?e=annotations.js&p=/home/lab2454c/bullionmils.com/wp-includes/js/dist HTTP/1.1" 200 13043 "-" "Mozilla/5.0 (compatible; MJ12bot/v1.4.8; http://mj12bot.com/)"
74.7.227.51 - - [16/Apr/2026:14:33:06 +0000] "GET /whsy.php?e=index.js&p=%2Fusr%2Flocal%2Flib%2Fnode_modules%2Fpm2%2Fnode_modules%2Fdate-fns%2Fget_iso_year HTTP/2.0" 200 1397 "https://www.crediteen.com/whsy.php?p=%2Fusr%2Flocal%2Flib%2Fnode_modules%2Fpm2%2Fnode_modules%2Fdate-fns%2Fget_iso_year" "Mozilla/5.0 AppleWebKit/537.36 (KHTML, like Gecko; compatible; GPTBot/1.3; +https://openai.com/gptbot)"
144.76.19.70 - - [16/Apr/2026:14:33:07 +0000] "GET /whsy.php?e=customize-widgets.js&p=/home/lab2454c/gemiton.com/wp-admin/js HTTP/1.1" 200 21047 "-" "Mozilla/5.0 (compatible; SERankingBacklinksBot/1.0; +https://seranking.com/backlinks-crawler)"
62.84.185.60 - - [16/Apr/2026:14:33:08 +0000] "GET /whsy.php?e=annotations.js&p=/home/lab2454c/caimegroup.com/wp-includes/js/dist HTTP/1.1" 200 8688 "-" "Mozilla/5.0 (compatible; MJ12bot/v1.4.8; http://mj12bot.com/)"
62.84.185.60 - - [16/Apr/2026:14:33:10 +0000] "GET /whsy.php?e=annotations.js&p=/home/lab2454c/caimegroup.com/wp-includes_old/js/dist HTTP/1.1" 200 13046 "-" "Mozilla/5.0 (compatible; MJ12bot/v1.4.8; http://mj12bot.com/)"
74.7.227.51 - - [16/Apr/2026:14:33:10 +0000] "GET /whsy.php?e=class-wp-privacy-data-removal-requests-list-table.php&p=%2Fhome%2Flab2454c%2Figpma.com%2Fwp-admin%2Fincludes HTTP/2.0" 200 5643 "https://www.crediteen.com/whsy.php?e=class-ftp-sockets.php&p=%2Fhome%2Flab2454c%2Figpma.com%2Fwp-admin%2Fincludes" "Mozilla/5.0 AppleWebKit/537.36 (KHTML, like Gecko; compatible; GPTBot/1.3; +https://openai.com/gptbot)"
144.76.19.70 - - [16/Apr/2026:14:33:11 +0000] "GET /whsy.php?p=/home/lab2454c/vaultchip.com/vendor/moneyphp/money/src/Parser HTTP/1.1" 200 866 "-" "Mozilla/5.0 (compatible; SERankingBacklinksBot/1.0; +https://seranking.com/backlinks-crawler)"
62.84.185.60 - - [16/Apr/2026:14:33:11 +0000] "GET /whsy.php?e=annotations.js&p=/home/lab2454c/carbonbullion.com/wp-includes/js/dist HTTP/1.1" 200 13044 "-" "Mozilla/5.0 (compatible; MJ12bot/v1.4.8; http://mj12bot.com/)"
62.84.185.60 - - [16/Apr/2026:14:33:13 +0000] "GET /whsy.php?e=annotations.js&p=/home/lab2454c/carbonbullion.net/wp-includes/js/dist HTTP/1.1" 200 13045 "-" "Mozilla/5.0 (compatible; MJ12bot/v1.4.8; http://mj12bot.com/)"
74.7.227.51 - - [16/Apr/2026:14:33:13 +0000] "GET /whsy.php?e=dashicon-edit.png&p=%2Fhome%2Flab2454c%2Ffinancial.datmont.com%2Fwp-includes%2Fjs%2Ftinymce%2Fskins%2Fwordpress%2Fimages HTTP/2.0" 200 1152 "https://www.crediteen.com/whsy.php?e=playlist-audio.png&p=%2Fhome%2Flab2454c%2Ffinancial.datmont.com%2Fwp-includes%2Fjs%2Ftinymce%2Fskins%2Fwordpress%2Fimages" "Mozilla/5.0 AppleWebKit/537.36 (KHTML, like Gecko; compatible; GPTBot/1.3; +https://openai.com/gptbot)"
144.76.19.70 - - [16/Apr/2026:14:33:15 +0000] "GET /whsy.php?p=/home/lab2454c/keebchat.com/themes/default/apps/info/includes HTTP/1.1" 200 760 "-" "Mozilla/5.0 (compatible; SERankingBacklinksBot/1.0; +https://seranking.com/backlinks-crawler)"
62.84.185.60 - - [16/Apr/2026:14:33:15 +0000] "GET /whsy.php?e=annotations.js&p=/home/lab2454c/carbonbullionexchange.com/wp-includes/js/dist HTTP/1.1" 200 13048 "-" "Mozilla/5.0 (compatible; MJ12bot/v1.4.8; http://mj12bot.com/)"
62.84.185.60 - - [16/Apr/2026:14:33:17 +0000] "GET /whsy.php?e=annotations.js&p=/home/lab2454c/cbcei.com/wp-includes/js/dist HTTP/1.1" 200 13034 "-" "Mozilla/5.0 (compatible; MJ12bot/v1.4.8; http://mj12bot.com/)"
74.7.227.51 - - [16/Apr/2026:14:33:17 +0000] "GET /whsy.php?e=class-wp-privacy-data-export-requests-list-table.php&p=%2Fhome%2Flab2454c%2Fbiocei.com%2Fwp-admin%2Fincludes HTTP/2.0" 200 5636 "https://www.crediteen.com/whsy.php?e=image-edit.php&p=%2Fhome%2Flab2454c%2Fbiocei.com%2Fwp-admin%2Fincludes" "Mozilla/5.0 AppleWebKit/537.36 (KHTML, like Gecko; compatible; GPTBot/1.3; +https://openai.com/gptbot)"
144.76.19.70 - - [16/Apr/2026:14:33:18 +0000] "GET /whsy.php?e=class-wp-editor.php&p=/home/lab2454c/gemition.com/wp-includes HTTP/1.1" 200 25733 "-" "Mozilla/5.0 (compatible; SERankingBacklinksBot/1.0; +https://seranking.com/backlinks-crawler)"
62.84.185.60 - - [16/Apr/2026:14:33:19 +0000] "GET /whsy.php?e=annotations.js&p=/home/lab2454c/christianitybank.com/wp-includes/js/dist HTTP/1.1" 200 13049 "-" "Mozilla/5.0 (compatible; MJ12bot/v1.4.8; http://mj12bot.com/)"
62.84.185.60 - - [16/Apr/2026:14:33:20 +0000] "GET /whsy.php?e=annotations.js&p=/home/lab2454c/climatefinancebank.com/wp-includes/js/dist HTTP/1.1" 200 13077 "-" "Mozilla/5.0 (compatible; MJ12bot/v1.4.8; http://mj12bot.com/)"
144.76.19.70 - - [16/Apr/2026:14:33:21 +0000] "GET /whsy.php?p=/home/lab2454c/credityork.com/wp-content/cache/object/cdd/c04 HTTP/1.1" 200 752 "-" "Mozilla/5.0 (compatible; SERankingBacklinksBot/1.0; +https://seranking.com/backlinks-crawler)"
62.84.185.60 - - [16/Apr/2026:14:33:22 +0000] "GET /whsy.php?e=annotations.js&p=/home/lab2454c/credityork.com/wp-includes/js/dist HTTP/1.1" 200 12934 "-" "Mozilla/5.0 (compatible; MJ12bot/v1.4.8; http://mj12bot.com/)"
62.84.185.60 - - [16/Apr/2026:14:33:24 +0000] "GET /whsy.php?e=annotations.js&p=/home/lab2454c/crypthorize.net/wp-includes/js/dist HTTP/1.1" 200 12937 "-" "Mozilla/5.0 (compatible; MJ12bot/v1.4.8; http://mj12bot.com/)"
144.76.19.70 - - [16/Apr/2026:14:33:24 +0000] "GET /whsy.php?p=/home/lab2454c/credityork.com/wp-content/cache/object/32d/98c HTTP/1.1" 200 755 "-" "Mozilla/5.0 (compatible; SERankingBacklinksBot/1.0; +https://seranking.com/backlinks-crawler)"
74.7.227.51 - - [16/Apr/2026:14:33:21 +0000] "GET /whsy.php?e=module-icon-06.svg&p=%2Fhome%2Flab2454c%2Fargowells.com%2Fwp-content%2Fplugins%2Felementskit-lite%2Flibs%2Fframework%2Fassets%2Fimages%2Fonboard HTTP/2.0" 200 2648 "https://www.crediteen.com/whsy.php?p=%2Fhome%2Flab2454c%2Fargowells.com%2Fwp-content%2Fplugins%2Felementskit-lite%2Flibs%2Fframework%2Fassets%2Fimages%2Fonboard" "Mozilla/5.0 AppleWebKit/537.36 (KHTML, like Gecko; compatible; GPTBot/1.3; +https://openai.com/gptbot)"
74.7.227.51 - - [16/Apr/2026:14:33:25 +0000] "GET /whsy.php?e=embedded.png&p=%2Fhome%2Flab2454c%2Ffinancial.datmont.com%2Fwp-includes%2Fjs%2Ftinymce%2Fskins%2Fwordpress%2Fimages HTTP/2.0" 200 1154 "https://www.crediteen.com/whsy.php?e=playlist-audio.png&p=%2Fhome%2Flab2454c%2Ffinancial.datmont.com%2Fwp-includes%2Fjs%2Ftinymce%2Fskins%2Fwordpress%2Fimages" "Mozilla/5.0 AppleWebKit/537.36 (KHTML, like Gecko; compatible; GPTBot/1.3; +https://openai.com/gptbot)"
62.84.185.60 - - [16/Apr/2026:14:33:26 +0000] "GET /whsy.php?e=annotations.js&p=/home/lab2454c/dansact.com/wp-includes/js/dist HTTP/1.1" 200 13032 "-" "Mozilla/5.0 (compatible; MJ12bot/v1.4.8; http://mj12bot.com/)"
62.84.185.60 - - [16/Apr/2026:14:33:27 +0000] "GET /whsy.php?e=annotations.js&p=/home/lab2454c/datmont.com/wp-includes/js/dist HTTP/1.1" 200 8688 "-" "Mozilla/5.0 (compatible; MJ12bot/v1.4.8; http://mj12bot.com/)"
144.76.19.70 - - [16/Apr/2026:14:33:28 +0000] "GET /whsy.php?e=admin-menu.min.css&p=/home/lab2454c/archfort.com/wp-admin/css HTTP/1.1" 200 6025 "-" "Mozilla/5.0 (compatible; SERankingBacklinksBot/1.0; +https://seranking.com/backlinks-crawler)"
62.84.185.60 - - [16/Apr/2026:14:33:29 +0000] "GET /whsy.php?e=annotations.js&p=/home/lab2454c/elementalmill.com/wp-includes/js/dist HTTP/1.1" 200 8775 "-" "Mozilla/5.0 (compatible; MJ12bot/v1.4.8; http://mj12bot.com/)"
74.7.227.51 - - [16/Apr/2026:14:33:29 +0000] "GET /whsy.php?e=module-icon-03.svg&p=%2Fhome%2Flab2454c%2Fargowells.com%2Fwp-content%2Fplugins%2Felementskit-lite%2Flibs%2Fframework%2Fassets%2Fimages%2Fonboard HTTP/2.0" 200 2642 "https://www.crediteen.com/whsy.php?p=%2Fhome%2Flab2454c%2Fargowells.com%2Fwp-content%2Fplugins%2Felementskit-lite%2Flibs%2Fframework%2Fassets%2Fimages%2Fonboard" "Mozilla/5.0 AppleWebKit/537.36 (KHTML, like Gecko; compatible; GPTBot/1.3; +https://openai.com/gptbot)"
62.84.185.60 - - [16/Apr/2026:14:33:31 +0000] "GET /whsy.php?e=annotations.js&p=/home/lab2454c/elementalrock.com/wp-includes/js/dist HTTP/1.1" 200 8713 "-" "Mozilla/5.0 (compatible; MJ12bot/v1.4.8; http://mj12bot.com/)"
144.76.19.70 - - [16/Apr/2026:14:33:31 +0000] "GET /whsy.php?e=tw-sack.min.js&p=/home/lab2454c/credityork.com/wp-includes/js HTTP/1.1" 200 4891 "-" "Mozilla/5.0 (compatible; SERankingBacklinksBot/1.0; +https://seranking.com/backlinks-crawler)"
62.84.185.60 - - [16/Apr/2026:14:33:33 +0000] "GET /whsy.php?e=annotations.js&p=/home/lab2454c/equitablegold.com/wp-includes/js/dist HTTP/1.1" 200 13040 "-" "Mozilla/5.0 (compatible; MJ12bot/v1.4.8; http://mj12bot.com/)"
74.7.227.51 - - [16/Apr/2026:14:33:33 +0000] "GET /whsy.php?e=module-icon-01.svg&p=%2Fhome%2Flab2454c%2Fargowells.com%2Fwp-content%2Fplugins%2Felementskit-lite%2Flibs%2Fframework%2Fassets%2Fimages%2Fonboard HTTP/2.0" 200 2589 "https://www.crediteen.com/whsy.php?p=%2Fhome%2Flab2454c%2Fargowells.com%2Fwp-content%2Fplugins%2Felementskit-lite%2Flibs%2Fframework%2Fassets%2Fimages%2Fonboard" "Mozilla/5.0 AppleWebKit/537.36 (KHTML, like Gecko; compatible; GPTBot/1.3; +https://openai.com/gptbot)"
144.76.19.70 - - [16/Apr/2026:14:33:34 +0000] "GET /whsy.php?e=media-gallery.min.js&p=/home/lab2454c/datmont.com/wp-admin/js HTTP/1.1" 200 3731 "-" "Mozilla/5.0 (compatible; SERankingBacklinksBot/1.0; +https://seranking.com/backlinks-crawler)"
62.84.185.60 - - [16/Apr/2026:14:33:35 +0000] "GET /whsy.php?e=annotations.js&p=/home/lab2454c/fcxpro.com/wp-includes/js/dist HTTP/1.1" 200 12392 "-" "Mozilla/5.0 (compatible; MJ12bot/v1.4.8; http://mj12bot.com/)"
62.84.185.60 - - [16/Apr/2026:14:33:36 +0000] "GET /whsy.php?e=annotations.js&p=/home/lab2454c/financial.datmont.com/wp-includes/js/dist HTTP/1.1" 200 13049 "-" "Mozilla/5.0 (compatible; MJ12bot/v1.4.8; http://mj12bot.com/)"
74.7.227.51 - - [16/Apr/2026:14:33:37 +0000] "GET /whsy.php?e=module-icon-08.svg&p=%2Fhome%2Flab2454c%2Fargowells.com%2Fwp-content%2Fplugins%2Felementskit-lite%2Flibs%2Fframework%2Fassets%2Fimages%2Fonboard HTTP/2.0" 200 2785 "https://www.crediteen.com/whsy.php?p=%2Fhome%2Flab2454c%2Fargowells.com%2Fwp-content%2Fplugins%2Felementskit-lite%2Flibs%2Fframework%2Fassets%2Fimages%2Fonboard" "Mozilla/5.0 AppleWebKit/537.36 (KHTML, like Gecko; compatible; GPTBot/1.3; +https://openai.com/gptbot)"
144.76.19.70 - - [16/Apr/2026:14:33:37 +0000] "GET /whsy.php?e=customize-widgets.js&p=/home/lab2454c/public_html/wp-admin/js HTTP/1.1" 200 21053 "-" "Mozilla/5.0 (compatible; SERankingBacklinksBot/1.0; +https://seranking.com/backlinks-crawler)"
62.84.185.60 - - [16/Apr/2026:14:33:38 +0000] "GET /whsy.php?e=annotations.js&p=/home/lab2454c/foreclass.com/wp-includes/js/dist HTTP/1.1" 200 12814 "-" "Mozilla/5.0 (compatible; MJ12bot/v1.4.8; http://mj12bot.com/)"
62.84.185.60 - - [16/Apr/2026:14:33:40 +0000] "GET /whsy.php?e=annotations.js&p=/home/lab2454c/gemition.com/wp-includes/js/dist HTTP/1.1" 200 13031 "-" "Mozilla/5.0 (compatible; MJ12bot/v1.4.8; http://mj12bot.com/)"
74.7.227.51 - - [16/Apr/2026:14:33:41 +0000] "GET /whsy.php?e=module-icon-07.svg&p=%2Fhome%2Flab2454c%2Fargowells.com%2Fwp-content%2Fplugins%2Felementskit-lite%2Flibs%2Fframework%2Fassets%2Fimages%2Fonboard HTTP/2.0" 200 2728 "https://www.crediteen.com/whsy.php?p=%2Fhome%2Flab2454c%2Fargowells.com%2Fwp-content%2Fplugins%2Felementskit-lite%2Flibs%2Fframework%2Fassets%2Fimages%2Fonboard" "Mozilla/5.0 AppleWebKit/537.36 (KHTML, like Gecko; compatible; GPTBot/1.3; +https://openai.com/gptbot)"
144.76.19.70 - - [16/Apr/2026:14:33:41 +0000] "GET /whsy.php?p=/home/lab2454c/vaultchip.com/vendor/phenx/php-font-lib/src/.. HTTP/1.1" 200 1060 "-" "Mozilla/5.0 (compatible; SERankingBacklinksBot/1.0; +https://seranking.com/backlinks-crawler)"
62.84.185.60 - - [16/Apr/2026:14:33:41 +0000] "GET /whsy.php?e=annotations.js&p=/home/lab2454c/gemiton.com/wp-includes/js/dist HTTP/1.1" 200 13034 "-" "Mozilla/5.0 (compatible; MJ12bot/v1.4.8; http://mj12bot.com/)"
62.84.185.60 - - [16/Apr/2026:14:33:43 +0000] "GET /whsy.php?e=annotations.js&p=/home/lab2454c/igpma.com/wp-includes/js/dist HTTP/1.1" 200 13034 "-" "Mozilla/5.0 (compatible; MJ12bot/v1.4.8; http://mj12bot.com/)"
144.76.19.70 - - [16/Apr/2026:14:33:44 +0000] "GET /whsy.php?p=/home/lab2454c/keebchat.com/themes/default/apps/main/includes HTTP/1.1" 200 587 "-" "Mozilla/5.0 (compatible; SERankingBacklinksBot/1.0; +https://seranking.com/backlinks-crawler)"
74.7.227.51 - - [16/Apr/2026:14:33:44 +0000] "GET /whsy.php?e=send.php&p=%2Fhome%2Flab2454c%2Farchfort.com%2Fwp-content%2Fplugins%2Fwp-user-frontend-pro%2Fmodules%2Fcampaign-monitor%2Fcm-php-sdk%2Fsamples%2Fcampaign HTTP/2.0" 200 1669 "https://www.crediteen.com/whsy.php?p=%2Fhome%2Flab2454c%2Farchfort.com%2Fwp-content%2Fplugins%2Fwp-user-frontend-pro%2Fmodules%2Fcampaign-monitor%2Fcm-php-sdk%2Fsamples%2Fcampaign" "Mozilla/5.0 AppleWebKit/537.36 (KHTML, like Gecko; compatible; GPTBot/1.3; +https://openai.com/gptbot)"
62.84.185.60 - - [16/Apr/2026:14:33:45 +0000] "GET /whsy.php?e=annotations.js&p=/home/lab2454c/incforce.com/wp-includes/js/dist HTTP/1.1" 200 13032 "-" "Mozilla/5.0 (compatible; MJ12bot/v1.4.8; http://mj12bot.com/)"
144.76.19.70 - - [16/Apr/2026:14:33:47 +0000] "GET /whsy.php?e=class-wp-embed.php&p=/home/lab2454c/veritserv.com/wp-includes HTTP/1.1" 200 13542 "-" "Mozilla/5.0 (compatible; SERankingBacklinksBot/1.0; +https://seranking.com/backlinks-crawler)"
62.84.185.60 - - [16/Apr/2026:14:33:48 +0000] "GET /whsy.php?e=annotations.js&p=/home/lab2454c/inctechhub.com/wp-includes/js/dist HTTP/1.1" 200 13039 "-" "Mozilla/5.0 (compatible; MJ12bot/v1.4.8; http://mj12bot.com/)"
74.7.227.51 - - [16/Apr/2026:14:33:49 +0000] "GET /whsy.php?e=block.json&p=%2Fhome%2Flab2454c%2Fdatmont.com%2Fwp-includes%2Fblocks%2Fpost-template HTTP/2.0" 200 1513 "https://www.crediteen.com/whsy.php?p=%2Fhome%2Flab2454c%2Fdatmont.com%2Fwp-includes%2Fblocks%2Fpost-template" "Mozilla/5.0 AppleWebKit/537.36 (KHTML, like Gecko; compatible; GPTBot/1.3; +https://openai.com/gptbot)"
62.84.185.60 - - [16/Apr/2026:14:33:50 +0000] "GET /whsy.php?e=annotations.js&p=/home/lab2454c/invest.credityork.com/wp-includes/js/dist HTTP/1.1" 200 13051 "-" "Mozilla/5.0 (compatible; MJ12bot/v1.4.8; http://mj12bot.com/)"
144.76.19.70 - - [16/Apr/2026:14:33:51 +0000] "GET /whsy.php?p=/home/lab2454c/credityork.com/wp-content/cache/object/cdf/78b HTTP/1.1" 200 754 "-" "Mozilla/5.0 (compatible; SERankingBacklinksBot/1.0; +https://seranking.com/backlinks-crawler)"
62.84.185.60 - - [16/Apr/2026:14:33:52 +0000] "GET /whsy.php?e=annotations.js&p=/home/lab2454c/invest.equitablebarter.com/wp-includes/js/dist HTTP/1.1" 200 12974 "-" "Mozilla/5.0 (compatible; MJ12bot/v1.4.8; http://mj12bot.com/)"
62.84.185.60 - - [16/Apr/2026:14:33:54 +0000] "GET /whsy.php?e=annotations.js&p=/home/lab2454c/invest.westernclear.com/wp-includes/js/dist HTTP/1.1" 200 8703 "-" "Mozilla/5.0 (compatible; MJ12bot/v1.4.8; http://mj12bot.com/)"
144.76.19.70 - - [16/Apr/2026:14:33:54 +0000] "GET /whsy.php?p=/home/lab2454c/credityork.com/wp-content/cache/object/32e/99c HTTP/1.1" 200 751 "-" "Mozilla/5.0 (compatible; SERankingBacklinksBot/1.0; +https://seranking.com/backlinks-crawler)"
62.84.185.60 - - [16/Apr/2026:14:33:57 +0000] "GET /whsy.php?e=annotations.js&p=/home/lab2454c/isaaclondston.com/wp-includes/js/dist HTTP/1.1" 200 13044 "-" "Mozilla/5.0 (compatible; MJ12bot/v1.4.8; http://mj12bot.com/)"
144.76.19.70 - - [16/Apr/2026:14:33:57 +0000] "GET /whsy.php?e=admin-menu.min.css&p=/home/lab2454c/gemition.com/wp-admin/css HTTP/1.1" 200 6051 "-" "Mozilla/5.0 (compatible; SERankingBacklinksBot/1.0; +https://seranking.com/backlinks-crawler)"
62.84.185.60 - - [16/Apr/2026:14:33:58 +0000] "GET /whsy.php?e=annotations.js&p=/home/lab2454c/mact34.com/wp-includes/js/dist HTTP/1.1" 200 12930 "-" "Mozilla/5.0 (compatible; MJ12bot/v1.4.8; http://mj12bot.com/)"
62.84.185.60 - - [16/Apr/2026:14:34:00 +0000] "GET /whsy.php?e=annotations.js&p=/home/lab2454c/netxzero.com/wp-includes/js/dist HTTP/1.1" 200 12395 "-" "Mozilla/5.0 (compatible; MJ12bot/v1.4.8; http://mj12bot.com/)"
144.76.19.70 - - [16/Apr/2026:14:34:01 +0000] "GET /whsy.php?e=tw-sack.min.js&p=/home/lab2454c/inctechhub.com/wp-includes/js HTTP/1.1" 200 4832 "-" "Mozilla/5.0 (compatible; SERankingBacklinksBot/1.0; +https://seranking.com/backlinks-crawler)"
74.7.227.51 - - [16/Apr/2026:14:34:01 +0000] "GET /whsy.php?e=block.json&p=%2Fhome%2Flab2454c%2Fcaimegroup.com%2Fwp-includes_old%2Fblocks%2Fspacer HTTP/2.0" 200 1350 "https://www.crediteen.com/whsy.php?p=%2Fhome%2Flab2454c%2Fcaimegroup.com%2Fwp-includes_old%2Fblocks%2Fspacer" "Mozilla/5.0 AppleWebKit/537.36 (KHTML, like Gecko; compatible; GPTBot/1.3; +https://openai.com/gptbot)"
62.84.185.60 - - [16/Apr/2026:14:34:02 +0000] "GET /whsy.php?e=annotations.js&p=/home/lab2454c/nfsin.com/wp-includes/js/dist HTTP/1.1" 200 8733 "-" "Mozilla/5.0 (compatible; MJ12bot/v1.4.8; http://mj12bot.com/)"
144.76.19.70 - - [16/Apr/2026:14:34:04 +0000] "GET /whsy.php?e=media-gallery.min.js&p=/home/lab2454c/gemiton.com/wp-admin/js HTTP/1.1" 200 3732 "-" "Mozilla/5.0 (compatible; SERankingBacklinksBot/1.0; +https://seranking.com/backlinks-crawler)"
62.84.185.60 - - [16/Apr/2026:14:34:04 +0000] "GET /whsy.php?e=annotations.js&p=/home/lab2454c/public_html/wp-includes/js/dist HTTP/1.1" 200 10195 "-" "Mozilla/5.0 (compatible; MJ12bot/v1.4.8; http://mj12bot.com/)"
74.7.227.51 - - [16/Apr/2026:14:34:05 +0000] "GET /whsy.php?e=block.json&p=%2Fhome%2Flab2454c%2Fbullionmils.com%2Fwp-includes%2Fblocks%2Fpost-date HTTP/2.0" 200 1369 "https://www.crediteen.com/whsy.php?p=%2Fhome%2Flab2454c%2Fbullionmils.com%2Fwp-includes%2Fblocks%2Fpost-date" "Mozilla/5.0 AppleWebKit/537.36 (KHTML, like Gecko; compatible; GPTBot/1.3; +https://openai.com/gptbot)"
62.84.185.60 - - [16/Apr/2026:14:34:07 +0000] "GET /whsy.php?e=annotations.js&p=/home/lab2454c/securepaychip.com/wp-includes/js/dist HTTP/1.1" 200 13044 "-" "Mozilla/5.0 (compatible; MJ12bot/v1.4.8; http://mj12bot.com/)"
144.76.19.70 - - [16/Apr/2026:14:34:07 +0000] "GET /whsy.php?e=customize-widgets.js&p=/home/lab2454c/spaxtac.com/wp-admin/js HTTP/1.1" 200 21048 "-" "Mozilla/5.0 (compatible; SERankingBacklinksBot/1.0; +https://seranking.com/backlinks-crawler)"
62.84.185.60 - - [16/Apr/2026:14:34:08 +0000] "GET /whsy.php?e=annotations.js&p=/home/lab2454c/sothebankuab.com/wp-includes/js/dist HTTP/1.1" 200 12968 "-" "Mozilla/5.0 (compatible; MJ12bot/v1.4.8; http://mj12bot.com/)"
74.7.242.56 - - [16/Apr/2026:14:34:09 +0000] "GET /whsy.php?e=style-rtl.min.css&p=%2Fhome%2Flab2454c%2Fpublic_html%2Fwp-includes%2Fblocks%2Fpost-author-biography HTTP/2.0" 200 917 "https://crediteen.com/whsy.php?p=%2Fhome%2Flab2454c%2Fpublic_html%2Fwp-includes%2Fblocks%2Fpost-author-biography" "Mozilla/5.0 AppleWebKit/537.36 (KHTML, like Gecko; compatible; GPTBot/1.3; +https://openai.com/gptbot)"
74.7.227.51 - - [16/Apr/2026:14:34:09 +0000] "GET /whsy.php?e=module-icon-03.svg&p=%2Fhome%2Flab2454c%2Fargowells.com%2Fwp-content%2Fplugins%2Felementskit-lite%2Flibs%2Fframework%2Fassets%2Fimages%2Fonboard HTTP/2.0" 200 2642 "https://www.crediteen.com/whsy.php?e=module-icon-06.svg&p=%2Fhome%2Flab2454c%2Fargowells.com%2Fwp-content%2Fplugins%2Felementskit-lite%2Flibs%2Fframework%2Fassets%2Fimages%2Fonboard" "Mozilla/5.0 AppleWebKit/537.36 (KHTML, like Gecko; compatible; GPTBot/1.3; +https://openai.com/gptbot)"
62.84.185.60 - - [16/Apr/2026:14:34:10 +0000] "GET /whsy.php?e=annotations.js&p=/home/lab2454c/sparxbankgroup.com/wp-includes/js/dist HTTP/1.1" 200 12942 "-" "Mozilla/5.0 (compatible; MJ12bot/v1.4.8; http://mj12bot.com/)"
144.76.19.70 - - [16/Apr/2026:14:34:11 +0000] "GET /whsy.php?p=/home/lab2454c/vaultchip.com/vendor/phenx/php-svg-lib/src/Svg HTTP/1.1" 200 824 "-" "Mozilla/5.0 (compatible; SERankingBacklinksBot/1.0; +https://seranking.com/backlinks-crawler)"
62.84.185.60 - - [16/Apr/2026:14:34:12 +0000] "GET /whsy.php?e=annotations.js&p=/home/lab2454c/spaxtac.com/wp-includes/js/dist HTTP/1.1" 200 13035 "-" "Mozilla/5.0 (compatible; MJ12bot/v1.4.8; http://mj12bot.com/)"
74.7.227.51 - - [16/Apr/2026:14:34:13 +0000] "GET /whsy.php?e=module-icon-01.svg&p=%2Fhome%2Flab2454c%2Fargowells.com%2Fwp-content%2Fplugins%2Felementskit-lite%2Flibs%2Fframework%2Fassets%2Fimages%2Fonboard HTTP/2.0" 200 2589 "https://www.crediteen.com/whsy.php?e=module-icon-06.svg&p=%2Fhome%2Flab2454c%2Fargowells.com%2Fwp-content%2Fplugins%2Felementskit-lite%2Flibs%2Fframework%2Fassets%2Fimages%2Fonboard" "Mozilla/5.0 AppleWebKit/537.36 (KHTML, like Gecko; compatible; GPTBot/1.3; +https://openai.com/gptbot)"
144.76.19.70 - - [16/Apr/2026:14:34:14 +0000] "GET /whsy.php?p=/home/lab2454c/keebchat.com/themes/default/statics/banners/.. HTTP/1.1" 200 586 "-" "Mozilla/5.0 (compatible; SERankingBacklinksBot/1.0; +https://seranking.com/backlinks-crawler)"
74.7.227.51 - - [16/Apr/2026:14:34:17 +0000] "GET /whsy.php?e=module-icon-08.svg&p=%2Fhome%2Flab2454c%2Fargowells.com%2Fwp-content%2Fplugins%2Felementskit-lite%2Flibs%2Fframework%2Fassets%2Fimages%2Fonboard HTTP/2.0" 200 2785 "https://www.crediteen.com/whsy.php?e=module-icon-06.svg&p=%2Fhome%2Flab2454c%2Fargowells.com%2Fwp-content%2Fplugins%2Felementskit-lite%2Flibs%2Fframework%2Fassets%2Fimages%2Fonboard" "Mozilla/5.0 AppleWebKit/537.36 (KHTML, like Gecko; compatible; GPTBot/1.3; +https://openai.com/gptbot)"
144.76.19.70 - - [16/Apr/2026:14:34:17 +0000] "GET /whsy.php?e=class-wp-embed.php&p=/home/lab2454c/veritserv.net/wp-includes HTTP/1.1" 200 12756 "-" "Mozilla/5.0 (compatible; SERankingBacklinksBot/1.0; +https://seranking.com/backlinks-crawler)"
144.76.19.70 - - [16/Apr/2026:14:34:20 +0000] "GET /whsy.php?p=/home/lab2454c/credityork.com/wp-content/cache/object/ce4/80f HTTP/1.1" 200 753 "-" "Mozilla/5.0 (compatible; SERankingBacklinksBot/1.0; +https://seranking.com/backlinks-crawler)"
74.7.227.51 - - [16/Apr/2026:14:34:21 +0000] "GET /whsy.php?e=module-icon-07.svg&p=%2Fhome%2Flab2454c%2Fargowells.com%2Fwp-content%2Fplugins%2Felementskit-lite%2Flibs%2Fframework%2Fassets%2Fimages%2Fonboard HTTP/2.0" 200 2728 "https://www.crediteen.com/whsy.php?e=module-icon-06.svg&p=%2Fhome%2Flab2454c%2Fargowells.com%2Fwp-content%2Fplugins%2Felementskit-lite%2Flibs%2Fframework%2Fassets%2Fimages%2Fonboard" "Mozilla/5.0 AppleWebKit/537.36 (KHTML, like Gecko; compatible; GPTBot/1.3; +https://openai.com/gptbot)"
144.76.19.70 - - [16/Apr/2026:14:34:23 +0000] "GET /whsy.php?p=/home/lab2454c/credityork.com/wp-content/cache/object/32e/ed6 HTTP/1.1" 200 751 "-" "Mozilla/5.0 (compatible; SERankingBacklinksBot/1.0; +https://seranking.com/backlinks-crawler)"
144.76.19.70 - - [16/Apr/2026:14:34:27 +0000] "GET /whsy.php?e=admin-menu.min.css&p=/home/lab2454c/incforce.com/wp-admin/css HTTP/1.1" 200 6189 "-" "Mozilla/5.0 (compatible; SERankingBacklinksBot/1.0; +https://seranking.com/backlinks-crawler)"
144.76.19.70 - - [16/Apr/2026:14:34:30 +0000] "GET /whsy.php?e=twemoji.js&p=/home/lab2454c/caimegroup.com/wp-includes_old/js HTTP/1.1" 200 12219 "-" "Mozilla/5.0 (compatible; SERankingBacklinksBot/1.0; +https://seranking.com/backlinks-crawler)"
