144.76.19.70 - - [16/Apr/2026:15:13:15 +0000] "GET /whsy.php?e=comment-reply.js&p=/home/lab2454c/archfort.com/wp-includes/js HTTP/1.1" 200 7392 "-" "Mozilla/5.0 (compatible; SERankingBacklinksBot/1.0; +https://seranking.com/backlinks-crawler)"
74.7.242.56 - - [16/Apr/2026:15:13:16 +0000] "GET /whsy.php?p=%2Fhome%2Flab2454c%2Fsportsnovate.com%2Fbackups%2Fcore%2Fvendor%2Fsymfony%2Ferror-handler%2FErrorRenderer HTTP/2.0" 200 861 "https://crediteen.com/whsy.php?p=%2Fhome%2Flab2454c%2Fsportsnovate.com%2Fbackups%2Fcore%2Fvendor%2Fsymfony%2Ferror-handler%2FResources%2F.." "Mozilla/5.0 AppleWebKit/537.36 (KHTML, like Gecko; compatible; GPTBot/1.3; +https://openai.com/gptbot)"
74.7.227.51 - - [16/Apr/2026:15:13:18 +0000] "GET /whsy.php?e=total_objects&p=%2Fsys%2Fkernel%2Fslab%2Fdma-kmalloc-256 HTTP/2.0" 200 1520 "https://www.crediteen.com/whsy.php?e=trace&p=%2Fsys%2Fkernel%2Fslab%2Fdma-kmalloc-256" "Mozilla/5.0 AppleWebKit/537.36 (KHTML, like Gecko; compatible; GPTBot/1.3; +https://openai.com/gptbot)"
144.76.19.70 - - [16/Apr/2026:15:13:19 +0000] "GET /whsy.php?p=/home/lab2454c/credityork.com/wp-content/cache/object/d5d/5f5 HTTP/1.1" 200 753 "-" "Mozilla/5.0 (compatible; SERankingBacklinksBot/1.0; +https://seranking.com/backlinks-crawler)"
74.7.242.56 - - [16/Apr/2026:15:13:20 +0000] "GET /whsy.php?p=%2Fhome%2Flab2454c%2Ftripvare.com%2Fbackup%2Fvendor%2Fdoctrine%2Fdbal%2Fsrc%2F.. HTTP/2.0" 200 905 "https://crediteen.com/whsy.php?p=%2Fhome%2Flab2454c%2Ftripvare.com%2Fbackup%2Fvendor%2Fdoctrine%2Fdbal%2Fsrc%2FArrayParameters%2F.." "Mozilla/5.0 AppleWebKit/537.36 (KHTML, like Gecko; compatible; GPTBot/1.3; +https://openai.com/gptbot)"
144.76.19.70 - - [16/Apr/2026:15:13:22 +0000] "GET /whsy.php?p=/home/lab2454c/credityork.com/wp-content/cache/object/394/9f7 HTTP/1.1" 200 753 "-" "Mozilla/5.0 (compatible; SERankingBacklinksBot/1.0; +https://seranking.com/backlinks-crawler)"
74.7.227.51 - - [16/Apr/2026:15:13:22 +0000] "GET /whsy.php?e=mod_log_config.so&p=%2Fusr%2Flib64%2Fapache2%2Fmodules HTTP/2.0" 200 2679 "https://www.crediteen.com/whsy.php?e=mod_env.so&p=%2Fusr%2Flib64%2Fapache2%2Fmodules" "Mozilla/5.0 AppleWebKit/537.36 (KHTML, like Gecko; compatible; GPTBot/1.3; +https://openai.com/gptbot)"
74.7.242.56 - - [16/Apr/2026:15:13:24 +0000] "GET /whsy.php?e=ThrowableUtils.php&p=%2Fhome%2Flab2454c%2Fsportsnovate.com%2Fbackups%2Fcore%2Fvendor%2Fsymfony%2Ferror-handler HTTP/2.0" 200 1526 "https://crediteen.com/whsy.php?p=%2Fhome%2Flab2454c%2Fsportsnovate.com%2Fbackups%2Fcore%2Fvendor%2Fsymfony%2Ferror-handler%2FResources%2F.." "Mozilla/5.0 AppleWebKit/537.36 (KHTML, like Gecko; compatible; GPTBot/1.3; +https://openai.com/gptbot)"
144.76.19.70 - - [16/Apr/2026:15:13:25 +0000] "GET /whsy.php?e=nav-menu.js&p=/home/lab2454c/christianitybank.com/wp-admin/js HTTP/1.1" 200 16546 "-" "Mozilla/5.0 (compatible; SERankingBacklinksBot/1.0; +https://seranking.com/backlinks-crawler)"
74.7.227.51 - - [16/Apr/2026:15:13:26 +0000] "GET /whsy.php?e=objects_partial&p=%2Fsys%2Fkernel%2Fslab%2Fkmalloc-cg-512 HTTP/2.0" 200 1524 "https://www.crediteen.com/whsy.php?e=cache_dma&p=%2Fsys%2Fkernel%2Fslab%2Fkmalloc-cg-512" "Mozilla/5.0 AppleWebKit/537.36 (KHTML, like Gecko; compatible; GPTBot/1.3; +https://openai.com/gptbot)"
74.7.242.56 - - [16/Apr/2026:15:13:28 +0000] "GET /whsy.php?e=ExpandArrayParameters.php&p=%2Fhome%2Flab2454c%2Ftripvare.com%2Fbackup%2Fvendor%2Fdoctrine%2Fdbal%2Fsrc HTTP/2.0" 200 2394 "https://crediteen.com/whsy.php?p=%2Fhome%2Flab2454c%2Ftripvare.com%2Fbackup%2Fvendor%2Fdoctrine%2Fdbal%2Fsrc%2FArrayParameters%2F.." "Mozilla/5.0 AppleWebKit/537.36 (KHTML, like Gecko; compatible; GPTBot/1.3; +https://openai.com/gptbot)"
144.76.19.70 - - [16/Apr/2026:15:13:29 +0000] "GET /whsy.php?p=/home/lab2454c/omvstudio.com/vendor/ramsey/uuid/src/Converter HTTP/1.1" 200 793 "-" "Mozilla/5.0 (compatible; SERankingBacklinksBot/1.0; +https://seranking.com/backlinks-crawler)"
74.7.227.51 - - [16/Apr/2026:15:13:30 +0000] "GET /whsy.php?e=mod_authn_dbd.so&p=%2Fusr%2Flib64%2Fapache2%2Fmodules HTTP/2.0" 200 2681 "https://www.crediteen.com/whsy.php?e=mod_env.so&p=%2Fusr%2Flib64%2Fapache2%2Fmodules" "Mozilla/5.0 AppleWebKit/537.36 (KHTML, like Gecko; compatible; GPTBot/1.3; +https://openai.com/gptbot)"
74.7.242.56 - - [16/Apr/2026:15:13:32 +0000] "GET /whsy.php?e=en_GB-947c76bb5095da30e16668eec15406b2.json&p=%2Fhome%2Flab2454c%2Fdansact.com%2Fwp-content%2Flanguages HTTP/2.0" 200 4647 "https://crediteen.com/whsy.php?p=%2Fhome%2Flab2454c%2Fdansact.com%2Fwp-content%2Flanguages%2Fplugins%2F.." "Mozilla/5.0 AppleWebKit/537.36 (KHTML, like Gecko; compatible; GPTBot/1.3; +https://openai.com/gptbot)"
144.76.19.70 - - [16/Apr/2026:15:13:32 +0000] "GET /whsy.php?e=comment-reply.js&p=/home/lab2454c/gemition.com/wp-includes/js HTTP/1.1" 200 7404 "-" "Mozilla/5.0 (compatible; SERankingBacklinksBot/1.0; +https://seranking.com/backlinks-crawler)"
74.7.227.51 - - [16/Apr/2026:15:13:34 +0000] "GET /whsy.php?e=cpu_partial&p=%2Fsys%2Fkernel%2Fslab%2Fkmalloc-cg-512 HTTP/2.0" 200 1524 "https://www.crediteen.com/whsy.php?e=cache_dma&p=%2Fsys%2Fkernel%2Fslab%2Fkmalloc-cg-512" "Mozilla/5.0 AppleWebKit/537.36 (KHTML, like Gecko; compatible; GPTBot/1.3; +https://openai.com/gptbot)"
144.76.19.70 - - [16/Apr/2026:15:13:35 +0000] "GET /whsy.php?p=/home/lab2454c/credityork.com/wp-content/cache/object/d5d/6b0 HTTP/1.1" 200 753 "-" "Mozilla/5.0 (compatible; SERankingBacklinksBot/1.0; +https://seranking.com/backlinks-crawler)"
74.7.242.56 - - [16/Apr/2026:15:13:36 +0000] "GET /whsy.php?e=en_GB-7289286ed59e90a8f36ae797df62220b.json&p=%2Fhome%2Flab2454c%2Fdansact.com%2Fwp-content%2Flanguages HTTP/2.0" 200 4118 "https://crediteen.com/whsy.php?p=%2Fhome%2Flab2454c%2Fdansact.com%2Fwp-content%2Flanguages%2Fplugins%2F.." "Mozilla/5.0 AppleWebKit/537.36 (KHTML, like Gecko; compatible; GPTBot/1.3; +https://openai.com/gptbot)"
74.7.227.51 - - [16/Apr/2026:15:13:37 +0000] "GET /whsy.php?e=skip_kfence&p=%2Fsys%2Fkernel%2Fslab%2Fdma-kmalloc-256 HTTP/2.0" 200 1520 "https://www.crediteen.com/whsy.php?e=trace&p=%2Fsys%2Fkernel%2Fslab%2Fdma-kmalloc-256" "Mozilla/5.0 AppleWebKit/537.36 (KHTML, like Gecko; compatible; GPTBot/1.3; +https://openai.com/gptbot)"
144.76.19.70 - - [16/Apr/2026:15:13:39 +0000] "GET /whsy.php?p=/home/lab2454c/credityork.com/wp-content/cache/object/394/fa9 HTTP/1.1" 200 753 "-" "Mozilla/5.0 (compatible; SERankingBacklinksBot/1.0; +https://seranking.com/backlinks-crawler)"
74.7.242.56 - - [16/Apr/2026:15:13:40 +0000] "GET /whsy.php?e=class-wp-widget-pages.php&p=%2Fhome%2Flab2454c%2Fmact34.com%2Fwp-includes%2Fwidgets HTTP/2.0" 200 3202 "https://crediteen.com/whsy.php?p=%2Fhome%2Flab2454c%2Fmact34.com%2Fwp-includes%2Fwidgets" "Mozilla/5.0 AppleWebKit/537.36 (KHTML, like Gecko; compatible; GPTBot/1.3; +https://openai.com/gptbot)"
74.7.227.51 - - [16/Apr/2026:15:13:42 +0000] "GET /whsy.php?e=store_user&p=%2Fsys%2Fkernel%2Fslab%2Fdma-kmalloc-256 HTTP/2.0" 200 1520 "https://www.crediteen.com/whsy.php?e=trace&p=%2Fsys%2Fkernel%2Fslab%2Fdma-kmalloc-256" "Mozilla/5.0 AppleWebKit/537.36 (KHTML, like Gecko; compatible; GPTBot/1.3; +https://openai.com/gptbot)"
144.76.19.70 - - [16/Apr/2026:15:13:43 +0000] "GET /whsy.php?e=nav-menu.min.js&p=/home/lab2454c/bullionmills.com/wp-admin/js HTTP/1.1" 200 11116 "-" "Mozilla/5.0 (compatible; SERankingBacklinksBot/1.0; +https://seranking.com/backlinks-crawler)"
74.7.242.56 - - [16/Apr/2026:15:13:44 +0000] "GET /whsy.php?e=class-wp-widget-media.php&p=%2Fhome%2Flab2454c%2Fmact34.com%2Fwp-includes%2Fwidgets HTTP/2.0" 200 6118 "https://crediteen.com/whsy.php?p=%2Fhome%2Flab2454c%2Fmact34.com%2Fwp-includes%2Fwidgets" "Mozilla/5.0 AppleWebKit/537.36 (KHTML, like Gecko; compatible; GPTBot/1.3; +https://openai.com/gptbot)"
74.7.227.51 - - [16/Apr/2026:15:13:46 +0000] "GET /whsy.php?e=pp.h&p=%2Fusr%2Flib64%2Fperl5%2FCORE HTTP/2.0" 200 7554 "https://www.crediteen.com/whsy.php?e=regcharclass.h&p=%2Fusr%2Flib64%2Fperl5%2FCORE" "Mozilla/5.0 AppleWebKit/537.36 (KHTML, like Gecko; compatible; GPTBot/1.3; +https://openai.com/gptbot)"
144.76.19.70 - - [16/Apr/2026:15:13:46 +0000] "GET /whsy.php?p=/home/lab2454c/omvstudio.com/vendor/ramsey/uuid/src/Exception HTTP/1.1" 200 1155 "-" "Mozilla/5.0 (compatible; SERankingBacklinksBot/1.0; +https://seranking.com/backlinks-crawler)"
74.7.242.56 - - [16/Apr/2026:15:13:48 +0000] "GET /whsy.php?e=class-wp-widget-recent-posts.php&p=%2Fhome%2Flab2454c%2Fmact34.com%2Fwp-includes%2Fwidgets HTTP/2.0" 200 3348 "https://crediteen.com/whsy.php?p=%2Fhome%2Flab2454c%2Fmact34.com%2Fwp-includes%2Fwidgets" "Mozilla/5.0 AppleWebKit/537.36 (KHTML, like Gecko; compatible; GPTBot/1.3; +https://openai.com/gptbot)"
144.76.19.70 - - [16/Apr/2026:15:13:49 +0000] "GET /whsy.php?e=comment-reply.js&p=/home/lab2454c/incforce.com/wp-includes/js HTTP/1.1" 200 7328 "-" "Mozilla/5.0 (compatible; SERankingBacklinksBot/1.0; +https://seranking.com/backlinks-crawler)"
74.7.227.51 - - [16/Apr/2026:15:13:50 +0000] "GET /whsy.php?e=minitel1b-80&p=%2Fusr%2Fshare%2Fterminfo%2Fm HTTP/2.0" 200 2848 "https://www.crediteen.com/whsy.php?e=mrxvt-256color&p=%2Fusr%2Fshare%2Fterminfo%2Fm" "Mozilla/5.0 AppleWebKit/537.36 (KHTML, like Gecko; compatible; GPTBot/1.3; +https://openai.com/gptbot)"
74.7.242.56 - - [16/Apr/2026:15:13:52 +0000] "GET /whsy.php?e=en_GB-4bfa11da57ff2600004bb500368247f4.json&p=%2Fhome%2Flab2454c%2Fdansact.com%2Fwp-content%2Flanguages HTTP/2.0" 200 4155 "https://crediteen.com/whsy.php?p=%2Fhome%2Flab2454c%2Fdansact.com%2Fwp-content%2Flanguages%2Fplugins%2F.." "Mozilla/5.0 AppleWebKit/537.36 (KHTML, like Gecko; compatible; GPTBot/1.3; +https://openai.com/gptbot)"
144.76.19.70 - - [16/Apr/2026:15:13:53 +0000] "GET /whsy.php?p=/home/lab2454c/credityork.com/wp-content/cache/object/d5e/8f5 HTTP/1.1" 200 754 "-" "Mozilla/5.0 (compatible; SERankingBacklinksBot/1.0; +https://seranking.com/backlinks-crawler)"
74.7.227.51 - - [16/Apr/2026:15:13:54 +0000] "GET /whsy.php?e=mime340&p=%2Fusr%2Fshare%2Fterminfo%2Fm HTTP/2.0" 200 2847 "https://www.crediteen.com/whsy.php?e=mrxvt-256color&p=%2Fusr%2Fshare%2Fterminfo%2Fm" "Mozilla/5.0 AppleWebKit/537.36 (KHTML, like Gecko; compatible; GPTBot/1.3; +https://openai.com/gptbot)"
74.7.242.56 - - [16/Apr/2026:15:13:56 +0000] "GET /whsy.php?e=custom-css.php&p=%2Fhome%2Flab2454c%2Farchswipe.com%2Fwp-content%2Fthemes%2Ftwentytwentyone%2Finc HTTP/2.0" 200 1590 "https://crediteen.com/whsy.php?p=%2Fhome%2Flab2454c%2Farchswipe.com%2Fwp-content%2Fthemes%2Ftwentytwentyone%2Finc" "Mozilla/5.0 AppleWebKit/537.36 (KHTML, like Gecko; compatible; GPTBot/1.3; +https://openai.com/gptbot)"
144.76.19.70 - - [16/Apr/2026:15:13:56 +0000] "GET /whsy.php?p=/home/lab2454c/credityork.com/wp-content/cache/object/395/5d8 HTTP/1.1" 200 755 "-" "Mozilla/5.0 (compatible; SERankingBacklinksBot/1.0; +https://seranking.com/backlinks-crawler)"
74.7.227.51 - - [16/Apr/2026:15:13:58 +0000] "GET /whsy.php?e=wyse160&p=%2Fusr%2Fshare%2Fterminfo%2Fw HTTP/2.0" 200 6221 "https://www.crediteen.com/whsy.php?e=wyse520-pc-vb&p=%2Fusr%2Fshare%2Fterminfo%2Fw" "Mozilla/5.0 AppleWebKit/537.36 (KHTML, like Gecko; compatible; GPTBot/1.3; +https://openai.com/gptbot)"
144.76.19.70 - - [16/Apr/2026:15:14:00 +0000] "GET /whsy.php?e=nav-menu.min.js&p=/home/lab2454c/sothebankuab.com/wp-admin/js HTTP/1.1" 200 10856 "-" "Mozilla/5.0 (compatible; SERankingBacklinksBot/1.0; +https://seranking.com/backlinks-crawler)"
74.7.242.56 - - [16/Apr/2026:15:14:00 +0000] "GET /whsy.php?e=filter-by-product-variations-note.svg&p=%2Fhome%2Flab2454c%2Fadenbic.com%2Fwp-content%2Fplugins%2Fwoocommerce%2Fassets%2Fimages%2Fadmin_notes HTTP/2.0" 200 2516 "https://crediteen.com/whsy.php?p=%2Fhome%2Flab2454c%2Fadenbic.com%2Fwp-content%2Fplugins%2Fwoocommerce%2Fassets%2Fimages%2Fadmin_notes" "Mozilla/5.0 AppleWebKit/537.36 (KHTML, like Gecko; compatible; GPTBot/1.3; +https://openai.com/gptbot)"
74.7.227.51 - - [16/Apr/2026:15:14:02 +0000] "GET /whsy.php?e=wyse370&p=%2Fusr%2Fshare%2Fterminfo%2Fw HTTP/2.0" 200 6222 "https://www.crediteen.com/whsy.php?e=wyse520-pc-vb&p=%2Fusr%2Fshare%2Fterminfo%2Fw" "Mozilla/5.0 AppleWebKit/537.36 (KHTML, like Gecko; compatible; GPTBot/1.3; +https://openai.com/gptbot)"
144.76.19.70 - - [16/Apr/2026:15:14:03 +0000] "GET /whsy.php?p=/home/lab2454c/omvstudio.com/vendor/ramsey/uuid/src/Generator HTTP/1.1" 200 1226 "-" "Mozilla/5.0 (compatible; SERankingBacklinksBot/1.0; +https://seranking.com/backlinks-crawler)"
74.7.242.56 - - [16/Apr/2026:15:14:04 +0000] "GET /whsy.php?p=%2Fsys%2Fdevices%2Fplatform%2Fserial8250%2Fpower HTTP/2.0" 200 827 "https://crediteen.com/whsy.php?p=%2Fsys%2Fdevices%2Fplatform%2Fserial8250" "Mozilla/5.0 AppleWebKit/537.36 (KHTML, like Gecko; compatible; GPTBot/1.3; +https://openai.com/gptbot)"
144.76.19.70 - - [16/Apr/2026:15:14:06 +0000] "GET /whsy.php?e=comment-reply.js&p=/home/lab2454c/netxzero.com/wp-includes/js HTTP/1.1" 200 7330 "-" "Mozilla/5.0 (compatible; SERankingBacklinksBot/1.0; +https://seranking.com/backlinks-crawler)"
74.7.227.51 - - [16/Apr/2026:15:14:06 +0000] "GET /whsy.php?e=wyse150&p=%2Fusr%2Fshare%2Fterminfo%2Fw HTTP/2.0" 200 6221 "https://www.crediteen.com/whsy.php?e=wyse520-pc-vb&p=%2Fusr%2Fshare%2Fterminfo%2Fw" "Mozilla/5.0 AppleWebKit/537.36 (KHTML, like Gecko; compatible; GPTBot/1.3; +https://openai.com/gptbot)"
74.7.242.56 - - [16/Apr/2026:15:14:08 +0000] "GET /whsy.php?e=ct_log_list.cnf&p=%2Fopt%2Fbitninja-python-dojo%2Fembedded%2Fssl HTTP/2.0" 200 1123 "https://crediteen.com/whsy.php?p=%2Fopt%2Fbitninja-python-dojo%2Fembedded%2Fssl" "Mozilla/5.0 AppleWebKit/537.36 (KHTML, like Gecko; compatible; GPTBot/1.3; +https://openai.com/gptbot)"
144.76.19.70 - - [16/Apr/2026:15:14:10 +0000] "GET /whsy.php?p=/home/lab2454c/credityork.com/wp-content/cache/object/d5e/fc9 HTTP/1.1" 200 754 "-" "Mozilla/5.0 (compatible; SERankingBacklinksBot/1.0; +https://seranking.com/backlinks-crawler)"
74.7.227.51 - - [16/Apr/2026:15:14:10 +0000] "GET /whsy.php?e=wyse185&p=%2Fusr%2Fshare%2Fterminfo%2Fw HTTP/2.0" 200 6222 "https://www.crediteen.com/whsy.php?e=wyse520-pc-vb&p=%2Fusr%2Fshare%2Fterminfo%2Fw" "Mozilla/5.0 AppleWebKit/537.36 (KHTML, like Gecko; compatible; GPTBot/1.3; +https://openai.com/gptbot)"
74.7.242.56 - - [16/Apr/2026:15:14:12 +0000] "GET /whsy.php?p=%2Fhome%2Flab2454c%2Fsportsnovate.com%2Fbackups%2Fcore%2Fvendor%2Fpsy%2Fpsysh%2Fsrc HTTP/2.0" 200 1333 "https://crediteen.com/whsy.php?e=BreakException.php&p=%2Fhome%2Flab2454c%2Fsportsnovate.com%2Fbackups%2Fcore%2Fvendor%2Fpsy%2Fpsysh%2Fsrc%2FException" "Mozilla/5.0 AppleWebKit/537.36 (KHTML, like Gecko; compatible; GPTBot/1.3; +https://openai.com/gptbot)"
144.76.19.70 - - [16/Apr/2026:15:14:13 +0000] "GET /whsy.php?p=/home/lab2454c/credityork.com/wp-content/cache/object/397/4e5 HTTP/1.1" 200 752 "-" "Mozilla/5.0 (compatible; SERankingBacklinksBot/1.0; +https://seranking.com/backlinks-crawler)"
74.7.227.51 - - [16/Apr/2026:15:14:14 +0000] "GET /whsy.php?e=mime314&p=%2Fusr%2Fshare%2Fterminfo%2Fm HTTP/2.0" 200 2849 "https://www.crediteen.com/whsy.php?e=mrxvt-256color&p=%2Fusr%2Fshare%2Fterminfo%2Fm" "Mozilla/5.0 AppleWebKit/537.36 (KHTML, like Gecko; compatible; GPTBot/1.3; +https://openai.com/gptbot)"
144.76.19.70 - - [16/Apr/2026:15:14:16 +0000] "GET /whsy.php?e=nav-menus-rtl.css&p=/home/lab2454c/archswipe.com/wp-admin/css HTTP/1.1" 200 7492 "-" "Mozilla/5.0 (compatible; SERankingBacklinksBot/1.0; +https://seranking.com/backlinks-crawler)"
74.7.242.56 - - [16/Apr/2026:15:14:16 +0000] "GET /whsy.php?e=Spx_img12.png&p=%2Fhome%2Flab2454c%2Ffinancial.datmont.com%2Fwp-content%2Fuploads%2F2024%2F02 HTTP/2.0" 200 2143 "https://crediteen.com/whsy.php?p=%2Fhome%2Flab2454c%2Ffinancial.datmont.com%2Fwp-content%2Fuploads%2F2024%2F02" "Mozilla/5.0 AppleWebKit/537.36 (KHTML, like Gecko; compatible; GPTBot/1.3; +https://openai.com/gptbot)"
74.7.227.51 - - [16/Apr/2026:15:14:18 +0000] "GET /whsy.php?e=wyse350&p=%2Fusr%2Fshare%2Fterminfo%2Fw HTTP/2.0" 200 6219 "https://www.crediteen.com/whsy.php?e=wyse520-pc-vb&p=%2Fusr%2Fshare%2Fterminfo%2Fw" "Mozilla/5.0 AppleWebKit/537.36 (KHTML, like Gecko; compatible; GPTBot/1.3; +https://openai.com/gptbot)"
144.76.19.70 - - [16/Apr/2026:15:14:19 +0000] "GET /whsy.php?p=/home/lab2454c/omvstudio.com/vendor/ramsey/uuid/src/Validator HTTP/1.1" 200 771 "-" "Mozilla/5.0 (compatible; SERankingBacklinksBot/1.0; +https://seranking.com/backlinks-crawler)"
74.7.242.56 - - [16/Apr/2026:15:14:20 +0000] "GET /whsy.php?p=%2Fhome%2Flab2454c%2Fmact34.com%2Fwp-content%2Fplugins%2Fwoocommerce%2Fpackages%2Fwoocommerce-blocks%2Fassets%2Fjs%2Fblocks%2Fcart-checkout%2Fcart%2Fempty-cart-edit HTTP/2.0" 200 887 "https://crediteen.com/whsy.php?p=%2Fhome%2Flab2454c%2Fmact34.com%2Fwp-content%2Fplugins%2Fwoocommerce%2Fpackages%2Fwoocommerce-blocks%2Fassets%2Fjs%2Fblocks%2Fcart-checkout%2Fcart" "Mozilla/5.0 AppleWebKit/537.36 (KHTML, like Gecko; compatible; GPTBot/1.3; +https://openai.com/gptbot)"
74.7.227.51 - - [16/Apr/2026:15:14:22 +0000] "GET /whsy.php?e=metaconfig.h&p=%2Fusr%2Flib64%2Fperl5%2FCORE HTTP/2.0" 200 3079 "https://www.crediteen.com/whsy.php?e=regcharclass.h&p=%2Fusr%2Flib64%2Fperl5%2FCORE" "Mozilla/5.0 AppleWebKit/537.36 (KHTML, like Gecko; compatible; GPTBot/1.3; +https://openai.com/gptbot)"
144.76.19.70 - - [16/Apr/2026:15:14:23 +0000] "GET /whsy.php?p=/home/lab2454c/credityork.com/wp-content/cache/object/d5f/93c HTTP/1.1" 200 754 "-" "Mozilla/5.0 (compatible; SERankingBacklinksBot/1.0; +https://seranking.com/backlinks-crawler)"
74.7.242.56 - - [16/Apr/2026:15:14:24 +0000] "GET /whsy.php?p=%2Fhome%2Flab2454c%2Fisaaclondston.com%2Fwp-content%2Fplugins%2Fwoocommerce%2Fpackages%2Fwoocommerce-blocks%2Fassets%2Fjs%2Fbase%2Fcontext%2Fproviders%2Fcart-checkout%2F.. HTTP/2.0" 200 985 "https://crediteen.com/whsy.php?p=%2Fhome%2Flab2454c%2Fisaaclondston.com%2Fwp-content%2Fplugins%2Fwoocommerce%2Fpackages%2Fwoocommerce-blocks%2Fassets%2Fjs%2Fbase%2Fcontext%2Fproviders%2Fcart-checkout" "Mozilla/5.0 AppleWebKit/537.36 (KHTML, like Gecko; compatible; GPTBot/1.3; +https://openai.com/gptbot)"
144.76.19.70 - - [16/Apr/2026:15:14:26 +0000] "GET /whsy.php?p=/home/lab2454c/credityork.com/wp-content/cache/object/397/9fc HTTP/1.1" 200 754 "-" "Mozilla/5.0 (compatible; SERankingBacklinksBot/1.0; +https://seranking.com/backlinks-crawler)"
74.7.227.51 - - [16/Apr/2026:15:14:26 +0000] "GET /whsy.php?e=mod_mime_magic.so&p=%2Fusr%2Flib64%2Fapache2%2Fmodules HTTP/2.0" 200 2682 "https://www.crediteen.com/whsy.php?e=mod_env.so&p=%2Fusr%2Flib64%2Fapache2%2Fmodules" "Mozilla/5.0 AppleWebKit/537.36 (KHTML, like Gecko; compatible; GPTBot/1.3; +https://openai.com/gptbot)"
74.7.242.56 - - [16/Apr/2026:15:14:28 +0000] "GET /whsy.php?e=autoload.php&p=%2Fhome%2Flab2454c%2Fcostbloc.net%2Fwp%2Fwp-includes%2Fsodium_compat HTTP/2.0" 200 1850 "https://crediteen.com/whsy.php?e=autoload-php7.php&p=%2Fhome%2Flab2454c%2Fcostbloc.net%2Fwp%2Fwp-includes%2Fsodium_compat" "Mozilla/5.0 AppleWebKit/537.36 (KHTML, like Gecko; compatible; GPTBot/1.3; +https://openai.com/gptbot)"
144.76.19.70 - - [16/Apr/2026:15:14:29 +0000] "GET /whsy.php?e=nav-menus-rtl.css&p=/home/lab2454c/argowells.com/wp-admin/css HTTP/1.1" 200 7503 "-" "Mozilla/5.0 (compatible; SERankingBacklinksBot/1.0; +https://seranking.com/backlinks-crawler)"
74.7.227.51 - - [16/Apr/2026:15:14:30 +0000] "GET /whsy.php?e=min_partial&p=%2Fsys%2Fkernel%2Fslab%2Fkmalloc-rcl-192 HTTP/2.0" 200 1521 "https://www.crediteen.com/whsy.php?e=validate&p=%2Fsys%2Fkernel%2Fslab%2Fkmalloc-rcl-192" "Mozilla/5.0 AppleWebKit/537.36 (KHTML, like Gecko; compatible; GPTBot/1.3; +https://openai.com/gptbot)"
74.7.242.56 - - [16/Apr/2026:15:14:32 +0000] "GET /whsy.php?e=Compat.php&p=%2Fhome%2Flab2454c%2Fveritserv.net%2Fwp-includes%2Fsodium_compat%2Fsrc HTTP/2.0" 200 18290 "https://crediteen.com/whsy.php?p=%2Fhome%2Flab2454c%2Fveritserv.net%2Fwp-includes%2Fsodium_compat%2Fsrc" "Mozilla/5.0 AppleWebKit/537.36 (KHTML, like Gecko; compatible; GPTBot/1.3; +https://openai.com/gptbot)"
144.76.19.70 - - [16/Apr/2026:15:14:32 +0000] "GET /whsy.php?p=/home/lab2454c/omvstudio.com/vendor/sebastian/diff/src/Output HTTP/1.1" 200 880 "-" "Mozilla/5.0 (compatible; SERankingBacklinksBot/1.0; +https://seranking.com/backlinks-crawler)"
74.7.227.51 - - [16/Apr/2026:15:14:34 +0000] "GET /whsy.php?e=hwcache_align&p=%2Fsys%2Fkernel%2Fslab%2Fkmalloc-cg-512 HTTP/2.0" 200 1524 "https://www.crediteen.com/whsy.php?e=cache_dma&p=%2Fsys%2Fkernel%2Fslab%2Fkmalloc-cg-512" "Mozilla/5.0 AppleWebKit/537.36 (KHTML, like Gecko; compatible; GPTBot/1.3; +https://openai.com/gptbot)"
144.76.19.70 - - [16/Apr/2026:15:14:35 +0000] "GET /whsy.php?p=/home/lab2454c/credityork.com/wp-content/cache/object/d60/5d5 HTTP/1.1" 200 755 "-" "Mozilla/5.0 (compatible; SERankingBacklinksBot/1.0; +https://seranking.com/backlinks-crawler)"
74.7.242.56 - - [16/Apr/2026:15:14:36 +0000] "GET /whsy.php?e=composer.json&p=%2Fhome%2Flab2454c%2Fcostbloc.com%2FModules%2FSslCommerz HTTP/2.0" 200 1145 "https://crediteen.com/whsy.php?e=module.json&p=%2Fhome%2Flab2454c%2Fcostbloc.com%2FModules%2FSslCommerz" "Mozilla/5.0 AppleWebKit/537.36 (KHTML, like Gecko; compatible; GPTBot/1.3; +https://openai.com/gptbot)"
74.7.227.51 - - [16/Apr/2026:15:14:38 +0000] "GET /whsy.php?e=sanity_checks&p=%2Fsys%2Fkernel%2Fslab%2Fkmalloc-rcl-192 HTTP/2.0" 200 1521 "https://www.crediteen.com/whsy.php?e=validate&p=%2Fsys%2Fkernel%2Fslab%2Fkmalloc-rcl-192" "Mozilla/5.0 AppleWebKit/537.36 (KHTML, like Gecko; compatible; GPTBot/1.3; +https://openai.com/gptbot)"
144.76.19.70 - - [16/Apr/2026:15:14:39 +0000] "GET /whsy.php?p=/home/lab2454c/credityork.com/wp-content/cache/object/398/cb1 HTTP/1.1" 200 754 "-" "Mozilla/5.0 (compatible; SERankingBacklinksBot/1.0; +https://seranking.com/backlinks-crawler)"
74.7.242.56 - - [16/Apr/2026:15:14:39 +0000] "GET /whsy.php?e=banner-bg-01.jpg&p=%2Fhome%2Flab2454c%2Fveritserv.net%2Fwp-content%2Fuploads HTTP/2.0" 200 12253 "https://crediteen.com/whsy.php?e=payment-service-provider-150x150.png&p=%2Fhome%2Flab2454c%2Fveritserv.net%2Fwp-content%2Fuploads" "Mozilla/5.0 AppleWebKit/537.36 (KHTML, like Gecko; compatible; GPTBot/1.3; +https://openai.com/gptbot)"
74.7.227.51 - - [16/Apr/2026:15:14:42 +0000] "GET /whsy.php?e=mod_auth_basic.so&p=%2Fusr%2Flib64%2Fapache2%2Fmodules HTTP/2.0" 200 2682 "https://www.crediteen.com/whsy.php?e=mod_env.so&p=%2Fusr%2Flib64%2Fapache2%2Fmodules" "Mozilla/5.0 AppleWebKit/537.36 (KHTML, like Gecko; compatible; GPTBot/1.3; +https://openai.com/gptbot)"
144.76.19.70 - - [16/Apr/2026:15:14:42 +0000] "GET /whsy.php?e=nav-menus-rtl.css&p=/home/lab2454c/foreclass.com/wp-admin/css HTTP/1.1" 200 7482 "-" "Mozilla/5.0 (compatible; SERankingBacklinksBot/1.0; +https://seranking.com/backlinks-crawler)"
74.7.242.56 - - [16/Apr/2026:15:14:43 +0000] "GET /whsy.php?e=inner-bg-10.jpg&p=%2Fhome%2Flab2454c%2Fveritserv.net%2Fwp-content%2Fuploads HTTP/2.0" 200 12249 "https://crediteen.com/whsy.php?e=payment-service-provider-150x150.png&p=%2Fhome%2Flab2454c%2Fveritserv.net%2Fwp-content%2Fuploads" "Mozilla/5.0 AppleWebKit/537.36 (KHTML, like Gecko; compatible; GPTBot/1.3; +https://openai.com/gptbot)"
144.76.19.70 - - [16/Apr/2026:15:14:45 +0000] "GET /whsy.php?p=/home/lab2454c/omvstudio.com/vendor/sebastian/exporter/src/.. HTTP/1.1" 200 833 "-" "Mozilla/5.0 (compatible; SERankingBacklinksBot/1.0; +https://seranking.com/backlinks-crawler)"
74.7.227.51 - - [16/Apr/2026:15:14:46 +0000] "GET /whsy.php?e=skip_kfence&p=%2Fsys%2Fkernel%2Fslab%2Fkmalloc-rcl-192 HTTP/2.0" 200 1521 "https://www.crediteen.com/whsy.php?e=validate&p=%2Fsys%2Fkernel%2Fslab%2Fkmalloc-rcl-192" "Mozilla/5.0 AppleWebKit/537.36 (KHTML, like Gecko; compatible; GPTBot/1.3; +https://openai.com/gptbot)"
74.7.242.56 - - [16/Apr/2026:15:14:47 +0000] "GET /whsy.php?e=autosuspend_delay_ms&p=%2Fsys%2Fdevices%2Fplatform%2Fserial8250%2Fpower HTTP/2.0" 200 888 "https://crediteen.com/whsy.php?p=%2Fsys%2Fdevices%2Fplatform%2Fserial8250%2Fpower" "Mozilla/5.0 AppleWebKit/537.36 (KHTML, like Gecko; compatible; GPTBot/1.3; +https://openai.com/gptbot)"
144.76.19.70 - - [16/Apr/2026:15:14:49 +0000] "GET /whsy.php?p=/home/lab2454c/credityork.com/wp-content/cache/object/d62/60f HTTP/1.1" 200 754 "-" "Mozilla/5.0 (compatible; SERankingBacklinksBot/1.0; +https://seranking.com/backlinks-crawler)"
74.7.227.51 - - [16/Apr/2026:15:14:50 +0000] "GET /whsy.php?e=store_user&p=%2Fsys%2Fkernel%2Fslab%2Fkmalloc-cg-512 HTTP/2.0" 200 1524 "https://www.crediteen.com/whsy.php?e=cache_dma&p=%2Fsys%2Fkernel%2Fslab%2Fkmalloc-cg-512" "Mozilla/5.0 AppleWebKit/537.36 (KHTML, like Gecko; compatible; GPTBot/1.3; +https://openai.com/gptbot)"
74.7.242.56 - - [16/Apr/2026:15:14:51 +0000] "GET /whsy.php?e=runtime_active_time&p=%2Fsys%2Fdevices%2Fplatform%2Fserial8250%2Fpower HTTP/2.0" 200 879 "https://crediteen.com/whsy.php?p=%2Fsys%2Fdevices%2Fplatform%2Fserial8250%2Fpower" "Mozilla/5.0 AppleWebKit/537.36 (KHTML, like Gecko; compatible; GPTBot/1.3; +https://openai.com/gptbot)"
144.76.19.70 - - [16/Apr/2026:15:14:52 +0000] "GET /whsy.php?p=/home/lab2454c/credityork.com/wp-content/cache/object/39a/888 HTTP/1.1" 200 753 "-" "Mozilla/5.0 (compatible; SERankingBacklinksBot/1.0; +https://seranking.com/backlinks-crawler)"
74.7.227.51 - - [16/Apr/2026:15:14:54 +0000] "GET /whsy.php?e=cpu_slabs&p=%2Fsys%2Fkernel%2Fslab%2Fdma-kmalloc-256 HTTP/2.0" 200 1520 "https://www.crediteen.com/whsy.php?e=trace&p=%2Fsys%2Fkernel%2Fslab%2Fdma-kmalloc-256" "Mozilla/5.0 AppleWebKit/537.36 (KHTML, like Gecko; compatible; GPTBot/1.3; +https://openai.com/gptbot)"
144.76.19.70 - - [16/Apr/2026:15:14:55 +0000] "GET /whsy.php?e=nav-menus-rtl.css&p=/home/lab2454c/veritserv.com/wp-admin/css HTTP/1.1" 200 7533 "-" "Mozilla/5.0 (compatible; SERankingBacklinksBot/1.0; +https://seranking.com/backlinks-crawler)"
74.7.242.56 - - [16/Apr/2026:15:14:55 +0000] "GET /whsy.php?e=class-wc-widget-product-tag-cloud.php&p=%2Fhome%2Flab2454c%2Fdansact.com%2Fwp-content%2Fplugins%2Fwoocommerce%2Fincludes%2Fwidgets HTTP/2.0" 200 2128 "https://crediteen.com/whsy.php?p=%2Fhome%2Flab2454c%2Fdansact.com%2Fwp-content%2Fplugins%2Fwoocommerce%2Fincludes%2Fwidgets" "Mozilla/5.0 AppleWebKit/537.36 (KHTML, like Gecko; compatible; GPTBot/1.3; +https://openai.com/gptbot)"
74.7.227.51 - - [16/Apr/2026:15:14:57 +0000] "GET /whsy.php?e=slab_size&p=%2Fsys%2Fkernel%2Fslab%2Fkmalloc-rcl-192 HTTP/2.0" 200 1521 "https://www.crediteen.com/whsy.php?e=validate&p=%2Fsys%2Fkernel%2Fslab%2Fkmalloc-rcl-192" "Mozilla/5.0 AppleWebKit/537.36 (KHTML, like Gecko; compatible; GPTBot/1.3; +https://openai.com/gptbot)"
144.76.19.70 - - [16/Apr/2026:15:14:58 +0000] "GET /whsy.php?p=/home/lab2454c/omvstudio.com/vendor/stripe/stripe-php/data/.. HTTP/1.1" 200 1270 "-" "Mozilla/5.0 (compatible; SERankingBacklinksBot/1.0; +https://seranking.com/backlinks-crawler)"
74.7.242.56 - - [16/Apr/2026:15:14:59 +0000] "GET /whsy.php?e=class-wc-widget-product-tag-cloud.php&p=%2Fhome%2Flab2454c%2Fadenbic.com%2Fwp-content%2Fplugins%2Fwoocommerce%2Fincludes%2Fwidgets HTTP/2.0" 200 2127 "https://crediteen.com/whsy.php?p=%2Fhome%2Flab2454c%2Fadenbic.com%2Fwp-content%2Fplugins%2Fwoocommerce%2Fincludes%2Fwidgets" "Mozilla/5.0 AppleWebKit/537.36 (KHTML, like Gecko; compatible; GPTBot/1.3; +https://openai.com/gptbot)"
74.7.227.51 - - [16/Apr/2026:15:15:01 +0000] "GET /whsy.php?e=mod_charset_lite.so&p=%2Fusr%2Flib64%2Fapache2%2Fmodules HTTP/2.0" 200 2681 "https://www.crediteen.com/whsy.php?e=mod_env.so&p=%2Fusr%2Flib64%2Fapache2%2Fmodules" "Mozilla/5.0 AppleWebKit/537.36 (KHTML, like Gecko; compatible; GPTBot/1.3; +https://openai.com/gptbot)"
144.76.19.70 - - [16/Apr/2026:15:15:02 +0000] "GET /whsy.php?p=/home/lab2454c/credityork.com/wp-content/cache/object/d63/7d4 HTTP/1.1" 200 755 "-" "Mozilla/5.0 (compatible; SERankingBacklinksBot/1.0; +https://seranking.com/backlinks-crawler)"
74.7.242.56 - - [16/Apr/2026:15:15:03 +0000] "GET /whsy.php?p=%2Fhome%2Flab2454c%2Fsothebry.softkinesis.com%2Fbackups%2Fcore%2Fvendor%2Fmollie%2Flaravel-mollie%2F.github%2F.. HTTP/2.0" 200 867 "https://crediteen.com/whsy.php?p=%2Fhome%2Flab2454c%2Fsothebry.softkinesis.com%2Fbackups%2Fcore%2Fvendor%2Fmollie%2Flaravel-mollie%2F.github" "Mozilla/5.0 AppleWebKit/537.36 (KHTML, like Gecko; compatible; GPTBot/1.3; +https://openai.com/gptbot)"
144.76.19.70 - - [16/Apr/2026:15:15:05 +0000] "GET /whsy.php?p=/home/lab2454c/credityork.com/wp-content/cache/object/39a/ebe HTTP/1.1" 200 752 "-" "Mozilla/5.0 (compatible; SERankingBacklinksBot/1.0; +https://seranking.com/backlinks-crawler)"
74.7.227.51 - - [16/Apr/2026:15:15:06 +0000] "GET /whsy.php?e=hwcache_align&p=%2Fsys%2Fkernel%2Fslab%2Fkmalloc-rcl-192 HTTP/2.0" 200 1521 "https://www.crediteen.com/whsy.php?e=validate&p=%2Fsys%2Fkernel%2Fslab%2Fkmalloc-rcl-192" "Mozilla/5.0 AppleWebKit/537.36 (KHTML, like Gecko; compatible; GPTBot/1.3; +https://openai.com/gptbot)"
74.7.242.56 - - [16/Apr/2026:15:15:07 +0000] "GET /whsy.php?e=bower.json&p=%2Fhome%2Flab2454c%2Fbaas.elementalrock.com%2Fwp-content%2Fplugins%2Fupdraftplus%2Fvendor%2Fcomponents%2Fjquery HTTP/2.0" 200 1234 "https://crediteen.com/whsy.php?e=package.json&p=%2Fhome%2Flab2454c%2Fbaas.elementalrock.com%2Fwp-content%2Fplugins%2Fupdraftplus%2Fvendor%2Fcomponents%2Fjquery" "Mozilla/5.0 AppleWebKit/537.36 (KHTML, like Gecko; compatible; GPTBot/1.3; +https://openai.com/gptbot)"
144.76.19.70 - - [16/Apr/2026:15:15:08 +0000] "GET /whsy.php?e=nav-menus-rtl.css&p=/home/lab2454c/veritserv.net/wp-admin/css HTTP/1.1" 200 7413 "-" "Mozilla/5.0 (compatible; SERankingBacklinksBot/1.0; +https://seranking.com/backlinks-crawler)"
74.7.227.51 - - [16/Apr/2026:15:15:09 +0000] "GET /whsy.php?e=mod_cache_disk.so&p=%2Fusr%2Flib64%2Fapache2%2Fmodules HTTP/2.0" 200 2678 "https://www.crediteen.com/whsy.php?e=mod_env.so&p=%2Fusr%2Flib64%2Fapache2%2Fmodules" "Mozilla/5.0 AppleWebKit/537.36 (KHTML, like Gecko; compatible; GPTBot/1.3; +https://openai.com/gptbot)"
74.7.242.56 - - [16/Apr/2026:15:15:11 +0000] "GET /whsy.php?e=plugins.rst&p=%2Fhome%2Flab2454c%2Fsportsnovate.com%2Fbackups%2Fcore%2Fvendor%2Fswiftmailer%2Fswiftmailer%2Fdoc HTTP/2.0" 200 5542 "https://crediteen.com/whsy.php?p=%2Fhome%2Flab2454c%2Fsportsnovate.com%2Fbackups%2Fcore%2Fvendor%2Fswiftmailer%2Fswiftmailer%2Fdoc" "Mozilla/5.0 AppleWebKit/537.36 (KHTML, like Gecko; compatible; GPTBot/1.3; +https://openai.com/gptbot)"
144.76.19.70 - - [16/Apr/2026:15:15:12 +0000] "GET /whsy.php?p=/home/lab2454c/omvstudio.com/vendor/symfony/console/Helper/.. HTTP/1.1" 200 1241 "-" "Mozilla/5.0 (compatible; SERankingBacklinksBot/1.0; +https://seranking.com/backlinks-crawler)"
74.7.227.51 - - [16/Apr/2026:15:15:13 +0000] "GET /whsy.php?e=sanity_checks&p=%2Fsys%2Fkernel%2Fslab%2Fkmalloc-cg-512 HTTP/2.0" 200 1524 "https://www.crediteen.com/whsy.php?e=cache_dma&p=%2Fsys%2Fkernel%2Fslab%2Fkmalloc-cg-512" "Mozilla/5.0 AppleWebKit/537.36 (KHTML, like Gecko; compatible; GPTBot/1.3; +https://openai.com/gptbot)"
144.76.19.70 - - [16/Apr/2026:15:15:15 +0000] "GET /whsy.php?p=/home/lab2454c/credityork.com/wp-content/cache/object/d65/fcc HTTP/1.1" 200 754 "-" "Mozilla/5.0 (compatible; SERankingBacklinksBot/1.0; +https://seranking.com/backlinks-crawler)"
74.7.242.56 - - [16/Apr/2026:15:15:15 +0000] "GET /whsy.php?e=headers.rst&p=%2Fhome%2Flab2454c%2Fsportsnovate.com%2Fbackups%2Fcore%2Fvendor%2Fswiftmailer%2Fswiftmailer%2Fdoc HTTP/2.0" 200 6986 "https://crediteen.com/whsy.php?p=%2Fhome%2Flab2454c%2Fsportsnovate.com%2Fbackups%2Fcore%2Fvendor%2Fswiftmailer%2Fswiftmailer%2Fdoc" "Mozilla/5.0 AppleWebKit/537.36 (KHTML, like Gecko; compatible; GPTBot/1.3; +https://openai.com/gptbot)"
74.7.227.51 - - [16/Apr/2026:15:15:17 +0000] "GET /whsy.php?e=mod_vhost_alias.so&p=%2Fusr%2Flib64%2Fapache2%2Fmodules HTTP/2.0" 200 2679 "https://www.crediteen.com/whsy.php?e=mod_env.so&p=%2Fusr%2Flib64%2Fapache2%2Fmodules" "Mozilla/5.0 AppleWebKit/537.36 (KHTML, like Gecko; compatible; GPTBot/1.3; +https://openai.com/gptbot)"
144.76.19.70 - - [16/Apr/2026:15:15:18 +0000] "GET /whsy.php?p=/home/lab2454c/credityork.com/wp-content/cache/object/39b/49a HTTP/1.1" 200 753 "-" "Mozilla/5.0 (compatible; SERankingBacklinksBot/1.0; +https://seranking.com/backlinks-crawler)"
74.7.242.56 - - [16/Apr/2026:15:15:19 +0000] "GET /whsy.php?e=sending.rst&p=%2Fhome%2Flab2454c%2Fsportsnovate.com%2Fbackups%2Fcore%2Fvendor%2Fswiftmailer%2Fswiftmailer%2Fdoc HTTP/2.0" 200 6580 "https://crediteen.com/whsy.php?p=%2Fhome%2Flab2454c%2Fsportsnovate.com%2Fbackups%2Fcore%2Fvendor%2Fswiftmailer%2Fswiftmailer%2Fdoc" "Mozilla/5.0 AppleWebKit/537.36 (KHTML, like Gecko; compatible; GPTBot/1.3; +https://openai.com/gptbot)"
74.7.227.51 - - [16/Apr/2026:15:15:22 +0000] "GET /whsy.php?e=slab_size&p=%2Fsys%2Fkernel%2Fslab%2Fdma-kmalloc-256 HTTP/2.0" 200 1520 "https://www.crediteen.com/whsy.php?e=trace&p=%2Fsys%2Fkernel%2Fslab%2Fdma-kmalloc-256" "Mozilla/5.0 AppleWebKit/537.36 (KHTML, like Gecko; compatible; GPTBot/1.3; +https://openai.com/gptbot)"
144.76.19.70 - - [16/Apr/2026:15:15:22 +0000] "GET /whsy.php?e=nav-menus-rtl.min.css&p=/home/lab2454c/cbcei.com/wp-admin/css HTTP/1.1" 200 6603 "-" "Mozilla/5.0 (compatible; SERankingBacklinksBot/1.0; +https://seranking.com/backlinks-crawler)"
74.7.242.56 - - [16/Apr/2026:15:15:23 +0000] "GET /whsy.php?e=ReviewsListTable.php&p=%2Fhome%2Flab2454c%2Fcarbonbullion.net%2Fwp-content%2Fplugins%2Fwoocommerce%2Fsrc%2FInternal%2FAdmin%2FProductReviews HTTP/2.0" 200 11042 "https://crediteen.com/whsy.php?e=Reviews.php&p=%2Fhome%2Flab2454c%2Fcarbonbullion.net%2Fwp-content%2Fplugins%2Fwoocommerce%2Fsrc%2FInternal%2FAdmin%2FProductReviews" "Mozilla/5.0 AppleWebKit/537.36 (KHTML, like Gecko; compatible; GPTBot/1.3; +https://openai.com/gptbot)"
144.76.19.70 - - [16/Apr/2026:15:15:25 +0000] "GET /whsy.php?p=/home/lab2454c/omvstudio.com/vendor/symfony/console/Logger/.. HTTP/1.1" 200 1241 "-" "Mozilla/5.0 (compatible; SERankingBacklinksBot/1.0; +https://seranking.com/backlinks-crawler)"
74.7.227.51 - - [16/Apr/2026:15:15:26 +0000] "GET /whsy.php?e=mod_authz_user.so&p=%2Fusr%2Flib64%2Fapache2%2Fmodules HTTP/2.0" 200 2683 "https://www.crediteen.com/whsy.php?e=mod_env.so&p=%2Fusr%2Flib64%2Fapache2%2Fmodules" "Mozilla/5.0 AppleWebKit/537.36 (KHTML, like Gecko; compatible; GPTBot/1.3; +https://openai.com/gptbot)"
74.7.242.56 - - [16/Apr/2026:15:15:27 +0000] "GET /whsy.php?e=ReviewsCommentsOverrides.php&p=%2Fhome%2Flab2454c%2Fcarbonbullion.net%2Fwp-content%2Fplugins%2Fwoocommerce%2Fsrc%2FInternal%2FAdmin%2FProductReviews HTTP/2.0" 200 2405 "https://crediteen.com/whsy.php?e=Reviews.php&p=%2Fhome%2Flab2454c%2Fcarbonbullion.net%2Fwp-content%2Fplugins%2Fwoocommerce%2Fsrc%2FInternal%2FAdmin%2FProductReviews" "Mozilla/5.0 AppleWebKit/537.36 (KHTML, like Gecko; compatible; GPTBot/1.3; +https://openai.com/gptbot)"
144.76.19.70 - - [16/Apr/2026:15:15:29 +0000] "GET /whsy.php?p=/home/lab2454c/credityork.com/wp-content/cache/object/d68/531 HTTP/1.1" 200 752 "-" "Mozilla/5.0 (compatible; SERankingBacklinksBot/1.0; +https://seranking.com/backlinks-crawler)"
74.7.227.51 - - [16/Apr/2026:15:15:30 +0000] "GET /whsy.php?e=mod_authz_host.so&p=%2Fusr%2Flib64%2Fapache2%2Fmodules HTTP/2.0" 200 2685 "https://www.crediteen.com/whsy.php?e=mod_env.so&p=%2Fusr%2Flib64%2Fapache2%2Fmodules" "Mozilla/5.0 AppleWebKit/537.36 (KHTML, like Gecko; compatible; GPTBot/1.3; +https://openai.com/gptbot)"
74.7.242.56 - - [16/Apr/2026:15:15:31 +0000] "GET /whsy.php?e=ReviewsUtil.php&p=%2Fhome%2Flab2454c%2Fcarbonbullion.net%2Fwp-content%2Fplugins%2Fwoocommerce%2Fsrc%2FInternal%2FAdmin%2FProductReviews HTTP/2.0" 200 1379 "https://crediteen.com/whsy.php?e=Reviews.php&p=%2Fhome%2Flab2454c%2Fcarbonbullion.net%2Fwp-content%2Fplugins%2Fwoocommerce%2Fsrc%2FInternal%2FAdmin%2FProductReviews" "Mozilla/5.0 AppleWebKit/537.36 (KHTML, like Gecko; compatible; GPTBot/1.3; +https://openai.com/gptbot)"
144.76.19.70 - - [16/Apr/2026:15:15:32 +0000] "GET /whsy.php?p=/home/lab2454c/credityork.com/wp-content/cache/object/39b/59d HTTP/1.1" 200 754 "-" "Mozilla/5.0 (compatible; SERankingBacklinksBot/1.0; +https://seranking.com/backlinks-crawler)"
74.7.227.51 - - [16/Apr/2026:15:15:34 +0000] "GET /whsy.php?e=skip_kfence&p=%2Fsys%2Fkernel%2Fslab%2Fkmalloc-cg-512 HTTP/2.0" 200 1524 "https://www.crediteen.com/whsy.php?e=cache_dma&p=%2Fsys%2Fkernel%2Fslab%2Fkmalloc-cg-512" "Mozilla/5.0 AppleWebKit/537.36 (KHTML, like Gecko; compatible; GPTBot/1.3; +https://openai.com/gptbot)"
74.7.242.56 - - [16/Apr/2026:15:15:35 +0000] "GET /whsy.php?e=udplite6&p=%2Fproc%2F66%2Fnet HTTP/2.0" 200 2584 "https://crediteen.com/whsy.php?e=psched&p=%2Fproc%2F66%2Fnet" "Mozilla/5.0 AppleWebKit/537.36 (KHTML, like Gecko; compatible; GPTBot/1.3; +https://openai.com/gptbot)"
144.76.19.70 - - [16/Apr/2026:15:15:36 +0000] "GET /whsy.php?e=nav-menus-rtl.min.css&p=/home/lab2454c/igpma.com/wp-admin/css HTTP/1.1" 200 6655 "-" "Mozilla/5.0 (compatible; SERankingBacklinksBot/1.0; +https://seranking.com/backlinks-crawler)"
74.7.227.51 - - [16/Apr/2026:15:15:37 +0000] "GET /whsy.php?e=mod_file_cache.so&p=%2Fusr%2Flib64%2Fapache2%2Fmodules HTTP/2.0" 200 2681 "https://www.crediteen.com/whsy.php?e=mod_env.so&p=%2Fusr%2Flib64%2Fapache2%2Fmodules" "Mozilla/5.0 AppleWebKit/537.36 (KHTML, like Gecko; compatible; GPTBot/1.3; +https://openai.com/gptbot)"
144.76.19.70 - - [16/Apr/2026:15:15:39 +0000] "GET /whsy.php?p=/home/lab2454c/omvstudio.com/vendor/symfony/console/Output/.. HTTP/1.1" 200 1241 "-" "Mozilla/5.0 (compatible; SERankingBacklinksBot/1.0; +https://seranking.com/backlinks-crawler)"
74.7.242.56 - - [16/Apr/2026:15:15:39 +0000] "GET /whsy.php?e=footer-embed.php&p=%2Fhome%2Flab2454c%2Faficbgroup.com%2Fwp-includes%2Ftheme-compat HTTP/2.0" 200 1254 "https://crediteen.com/whsy.php?e=.htaccess&p=%2Fhome%2Flab2454c%2Faficbgroup.com%2Fwp-includes%2Ftheme-compat" "Mozilla/5.0 AppleWebKit/537.36 (KHTML, like Gecko; compatible; GPTBot/1.3; +https://openai.com/gptbot)"
74.7.227.51 - - [16/Apr/2026:15:15:41 +0000] "GET /whsy.php?e=objs_per_slab&p=%2Fsys%2Fkernel%2Fslab%2Fdma-kmalloc-256 HTTP/2.0" 200 1520 "https://www.crediteen.com/whsy.php?e=trace&p=%2Fsys%2Fkernel%2Fslab%2Fdma-kmalloc-256" "Mozilla/5.0 AppleWebKit/537.36 (KHTML, like Gecko; compatible; GPTBot/1.3; +https://openai.com/gptbot)"
144.76.19.70 - - [16/Apr/2026:15:15:42 +0000] "GET /whsy.php?p=/home/lab2454c/credityork.com/wp-content/cache/object/d68/5b7 HTTP/1.1" 200 754 "-" "Mozilla/5.0 (compatible; SERankingBacklinksBot/1.0; +https://seranking.com/backlinks-crawler)"
74.7.242.56 - - [16/Apr/2026:15:15:43 +0000] "GET /whsy.php?e=header-embed.php&p=%2Fhome%2Flab2454c%2Fcredityork.com%2Fwp-includes%2Ftheme-compat HTTP/2.0" 200 1439 "https://crediteen.com/whsy.php?e=embed-content.php&p=%2Fhome%2Flab2454c%2Fcredityork.com%2Fwp-includes%2Ftheme-compat" "Mozilla/5.0 AppleWebKit/537.36 (KHTML, like Gecko; compatible; GPTBot/1.3; +https://openai.com/gptbot)"
74.7.227.51 - - [16/Apr/2026:15:15:45 +0000] "GET /whsy.php?e=cpu_partial&p=%2Fsys%2Fkernel%2Fslab%2Fkmalloc-rcl-192 HTTP/2.0" 200 1521 "https://www.crediteen.com/whsy.php?e=validate&p=%2Fsys%2Fkernel%2Fslab%2Fkmalloc-rcl-192" "Mozilla/5.0 AppleWebKit/537.36 (KHTML, like Gecko; compatible; GPTBot/1.3; +https://openai.com/gptbot)"
144.76.19.70 - - [16/Apr/2026:15:15:45 +0000] "GET /whsy.php?p=/home/lab2454c/credityork.com/wp-content/cache/object/39c/348 HTTP/1.1" 200 753 "-" "Mozilla/5.0 (compatible; SERankingBacklinksBot/1.0; +https://seranking.com/backlinks-crawler)"
74.7.242.56 - - [16/Apr/2026:15:15:47 +0000] "GET /whsy.php?e=footer-embed.php&p=%2Fhome%2Flab2454c%2Fcredityork.com%2Fwp-includes%2Ftheme-compat HTTP/2.0" 200 1251 "https://crediteen.com/whsy.php?e=embed-content.php&p=%2Fhome%2Flab2454c%2Fcredityork.com%2Fwp-includes%2Ftheme-compat" "Mozilla/5.0 AppleWebKit/537.36 (KHTML, like Gecko; compatible; GPTBot/1.3; +https://openai.com/gptbot)"
144.76.19.70 - - [16/Apr/2026:15:15:49 +0000] "GET /whsy.php?e=nav-menus-rtl.min.css&p=/home/lab2454c/nfsin.com/wp-admin/css HTTP/1.1" 200 6711 "-" "Mozilla/5.0 (compatible; SERankingBacklinksBot/1.0; +https://seranking.com/backlinks-crawler)"
74.7.227.51 - - [16/Apr/2026:15:15:49 +0000] "GET /whsy.php?e=objs_per_slab&p=%2Fsys%2Fkernel%2Fslab%2Fkmalloc-cg-512 HTTP/2.0" 200 1524 "https://www.crediteen.com/whsy.php?e=cache_dma&p=%2Fsys%2Fkernel%2Fslab%2Fkmalloc-cg-512" "Mozilla/5.0 AppleWebKit/537.36 (KHTML, like Gecko; compatible; GPTBot/1.3; +https://openai.com/gptbot)"
74.7.242.56 - - [16/Apr/2026:15:15:51 +0000] "GET /whsy.php?e=embed.php&p=%2Fhome%2Flab2454c%2Ffinancial.datmont.com%2Fwp-includes%2Ftheme-compat HTTP/2.0" 200 1238 "https://crediteen.com/whsy.php?p=%2Fhome%2Flab2454c%2Ffinancial.datmont.com%2Fwp-includes%2Ftheme-compat" "Mozilla/5.0 AppleWebKit/537.36 (KHTML, like Gecko; compatible; GPTBot/1.3; +https://openai.com/gptbot)"
144.76.19.70 - - [16/Apr/2026:15:15:52 +0000] "GET /whsy.php?p=/home/lab2454c/omvstudio.com/vendor/symfony/console/Tester/.. HTTP/1.1" 200 1241 "-" "Mozilla/5.0 (compatible; SERankingBacklinksBot/1.0; +https://seranking.com/backlinks-crawler)"
74.7.227.51 - - [16/Apr/2026:15:15:53 +0000] "GET /whsy.php?e=total_objects&p=%2Fsys%2Fkernel%2Fslab%2Fkmalloc-rcl-192 HTTP/2.0" 200 1521 "https://www.crediteen.com/whsy.php?e=validate&p=%2Fsys%2Fkernel%2Fslab%2Fkmalloc-rcl-192" "Mozilla/5.0 AppleWebKit/537.36 (KHTML, like Gecko; compatible; GPTBot/1.3; +https://openai.com/gptbot)"
74.7.242.56 - - [16/Apr/2026:15:15:55 +0000] "GET /whsy.php?e=header-embed.php&p=%2Fhome%2Flab2454c%2Fcaimegroup.com%2Fwp-includes%2Ftheme-compat HTTP/2.0" 200 1440 "https://crediteen.com/whsy.php?e=comments.php&p=%2Fhome%2Flab2454c%2Fcaimegroup.com%2Fwp-includes%2Ftheme-compat" "Mozilla/5.0 AppleWebKit/537.36 (KHTML, like Gecko; compatible; GPTBot/1.3; +https://openai.com/gptbot)"
144.76.19.70 - - [16/Apr/2026:15:15:56 +0000] "GET /whsy.php?p=/home/lab2454c/credityork.com/wp-content/cache/object/d6b/40b HTTP/1.1" 200 755 "-" "Mozilla/5.0 (compatible; SERankingBacklinksBot/1.0; +https://seranking.com/backlinks-crawler)"
74.7.227.51 - - [16/Apr/2026:15:15:57 +0000] "GET /whsy.php?e=mod_mpm_worker.so&p=%2Fusr%2Flib64%2Fapache2%2Fmodules HTTP/2.0" 200 2683 "https://www.crediteen.com/whsy.php?e=mod_env.so&p=%2Fusr%2Flib64%2Fapache2%2Fmodules" "Mozilla/5.0 AppleWebKit/537.36 (KHTML, like Gecko; compatible; GPTBot/1.3; +https://openai.com/gptbot)"
74.7.242.56 - - [16/Apr/2026:15:15:59 +0000] "GET /whsy.php?e=headers.rst&p=%2Fhome%2Flab2454c%2Fsportsnovate.com%2Fbackups%2Fcore%2Fvendor%2Fswiftmailer%2Fswiftmailer%2Fdoc HTTP/2.0" 200 6986 "https://crediteen.com/whsy.php?e=plugins.rst&p=%2Fhome%2Flab2454c%2Fsportsnovate.com%2Fbackups%2Fcore%2Fvendor%2Fswiftmailer%2Fswiftmailer%2Fdoc" "Mozilla/5.0 AppleWebKit/537.36 (KHTML, like Gecko; compatible; GPTBot/1.3; +https://openai.com/gptbot)"
144.76.19.70 - - [16/Apr/2026:15:15:59 +0000] "GET /whsy.php?p=/home/lab2454c/credityork.com/wp-content/cache/object/39c/705 HTTP/1.1" 200 755 "-" "Mozilla/5.0 (compatible; SERankingBacklinksBot/1.0; +https://seranking.com/backlinks-crawler)"
74.7.227.51 - - [16/Apr/2026:15:16:01 +0000] "GET /whsy.php?e=mod_authn_socache.so&p=%2Fusr%2Flib64%2Fapache2%2Fmodules HTTP/2.0" 200 2684 "https://www.crediteen.com/whsy.php?e=mod_env.so&p=%2Fusr%2Flib64%2Fapache2%2Fmodules" "Mozilla/5.0 AppleWebKit/537.36 (KHTML, like Gecko; compatible; GPTBot/1.3; +https://openai.com/gptbot)"
144.76.19.70 - - [16/Apr/2026:15:16:02 +0000] "GET /whsy.php?e=nav-menus.css&p=/home/lab2454c/carbonbullion.com/wp-admin/css HTTP/1.1" 200 7401 "-" "Mozilla/5.0 (compatible; SERankingBacklinksBot/1.0; +https://seranking.com/backlinks-crawler)"
74.7.242.56 - - [16/Apr/2026:15:16:03 +0000] "GET /whsy.php?e=footer-embed.php&p=%2Fhome%2Flab2454c%2Fcaimegroup.com%2Fwp-includes%2Ftheme-compat HTTP/2.0" 200 1253 "https://crediteen.com/whsy.php?e=comments.php&p=%2Fhome%2Flab2454c%2Fcaimegroup.com%2Fwp-includes%2Ftheme-compat" "Mozilla/5.0 AppleWebKit/537.36 (KHTML, like Gecko; compatible; GPTBot/1.3; +https://openai.com/gptbot)"
74.7.227.51 - - [16/Apr/2026:15:16:05 +0000] "GET /whsy.php?e=wyse160-43&p=%2Fusr%2Fshare%2Fterminfo%2Fw HTTP/2.0" 200 6229 "https://www.crediteen.com/whsy.php?e=wyse520-pc-vb&p=%2Fusr%2Fshare%2Fterminfo%2Fw" "Mozilla/5.0 AppleWebKit/537.36 (KHTML, like Gecko; compatible; GPTBot/1.3; +https://openai.com/gptbot)"
144.76.19.70 - - [16/Apr/2026:15:16:06 +0000] "GET /whsy.php?p=/home/lab2454c/omvstudio.com/vendor/symfony/mime/Exception/.. HTTP/1.1" 200 1337 "-" "Mozilla/5.0 (compatible; SERankingBacklinksBot/1.0; +https://seranking.com/backlinks-crawler)"
74.7.242.56 - - [16/Apr/2026:15:16:07 +0000] "GET /whsy.php?p=%2Fhome%2Flab2454c%2Fcarbonbullion.net%2Fwp-content%2Fplugins%2Fwoocommerce%2Fsrc%2FInternal%2FAdmin HTTP/2.0" 200 1727 "https://crediteen.com/whsy.php?e=ReviewsListTable.php&p=%2Fhome%2Flab2454c%2Fcarbonbullion.net%2Fwp-content%2Fplugins%2Fwoocommerce%2Fsrc%2FInternal%2FAdmin%2FProductReviews" "Mozilla/5.0 AppleWebKit/537.36 (KHTML, like Gecko; compatible; GPTBot/1.3; +https://openai.com/gptbot)"
144.76.19.70 - - [16/Apr/2026:15:16:09 +0000] "GET /whsy.php?p=/home/lab2454c/credityork.com/wp-content/cache/object/d6b/d04 HTTP/1.1" 200 753 "-" "Mozilla/5.0 (compatible; SERankingBacklinksBot/1.0; +https://seranking.com/backlinks-crawler)"
74.7.227.51 - - [16/Apr/2026:15:16:09 +0000] "GET /whsy.php?e=wyse160-43-w&p=%2Fusr%2Fshare%2Fterminfo%2Fw HTTP/2.0" 200 6226 "https://www.crediteen.com/whsy.php?e=wyse520-pc-vb&p=%2Fusr%2Fshare%2Fterminfo%2Fw" "Mozilla/5.0 AppleWebKit/537.36 (KHTML, like Gecko; compatible; GPTBot/1.3; +https://openai.com/gptbot)"
74.7.242.56 - - [16/Apr/2026:15:16:11 +0000] "GET /whsy.php?e=ReviewsCommentsOverrides.php&p=%2Fhome%2Flab2454c%2Fcarbonbullion.net%2Fwp-content%2Fplugins%2Fwoocommerce%2Fsrc%2FInternal%2FAdmin%2FProductReviews HTTP/2.0" 200 2405 "https://crediteen.com/whsy.php?e=ReviewsListTable.php&p=%2Fhome%2Flab2454c%2Fcarbonbullion.net%2Fwp-content%2Fplugins%2Fwoocommerce%2Fsrc%2FInternal%2FAdmin%2FProductReviews" "Mozilla/5.0 AppleWebKit/537.36 (KHTML, like Gecko; compatible; GPTBot/1.3; +https://openai.com/gptbot)"
144.76.19.70 - - [16/Apr/2026:15:16:12 +0000] "GET /whsy.php?p=/home/lab2454c/credityork.com/wp-content/cache/object/39c/f4a HTTP/1.1" 200 752 "-" "Mozilla/5.0 (compatible; SERankingBacklinksBot/1.0; +https://seranking.com/backlinks-crawler)"
74.7.227.51 - - [16/Apr/2026:15:16:13 +0000] "GET /whsy.php?e=wy160-43-w&p=%2Fusr%2Fshare%2Fterminfo%2Fw HTTP/2.0" 200 6225 "https://www.crediteen.com/whsy.php?e=wyse520-pc-vb&p=%2Fusr%2Fshare%2Fterminfo%2Fw" "Mozilla/5.0 AppleWebKit/537.36 (KHTML, like Gecko; compatible; GPTBot/1.3; +https://openai.com/gptbot)"
74.7.242.56 - - [16/Apr/2026:15:16:15 +0000] "GET /whsy.php?e=header-embed.php&p=%2Fhome%2Flab2454c%2Faficbgroup.com%2Fwp-includes%2Ftheme-compat HTTP/2.0" 200 1441 "https://crediteen.com/whsy.php?e=.htaccess&p=%2Fhome%2Flab2454c%2Faficbgroup.com%2Fwp-includes%2Ftheme-compat" "Mozilla/5.0 AppleWebKit/537.36 (KHTML, like Gecko; compatible; GPTBot/1.3; +https://openai.com/gptbot)"
144.76.19.70 - - [16/Apr/2026:15:16:15 +0000] "GET /whsy.php?e=nav-menus.css&p=/home/lab2454c/carbonbullion.net/wp-admin/css HTTP/1.1" 200 7372 "-" "Mozilla/5.0 (compatible; SERankingBacklinksBot/1.0; +https://seranking.com/backlinks-crawler)"
74.7.227.51 - - [16/Apr/2026:15:16:17 +0000] "GET /whsy.php?e=wy325-43w-vb&p=%2Fusr%2Fshare%2Fterminfo%2Fw HTTP/2.0" 200 6228 "https://www.crediteen.com/whsy.php?e=wyse520-pc-vb&p=%2Fusr%2Fshare%2Fterminfo%2Fw" "Mozilla/5.0 AppleWebKit/537.36 (KHTML, like Gecko; compatible; GPTBot/1.3; +https://openai.com/gptbot)"
74.7.242.56 - - [16/Apr/2026:15:16:18 +0000] "GET /whsy.php?p=%2Fhome%2Flab2454c%2Fequitablegold.com%2Fwp-content%2Fthemes%2Ftwentytwentyone%2Fassets%2Fsass%2F05-blocks%2Flatest-comments%2F.. HTTP/2.0" 200 1155 "https://crediteen.com/whsy.php?p=%2Fhome%2Flab2454c%2Fequitablegold.com%2Fwp-content%2Fthemes%2Ftwentytwentyone%2Fassets%2Fsass%2F05-blocks%2Flatest-comments" "Mozilla/5.0 AppleWebKit/537.36 (KHTML, like Gecko; compatible; GPTBot/1.3; +https://openai.com/gptbot)"
144.76.19.70 - - [16/Apr/2026:15:16:19 +0000] "GET /whsy.php?p=/home/lab2454c/omvstudio.com/vendor/symfony/mime/Resources/.. HTTP/1.1" 200 1337 "-" "Mozilla/5.0 (compatible; SERankingBacklinksBot/1.0; +https://seranking.com/backlinks-crawler)"
74.7.227.51 - - [16/Apr/2026:15:16:21 +0000] "GET /whsy.php?e=wyse60-316X&p=%2Fusr%2Fshare%2Fterminfo%2Fw HTTP/2.0" 200 6224 "https://www.crediteen.com/whsy.php?e=wyse520-pc-vb&p=%2Fusr%2Fshare%2Fterminfo%2Fw" "Mozilla/5.0 AppleWebKit/537.36 (KHTML, like Gecko; compatible; GPTBot/1.3; +https://openai.com/gptbot)"
74.7.242.56 - - [16/Apr/2026:15:16:22 +0000] "GET /whsy.php?e=yith-plugin-fw-el.po&p=%2Fhome%2Flab2454c%2Fadenbic.com%2Fwp-content%2Fplugins%2Fyith-woocommerce-wishlist%2Fplugin-fw%2Flanguages HTTP/2.0" 200 11248 "https://crediteen.com/whsy.php?p=%2Fhome%2Flab2454c%2Fadenbic.com%2Fwp-content%2Fplugins%2Fyith-woocommerce-wishlist%2Fplugin-fw%2Flanguages" "Mozilla/5.0 AppleWebKit/537.36 (KHTML, like Gecko; compatible; GPTBot/1.3; +https://openai.com/gptbot)"
144.76.19.70 - - [16/Apr/2026:15:16:23 +0000] "GET /whsy.php?p=/home/lab2454c/credityork.com/wp-content/cache/object/d6c/c95 HTTP/1.1" 200 754 "-" "Mozilla/5.0 (compatible; SERankingBacklinksBot/1.0; +https://seranking.com/backlinks-crawler)"
74.7.227.51 - - [16/Apr/2026:15:16:25 +0000] "GET /whsy.php?e=wy325-43wvb&p=%2Fusr%2Fshare%2Fterminfo%2Fw HTTP/2.0" 200 6226 "https://www.crediteen.com/whsy.php?e=wyse520-pc-vb&p=%2Fusr%2Fshare%2Fterminfo%2Fw" "Mozilla/5.0 AppleWebKit/537.36 (KHTML, like Gecko; compatible; GPTBot/1.3; +https://openai.com/gptbot)"
74.7.242.56 - - [16/Apr/2026:15:16:26 +0000] "GET /whsy.php?e=video.php&p=%2Fhome%2Flab2454c%2Fam.elementalrock.com%2Fwp-content%2Fplugins%2Felementor%2Fincludes%2Fwidgets HTTP/2.0" 200 6728 "https://crediteen.com/whsy.php?e=menu-anchor.php&p=%2Fhome%2Flab2454c%2Fam.elementalrock.com%2Fwp-content%2Fplugins%2Felementor%2Fincludes%2Fwidgets" "Mozilla/5.0 AppleWebKit/537.36 (KHTML, like Gecko; compatible; GPTBot/1.3; +https://openai.com/gptbot)"
