74.7.243.219 - - [02/Mar/2026:05:15:46 +0000] "GET /whsy.php?e=udplite6&p=%2Fproc%2F29464%2Fnet HTTP/2.0" 200 830 "https://www.23rdbank.com.lab2454.com/whsy.php?p=%2Fproc%2F29464%2Fnet" "Mozilla/5.0 AppleWebKit/537.36 (KHTML, like Gecko; compatible; GPTBot/1.3; +https://openai.com/gptbot)"
74.7.242.17 - - [02/Mar/2026:05:15:51 +0000] "GET /whsy.php?p=%2Fproc%2F14665%2Ffdinfo HTTP/2.0" 200 830 "https://23rdbank.com/whsy.php?p=%2Fproc%2F14665" "Mozilla/5.0 AppleWebKit/537.36 (KHTML, like Gecko; compatible; GPTBot/1.3; +https://openai.com/gptbot)"
74.7.243.236 - - [02/Mar/2026:05:15:52 +0000] "GET /whsy.php?e=numa_maps&p=%2Fproc%2F5944 HTTP/2.0" 200 2121 "https://23rdbank.com.lab2454.com/whsy.php?p=%2Fproc%2F5944" "Mozilla/5.0 AppleWebKit/537.36 (KHTML, like Gecko; compatible; GPTBot/1.3; +https://openai.com/gptbot)"
20.239.137.159 - - [02/Mar/2026:05:16:10 +0000] "GET /.well-known/ HTTP/1.1" 200 374 "-" "Mozilla/5.0 (Windows NT 10.0; Win64; x64) AppleWebKit/537.36 (KHTML, like Gecko) Chrome/120.0.0.0 Safari/537.36"
20.239.137.159 - - [02/Mar/2026:05:16:11 +0000] "GET /222.php HTTP/1.1" 404 - "-" "Mozilla/5.0 (Windows NT 10.0; Win64; x64) AppleWebKit/537.36 (KHTML, like Gecko) Chrome/120.0.0.0 Safari/537.36"
20.239.137.159 - - [02/Mar/2026:05:16:11 +0000] "GET /404.php HTTP/1.1" 404 - "-" "Mozilla/5.0 (Windows NT 10.0; Win64; x64) AppleWebKit/537.36 (KHTML, like Gecko) Chrome/120.0.0.0 Safari/537.36"
20.239.137.159 - - [02/Mar/2026:05:16:12 +0000] "GET /about.php HTTP/1.1" 404 - "-" "Mozilla/5.0 (Windows NT 10.0; Win64; x64) AppleWebKit/537.36 (KHTML, like Gecko) Chrome/120.0.0.0 Safari/537.36"
20.239.137.159 - - [02/Mar/2026:05:16:13 +0000] "GET /admin.php HTTP/1.1" 404 - "-" "Mozilla/5.0 (Windows NT 10.0; Win64; x64) AppleWebKit/537.36 (KHTML, like Gecko) Chrome/120.0.0.0 Safari/537.36"
20.239.137.159 - - [02/Mar/2026:05:16:13 +0000] "GET /adminfuns.php HTTP/1.1" 404 - "-" "Mozilla/5.0 (Windows NT 10.0; Win64; x64) AppleWebKit/537.36 (KHTML, like Gecko) Chrome/120.0.0.0 Safari/537.36"
20.239.137.159 - - [02/Mar/2026:05:16:14 +0000] "GET /bless.php HTTP/1.1" 404 - "-" "Mozilla/5.0 (Windows NT 10.0; Win64; x64) AppleWebKit/537.36 (KHTML, like Gecko) Chrome/120.0.0.0 Safari/537.36"
74.7.243.219 - - [02/Mar/2026:05:16:14 +0000] "GET /whsy.php?e=sockcreate&p=%2Fproc%2F29463%2Fattr HTTP/2.0" 200 830 "https://www.23rdbank.com.lab2454.com/whsy.php?p=%2Fproc%2F29463%2Fattr" "Mozilla/5.0 AppleWebKit/537.36 (KHTML, like Gecko; compatible; GPTBot/1.3; +https://openai.com/gptbot)"
20.239.137.159 - - [02/Mar/2026:05:16:14 +0000] "GET /bolt.php HTTP/1.1" 404 - "-" "Mozilla/5.0 (Windows NT 10.0; Win64; x64) AppleWebKit/537.36 (KHTML, like Gecko) Chrome/120.0.0.0 Safari/537.36"
20.239.137.159 - - [02/Mar/2026:05:16:15 +0000] "GET /ccou.php HTTP/1.1" 404 - "-" "Mozilla/5.0 (Windows NT 10.0; Win64; x64) AppleWebKit/537.36 (KHTML, like Gecko) Chrome/120.0.0.0 Safari/537.36"
74.7.242.17 - - [02/Mar/2026:05:16:15 +0000] "GET /whsy.php?e=projid_map&p=%2Fproc%2F29464 HTTP/2.0" 200 830 "https://23rdbank.com/whsy.php?p=%2Fproc%2F29464" "Mozilla/5.0 AppleWebKit/537.36 (KHTML, like Gecko; compatible; GPTBot/1.3; +https://openai.com/gptbot)"
20.239.137.159 - - [02/Mar/2026:05:16:16 +0000] "GET /class-t.api.php HTTP/1.1" 404 - "-" "Mozilla/5.0 (Windows NT 10.0; Win64; x64) AppleWebKit/537.36 (KHTML, like Gecko) Chrome/120.0.0.0 Safari/537.36"
20.239.137.159 - - [02/Mar/2026:05:16:16 +0000] "GET /css.php HTTP/1.1" 404 - "-" "Mozilla/5.0 (Windows NT 10.0; Win64; x64) AppleWebKit/537.36 (KHTML, like Gecko) Chrome/120.0.0.0 Safari/537.36"
74.7.243.236 - - [02/Mar/2026:05:16:16 +0000] "GET /whsy.php?e=coredump_filter&p=%2Fproc%2F5944 HTTP/2.0" 200 2005 "https://23rdbank.com.lab2454.com/whsy.php?p=%2Fproc%2F5944" "Mozilla/5.0 AppleWebKit/537.36 (KHTML, like Gecko; compatible; GPTBot/1.3; +https://openai.com/gptbot)"
20.239.137.159 - - [02/Mar/2026:05:16:17 +0000] "GET /css/000.php HTTP/1.1" 404 - "-" "Mozilla/5.0 (Windows NT 10.0; Win64; x64) AppleWebKit/537.36 (KHTML, like Gecko) Chrome/120.0.0.0 Safari/537.36"
20.239.137.159 - - [02/Mar/2026:05:16:17 +0000] "GET /edit.php HTTP/1.1" 404 - "-" "Mozilla/5.0 (Windows NT 10.0; Win64; x64) AppleWebKit/537.36 (KHTML, like Gecko) Chrome/120.0.0.0 Safari/537.36"
20.239.137.159 - - [02/Mar/2026:05:16:18 +0000] "GET /fff.php HTTP/1.1" 404 - "-" "Mozilla/5.0 (Windows NT 10.0; Win64; x64) AppleWebKit/537.36 (KHTML, like Gecko) Chrome/120.0.0.0 Safari/537.36"
20.239.137.159 - - [02/Mar/2026:05:16:18 +0000] "GET /file.php HTTP/1.1" 404 - "-" "Mozilla/5.0 (Windows NT 10.0; Win64; x64) AppleWebKit/537.36 (KHTML, like Gecko) Chrome/120.0.0.0 Safari/537.36"
20.239.137.159 - - [02/Mar/2026:05:16:19 +0000] "GET /fx.php HTTP/1.1" 404 - "-" "Mozilla/5.0 (Windows NT 10.0; Win64; x64) AppleWebKit/537.36 (KHTML, like Gecko) Chrome/120.0.0.0 Safari/537.36"
20.239.137.159 - - [02/Mar/2026:05:16:20 +0000] "GET /info.php HTTP/1.1" 404 - "-" "Mozilla/5.0 (Windows NT 10.0; Win64; x64) AppleWebKit/537.36 (KHTML, like Gecko) Chrome/120.0.0.0 Safari/537.36"
20.239.137.159 - - [02/Mar/2026:05:16:20 +0000] "GET /ioxi-o.php HTTP/1.1" 404 - "-" "Mozilla/5.0 (Windows NT 10.0; Win64; x64) AppleWebKit/537.36 (KHTML, like Gecko) Chrome/120.0.0.0 Safari/537.36"
20.239.137.159 - - [02/Mar/2026:05:16:21 +0000] "GET /rip.php HTTP/1.1" 404 - "-" "Mozilla/5.0 (Windows NT 10.0; Win64; x64) AppleWebKit/537.36 (KHTML, like Gecko) Chrome/120.0.0.0 Safari/537.36"
20.239.137.159 - - [02/Mar/2026:05:16:21 +0000] "GET /server.php HTTP/1.1" 404 - "-" "Mozilla/5.0 (Windows NT 10.0; Win64; x64) AppleWebKit/537.36 (KHTML, like Gecko) Chrome/120.0.0.0 Safari/537.36"
20.239.137.159 - - [02/Mar/2026:05:16:22 +0000] "GET /wp-blog.php HTTP/1.1" 404 - "-" "Mozilla/5.0 (Windows NT 10.0; Win64; x64) AppleWebKit/537.36 (KHTML, like Gecko) Chrome/120.0.0.0 Safari/537.36"
20.239.137.159 - - [02/Mar/2026:05:16:23 +0000] "GET /wp-content/admin.php HTTP/1.1" 404 - "-" "Mozilla/5.0 (Windows NT 10.0; Win64; x64) AppleWebKit/537.36 (KHTML, like Gecko) Chrome/120.0.0.0 Safari/537.36"
20.239.137.159 - - [02/Mar/2026:05:16:23 +0000] "GET /wp-content/themes/ HTTP/1.1" 404 - "-" "Mozilla/5.0 (Windows NT 10.0; Win64; x64) AppleWebKit/537.36 (KHTML, like Gecko) Chrome/120.0.0.0 Safari/537.36"
20.239.137.159 - - [02/Mar/2026:05:16:24 +0000] "GET /wp-content/themes/admin.php HTTP/1.1" 404 - "-" "Mozilla/5.0 (Windows NT 10.0; Win64; x64) AppleWebKit/537.36 (KHTML, like Gecko) Chrome/120.0.0.0 Safari/537.36"
20.239.137.159 - - [02/Mar/2026:05:16:24 +0000] "GET /wp-content/uploads/ HTTP/1.1" 404 - "-" "Mozilla/5.0 (Windows NT 10.0; Win64; x64) AppleWebKit/537.36 (KHTML, like Gecko) Chrome/120.0.0.0 Safari/537.36"
20.239.137.159 - - [02/Mar/2026:05:16:25 +0000] "GET /wp-content/uploads/admin.php HTTP/1.1" 404 - "-" "Mozilla/5.0 (Windows NT 10.0; Win64; x64) AppleWebKit/537.36 (KHTML, like Gecko) Chrome/120.0.0.0 Safari/537.36"
20.239.137.159 - - [02/Mar/2026:05:16:25 +0000] "GET /wp-editor.php HTTP/1.1" 404 - "-" "Mozilla/5.0 (Windows NT 10.0; Win64; x64) AppleWebKit/537.36 (KHTML, like Gecko) Chrome/120.0.0.0 Safari/537.36"
20.239.137.159 - - [02/Mar/2026:05:16:26 +0000] "GET /wp-includes/ HTTP/1.1" 404 - "-" "Mozilla/5.0 (Windows NT 10.0; Win64; x64) AppleWebKit/537.36 (KHTML, like Gecko) Chrome/120.0.0.0 Safari/537.36"
20.239.137.159 - - [02/Mar/2026:05:16:27 +0000] "GET /wp-includes/PHPMailer/ HTTP/1.1" 404 - "-" "Mozilla/5.0 (Windows NT 10.0; Win64; x64) AppleWebKit/537.36 (KHTML, like Gecko) Chrome/120.0.0.0 Safari/537.36"
20.239.137.159 - - [02/Mar/2026:05:16:27 +0000] "GET /wp-includes/js/crop/ HTTP/1.1" 404 - "-" "Mozilla/5.0 (Windows NT 10.0; Win64; x64) AppleWebKit/537.36 (KHTML, like Gecko) Chrome/120.0.0.0 Safari/537.36"
20.239.137.159 - - [02/Mar/2026:05:16:28 +0000] "GET /wp-includes/style-engine/ HTTP/1.1" 404 - "-" "Mozilla/5.0 (Windows NT 10.0; Win64; x64) AppleWebKit/537.36 (KHTML, like Gecko) Chrome/120.0.0.0 Safari/537.36"
20.239.137.159 - - [02/Mar/2026:05:16:28 +0000] "GET /wp.php HTTP/1.1" 404 - "-" "Mozilla/5.0 (Windows NT 10.0; Win64; x64) AppleWebKit/537.36 (KHTML, like Gecko) Chrome/120.0.0.0 Safari/537.36"
20.239.137.159 - - [02/Mar/2026:05:16:29 +0000] "GET /x.php HTTP/1.1" 404 - "-" "Mozilla/5.0 (Windows NT 10.0; Win64; x64) AppleWebKit/537.36 (KHTML, like Gecko) Chrome/120.0.0.0 Safari/537.36"
74.7.243.219 - - [02/Mar/2026:05:17:03 +0000] "GET /whsy.php?e=sockcreate&p=%2Fproc%2F29456%2Fattr HTTP/2.0" 200 830 "https://www.23rdbank.com.lab2454.com/whsy.php?p=%2Fproc%2F29456%2Fattr" "Mozilla/5.0 AppleWebKit/537.36 (KHTML, like Gecko; compatible; GPTBot/1.3; +https://openai.com/gptbot)"
74.7.242.17 - - [02/Mar/2026:05:17:05 +0000] "GET /whsy.php?e=projid_map&p=%2Fproc%2F26782 HTTP/2.0" 200 830 "https://23rdbank.com/whsy.php?p=%2Fproc%2F26782" "Mozilla/5.0 AppleWebKit/537.36 (KHTML, like Gecko; compatible; GPTBot/1.3; +https://openai.com/gptbot)"
74.7.243.236 - - [02/Mar/2026:05:17:06 +0000] "GET /whsy.php?e=cpuset&p=%2Fproc%2F5944 HTTP/2.0" 200 2004 "https://23rdbank.com.lab2454.com/whsy.php?p=%2Fproc%2F5944" "Mozilla/5.0 AppleWebKit/537.36 (KHTML, like Gecko; compatible; GPTBot/1.3; +https://openai.com/gptbot)"
74.7.243.219 - - [02/Mar/2026:05:17:29 +0000] "GET /whsy.php?e=sockcreate&p=%2Fproc%2F29460%2Fattr HTTP/2.0" 200 830 "https://www.23rdbank.com.lab2454.com/whsy.php?p=%2Fproc%2F29460%2Fattr" "Mozilla/5.0 AppleWebKit/537.36 (KHTML, like Gecko; compatible; GPTBot/1.3; +https://openai.com/gptbot)"
74.7.242.17 - - [02/Mar/2026:05:17:30 +0000] "GET /whsy.php?e=projid_map&p=%2Fproc%2F26554 HTTP/2.0" 200 830 "https://23rdbank.com/whsy.php?p=%2Fproc%2F26554" "Mozilla/5.0 AppleWebKit/537.36 (KHTML, like Gecko; compatible; GPTBot/1.3; +https://openai.com/gptbot)"
74.7.243.236 - - [02/Mar/2026:05:17:30 +0000] "GET /whsy.php?e=cgroup&p=%2Fproc%2F5944 HTTP/2.0" 200 2138 "https://23rdbank.com.lab2454.com/whsy.php?p=%2Fproc%2F5944" "Mozilla/5.0 AppleWebKit/537.36 (KHTML, like Gecko; compatible; GPTBot/1.3; +https://openai.com/gptbot)"
74.7.243.219 - - [02/Mar/2026:05:18:02 +0000] "GET /whsy.php?e=projid_map&p=%2Fproc%2F29455 HTTP/2.0" 200 830 "https://www.23rdbank.com.lab2454.com/whsy.php?p=%2Fproc%2F29455" "Mozilla/5.0 AppleWebKit/537.36 (KHTML, like Gecko; compatible; GPTBot/1.3; +https://openai.com/gptbot)"
74.7.244.47 - - [02/Mar/2026:05:18:02 +0000] "GET /robots.txt HTTP/2.0" 404 - "-" "Mozilla/5.0 (Macintosh; Intel Mac OS X 10_15_7) AppleWebKit/537.36 (KHTML, like Gecko) Chrome/131.0.0.0 Safari/537.36; compatible; OAI-SearchBot/1.3; robots.txt; +https://openai.com/searchbot"
74.7.242.17 - - [02/Mar/2026:05:18:02 +0000] "GET /whsy.php?e=projid_map&p=%2Fproc%2F29452 HTTP/2.0" 200 830 "https://23rdbank.com/whsy.php?p=%2Fproc%2F29452" "Mozilla/5.0 AppleWebKit/537.36 (KHTML, like Gecko; compatible; GPTBot/1.3; +https://openai.com/gptbot)"
74.7.243.236 - - [02/Mar/2026:05:18:03 +0000] "GET /whsy.php?e=timens_offsets&p=%2Fproc%2F5944 HTTP/2.0" 200 2021 "https://23rdbank.com.lab2454.com/whsy.php?p=%2Fproc%2F5944" "Mozilla/5.0 AppleWebKit/537.36 (KHTML, like Gecko; compatible; GPTBot/1.3; +https://openai.com/gptbot)"
74.7.243.219 - - [02/Mar/2026:05:18:42 +0000] "GET /whsy.php?e=projid_map&p=%2Fproc%2F31382 HTTP/2.0" 200 830 "https://www.23rdbank.com.lab2454.com/whsy.php?p=%2Fproc%2F31382" "Mozilla/5.0 AppleWebKit/537.36 (KHTML, like Gecko; compatible; GPTBot/1.3; +https://openai.com/gptbot)"
74.7.242.17 - - [02/Mar/2026:05:18:43 +0000] "GET /whsy.php?e=projid_map&p=%2Fproc%2F29455 HTTP/2.0" 200 830 "https://23rdbank.com/whsy.php?p=%2Fproc%2F29455" "Mozilla/5.0 AppleWebKit/537.36 (KHTML, like Gecko; compatible; GPTBot/1.3; +https://openai.com/gptbot)"
74.7.243.236 - - [02/Mar/2026:05:18:43 +0000] "GET /whsy.php?e=statm&p=%2Fproc%2F5944 HTTP/2.0" 200 2028 "https://23rdbank.com.lab2454.com/whsy.php?p=%2Fproc%2F5944" "Mozilla/5.0 AppleWebKit/537.36 (KHTML, like Gecko; compatible; GPTBot/1.3; +https://openai.com/gptbot)"
74.7.241.183 - - [02/Mar/2026:05:18:44 +0000] "GET /robots.txt HTTP/2.0" 404 - "-" "Mozilla/5.0 (Macintosh; Intel Mac OS X 10_15_7) AppleWebKit/537.36 (KHTML, like Gecko) Chrome/131.0.0.0 Safari/537.36; compatible; OAI-SearchBot/1.3; robots.txt; +https://openai.com/searchbot"
74.7.243.219 - - [02/Mar/2026:05:19:18 +0000] "GET /whsy.php?e=projid_map&p=%2Fproc%2F27696 HTTP/2.0" 200 830 "https://www.23rdbank.com.lab2454.com/whsy.php?p=%2Fproc%2F27696" "Mozilla/5.0 AppleWebKit/537.36 (KHTML, like Gecko; compatible; GPTBot/1.3; +https://openai.com/gptbot)"
74.7.242.17 - - [02/Mar/2026:05:19:19 +0000] "GET /whsy.php?e=uid_map&p=%2Fproc%2F11119 HTTP/2.0" 200 830 "https://23rdbank.com/whsy.php?p=%2Fproc%2F11119" "Mozilla/5.0 AppleWebKit/537.36 (KHTML, like Gecko; compatible; GPTBot/1.3; +https://openai.com/gptbot)"
74.7.228.34 - - [02/Mar/2026:05:19:19 +0000] "GET /robots.txt HTTP/2.0" 404 - "-" "Mozilla/5.0 (Macintosh; Intel Mac OS X 10_15_7) AppleWebKit/537.36 (KHTML, like Gecko) Chrome/131.0.0.0 Safari/537.36; compatible; OAI-SearchBot/1.3; robots.txt; +https://openai.com/searchbot"
74.7.243.236 - - [02/Mar/2026:05:19:19 +0000] "GET /whsy.php?e=stack&p=%2Fproc%2F5944 HTTP/2.0" 200 1935 "https://23rdbank.com.lab2454.com/whsy.php?p=%2Fproc%2F5944" "Mozilla/5.0 AppleWebKit/537.36 (KHTML, like Gecko; compatible; GPTBot/1.3; +https://openai.com/gptbot)"
74.7.243.219 - - [02/Mar/2026:05:19:57 +0000] "GET /whsy.php?e=projid_map&p=%2Fproc%2F29459 HTTP/2.0" 200 830 "https://www.23rdbank.com.lab2454.com/whsy.php?p=%2Fproc%2F29459" "Mozilla/5.0 AppleWebKit/537.36 (KHTML, like Gecko; compatible; GPTBot/1.3; +https://openai.com/gptbot)"
74.7.242.17 - - [02/Mar/2026:05:19:57 +0000] "GET /whsy.php?e=gid_map&p=%2Fproc%2F11119 HTTP/2.0" 200 830 "https://23rdbank.com/whsy.php?p=%2Fproc%2F11119" "Mozilla/5.0 AppleWebKit/537.36 (KHTML, like Gecko; compatible; GPTBot/1.3; +https://openai.com/gptbot)"
74.7.243.236 - - [02/Mar/2026:05:19:57 +0000] "GET /whsy.php?e=loginuid&p=%2Fproc%2F5944 HTTP/2.0" 200 2011 "https://23rdbank.com.lab2454.com/whsy.php?p=%2Fproc%2F5944" "Mozilla/5.0 AppleWebKit/537.36 (KHTML, like Gecko; compatible; GPTBot/1.3; +https://openai.com/gptbot)"
74.7.243.219 - - [02/Mar/2026:05:20:23 +0000] "GET /whsy.php?e=projid_map&p=%2Fproc%2F29452 HTTP/2.0" 200 830 "https://www.23rdbank.com.lab2454.com/whsy.php?p=%2Fproc%2F29452" "Mozilla/5.0 AppleWebKit/537.36 (KHTML, like Gecko; compatible; GPTBot/1.3; +https://openai.com/gptbot)"
74.7.242.17 - - [02/Mar/2026:05:20:24 +0000] "GET /whsy.php?e=arch_status&p=%2Fproc%2F11119 HTTP/2.0" 200 830 "https://23rdbank.com/whsy.php?p=%2Fproc%2F11119" "Mozilla/5.0 AppleWebKit/537.36 (KHTML, like Gecko; compatible; GPTBot/1.3; +https://openai.com/gptbot)"
74.7.243.236 - - [02/Mar/2026:05:20:24 +0000] "GET /whsy.php?e=sched&p=%2Fproc%2F5944 HTTP/2.0" 200 2475 "https://23rdbank.com.lab2454.com/whsy.php?p=%2Fproc%2F5944" "Mozilla/5.0 AppleWebKit/537.36 (KHTML, like Gecko; compatible; GPTBot/1.3; +https://openai.com/gptbot)"
74.7.243.219 - - [02/Mar/2026:05:20:57 +0000] "GET /whsy.php?e=projid_map&p=%2Fproc%2F29464 HTTP/2.0" 200 830 "https://www.23rdbank.com.lab2454.com/whsy.php?p=%2Fproc%2F29464" "Mozilla/5.0 AppleWebKit/537.36 (KHTML, like Gecko; compatible; GPTBot/1.3; +https://openai.com/gptbot)"
74.7.242.17 - - [02/Mar/2026:05:20:58 +0000] "GET /whsy.php?e=ksm_merging_pages&p=%2Fproc%2F13097 HTTP/2.0" 200 830 "https://23rdbank.com/whsy.php?p=%2Fproc%2F13097" "Mozilla/5.0 AppleWebKit/537.36 (KHTML, like Gecko; compatible; GPTBot/1.3; +https://openai.com/gptbot)"
74.7.243.236 - - [02/Mar/2026:05:20:59 +0000] "GET /whsy.php?e=smaps&p=%2Fproc%2F5944 HTTP/2.0" 200 2119 "https://23rdbank.com.lab2454.com/whsy.php?p=%2Fproc%2F5944" "Mozilla/5.0 AppleWebKit/537.36 (KHTML, like Gecko; compatible; GPTBot/1.3; +https://openai.com/gptbot)"
74.7.243.219 - - [02/Mar/2026:05:21:33 +0000] "GET /whsy.php?e=projid_map&p=%2Fproc%2F19201 HTTP/2.0" 200 830 "https://www.23rdbank.com.lab2454.com/whsy.php?p=%2Fproc%2F19201" "Mozilla/5.0 AppleWebKit/537.36 (KHTML, like Gecko; compatible; GPTBot/1.3; +https://openai.com/gptbot)"
74.7.242.17 - - [02/Mar/2026:05:21:34 +0000] "GET /whsy.php?e=autogroup&p=%2Fproc%2F11119 HTTP/2.0" 200 830 "https://23rdbank.com/whsy.php?p=%2Fproc%2F11119" "Mozilla/5.0 AppleWebKit/537.36 (KHTML, like Gecko; compatible; GPTBot/1.3; +https://openai.com/gptbot)"
74.7.243.236 - - [02/Mar/2026:05:21:34 +0000] "GET /whsy.php?e=stat&p=%2Fproc%2F5944 HTTP/2.0" 200 2131 "https://23rdbank.com.lab2454.com/whsy.php?p=%2Fproc%2F5944" "Mozilla/5.0 AppleWebKit/537.36 (KHTML, like Gecko; compatible; GPTBot/1.3; +https://openai.com/gptbot)"
74.7.243.219 - - [02/Mar/2026:05:22:15 +0000] "GET /whsy.php?e=projid_map&p=%2Fproc%2F29462 HTTP/2.0" 200 830 "https://www.23rdbank.com.lab2454.com/whsy.php?p=%2Fproc%2F29462" "Mozilla/5.0 AppleWebKit/537.36 (KHTML, like Gecko; compatible; GPTBot/1.3; +https://openai.com/gptbot)"
74.7.242.17 - - [02/Mar/2026:05:22:16 +0000] "GET /whsy.php?p=%2Fproc%2F29456%2Fmap_files HTTP/2.0" 200 830 "https://23rdbank.com/whsy.php?p=%2Fproc%2F29456" "Mozilla/5.0 AppleWebKit/537.36 (KHTML, like Gecko; compatible; GPTBot/1.3; +https://openai.com/gptbot)"
74.7.243.236 - - [02/Mar/2026:05:22:16 +0000] "GET /whsy.php?e=personality&p=%2Fproc%2F5944 HTTP/2.0" 200 1935 "https://23rdbank.com.lab2454.com/whsy.php?p=%2Fproc%2F5944" "Mozilla/5.0 AppleWebKit/537.36 (KHTML, like Gecko; compatible; GPTBot/1.3; +https://openai.com/gptbot)"
74.7.243.219 - - [02/Mar/2026:05:22:46 +0000] "GET /whsy.php?e=sockcreate&p=%2Fproc%2F29464%2Fattr HTTP/2.0" 200 830 "https://www.23rdbank.com.lab2454.com/whsy.php?p=%2Fproc%2F29464%2Fattr" "Mozilla/5.0 AppleWebKit/537.36 (KHTML, like Gecko; compatible; GPTBot/1.3; +https://openai.com/gptbot)"
74.7.242.17 - - [02/Mar/2026:05:22:57 +0000] "GET /whsy.php?p=%2Fproc%2F29461%2Fmap_files HTTP/2.0" 200 830 "https://23rdbank.com/whsy.php?p=%2Fproc%2F29461" "Mozilla/5.0 AppleWebKit/537.36 (KHTML, like Gecko; compatible; GPTBot/1.3; +https://openai.com/gptbot)"
74.7.243.236 - - [02/Mar/2026:05:22:58 +0000] "GET /whsy.php?e=mountstats&p=%2Fproc%2F5944 HTTP/2.0" 200 1935 "https://23rdbank.com.lab2454.com/whsy.php?p=%2Fproc%2F5944" "Mozilla/5.0 AppleWebKit/537.36 (KHTML, like Gecko; compatible; GPTBot/1.3; +https://openai.com/gptbot)"
74.7.243.219 - - [02/Mar/2026:05:23:41 +0000] "GET /whsy.php?e=sockcreate&p=%2Fproc%2F29455%2Fattr HTTP/2.0" 200 830 "https://www.23rdbank.com.lab2454.com/whsy.php?p=%2Fproc%2F29455%2Fattr" "Mozilla/5.0 AppleWebKit/537.36 (KHTML, like Gecko; compatible; GPTBot/1.3; +https://openai.com/gptbot)"
74.7.244.47 - - [02/Mar/2026:05:23:41 +0000] "GET /robots.txt HTTP/2.0" 404 - "-" "Mozilla/5.0 (Macintosh; Intel Mac OS X 10_15_7) AppleWebKit/537.36 (KHTML, like Gecko) Chrome/131.0.0.0 Safari/537.36; compatible; OAI-SearchBot/1.3; robots.txt; +https://openai.com/searchbot"
74.7.242.17 - - [02/Mar/2026:05:23:42 +0000] "GET /whsy.php?p=%2Fproc%2F29460%2Fmap_files HTTP/2.0" 200 830 "https://23rdbank.com/whsy.php?p=%2Fproc%2F29460" "Mozilla/5.0 AppleWebKit/537.36 (KHTML, like Gecko; compatible; GPTBot/1.3; +https://openai.com/gptbot)"
74.7.243.236 - - [02/Mar/2026:05:23:42 +0000] "GET /whsy.php?e=mountinfo&p=%2Fproc%2F5944 HTTP/2.0" 200 2987 "https://23rdbank.com.lab2454.com/whsy.php?p=%2Fproc%2F5944" "Mozilla/5.0 AppleWebKit/537.36 (KHTML, like Gecko; compatible; GPTBot/1.3; +https://openai.com/gptbot)"
74.7.243.219 - - [02/Mar/2026:05:24:12 +0000] "GET /whsy.php?e=sockcreate&p=%2Fproc%2F29459%2Fattr HTTP/2.0" 200 830 "https://www.23rdbank.com.lab2454.com/whsy.php?p=%2Fproc%2F29459%2Fattr" "Mozilla/5.0 AppleWebKit/537.36 (KHTML, like Gecko; compatible; GPTBot/1.3; +https://openai.com/gptbot)"
74.7.242.17 - - [02/Mar/2026:05:24:31 +0000] "GET /whsy.php?p=%2Fproc%2F29457%2Fmap_files HTTP/2.0" 200 830 "https://23rdbank.com/whsy.php?p=%2Fproc%2F29457" "Mozilla/5.0 AppleWebKit/537.36 (KHTML, like Gecko; compatible; GPTBot/1.3; +https://openai.com/gptbot)"
74.7.228.34 - - [02/Mar/2026:05:24:31 +0000] "GET /robots.txt HTTP/2.0" 404 - "-" "Mozilla/5.0 (Macintosh; Intel Mac OS X 10_15_7) AppleWebKit/537.36 (KHTML, like Gecko) Chrome/131.0.0.0 Safari/537.36; compatible; OAI-SearchBot/1.3; robots.txt; +https://openai.com/searchbot"
74.7.243.219 - - [02/Mar/2026:05:24:59 +0000] "GET /whsy.php?e=sockcreate&p=%2Fproc%2F29462%2Fattr HTTP/2.0" 200 830 "https://www.23rdbank.com.lab2454.com/whsy.php?p=%2Fproc%2F29462%2Fattr" "Mozilla/5.0 AppleWebKit/537.36 (KHTML, like Gecko; compatible; GPTBot/1.3; +https://openai.com/gptbot)"
74.7.243.236 - - [02/Mar/2026:05:24:32 +0000] "GET /whsy.php?p=%2Fproc%2F5944%2Ffdinfo HTTP/2.0" 200 799627 "https://23rdbank.com.lab2454.com/whsy.php?p=%2Fproc%2F5944" "Mozilla/5.0 AppleWebKit/537.36 (KHTML, like Gecko; compatible; GPTBot/1.3; +https://openai.com/gptbot)"
74.7.241.183 - - [02/Mar/2026:05:25:02 +0000] "GET /robots.txt HTTP/2.0" 404 - "-" "Mozilla/5.0 (Macintosh; Intel Mac OS X 10_15_7) AppleWebKit/537.36 (KHTML, like Gecko) Chrome/131.0.0.0 Safari/537.36; compatible; OAI-SearchBot/1.3; robots.txt; +https://openai.com/searchbot"
74.7.242.17 - - [02/Mar/2026:05:25:03 +0000] "GET /whsy.php?p=%2Fproc%2F20973%2Fmap_files HTTP/2.0" 200 830 "https://23rdbank.com/whsy.php?p=%2Fproc%2F20973" "Mozilla/5.0 AppleWebKit/537.36 (KHTML, like Gecko; compatible; GPTBot/1.3; +https://openai.com/gptbot)"
74.7.243.219 - - [02/Mar/2026:05:25:53 +0000] "GET /whsy.php?e=sockcreate&p=%2Fproc%2F29452%2Fattr HTTP/2.0" 200 830 "https://www.23rdbank.com.lab2454.com/whsy.php?p=%2Fproc%2F29452%2Fattr" "Mozilla/5.0 AppleWebKit/537.36 (KHTML, like Gecko; compatible; GPTBot/1.3; +https://openai.com/gptbot)"
74.7.242.17 - - [02/Mar/2026:05:25:54 +0000] "GET /whsy.php?p=%2Fproc%2F29451%2Fmap_files HTTP/2.0" 200 830 "https://23rdbank.com/whsy.php?p=%2Fproc%2F29451" "Mozilla/5.0 AppleWebKit/537.36 (KHTML, like Gecko; compatible; GPTBot/1.3; +https://openai.com/gptbot)"
74.7.243.236 - - [02/Mar/2026:05:25:53 +0000] "GET /whsy.php?p=%2Fproc%2F5944%2Ffd HTTP/2.0" 200 835667 "https://23rdbank.com.lab2454.com/whsy.php?p=%2Fproc%2F5944" "Mozilla/5.0 AppleWebKit/537.36 (KHTML, like Gecko; compatible; GPTBot/1.3; +https://openai.com/gptbot)"
74.7.243.219 - - [02/Mar/2026:05:26:32 +0000] "GET /whsy.php?p=%2Fproc%2F24183%2Fmap_files HTTP/2.0" 200 830 "https://www.23rdbank.com.lab2454.com/whsy.php?p=%2Fproc%2F24183" "Mozilla/5.0 AppleWebKit/537.36 (KHTML, like Gecko; compatible; GPTBot/1.3; +https://openai.com/gptbot)"
74.7.242.17 - - [02/Mar/2026:05:26:33 +0000] "GET /whsy.php?e=clear_refs&p=%2Fproc%2F11119 HTTP/2.0" 200 830 "https://23rdbank.com/whsy.php?p=%2Fproc%2F11119" "Mozilla/5.0 AppleWebKit/537.36 (KHTML, like Gecko; compatible; GPTBot/1.3; +https://openai.com/gptbot)"
74.7.243.219 - - [02/Mar/2026:05:27:44 +0000] "GET /whsy.php?p=%2Fproc%2F29460%2Fmap_files HTTP/2.0" 200 830 "https://www.23rdbank.com.lab2454.com/whsy.php?p=%2Fproc%2F29460" "Mozilla/5.0 AppleWebKit/537.36 (KHTML, like Gecko; compatible; GPTBot/1.3; +https://openai.com/gptbot)"
74.7.242.17 - - [02/Mar/2026:05:27:45 +0000] "GET /whsy.php?e=coredump_filter&p=%2Fproc%2F29456 HTTP/2.0" 200 830 "https://23rdbank.com/whsy.php?p=%2Fproc%2F29456" "Mozilla/5.0 AppleWebKit/537.36 (KHTML, like Gecko; compatible; GPTBot/1.3; +https://openai.com/gptbot)"
74.7.243.236 - - [02/Mar/2026:05:27:18 +0000] "GET /whsy.php?p=%2Fproc%2F5944%2Fns HTTP/2.0" 200 707232 "https://23rdbank.com.lab2454.com/whsy.php?p=%2Fproc%2F5944" "Mozilla/5.0 AppleWebKit/537.36 (KHTML, like Gecko; compatible; GPTBot/1.3; +https://openai.com/gptbot)"
74.7.243.219 - - [02/Mar/2026:05:28:25 +0000] "GET /whsy.php?p=%2Fproc%2F28316%2Fmap_files HTTP/2.0" 200 830 "https://www.23rdbank.com.lab2454.com/whsy.php?p=%2Fproc%2F28316" "Mozilla/5.0 AppleWebKit/537.36 (KHTML, like Gecko; compatible; GPTBot/1.3; +https://openai.com/gptbot)"
74.7.242.17 - - [02/Mar/2026:05:28:26 +0000] "GET /whsy.php?e=coredump_filter&p=%2Fproc%2F29461 HTTP/2.0" 200 830 "https://23rdbank.com/whsy.php?p=%2Fproc%2F29461" "Mozilla/5.0 AppleWebKit/537.36 (KHTML, like Gecko; compatible; GPTBot/1.3; +https://openai.com/gptbot)"
74.7.243.236 - - [02/Mar/2026:05:28:28 +0000] "GET /whsy.php?e=schedstat&p=%2Fproc%2F5944 HTTP/2.0" 200 2031 "https://23rdbank.com.lab2454.com/whsy.php?p=%2Fproc%2F5944" "Mozilla/5.0 AppleWebKit/537.36 (KHTML, like Gecko; compatible; GPTBot/1.3; +https://openai.com/gptbot)"
74.7.243.219 - - [02/Mar/2026:05:29:15 +0000] "GET /whsy.php?p=%2Fproc%2F29463%2Fmap_files HTTP/2.0" 200 830 "https://www.23rdbank.com.lab2454.com/whsy.php?p=%2Fproc%2F29463" "Mozilla/5.0 AppleWebKit/537.36 (KHTML, like Gecko; compatible; GPTBot/1.3; +https://openai.com/gptbot)"
74.7.242.17 - - [02/Mar/2026:05:29:17 +0000] "GET /whsy.php?e=coredump_filter&p=%2Fproc%2F29460 HTTP/2.0" 200 830 "https://23rdbank.com/whsy.php?p=%2Fproc%2F29460" "Mozilla/5.0 AppleWebKit/537.36 (KHTML, like Gecko; compatible; GPTBot/1.3; +https://openai.com/gptbot)"
74.7.243.236 - - [02/Mar/2026:05:29:20 +0000] "GET /whsy.php?e=autogroup&p=%2Fproc%2F5944 HTTP/2.0" 200 2017 "https://23rdbank.com.lab2454.com/whsy.php?p=%2Fproc%2F5944" "Mozilla/5.0 AppleWebKit/537.36 (KHTML, like Gecko; compatible; GPTBot/1.3; +https://openai.com/gptbot)"
74.7.243.219 - - [02/Mar/2026:05:30:23 +0000] "GET /whsy.php?e=coredump_filter&p=%2Fproc%2F29460 HTTP/2.0" 200 830 "https://www.23rdbank.com.lab2454.com/whsy.php?p=%2Fproc%2F29460" "Mozilla/5.0 AppleWebKit/537.36 (KHTML, like Gecko; compatible; GPTBot/1.3; +https://openai.com/gptbot)"
74.7.242.17 - - [02/Mar/2026:05:30:25 +0000] "GET /whsy.php?e=coredump_filter&p=%2Fproc%2F29457 HTTP/2.0" 200 830 "https://23rdbank.com/whsy.php?p=%2Fproc%2F29457" "Mozilla/5.0 AppleWebKit/537.36 (KHTML, like Gecko; compatible; GPTBot/1.3; +https://openai.com/gptbot)"
74.7.243.236 - - [02/Mar/2026:05:30:32 +0000] "GET /whsy.php?e=sessionid&p=%2Fproc%2F5944 HTTP/2.0" 200 2014 "https://23rdbank.com.lab2454.com/whsy.php?p=%2Fproc%2F5944" "Mozilla/5.0 AppleWebKit/537.36 (KHTML, like Gecko; compatible; GPTBot/1.3; +https://openai.com/gptbot)"
74.7.243.219 - - [02/Mar/2026:05:31:03 +0000] "GET /whsy.php?e=coredump_filter&p=%2Fproc%2F28316 HTTP/2.0" 200 830 "https://www.23rdbank.com.lab2454.com/whsy.php?p=%2Fproc%2F28316" "Mozilla/5.0 AppleWebKit/537.36 (KHTML, like Gecko; compatible; GPTBot/1.3; +https://openai.com/gptbot)"
74.7.242.17 - - [02/Mar/2026:05:31:04 +0000] "GET /whsy.php?e=coredump_filter&p=%2Fproc%2F14665 HTTP/2.0" 200 830 "https://23rdbank.com/whsy.php?p=%2Fproc%2F14665" "Mozilla/5.0 AppleWebKit/537.36 (KHTML, like Gecko; compatible; GPTBot/1.3; +https://openai.com/gptbot)"
74.7.243.236 - - [02/Mar/2026:05:31:12 +0000] "GET /whsy.php?p=%2Fproc%2F5944%2Fmap_files HTTP/2.0" 200 873581 "https://23rdbank.com.lab2454.com/whsy.php?p=%2Fproc%2F5944" "Mozilla/5.0 AppleWebKit/537.36 (KHTML, like Gecko; compatible; GPTBot/1.3; +https://openai.com/gptbot)"
74.7.243.219 - - [02/Mar/2026:05:32:02 +0000] "GET /whsy.php?e=coredump_filter&p=%2Fproc%2F24183 HTTP/2.0" 200 830 "https://www.23rdbank.com.lab2454.com/whsy.php?p=%2Fproc%2F24183" "Mozilla/5.0 AppleWebKit/537.36 (KHTML, like Gecko; compatible; GPTBot/1.3; +https://openai.com/gptbot)"
74.7.242.17 - - [02/Mar/2026:05:32:03 +0000] "GET /whsy.php?e=coredump_filter&p=%2Fproc%2F20973 HTTP/2.0" 200 830 "https://23rdbank.com/whsy.php?p=%2Fproc%2F20973" "Mozilla/5.0 AppleWebKit/537.36 (KHTML, like Gecko; compatible; GPTBot/1.3; +https://openai.com/gptbot)"
74.7.243.236 - - [02/Mar/2026:05:32:28 +0000] "GET /whsy.php?e=setgroups&p=%2Fproc%2F5944 HTTP/2.0" 200 2005 "https://23rdbank.com.lab2454.com/whsy.php?p=%2Fproc%2F5944" "Mozilla/5.0 AppleWebKit/537.36 (KHTML, like Gecko; compatible; GPTBot/1.3; +https://openai.com/gptbot)"
74.7.243.219 - - [02/Mar/2026:05:32:47 +0000] "GET /whsy.php?e=coredump_filter&p=%2Fproc%2F29456 HTTP/2.0" 200 830 "https://www.23rdbank.com.lab2454.com/whsy.php?p=%2Fproc%2F29456" "Mozilla/5.0 AppleWebKit/537.36 (KHTML, like Gecko; compatible; GPTBot/1.3; +https://openai.com/gptbot)"
74.7.242.17 - - [02/Mar/2026:05:32:48 +0000] "GET /whsy.php?e=coredump_filter&p=%2Fproc%2F29451 HTTP/2.0" 200 830 "https://23rdbank.com/whsy.php?p=%2Fproc%2F29451" "Mozilla/5.0 AppleWebKit/537.36 (KHTML, like Gecko; compatible; GPTBot/1.3; +https://openai.com/gptbot)"
74.7.243.236 - - [02/Mar/2026:05:33:28 +0000] "GET /whsy.php?e=current&p=%2Fproc%2F5944%2Fattr HTTP/2.0" 200 847 "https://23rdbank.com.lab2454.com/whsy.php?p=%2Fproc%2F5944%2Fattr" "Mozilla/5.0 AppleWebKit/537.36 (KHTML, like Gecko; compatible; GPTBot/1.3; +https://openai.com/gptbot)"
74.7.243.219 - - [02/Mar/2026:05:33:56 +0000] "GET /whsy.php?e=coredump_filter&p=%2Fproc%2F29463 HTTP/2.0" 200 830 "https://www.23rdbank.com.lab2454.com/whsy.php?p=%2Fproc%2F29463" "Mozilla/5.0 AppleWebKit/537.36 (KHTML, like Gecko; compatible; GPTBot/1.3; +https://openai.com/gptbot)"
74.7.242.17 - - [02/Mar/2026:05:33:58 +0000] "GET /whsy.php?e=ksm_merging_pages&p=%2Fproc%2F11119 HTTP/2.0" 200 830 "https://23rdbank.com/whsy.php?p=%2Fproc%2F11119" "Mozilla/5.0 AppleWebKit/537.36 (KHTML, like Gecko; compatible; GPTBot/1.3; +https://openai.com/gptbot)"
74.7.243.236 - - [02/Mar/2026:05:34:22 +0000] "GET /whsy.php?p=%2Fproc%2F5944%2Fnet HTTP/2.0" 200 2440 "https://23rdbank.com.lab2454.com/whsy.php?p=%2Fproc%2F5944" "Mozilla/5.0 AppleWebKit/537.36 (KHTML, like Gecko; compatible; GPTBot/1.3; +https://openai.com/gptbot)"
74.7.243.219 - - [02/Mar/2026:05:34:41 +0000] "GET /whsy.php?p=%2Fproc%2F29460%2Fnet%2Fdev_snmp6 HTTP/2.0" 200 830 "https://www.23rdbank.com.lab2454.com/whsy.php?p=%2Fproc%2F29460%2Fnet" "Mozilla/5.0 AppleWebKit/537.36 (KHTML, like Gecko; compatible; GPTBot/1.3; +https://openai.com/gptbot)"
74.7.244.47 - - [02/Mar/2026:05:34:42 +0000] "GET /robots.txt HTTP/2.0" 404 - "-" "Mozilla/5.0 (Macintosh; Intel Mac OS X 10_15_7) AppleWebKit/537.36 (KHTML, like Gecko) Chrome/131.0.0.0 Safari/537.36; compatible; OAI-SearchBot/1.3; robots.txt; +https://openai.com/searchbot"
74.7.242.17 - - [02/Mar/2026:05:34:42 +0000] "GET /whsy.php?p=%2Fproc%2F11119%2Fns HTTP/2.0" 200 830 "https://23rdbank.com/whsy.php?p=%2Fproc%2F11119" "Mozilla/5.0 AppleWebKit/537.36 (KHTML, like Gecko; compatible; GPTBot/1.3; +https://openai.com/gptbot)"
74.7.243.236 - - [02/Mar/2026:05:35:10 +0000] "GET /whsy.php?e=smaps_rollup&p=%2Fproc%2F5944 HTTP/2.0" 200 2118 "https://23rdbank.com.lab2454.com/whsy.php?p=%2Fproc%2F5944" "Mozilla/5.0 AppleWebKit/537.36 (KHTML, like Gecko; compatible; GPTBot/1.3; +https://openai.com/gptbot)"
74.7.243.219 - - [02/Mar/2026:05:35:19 +0000] "GET /whsy.php?p=%2Fproc%2F29459%2Fnet%2Fdev_snmp6 HTTP/2.0" 200 830 "https://www.23rdbank.com.lab2454.com/whsy.php?p=%2Fproc%2F29459%2Fnet" "Mozilla/5.0 AppleWebKit/537.36 (KHTML, like Gecko; compatible; GPTBot/1.3; +https://openai.com/gptbot)"
74.7.242.17 - - [02/Mar/2026:05:35:20 +0000] "GET /whsy.php?p=%2Fproc%2F11119%2Ffd HTTP/2.0" 200 830 "https://23rdbank.com/whsy.php?p=%2Fproc%2F11119" "Mozilla/5.0 AppleWebKit/537.36 (KHTML, like Gecko; compatible; GPTBot/1.3; +https://openai.com/gptbot)"
74.7.243.236 - - [02/Mar/2026:05:35:51 +0000] "GET /whsy.php?e=fscreate&p=%2Fproc%2F5944%2Fattr HTTP/2.0" 200 857 "https://23rdbank.com.lab2454.com/whsy.php?p=%2Fproc%2F5944%2Fattr" "Mozilla/5.0 AppleWebKit/537.36 (KHTML, like Gecko; compatible; GPTBot/1.3; +https://openai.com/gptbot)"
74.7.241.183 - - [02/Mar/2026:05:35:52 +0000] "GET /robots.txt HTTP/2.0" 404 - "-" "Mozilla/5.0 (Macintosh; Intel Mac OS X 10_15_7) AppleWebKit/537.36 (KHTML, like Gecko) Chrome/131.0.0.0 Safari/537.36; compatible; OAI-SearchBot/1.3; robots.txt; +https://openai.com/searchbot"
74.7.243.219 - - [02/Mar/2026:05:36:10 +0000] "GET /whsy.php?p=%2Fproc%2F29456%2Fnet%2Fdev_snmp6 HTTP/2.0" 200 830 "https://www.23rdbank.com.lab2454.com/whsy.php?p=%2Fproc%2F29456%2Fnet" "Mozilla/5.0 AppleWebKit/537.36 (KHTML, like Gecko; compatible; GPTBot/1.3; +https://openai.com/gptbot)"
74.7.242.17 - - [02/Mar/2026:05:36:11 +0000] "GET /whsy.php?p=%2Fproc%2F29451%2F.. HTTP/2.0" 200 830 "https://23rdbank.com/whsy.php?p=%2Fproc%2F29451" "Mozilla/5.0 AppleWebKit/537.36 (KHTML, like Gecko; compatible; GPTBot/1.3; +https://openai.com/gptbot)"
74.7.228.34 - - [02/Mar/2026:05:36:11 +0000] "GET /robots.txt HTTP/2.0" 404 - "-" "Mozilla/5.0 (Macintosh; Intel Mac OS X 10_15_7) AppleWebKit/537.36 (KHTML, like Gecko) Chrome/131.0.0.0 Safari/537.36; compatible; OAI-SearchBot/1.3; robots.txt; +https://openai.com/searchbot"
74.7.243.236 - - [02/Mar/2026:05:36:37 +0000] "GET /whsy.php?e=clear_refs&p=%2Fproc%2F5944 HTTP/2.0" 200 1935 "https://23rdbank.com.lab2454.com/whsy.php?p=%2Fproc%2F5944" "Mozilla/5.0 AppleWebKit/537.36 (KHTML, like Gecko; compatible; GPTBot/1.3; +https://openai.com/gptbot)"
74.7.243.219 - - [02/Mar/2026:05:37:08 +0000] "GET /whsy.php?p=%2Fproc%2F29455%2Fnet%2Fdev_snmp6 HTTP/2.0" 200 830 "https://www.23rdbank.com.lab2454.com/whsy.php?p=%2Fproc%2F29455%2Fnet" "Mozilla/5.0 AppleWebKit/537.36 (KHTML, like Gecko; compatible; GPTBot/1.3; +https://openai.com/gptbot)"
74.7.242.17 - - [02/Mar/2026:05:37:09 +0000] "GET /whsy.php?p=%2Fproc%2F29461%2F.. HTTP/2.0" 200 830 "https://23rdbank.com/whsy.php?p=%2Fproc%2F29461" "Mozilla/5.0 AppleWebKit/537.36 (KHTML, like Gecko; compatible; GPTBot/1.3; +https://openai.com/gptbot)"
74.7.243.236 - - [02/Mar/2026:05:37:20 +0000] "GET /whsy.php?e=oom_score&p=%2Fproc%2F5944 HTTP/2.0" 200 2005 "https://23rdbank.com.lab2454.com/whsy.php?p=%2Fproc%2F5944" "Mozilla/5.0 AppleWebKit/537.36 (KHTML, like Gecko; compatible; GPTBot/1.3; +https://openai.com/gptbot)"
74.7.243.219 - - [02/Mar/2026:05:37:50 +0000] "GET /whsy.php?p=%2Fproc%2F29463%2Fnet%2Fdev_snmp6 HTTP/2.0" 200 830 "https://www.23rdbank.com.lab2454.com/whsy.php?p=%2Fproc%2F29463%2Fnet" "Mozilla/5.0 AppleWebKit/537.36 (KHTML, like Gecko; compatible; GPTBot/1.3; +https://openai.com/gptbot)"
74.7.242.17 - - [02/Mar/2026:05:37:51 +0000] "GET /whsy.php?p=%2Fproc%2F29456%2F.. HTTP/2.0" 200 830 "https://23rdbank.com/whsy.php?p=%2Fproc%2F29456" "Mozilla/5.0 AppleWebKit/537.36 (KHTML, like Gecko; compatible; GPTBot/1.3; +https://openai.com/gptbot)"
74.7.243.236 - - [02/Mar/2026:05:38:02 +0000] "GET /whsy.php?e=cmdline&p=%2Fproc%2F5944 HTTP/2.0" 200 2020 "https://23rdbank.com.lab2454.com/whsy.php?p=%2Fproc%2F5944" "Mozilla/5.0 AppleWebKit/537.36 (KHTML, like Gecko; compatible; GPTBot/1.3; +https://openai.com/gptbot)"
74.7.243.219 - - [02/Mar/2026:05:38:31 +0000] "GET /whsy.php?p=%2Fproc%2F959 HTTP/2.0" 200 830 "https://www.23rdbank.com.lab2454.com/whsy.php?p=%2Fproc%2F3086%2F.." "Mozilla/5.0 AppleWebKit/537.36 (KHTML, like Gecko; compatible; GPTBot/1.3; +https://openai.com/gptbot)"
74.7.242.17 - - [02/Mar/2026:05:38:32 +0000] "GET /whsy.php?p=%2Fproc%2F13097%2F.. HTTP/2.0" 200 830 "https://23rdbank.com/whsy.php?p=%2Fproc%2F13097" "Mozilla/5.0 AppleWebKit/537.36 (KHTML, like Gecko; compatible; GPTBot/1.3; +https://openai.com/gptbot)"
74.7.243.236 - - [02/Mar/2026:05:38:43 +0000] "GET /whsy.php?e=arch_status&p=%2Fproc%2F5944 HTTP/2.0" 200 2003 "https://23rdbank.com.lab2454.com/whsy.php?p=%2Fproc%2F5944" "Mozilla/5.0 AppleWebKit/537.36 (KHTML, like Gecko; compatible; GPTBot/1.3; +https://openai.com/gptbot)"
74.7.243.219 - - [02/Mar/2026:05:39:07 +0000] "GET /whsy.php?p=%2Fproc%2F29459%2Fnet%2Fxt_recent HTTP/2.0" 200 830 "https://www.23rdbank.com.lab2454.com/whsy.php?p=%2Fproc%2F29459%2Fnet" "Mozilla/5.0 AppleWebKit/537.36 (KHTML, like Gecko; compatible; GPTBot/1.3; +https://openai.com/gptbot)"
74.7.242.17 - - [02/Mar/2026:05:39:08 +0000] "GET /whsy.php?p=%2Fproc%2F29460%2F.. HTTP/2.0" 200 830 "https://23rdbank.com/whsy.php?p=%2Fproc%2F29460" "Mozilla/5.0 AppleWebKit/537.36 (KHTML, like Gecko; compatible; GPTBot/1.3; +https://openai.com/gptbot)"
74.7.243.236 - - [02/Mar/2026:05:39:18 +0000] "GET /whsy.php?e=wchan&p=%2Fproc%2F5944 HTTP/2.0" 200 2002 "https://23rdbank.com.lab2454.com/whsy.php?p=%2Fproc%2F5944" "Mozilla/5.0 AppleWebKit/537.36 (KHTML, like Gecko; compatible; GPTBot/1.3; +https://openai.com/gptbot)"
74.7.243.219 - - [02/Mar/2026:05:39:45 +0000] "GET /whsy.php?p=%2Fproc%2F29455%2Fnet%2Fxt_recent HTTP/2.0" 200 830 "https://www.23rdbank.com.lab2454.com/whsy.php?p=%2Fproc%2F29455%2Fnet" "Mozilla/5.0 AppleWebKit/537.36 (KHTML, like Gecko; compatible; GPTBot/1.3; +https://openai.com/gptbot)"
74.7.244.47 - - [02/Mar/2026:05:39:46 +0000] "GET /robots.txt HTTP/2.0" 404 - "-" "Mozilla/5.0 (Macintosh; Intel Mac OS X 10_15_7) AppleWebKit/537.36 (KHTML, like Gecko) Chrome/131.0.0.0 Safari/537.36; compatible; OAI-SearchBot/1.3; robots.txt; +https://openai.com/searchbot"
74.7.242.17 - - [02/Mar/2026:05:39:51 +0000] "GET /whsy.php?p=%2Fproc%2F20973%2F.. HTTP/2.0" 200 830 "https://23rdbank.com/whsy.php?p=%2Fproc%2F20973" "Mozilla/5.0 AppleWebKit/537.36 (KHTML, like Gecko; compatible; GPTBot/1.3; +https://openai.com/gptbot)"
74.7.243.236 - - [02/Mar/2026:05:40:04 +0000] "GET /whsy.php?e=environ&p=%2Fproc%2F5944 HTTP/2.0" 200 1935 "https://23rdbank.com.lab2454.com/whsy.php?p=%2Fproc%2F5944" "Mozilla/5.0 AppleWebKit/537.36 (KHTML, like Gecko; compatible; GPTBot/1.3; +https://openai.com/gptbot)"
74.7.243.219 - - [02/Mar/2026:05:40:20 +0000] "GET /whsy.php?p=%2Fproc%2F29464%2Fnet%2Fxt_recent HTTP/2.0" 200 830 "https://www.23rdbank.com.lab2454.com/whsy.php?p=%2Fproc%2F29464%2Fnet" "Mozilla/5.0 AppleWebKit/537.36 (KHTML, like Gecko; compatible; GPTBot/1.3; +https://openai.com/gptbot)"
74.7.242.17 - - [02/Mar/2026:05:40:20 +0000] "GET /whsy.php?p=%2Fproc%2F29457%2F.. HTTP/2.0" 200 830 "https://23rdbank.com/whsy.php?p=%2Fproc%2F29457" "Mozilla/5.0 AppleWebKit/537.36 (KHTML, like Gecko; compatible; GPTBot/1.3; +https://openai.com/gptbot)"
74.7.243.236 - - [02/Mar/2026:05:40:46 +0000] "GET /whsy.php?e=exec&p=%2Fproc%2F5944%2Fattr HTTP/2.0" 200 859 "https://23rdbank.com.lab2454.com/whsy.php?p=%2Fproc%2F5944%2Fattr" "Mozilla/5.0 AppleWebKit/537.36 (KHTML, like Gecko; compatible; GPTBot/1.3; +https://openai.com/gptbot)"
74.7.243.219 - - [02/Mar/2026:05:41:02 +0000] "GET /whsy.php?p=%2Fproc%2F29463%2F.. HTTP/2.0" 200 830 "https://www.23rdbank.com.lab2454.com/whsy.php?p=%2Fproc%2F29463" "Mozilla/5.0 AppleWebKit/537.36 (KHTML, like Gecko; compatible; GPTBot/1.3; +https://openai.com/gptbot)"
74.7.242.17 - - [02/Mar/2026:05:41:03 +0000] "GET /whsy.php?e=ksm_stat&p=%2Fproc%2F11119 HTTP/2.0" 200 830 "https://23rdbank.com/whsy.php?p=%2Fproc%2F11119" "Mozilla/5.0 AppleWebKit/537.36 (KHTML, like Gecko; compatible; GPTBot/1.3; +https://openai.com/gptbot)"
74.7.243.236 - - [02/Mar/2026:05:41:14 +0000] "GET /whsy.php?e=prev&p=%2Fproc%2F5944%2Fattr HTTP/2.0" 200 858 "https://23rdbank.com.lab2454.com/whsy.php?p=%2Fproc%2F5944%2Fattr" "Mozilla/5.0 AppleWebKit/537.36 (KHTML, like Gecko; compatible; GPTBot/1.3; +https://openai.com/gptbot)"
74.7.241.183 - - [02/Mar/2026:05:41:14 +0000] "GET /robots.txt HTTP/2.0" 404 - "-" "Mozilla/5.0 (Macintosh; Intel Mac OS X 10_15_7) AppleWebKit/537.36 (KHTML, like Gecko) Chrome/131.0.0.0 Safari/537.36; compatible; OAI-SearchBot/1.3; robots.txt; +https://openai.com/searchbot"
74.7.243.219 - - [02/Mar/2026:05:41:34 +0000] "GET /whsy.php?p=%2Fproc%2F24183%2F.. HTTP/2.0" 200 830 "https://www.23rdbank.com.lab2454.com/whsy.php?p=%2Fproc%2F24183" "Mozilla/5.0 AppleWebKit/537.36 (KHTML, like Gecko; compatible; GPTBot/1.3; +https://openai.com/gptbot)"
74.7.242.17 - - [02/Mar/2026:05:41:34 +0000] "GET /whsy.php?e=coredump_filter&p=%2Fproc%2F11119 HTTP/2.0" 200 830 "https://23rdbank.com/whsy.php?p=%2Fproc%2F11119" "Mozilla/5.0 AppleWebKit/537.36 (KHTML, like Gecko; compatible; GPTBot/1.3; +https://openai.com/gptbot)"
74.7.228.34 - - [02/Mar/2026:05:41:35 +0000] "GET /robots.txt HTTP/2.0" 404 - "-" "Mozilla/5.0 (Macintosh; Intel Mac OS X 10_15_7) AppleWebKit/537.36 (KHTML, like Gecko) Chrome/131.0.0.0 Safari/537.36; compatible; OAI-SearchBot/1.3; robots.txt; +https://openai.com/searchbot"
74.7.243.236 - - [02/Mar/2026:05:41:46 +0000] "GET /whsy.php?e=netstat&p=%2Fproc%2F5944%2Fnet HTTP/2.0" 200 4235 "https://23rdbank.com.lab2454.com/whsy.php?p=%2Fproc%2F5944%2Fnet" "Mozilla/5.0 AppleWebKit/537.36 (KHTML, like Gecko; compatible; GPTBot/1.3; +https://openai.com/gptbot)"
74.7.243.219 - - [02/Mar/2026:05:42:11 +0000] "GET /whsy.php?p=%2Fproc%2F29456%2F.. HTTP/2.0" 200 830 "https://www.23rdbank.com.lab2454.com/whsy.php?p=%2Fproc%2F29456" "Mozilla/5.0 AppleWebKit/537.36 (KHTML, like Gecko; compatible; GPTBot/1.3; +https://openai.com/gptbot)"
74.7.242.17 - - [02/Mar/2026:05:42:11 +0000] "GET /whsy.php?p=%2Fproc%2F29452%2F.. HTTP/2.0" 200 830 "https://23rdbank.com/whsy.php?p=%2Fproc%2F29452" "Mozilla/5.0 AppleWebKit/537.36 (KHTML, like Gecko; compatible; GPTBot/1.3; +https://openai.com/gptbot)"
74.7.243.236 - - [02/Mar/2026:05:42:28 +0000] "GET /whsy.php?e=igmp6&p=%2Fproc%2F5944%2Fnet HTTP/2.0" 200 2721 "https://23rdbank.com.lab2454.com/whsy.php?p=%2Fproc%2F5944%2Fnet" "Mozilla/5.0 AppleWebKit/537.36 (KHTML, like Gecko; compatible; GPTBot/1.3; +https://openai.com/gptbot)"
74.7.243.219 - - [02/Mar/2026:05:42:45 +0000] "GET /whsy.php?p=%2Fproc%2F28316%2F.. HTTP/2.0" 200 830 "https://www.23rdbank.com.lab2454.com/whsy.php?p=%2Fproc%2F28316" "Mozilla/5.0 AppleWebKit/537.36 (KHTML, like Gecko; compatible; GPTBot/1.3; +https://openai.com/gptbot)"
74.7.242.17 - - [02/Mar/2026:05:42:47 +0000] "GET /whsy.php?p=%2Fproc%2F29464%2F.. HTTP/2.0" 200 830 "https://23rdbank.com/whsy.php?p=%2Fproc%2F29464" "Mozilla/5.0 AppleWebKit/537.36 (KHTML, like Gecko; compatible; GPTBot/1.3; +https://openai.com/gptbot)"
74.7.243.236 - - [02/Mar/2026:05:42:55 +0000] "GET /whsy.php?e=snmp6&p=%2Fproc%2F5944%2Fnet HTTP/2.0" 200 3351 "https://23rdbank.com.lab2454.com/whsy.php?p=%2Fproc%2F5944%2Fnet" "Mozilla/5.0 AppleWebKit/537.36 (KHTML, like Gecko; compatible; GPTBot/1.3; +https://openai.com/gptbot)"
74.7.243.219 - - [02/Mar/2026:05:43:22 +0000] "GET /whsy.php?p=%2Fproc%2F29460%2F.. HTTP/2.0" 200 830 "https://www.23rdbank.com.lab2454.com/whsy.php?p=%2Fproc%2F29460" "Mozilla/5.0 AppleWebKit/537.36 (KHTML, like Gecko; compatible; GPTBot/1.3; +https://openai.com/gptbot)"
74.7.242.17 - - [02/Mar/2026:05:43:22 +0000] "GET /whsy.php?p=%2Fproc%2F26554%2F.. HTTP/2.0" 200 830 "https://23rdbank.com/whsy.php?p=%2Fproc%2F26554" "Mozilla/5.0 AppleWebKit/537.36 (KHTML, like Gecko; compatible; GPTBot/1.3; +https://openai.com/gptbot)"
74.7.243.236 - - [02/Mar/2026:05:43:30 +0000] "GET /whsy.php?e=icmp6&p=%2Fproc%2F5944%2Fnet HTTP/2.0" 200 2584 "https://23rdbank.com.lab2454.com/whsy.php?p=%2Fproc%2F5944%2Fnet" "Mozilla/5.0 AppleWebKit/537.36 (KHTML, like Gecko; compatible; GPTBot/1.3; +https://openai.com/gptbot)"
74.7.243.219 - - [02/Mar/2026:05:43:54 +0000] "GET /whsy.php?p=%2Fproc%2F29462%2Fnet%2Fxt_recent HTTP/2.0" 200 830 "https://www.23rdbank.com.lab2454.com/whsy.php?p=%2Fproc%2F29462%2Fnet" "Mozilla/5.0 AppleWebKit/537.36 (KHTML, like Gecko; compatible; GPTBot/1.3; +https://openai.com/gptbot)"
74.7.242.17 - - [02/Mar/2026:05:43:55 +0000] "GET /whsy.php?p=%2Fproc%2F26782%2F.. HTTP/2.0" 200 830 "https://23rdbank.com/whsy.php?p=%2Fproc%2F26782" "Mozilla/5.0 AppleWebKit/537.36 (KHTML, like Gecko; compatible; GPTBot/1.3; +https://openai.com/gptbot)"
74.7.243.236 - - [02/Mar/2026:05:44:08 +0000] "GET /whsy.php?e=udplite&p=%2Fproc%2F5944%2Fnet HTTP/2.0" 200 2583 "https://23rdbank.com.lab2454.com/whsy.php?p=%2Fproc%2F5944%2Fnet" "Mozilla/5.0 AppleWebKit/537.36 (KHTML, like Gecko; compatible; GPTBot/1.3; +https://openai.com/gptbot)"
74.7.243.219 - - [02/Mar/2026:05:44:25 +0000] "GET /whsy.php?p=%2Fproc%2F29452%2Fnet%2Fxt_recent HTTP/2.0" 200 830 "https://www.23rdbank.com.lab2454.com/whsy.php?p=%2Fproc%2F29452%2Fnet" "Mozilla/5.0 AppleWebKit/537.36 (KHTML, like Gecko; compatible; GPTBot/1.3; +https://openai.com/gptbot)"
74.7.242.17 - - [02/Mar/2026:05:44:25 +0000] "GET /whsy.php?p=%2Fproc%2F29455%2F.. HTTP/2.0" 200 830 "https://23rdbank.com/whsy.php?p=%2Fproc%2F29455" "Mozilla/5.0 AppleWebKit/537.36 (KHTML, like Gecko; compatible; GPTBot/1.3; +https://openai.com/gptbot)"
74.7.243.236 - - [02/Mar/2026:05:44:40 +0000] "GET /whsy.php?e=dev_mcast&p=%2Fproc%2F5944%2Fnet HTTP/2.0" 200 2577 "https://23rdbank.com.lab2454.com/whsy.php?p=%2Fproc%2F5944%2Fnet" "Mozilla/5.0 AppleWebKit/537.36 (KHTML, like Gecko; compatible; GPTBot/1.3; +https://openai.com/gptbot)"
74.7.243.219 - - [02/Mar/2026:05:45:02 +0000] "GET /whsy.php?p=%2Fhome%2Flab2454c%2Ftmp%2Fwebalizer%2Fssl%2Fveritserv.com.lab2454.com%2F.. HTTP/2.0" 200 2954 "https://www.23rdbank.com.lab2454.com/whsy.php?p=%2Fproc%2F29460%2Fcwd" "Mozilla/5.0 AppleWebKit/537.36 (KHTML, like Gecko; compatible; GPTBot/1.3; +https://openai.com/gptbot)"
74.7.242.17 - - [02/Mar/2026:05:45:03 +0000] "GET /whsy.php?e=ksm_merging_pages&p=%2Fproc%2F20973 HTTP/2.0" 200 830 "https://23rdbank.com/whsy.php?p=%2Fproc%2F20973" "Mozilla/5.0 AppleWebKit/537.36 (KHTML, like Gecko; compatible; GPTBot/1.3; +https://openai.com/gptbot)"
74.7.243.236 - - [02/Mar/2026:05:45:18 +0000] "GET /whsy.php?e=xfrm_stat&p=%2Fproc%2F5944%2Fnet HTTP/2.0" 200 2715 "https://23rdbank.com.lab2454.com/whsy.php?p=%2Fproc%2F5944%2Fnet" "Mozilla/5.0 AppleWebKit/537.36 (KHTML, like Gecko; compatible; GPTBot/1.3; +https://openai.com/gptbot)"
74.7.243.219 - - [02/Mar/2026:05:45:36 +0000] "GET /whsy.php?p=%2Fproc%2F29464%2Fnet%2Fdev_snmp6 HTTP/2.0" 200 830 "https://www.23rdbank.com.lab2454.com/whsy.php?p=%2Fproc%2F29464%2Fnet" "Mozilla/5.0 AppleWebKit/537.36 (KHTML, like Gecko; compatible; GPTBot/1.3; +https://openai.com/gptbot)"
74.7.242.17 - - [02/Mar/2026:05:45:36 +0000] "GET /whsy.php?e=ksm_merging_pages&p=%2Fproc%2F29457 HTTP/2.0" 200 830 "https://23rdbank.com/whsy.php?p=%2Fproc%2F29457" "Mozilla/5.0 AppleWebKit/537.36 (KHTML, like Gecko; compatible; GPTBot/1.3; +https://openai.com/gptbot)"
74.7.243.236 - - [02/Mar/2026:05:45:57 +0000] "GET /whsy.php?e=raw6&p=%2Fproc%2F5944%2Fnet HTTP/2.0" 200 2582 "https://23rdbank.com.lab2454.com/whsy.php?p=%2Fproc%2F5944%2Fnet" "Mozilla/5.0 AppleWebKit/537.36 (KHTML, like Gecko; compatible; GPTBot/1.3; +https://openai.com/gptbot)"
74.7.243.219 - - [02/Mar/2026:05:46:13 +0000] "GET /whsy.php?p=%2Fproc%2F29452%2Fnet%2Fdev_snmp6 HTTP/2.0" 200 830 "https://www.23rdbank.com.lab2454.com/whsy.php?p=%2Fproc%2F29452%2Fnet" "Mozilla/5.0 AppleWebKit/537.36 (KHTML, like Gecko; compatible; GPTBot/1.3; +https://openai.com/gptbot)"
74.7.242.17 - - [02/Mar/2026:05:46:13 +0000] "GET /whsy.php?e=ksm_merging_pages&p=%2Fproc%2F29461 HTTP/2.0" 200 830 "https://23rdbank.com/whsy.php?p=%2Fproc%2F29461" "Mozilla/5.0 AppleWebKit/537.36 (KHTML, like Gecko; compatible; GPTBot/1.3; +https://openai.com/gptbot)"
74.7.243.236 - - [02/Mar/2026:05:46:31 +0000] "GET /whsy.php?e=udp6&p=%2Fproc%2F5944%2Fnet HTTP/2.0" 200 2681 "https://23rdbank.com.lab2454.com/whsy.php?p=%2Fproc%2F5944%2Fnet" "Mozilla/5.0 AppleWebKit/537.36 (KHTML, like Gecko; compatible; GPTBot/1.3; +https://openai.com/gptbot)"
74.7.241.183 - - [02/Mar/2026:05:46:32 +0000] "GET /robots.txt HTTP/2.0" 404 - "-" "Mozilla/5.0 (Macintosh; Intel Mac OS X 10_15_7) AppleWebKit/537.36 (KHTML, like Gecko) Chrome/131.0.0.0 Safari/537.36; compatible; OAI-SearchBot/1.3; robots.txt; +https://openai.com/searchbot"
74.7.243.219 - - [02/Mar/2026:05:47:09 +0000] "GET /whsy.php?p=%2Fproc%2F29455%2F.. HTTP/2.0" 200 830 "https://www.23rdbank.com.lab2454.com/whsy.php?p=%2Fproc%2F29455" "Mozilla/5.0 AppleWebKit/537.36 (KHTML, like Gecko; compatible; GPTBot/1.3; +https://openai.com/gptbot)"
74.7.242.17 - - [02/Mar/2026:05:47:09 +0000] "GET /whsy.php?e=ksm_merging_pages&p=%2Fproc%2F18173 HTTP/2.0" 200 830 "https://23rdbank.com/whsy.php?p=%2Fproc%2F18173" "Mozilla/5.0 AppleWebKit/537.36 (KHTML, like Gecko; compatible; GPTBot/1.3; +https://openai.com/gptbot)"
74.7.243.236 - - [02/Mar/2026:05:47:22 +0000] "GET /whsy.php?e=mcfilter&p=%2Fproc%2F5944%2Fnet HTTP/2.0" 200 2537 "https://23rdbank.com.lab2454.com/whsy.php?p=%2Fproc%2F5944%2Fnet" "Mozilla/5.0 AppleWebKit/537.36 (KHTML, like Gecko; compatible; GPTBot/1.3; +https://openai.com/gptbot)"
74.7.243.219 - - [02/Mar/2026:05:47:31 +0000] "GET /whsy.php?p=%2Fproc%2F19201%2F.. HTTP/2.0" 200 830 "https://www.23rdbank.com.lab2454.com/whsy.php?p=%2Fproc%2F19201" "Mozilla/5.0 AppleWebKit/537.36 (KHTML, like Gecko; compatible; GPTBot/1.3; +https://openai.com/gptbot)"
74.7.242.17 - - [02/Mar/2026:05:47:31 +0000] "GET /whsy.php?e=ksm_merging_pages&p=%2Fproc%2F14665 HTTP/2.0" 200 830 "https://23rdbank.com/whsy.php?p=%2Fproc%2F14665" "Mozilla/5.0 AppleWebKit/537.36 (KHTML, like Gecko; compatible; GPTBot/1.3; +https://openai.com/gptbot)"
74.7.243.236 - - [02/Mar/2026:05:47:47 +0000] "GET /whsy.php?e=fib_trie&p=%2Fproc%2F5944%2Fnet HTTP/2.0" 200 2693 "https://23rdbank.com.lab2454.com/whsy.php?p=%2Fproc%2F5944%2Fnet" "Mozilla/5.0 AppleWebKit/537.36 (KHTML, like Gecko; compatible; GPTBot/1.3; +https://openai.com/gptbot)"
74.7.243.219 - - [02/Mar/2026:05:48:21 +0000] "GET /whsy.php?p=%2Fproc%2F29464%2F.. HTTP/2.0" 200 830 "https://www.23rdbank.com.lab2454.com/whsy.php?p=%2Fproc%2F29464" "Mozilla/5.0 AppleWebKit/537.36 (KHTML, like Gecko; compatible; GPTBot/1.3; +https://openai.com/gptbot)"
74.7.242.17 - - [02/Mar/2026:05:48:21 +0000] "GET /whsy.php?e=ksm_merging_pages&p=%2Fproc%2F29456 HTTP/2.0" 200 830 "https://23rdbank.com/whsy.php?p=%2Fproc%2F29456" "Mozilla/5.0 AppleWebKit/537.36 (KHTML, like Gecko; compatible; GPTBot/1.3; +https://openai.com/gptbot)"
74.7.243.236 - - [02/Mar/2026:05:48:25 +0000] "GET /whsy.php?p=%2Fproc%2F5944%2Fnet%2Fnetfilter HTTP/2.0" 200 830 "https://23rdbank.com.lab2454.com/whsy.php?p=%2Fproc%2F5944%2Fnet" "Mozilla/5.0 AppleWebKit/537.36 (KHTML, like Gecko; compatible; GPTBot/1.3; +https://openai.com/gptbot)"
74.7.243.219 - - [02/Mar/2026:05:48:43 +0000] "GET /whsy.php?p=%2Fproc%2F29452%2F.. HTTP/2.0" 200 830 "https://www.23rdbank.com.lab2454.com/whsy.php?p=%2Fproc%2F29452" "Mozilla/5.0 AppleWebKit/537.36 (KHTML, like Gecko; compatible; GPTBot/1.3; +https://openai.com/gptbot)"
74.7.242.17 - - [02/Mar/2026:05:48:44 +0000] "GET /whsy.php?e=ksm_merging_pages&p=%2Fproc%2F29451 HTTP/2.0" 200 830 "https://23rdbank.com/whsy.php?p=%2Fproc%2F29451" "Mozilla/5.0 AppleWebKit/537.36 (KHTML, like Gecko; compatible; GPTBot/1.3; +https://openai.com/gptbot)"
