74.7.243.216 - - [01/Mar/2026:16:01:02 +0000] "GET /whsy.php?e=timers&p=%2Fproc%2F20973 HTTP/2.0" 200 830 "https://23rdbank.com/whsy.php?p=%2Fproc%2F20973" "Mozilla/5.0 AppleWebKit/537.36 (KHTML, like Gecko; compatible; GPTBot/1.3; +https://openai.com/gptbot)"
74.7.241.39 - - [01/Mar/2026:16:01:08 +0000] "GET /whsy.php?p=%2Fproc%2F11146%2Ftask%2F9358%2Fattr%2F.. HTTP/2.0" 200 1800 "https://23rdbank.com.lab2454.com/whsy.php?p=%2Fproc%2F11146%2Ftask%2F9358%2Fattr" "Mozilla/5.0 AppleWebKit/537.36 (KHTML, like Gecko; compatible; GPTBot/1.3; +https://openai.com/gptbot)"
74.7.243.195 - - [01/Mar/2026:16:01:18 +0000] "GET /whsy.php?e=oom_score&p=%2Fproc%2F19201 HTTP/2.0" 200 830 "https://www.23rdbank.com.lab2454.com/whsy.php?p=%2Fproc%2F19201" "Mozilla/5.0 AppleWebKit/537.36 (KHTML, like Gecko; compatible; GPTBot/1.3; +https://openai.com/gptbot)"
74.7.241.39 - - [01/Mar/2026:16:01:30 +0000] "GET /whsy.php?p=%2Fproc%2F11146%2Ftask%2F9568%2Fattr HTTP/2.0" 200 818 "https://23rdbank.com.lab2454.com/whsy.php?p=%2Fproc%2F11146%2Ftask%2F9568" "Mozilla/5.0 AppleWebKit/537.36 (KHTML, like Gecko; compatible; GPTBot/1.3; +https://openai.com/gptbot)"
74.7.243.216 - - [01/Mar/2026:16:01:32 +0000] "GET /whsy.php?e=timers&p=%2Fproc%2F29457 HTTP/2.0" 200 830 "https://23rdbank.com/whsy.php?p=%2Fproc%2F29457" "Mozilla/5.0 AppleWebKit/537.36 (KHTML, like Gecko; compatible; GPTBot/1.3; +https://openai.com/gptbot)"
74.7.243.195 - - [01/Mar/2026:16:01:40 +0000] "GET /whsy.php?e=oom_score&p=%2Fproc%2F27696 HTTP/2.0" 200 830 "https://www.23rdbank.com.lab2454.com/whsy.php?p=%2Fproc%2F27696" "Mozilla/5.0 AppleWebKit/537.36 (KHTML, like Gecko; compatible; GPTBot/1.3; +https://openai.com/gptbot)"
74.7.241.39 - - [01/Mar/2026:16:01:52 +0000] "GET /whsy.php?p=%2Fproc%2F11146%2Ftask%2F9357%2Fattr%2F.. HTTP/2.0" 200 1802 "https://23rdbank.com.lab2454.com/whsy.php?p=%2Fproc%2F11146%2Ftask%2F9357%2Fattr" "Mozilla/5.0 AppleWebKit/537.36 (KHTML, like Gecko; compatible; GPTBot/1.3; +https://openai.com/gptbot)"
74.7.243.216 - - [01/Mar/2026:16:02:04 +0000] "GET /whsy.php?e=mounts&p=%2Fproc%2F26554 HTTP/2.0" 200 830 "https://23rdbank.com/whsy.php?p=%2Fproc%2F26554" "Mozilla/5.0 AppleWebKit/537.36 (KHTML, like Gecko; compatible; GPTBot/1.3; +https://openai.com/gptbot)"
74.7.243.195 - - [01/Mar/2026:16:02:04 +0000] "GET /whsy.php?e=oom_score&p=%2Fproc%2F29459 HTTP/2.0" 200 830 "https://www.23rdbank.com.lab2454.com/whsy.php?p=%2Fproc%2F29459" "Mozilla/5.0 AppleWebKit/537.36 (KHTML, like Gecko; compatible; GPTBot/1.3; +https://openai.com/gptbot)"
74.7.241.39 - - [01/Mar/2026:16:02:18 +0000] "GET /whsy.php?e=gid_map&p=%2Fproc%2F11146%2Ftask%2F9568 HTTP/2.0" 200 1885 "https://23rdbank.com.lab2454.com/whsy.php?p=%2Fproc%2F11146%2Ftask%2F9568" "Mozilla/5.0 AppleWebKit/537.36 (KHTML, like Gecko; compatible; GPTBot/1.3; +https://openai.com/gptbot)"
74.7.243.195 - - [01/Mar/2026:16:02:30 +0000] "GET /whsy.php?e=oom_score&p=%2Fproc%2F31382 HTTP/2.0" 200 830 "https://www.23rdbank.com.lab2454.com/whsy.php?p=%2Fproc%2F31382" "Mozilla/5.0 AppleWebKit/537.36 (KHTML, like Gecko; compatible; GPTBot/1.3; +https://openai.com/gptbot)"
74.7.243.216 - - [01/Mar/2026:16:02:41 +0000] "GET /whsy.php?e=mounts&p=%2Fproc%2F29455 HTTP/2.0" 200 830 "https://23rdbank.com/whsy.php?p=%2Fproc%2F29455" "Mozilla/5.0 AppleWebKit/537.36 (KHTML, like Gecko; compatible; GPTBot/1.3; +https://openai.com/gptbot)"
74.7.241.39 - - [01/Mar/2026:16:02:41 +0000] "GET /whsy.php?e=uid_map&p=%2Fproc%2F11146%2Ftask%2F9365 HTTP/2.0" 200 1884 "https://23rdbank.com.lab2454.com/whsy.php?p=%2Fproc%2F11146%2Ftask%2F9365" "Mozilla/5.0 AppleWebKit/537.36 (KHTML, like Gecko; compatible; GPTBot/1.3; +https://openai.com/gptbot)"
74.7.243.195 - - [01/Mar/2026:16:02:57 +0000] "GET /whsy.php?e=oom_score&p=%2Fproc%2F29455 HTTP/2.0" 200 830 "https://www.23rdbank.com.lab2454.com/whsy.php?p=%2Fproc%2F29455" "Mozilla/5.0 AppleWebKit/537.36 (KHTML, like Gecko; compatible; GPTBot/1.3; +https://openai.com/gptbot)"
74.7.241.39 - - [01/Mar/2026:16:03:10 +0000] "GET /whsy.php?e=oom_adj&p=%2Fproc%2F11146%2Ftask%2F9365 HTTP/2.0" 200 1870 "https://23rdbank.com.lab2454.com/whsy.php?p=%2Fproc%2F11146%2Ftask%2F9365" "Mozilla/5.0 AppleWebKit/537.36 (KHTML, like Gecko; compatible; GPTBot/1.3; +https://openai.com/gptbot)"
74.7.243.216 - - [01/Mar/2026:16:03:25 +0000] "GET /whsy.php?e=timers&p=%2Fproc%2F29461 HTTP/2.0" 200 830 "https://23rdbank.com/whsy.php?p=%2Fproc%2F29461" "Mozilla/5.0 AppleWebKit/537.36 (KHTML, like Gecko; compatible; GPTBot/1.3; +https://openai.com/gptbot)"
74.7.244.25 - - [01/Mar/2026:16:03:26 +0000] "GET /robots.txt HTTP/2.0" 404 - "-" "Mozilla/5.0 (Macintosh; Intel Mac OS X 10_15_7) AppleWebKit/537.36 (KHTML, like Gecko) Chrome/131.0.0.0 Safari/537.36; compatible; OAI-SearchBot/1.3; robots.txt; +https://openai.com/searchbot"
74.7.243.195 - - [01/Mar/2026:16:03:33 +0000] "GET /whsy.php?e=oom_score&p=%2Fproc%2F29464 HTTP/2.0" 200 830 "https://www.23rdbank.com.lab2454.com/whsy.php?p=%2Fproc%2F29464" "Mozilla/5.0 AppleWebKit/537.36 (KHTML, like Gecko; compatible; GPTBot/1.3; +https://openai.com/gptbot)"
74.7.241.39 - - [01/Mar/2026:16:03:47 +0000] "GET /whsy.php?e=uid_map&p=%2Fproc%2F11146%2Ftask%2F9568 HTTP/2.0" 200 1883 "https://23rdbank.com.lab2454.com/whsy.php?p=%2Fproc%2F11146%2Ftask%2F9568" "Mozilla/5.0 AppleWebKit/537.36 (KHTML, like Gecko; compatible; GPTBot/1.3; +https://openai.com/gptbot)"
74.7.243.195 - - [01/Mar/2026:16:04:06 +0000] "GET /whsy.php?e=sockstat&p=%2Fproc%2F29459%2Fnet HTTP/2.0" 200 830 "https://www.23rdbank.com.lab2454.com/whsy.php?p=%2Fproc%2F29459%2Fnet" "Mozilla/5.0 AppleWebKit/537.36 (KHTML, like Gecko; compatible; GPTBot/1.3; +https://openai.com/gptbot)"
74.7.243.216 - - [01/Mar/2026:16:04:21 +0000] "GET /whsy.php?e=status&p=%2Fproc%2F29451 HTTP/2.0" 200 830 "https://23rdbank.com/whsy.php?p=%2Fproc%2F29451" "Mozilla/5.0 AppleWebKit/537.36 (KHTML, like Gecko; compatible; GPTBot/1.3; +https://openai.com/gptbot)"
74.7.241.39 - - [01/Mar/2026:16:04:37 +0000] "GET /whsy.php?e=oom_adj&p=%2Fproc%2F11146%2Ftask%2F9568 HTTP/2.0" 200 1869 "https://23rdbank.com.lab2454.com/whsy.php?p=%2Fproc%2F11146%2Ftask%2F9568" "Mozilla/5.0 AppleWebKit/537.36 (KHTML, like Gecko; compatible; GPTBot/1.3; +https://openai.com/gptbot)"
74.7.244.51 - - [01/Mar/2026:16:04:37 +0000] "GET /robots.txt HTTP/2.0" 404 - "-" "Mozilla/5.0 (Macintosh; Intel Mac OS X 10_15_7) AppleWebKit/537.36 (KHTML, like Gecko) Chrome/131.0.0.0 Safari/537.36; compatible; OAI-SearchBot/1.3; robots.txt; +https://openai.com/searchbot"
74.7.243.195 - - [01/Mar/2026:16:04:59 +0000] "GET /whsy.php?e=netlink&p=%2Fproc%2F29462%2Fnet HTTP/2.0" 200 830 "https://www.23rdbank.com.lab2454.com/whsy.php?p=%2Fproc%2F29462%2Fnet" "Mozilla/5.0 AppleWebKit/537.36 (KHTML, like Gecko; compatible; GPTBot/1.3; +https://openai.com/gptbot)"
74.7.241.39 - - [01/Mar/2026:16:05:19 +0000] "GET /whsy.php?p=%2Fproc%2F11146%2Ftask%2F11063%2Fattr HTTP/2.0" 200 818 "https://23rdbank.com.lab2454.com/whsy.php?p=%2Fproc%2F11146%2Ftask%2F11063" "Mozilla/5.0 AppleWebKit/537.36 (KHTML, like Gecko; compatible; GPTBot/1.3; +https://openai.com/gptbot)"
74.7.243.216 - - [01/Mar/2026:16:05:48 +0000] "GET /whsy.php?e=status&p=%2Fproc%2F29457 HTTP/2.0" 200 830 "https://23rdbank.com/whsy.php?p=%2Fproc%2F29457" "Mozilla/5.0 AppleWebKit/537.36 (KHTML, like Gecko; compatible; GPTBot/1.3; +https://openai.com/gptbot)"
74.7.243.195 - - [01/Mar/2026:16:05:55 +0000] "GET /whsy.php?e=sockstat&p=%2Fproc%2F29464%2Fnet HTTP/2.0" 200 830 "https://www.23rdbank.com.lab2454.com/whsy.php?p=%2Fproc%2F29464%2Fnet" "Mozilla/5.0 AppleWebKit/537.36 (KHTML, like Gecko; compatible; GPTBot/1.3; +https://openai.com/gptbot)"
74.7.230.58 - - [01/Mar/2026:16:05:56 +0000] "GET /robots.txt HTTP/2.0" 404 - "-" "Mozilla/5.0 (Macintosh; Intel Mac OS X 10_15_7) AppleWebKit/537.36 (KHTML, like Gecko) Chrome/131.0.0.0 Safari/537.36; compatible; OAI-SearchBot/1.3; robots.txt; +https://openai.com/searchbot"
74.7.241.39 - - [01/Mar/2026:16:06:28 +0000] "GET /whsy.php?p=%2Fproc%2F11146%2Ftask%2F11063%2Fnet HTTP/2.0" 200 2466 "https://23rdbank.com.lab2454.com/whsy.php?p=%2Fproc%2F11146%2Ftask%2F11063" "Mozilla/5.0 AppleWebKit/537.36 (KHTML, like Gecko; compatible; GPTBot/1.3; +https://openai.com/gptbot)"
74.7.243.195 - - [01/Mar/2026:16:07:05 +0000] "GET /whsy.php?e=netlink&p=%2Fproc%2F29452%2Fnet HTTP/2.0" 200 830 "https://www.23rdbank.com.lab2454.com/whsy.php?p=%2Fproc%2F29452%2Fnet" "Mozilla/5.0 AppleWebKit/537.36 (KHTML, like Gecko; compatible; GPTBot/1.3; +https://openai.com/gptbot)"
74.7.243.216 - - [01/Mar/2026:16:08:11 +0000] "GET /whsy.php?e=timers&p=%2Fproc%2F29460 HTTP/2.0" 200 830 "https://23rdbank.com/whsy.php?p=%2Fproc%2F29460" "Mozilla/5.0 AppleWebKit/537.36 (KHTML, like Gecko; compatible; GPTBot/1.3; +https://openai.com/gptbot)"
74.7.241.39 - - [01/Mar/2026:16:08:04 +0000] "GET /whsy.php?p=%2Fproc%2F11146%2Ftask%2F11063%2Ffd HTTP/2.0" 200 1003991 "https://23rdbank.com.lab2454.com/whsy.php?p=%2Fproc%2F11146%2Ftask%2F11063" "Mozilla/5.0 AppleWebKit/537.36 (KHTML, like Gecko; compatible; GPTBot/1.3; +https://openai.com/gptbot)"
74.7.243.195 - - [01/Mar/2026:16:09:21 +0000] "GET /whsy.php?e=sockstat&p=%2Fproc%2F29455%2Fnet HTTP/2.0" 200 830 "https://www.23rdbank.com.lab2454.com/whsy.php?p=%2Fproc%2F29455%2Fnet" "Mozilla/5.0 AppleWebKit/537.36 (KHTML, like Gecko; compatible; GPTBot/1.3; +https://openai.com/gptbot)"
74.7.241.39 - - [01/Mar/2026:16:11:23 +0000] "GET /whsy.php?p=%2Fproc%2F11146%2Ftask%2F11063%2Fns HTTP/2.0" 200 911000 "https://23rdbank.com.lab2454.com/whsy.php?p=%2Fproc%2F11146%2Ftask%2F11063" "Mozilla/5.0 AppleWebKit/537.36 (KHTML, like Gecko; compatible; GPTBot/1.3; +https://openai.com/gptbot)"
74.7.244.51 - - [01/Mar/2026:16:11:53 +0000] "GET /robots.txt HTTP/2.0" 404 - "-" "Mozilla/5.0 (Macintosh; Intel Mac OS X 10_15_7) AppleWebKit/537.36 (KHTML, like Gecko) Chrome/131.0.0.0 Safari/537.36; compatible; OAI-SearchBot/1.3; robots.txt; +https://openai.com/searchbot"
74.7.243.195 - - [01/Mar/2026:16:13:42 +0000] "GET /whsy.php?e=mcfilter&p=%2Fproc%2F29464%2Fnet HTTP/2.0" 200 830 "https://www.23rdbank.com.lab2454.com/whsy.php?p=%2Fproc%2F29464%2Fnet" "Mozilla/5.0 AppleWebKit/537.36 (KHTML, like Gecko; compatible; GPTBot/1.3; +https://openai.com/gptbot)"
74.7.230.58 - - [01/Mar/2026:16:13:42 +0000] "GET /robots.txt HTTP/2.0" 404 - "-" "Mozilla/5.0 (Macintosh; Intel Mac OS X 10_15_7) AppleWebKit/537.36 (KHTML, like Gecko) Chrome/131.0.0.0 Safari/537.36; compatible; OAI-SearchBot/1.3; robots.txt; +https://openai.com/searchbot"
74.7.244.51 - - [01/Mar/2026:16:21:06 +0000] "GET /robots.txt HTTP/2.0" 404 - "-" "Mozilla/5.0 (Macintosh; Intel Mac OS X 10_15_7) AppleWebKit/537.36 (KHTML, like Gecko) Chrome/131.0.0.0 Safari/537.36; compatible; OAI-SearchBot/1.3; robots.txt; +https://openai.com/searchbot"
74.7.244.25 - - [01/Mar/2026:16:21:07 +0000] "GET /robots.txt HTTP/2.0" 404 - "-" "Mozilla/5.0 (Macintosh; Intel Mac OS X 10_15_7) AppleWebKit/537.36 (KHTML, like Gecko) Chrome/131.0.0.0 Safari/537.36; compatible; OAI-SearchBot/1.3; robots.txt; +https://openai.com/searchbot"
54.86.115.253 - - [01/Mar/2026:17:07:15 +0000] "GET / HTTP/1.1" 421 362 "-" "RecordedFuture Global Inventory Crawler"
206.189.83.212 - - [01/Mar/2026:18:05:36 +0000] "GET /wp-login.php HTTP/1.1" 404 - "-" "Mozilla/5.0 (X11; Linux x86_64) Gecko/20100101 Firefox/121.0"
206.189.83.212 - - [01/Mar/2026:18:05:36 +0000] "GET /administrator/ HTTP/1.1" 404 - "-" "Mozilla/5.0 (X11; Linux x86_64) Gecko/20100101 Firefox/122.0"
62.84.185.52 - - [01/Mar/2026:18:57:09 +0000] "GET /robots.txt HTTP/1.1" 404 - "-" "Mozilla/5.0 (compatible; MJ12bot/v1.4.8; http://mj12bot.com/)"
62.84.185.52 - - [01/Mar/2026:18:57:11 +0000] "GET /whsy.php?e=.htaccess&p=/home/lab2454c/biocei.com/wp-includes/block-supports HTTP/1.1" 200 1472 "-" "Mozilla/5.0 (compatible; MJ12bot/v1.4.8; http://mj12bot.com/)"
62.84.185.52 - - [01/Mar/2026:18:57:12 +0000] "GET /whsy.php?e=.htaccess&p=/home/lab2454c/climatefinancebank.com/wp-includes/assets HTTP/1.1" 200 1078 "-" "Mozilla/5.0 (compatible; MJ12bot/v1.4.8; http://mj12bot.com/)"
62.84.185.52 - - [01/Mar/2026:18:57:14 +0000] "GET /whsy.php?e=.htaccess&p=/home/lab2454c/invest.equitablebarter.com/wp-includes/theme-compat HTTP/1.1" 200 1166 "-" "Mozilla/5.0 (compatible; MJ12bot/v1.4.8; http://mj12bot.com/)"
62.84.185.52 - - [01/Mar/2026:18:57:16 +0000] "GET /whsy.php?e=.htaccess&p=/home/lab2454c/invest.equitablebarter.com/wp-includes/widgets HTTP/1.1" 200 1506 "-" "Mozilla/5.0 (compatible; MJ12bot/v1.4.8; http://mj12bot.com/)"
62.84.185.52 - - [01/Mar/2026:18:57:17 +0000] "GET /whsy.php?e=.htaccess&p=/home/lab2454c/isaaclondston.com/wp-includes/fonts HTTP/1.1" 200 1207 "-" "Mozilla/5.0 (compatible; MJ12bot/v1.4.8; http://mj12bot.com/)"
62.84.185.52 - - [01/Mar/2026:18:57:19 +0000] "GET /whsy.php?e=.htaccess&p=/home/lab2454c/isaaclondston.com/wp-includes/images HTTP/1.1" 200 1678 "-" "Mozilla/5.0 (compatible; MJ12bot/v1.4.8; http://mj12bot.com/)"
62.84.185.52 - - [01/Mar/2026:18:57:21 +0000] "GET /whsy.php?e=.htaccess&p=/home/lab2454c/isaaclondston.com/wp-includes/js HTTP/1.1" 200 3822 "-" "Mozilla/5.0 (compatible; MJ12bot/v1.4.8; http://mj12bot.com/)"
62.84.185.52 - - [01/Mar/2026:18:57:22 +0000] "GET /whsy.php?e=.htaccess&p=/home/lab2454c/isaaclondston.com/wp-includes/pomo HTTP/1.1" 200 1070 "-" "Mozilla/5.0 (compatible; MJ12bot/v1.4.8; http://mj12bot.com/)"
62.84.185.52 - - [01/Mar/2026:18:57:24 +0000] "GET /whsy.php?e=.htaccess&p=/home/lab2454c/isaaclondston.com/wp-includes/rest-api HTTP/1.1" 200 1012 "-" "Mozilla/5.0 (compatible; MJ12bot/v1.4.8; http://mj12bot.com/)"
62.84.185.52 - - [01/Mar/2026:18:57:26 +0000] "GET /whsy.php?e=.htaccess&p=/home/lab2454c/isaaclondston.com/wp-includes/sitemaps HTTP/1.1" 200 1076 "-" "Mozilla/5.0 (compatible; MJ12bot/v1.4.8; http://mj12bot.com/)"
62.84.185.52 - - [01/Mar/2026:18:57:27 +0000] "GET /whsy.php?e=.htaccess&p=/home/lab2454c/isaaclondston.com/wp-includes/sodium_compat HTTP/1.1" 200 1032 "-" "Mozilla/5.0 (compatible; MJ12bot/v1.4.8; http://mj12bot.com/)"
62.84.185.52 - - [01/Mar/2026:18:57:29 +0000] "GET /whsy.php?e=.htaccess&p=/home/lab2454c/isaaclondston.com/wp-includes/widgets HTTP/1.1" 200 1587 "-" "Mozilla/5.0 (compatible; MJ12bot/v1.4.8; http://mj12bot.com/)"
62.84.185.52 - - [01/Mar/2026:18:57:30 +0000] "GET /whsy.php?e=.htaccess&p=/home/lab2454c/nfsin.com/wp-includes/Requests HTTP/1.1" 200 913 "-" "Mozilla/5.0 (compatible; MJ12bot/v1.4.8; http://mj12bot.com/)"
62.84.185.52 - - [01/Mar/2026:18:57:32 +0000] "GET /whsy.php?e=1700466506.M676131P20755.node3636.myfcloud.com,S=2574,W=2650&p=/home/lab2454c/mail/internationalminersbank.com/info/new HTTP/1.1" 200 12378 "-" "Mozilla/5.0 (compatible; MJ12bot/v1.4.8; http://mj12bot.com/)"
62.84.185.52 - - [01/Mar/2026:18:57:34 +0000] "GET /whsy.php?e=1700466506.M781768P20755.node3636.myfcloud.com,S=2579,W=2655&p=/home/lab2454c/mail/internationalminersbank.com/info/new HTTP/1.1" 200 12375 "-" "Mozilla/5.0 (compatible; MJ12bot/v1.4.8; http://mj12bot.com/)"
62.84.185.52 - - [01/Mar/2026:18:57:35 +0000] "GET /whsy.php?e=1700466506.M887367P20755.node3636.myfcloud.com,S=2586,W=2662&p=/home/lab2454c/mail/internationalminersbank.com/info/new HTTP/1.1" 200 12379 "-" "Mozilla/5.0 (compatible; MJ12bot/v1.4.8; http://mj12bot.com/)"
62.84.185.52 - - [01/Mar/2026:18:57:37 +0000] "GET /whsy.php?e=1700466506.M991380P20755.node3636.myfcloud.com,S=2581,W=2657&p=/home/lab2454c/mail/internationalminersbank.com/info/new HTTP/1.1" 200 12379 "-" "Mozilla/5.0 (compatible; MJ12bot/v1.4.8; http://mj12bot.com/)"
62.84.185.52 - - [01/Mar/2026:18:57:39 +0000] "GET /whsy.php?e=1700466507.M103303P20755.node3636.myfcloud.com,S=2585,W=2661&p=/home/lab2454c/mail/internationalminersbank.com/info/new HTTP/1.1" 200 12382 "-" "Mozilla/5.0 (compatible; MJ12bot/v1.4.8; http://mj12bot.com/)"
62.84.185.52 - - [01/Mar/2026:18:57:40 +0000] "GET /whsy.php?e=1700466507.M207970P20755.node3636.myfcloud.com,S=2590,W=2666&p=/home/lab2454c/mail/internationalminersbank.com/info/new HTTP/1.1" 200 12384 "-" "Mozilla/5.0 (compatible; MJ12bot/v1.4.8; http://mj12bot.com/)"
62.84.185.52 - - [01/Mar/2026:18:57:42 +0000] "GET /whsy.php?e=1700466507.M521459P20755.node3636.myfcloud.com,S=2586,W=2662&p=/home/lab2454c/mail/internationalminersbank.com/info/new HTTP/1.1" 200 12378 "-" "Mozilla/5.0 (compatible; MJ12bot/v1.4.8; http://mj12bot.com/)"
62.84.185.52 - - [01/Mar/2026:18:57:44 +0000] "GET /whsy.php?e=1700466507.M626359P20755.node3636.myfcloud.com,S=2574,W=2650&p=/home/lab2454c/mail/internationalminersbank.com/info/new HTTP/1.1" 200 12374 "-" "Mozilla/5.0 (compatible; MJ12bot/v1.4.8; http://mj12bot.com/)"
62.84.185.52 - - [01/Mar/2026:18:57:45 +0000] "GET /whsy.php?e=1700466507.M730856P20755.node3636.myfcloud.com,S=2590,W=2666&p=/home/lab2454c/mail/internationalminersbank.com/info/new HTTP/1.1" 200 12382 "-" "Mozilla/5.0 (compatible; MJ12bot/v1.4.8; http://mj12bot.com/)"
62.84.185.52 - - [01/Mar/2026:18:57:47 +0000] "GET /whsy.php?e=1700466507.M941580P20755.node3636.myfcloud.com,S=2585,W=2661&p=/home/lab2454c/mail/internationalminersbank.com/info/new HTTP/1.1" 200 12385 "-" "Mozilla/5.0 (compatible; MJ12bot/v1.4.8; http://mj12bot.com/)"
62.84.185.52 - - [01/Mar/2026:18:57:49 +0000] "GET /whsy.php?e=1700466508.M165914P20755.node3636.myfcloud.com,S=2580,W=2656&p=/home/lab2454c/mail/internationalminersbank.com/info/new HTTP/1.1" 200 12387 "-" "Mozilla/5.0 (compatible; MJ12bot/v1.4.8; http://mj12bot.com/)"
62.84.185.52 - - [01/Mar/2026:18:57:50 +0000] "GET /whsy.php?e=1700466508.M273452P20755.node3636.myfcloud.com,S=2581,W=2657&p=/home/lab2454c/mail/internationalminersbank.com/info/new HTTP/1.1" 200 12382 "-" "Mozilla/5.0 (compatible; MJ12bot/v1.4.8; http://mj12bot.com/)"
62.84.185.52 - - [01/Mar/2026:18:58:58 +0000] "GET /whsy.php?e=1700466508.M588652P20755.node3636.myfcloud.com,S=2569,W=2645&p=/home/lab2454c/mail/internationalminersbank.com/info/new HTTP/1.1" 200 12372 "-" "Mozilla/5.0 (compatible; MJ12bot/v1.4.8; http://mj12bot.com/)"
62.84.185.52 - - [01/Mar/2026:18:58:59 +0000] "GET /whsy.php?e=1700466514.M291975P20755.node3636.myfcloud.com,S=2578,W=2654&p=/home/lab2454c/mail/internationalminersbank.com/info/new HTTP/1.1" 200 12379 "-" "Mozilla/5.0 (compatible; MJ12bot/v1.4.8; http://mj12bot.com/)"
62.84.185.52 - - [01/Mar/2026:18:59:01 +0000] "GET /whsy.php?e=1700466514.M504679P20755.node3636.myfcloud.com,S=2569,W=2645&p=/home/lab2454c/mail/internationalminersbank.com/info/new HTTP/1.1" 200 12370 "-" "Mozilla/5.0 (compatible; MJ12bot/v1.4.8; http://mj12bot.com/)"
62.84.185.52 - - [01/Mar/2026:18:59:02 +0000] "GET /whsy.php?e=1700466514.M607532P20755.node3636.myfcloud.com,S=2569,W=2645&p=/home/lab2454c/mail/internationalminersbank.com/info/new HTTP/1.1" 200 12370 "-" "Mozilla/5.0 (compatible; MJ12bot/v1.4.8; http://mj12bot.com/)"
62.84.185.52 - - [01/Mar/2026:18:59:04 +0000] "GET /whsy.php?e=1700466514.M712684P20755.node3636.myfcloud.com,S=2578,W=2654&p=/home/lab2454c/mail/internationalminersbank.com/info/new HTTP/1.1" 200 12377 "-" "Mozilla/5.0 (compatible; MJ12bot/v1.4.8; http://mj12bot.com/)"
62.84.185.52 - - [01/Mar/2026:18:59:06 +0000] "GET /whsy.php?e=1700466514.M76782P20755.node3636.myfcloud.com,S=2585,W=2661&p=/home/lab2454c/mail/internationalminersbank.com/info/new HTTP/1.1" 200 12384 "-" "Mozilla/5.0 (compatible; MJ12bot/v1.4.8; http://mj12bot.com/)"
62.84.185.52 - - [01/Mar/2026:18:59:07 +0000] "GET /whsy.php?e=1700466514.M817511P20755.node3636.myfcloud.com,S=2574,W=2650&p=/home/lab2454c/mail/internationalminersbank.com/info/new HTTP/1.1" 200 12381 "-" "Mozilla/5.0 (compatible; MJ12bot/v1.4.8; http://mj12bot.com/)"
62.84.185.52 - - [01/Mar/2026:18:59:09 +0000] "GET /whsy.php?e=1700466514.M922657P20755.node3636.myfcloud.com,S=2574,W=2650&p=/home/lab2454c/mail/internationalminersbank.com/info/new HTTP/1.1" 200 12375 "-" "Mozilla/5.0 (compatible; MJ12bot/v1.4.8; http://mj12bot.com/)"
62.84.185.52 - - [01/Mar/2026:18:59:11 +0000] "GET /whsy.php?e=1700466515.M132976P20755.node3636.myfcloud.com,S=2569,W=2645&p=/home/lab2454c/mail/internationalminersbank.com/info/new HTTP/1.1" 200 12373 "-" "Mozilla/5.0 (compatible; MJ12bot/v1.4.8; http://mj12bot.com/)"
62.84.185.52 - - [01/Mar/2026:18:59:12 +0000] "GET /whsy.php?e=1700466515.M251769P20755.node3636.myfcloud.com,S=2569,W=2645&p=/home/lab2454c/mail/internationalminersbank.com/info/new HTTP/1.1" 200 12372 "-" "Mozilla/5.0 (compatible; MJ12bot/v1.4.8; http://mj12bot.com/)"
62.84.185.52 - - [01/Mar/2026:18:59:14 +0000] "GET /whsy.php?e=1700466515.M29033P20755.node3636.myfcloud.com,S=2590,W=2666&p=/home/lab2454c/mail/internationalminersbank.com/info/new HTTP/1.1" 200 12384 "-" "Mozilla/5.0 (compatible; MJ12bot/v1.4.8; http://mj12bot.com/)"
62.84.185.52 - - [01/Mar/2026:18:59:16 +0000] "GET /whsy.php?e=1700466515.M357960P20755.node3636.myfcloud.com,S=2574,W=2650&p=/home/lab2454c/mail/internationalminersbank.com/info/new HTTP/1.1" 200 12381 "-" "Mozilla/5.0 (compatible; MJ12bot/v1.4.8; http://mj12bot.com/)"
62.84.185.52 - - [01/Mar/2026:18:59:17 +0000] "GET /whsy.php?e=1700466515.M461678P20755.node3636.myfcloud.com,S=2578,W=2654&p=/home/lab2454c/mail/internationalminersbank.com/info/new HTTP/1.1" 200 12376 "-" "Mozilla/5.0 (compatible; MJ12bot/v1.4.8; http://mj12bot.com/)"
62.84.185.52 - - [01/Mar/2026:18:59:19 +0000] "GET /whsy.php?e=1700466515.M567438P20755.node3636.myfcloud.com,S=2574,W=2650&p=/home/lab2454c/mail/internationalminersbank.com/info/new HTTP/1.1" 200 12374 "-" "Mozilla/5.0 (compatible; MJ12bot/v1.4.8; http://mj12bot.com/)"
62.84.185.52 - - [01/Mar/2026:18:59:20 +0000] "GET /whsy.php?e=1700466515.M674298P20755.node3636.myfcloud.com,S=2590,W=2666&p=/home/lab2454c/mail/internationalminersbank.com/info/new HTTP/1.1" 200 12382 "-" "Mozilla/5.0 (compatible; MJ12bot/v1.4.8; http://mj12bot.com/)"
62.84.185.52 - - [01/Mar/2026:18:59:22 +0000] "GET /whsy.php?e=1700466515.M887754P20755.node3636.myfcloud.com,S=2578,W=2654&p=/home/lab2454c/mail/internationalminersbank.com/info/new HTTP/1.1" 200 12381 "-" "Mozilla/5.0 (compatible; MJ12bot/v1.4.8; http://mj12bot.com/)"
62.84.185.52 - - [01/Mar/2026:18:59:24 +0000] "GET /whsy.php?e=1700466515.M996314P20755.node3636.myfcloud.com,S=2578,W=2654&p=/home/lab2454c/mail/internationalminersbank.com/info/new HTTP/1.1" 200 12377 "-" "Mozilla/5.0 (compatible; MJ12bot/v1.4.8; http://mj12bot.com/)"
62.84.185.52 - - [01/Mar/2026:18:59:25 +0000] "GET /whsy.php?e=1700466516.M103392P20755.node3636.myfcloud.com,S=2579,W=2655&p=/home/lab2454c/mail/internationalminersbank.com/info/new HTTP/1.1" 200 12377 "-" "Mozilla/5.0 (compatible; MJ12bot/v1.4.8; http://mj12bot.com/)"
62.84.185.52 - - [01/Mar/2026:18:59:27 +0000] "GET /whsy.php?e=1700466516.M210551P20755.node3636.myfcloud.com,S=2586,W=2662&p=/home/lab2454c/mail/internationalminersbank.com/info/new HTTP/1.1" 200 12379 "-" "Mozilla/5.0 (compatible; MJ12bot/v1.4.8; http://mj12bot.com/)"
62.84.185.52 - - [01/Mar/2026:18:59:29 +0000] "GET /whsy.php?e=1700466516.M323994P20755.node3636.myfcloud.com,S=2585,W=2661&p=/home/lab2454c/mail/internationalminersbank.com/info/new HTTP/1.1" 200 12383 "-" "Mozilla/5.0 (compatible; MJ12bot/v1.4.8; http://mj12bot.com/)"
62.84.185.52 - - [01/Mar/2026:18:59:30 +0000] "GET /whsy.php?e=1700466516.M431455P20755.node3636.myfcloud.com,S=2578,W=2654&p=/home/lab2454c/mail/internationalminersbank.com/info/new HTTP/1.1" 200 12376 "-" "Mozilla/5.0 (compatible; MJ12bot/v1.4.8; http://mj12bot.com/)"
62.84.185.52 - - [01/Mar/2026:18:59:32 +0000] "GET /whsy.php?e=1700466516.M544405P20755.node3636.myfcloud.com,S=2574,W=2650&p=/home/lab2454c/mail/internationalminersbank.com/info/new HTTP/1.1" 200 12376 "-" "Mozilla/5.0 (compatible; MJ12bot/v1.4.8; http://mj12bot.com/)"
62.84.185.52 - - [01/Mar/2026:18:59:33 +0000] "GET /whsy.php?e=1700466516.M665930P20755.node3636.myfcloud.com,S=2574,W=2650&p=/home/lab2454c/mail/internationalminersbank.com/info/new HTTP/1.1" 200 12376 "-" "Mozilla/5.0 (compatible; MJ12bot/v1.4.8; http://mj12bot.com/)"
62.84.185.52 - - [01/Mar/2026:18:59:35 +0000] "GET /whsy.php?e=1700466516.M770169P20755.node3636.myfcloud.com,S=2569,W=2645&p=/home/lab2454c/mail/internationalminersbank.com/info/new HTTP/1.1" 200 12373 "-" "Mozilla/5.0 (compatible; MJ12bot/v1.4.8; http://mj12bot.com/)"
62.84.185.52 - - [01/Mar/2026:18:59:37 +0000] "GET /whsy.php?e=1700466516.M876017P20755.node3636.myfcloud.com,S=2590,W=2666&p=/home/lab2454c/mail/internationalminersbank.com/info/new HTTP/1.1" 200 12380 "-" "Mozilla/5.0 (compatible; MJ12bot/v1.4.8; http://mj12bot.com/)"
62.84.185.52 - - [01/Mar/2026:18:59:38 +0000] "GET /whsy.php?e=1700466516.M982276P20755.node3636.myfcloud.com,S=2585,W=2661&p=/home/lab2454c/mail/internationalminersbank.com/info/new HTTP/1.1" 200 12384 "-" "Mozilla/5.0 (compatible; MJ12bot/v1.4.8; http://mj12bot.com/)"
62.84.185.52 - - [01/Mar/2026:18:59:40 +0000] "GET /whsy.php?e=1700466517.M194652P20755.node3636.myfcloud.com,S=2574,W=2650&p=/home/lab2454c/mail/internationalminersbank.com/info/new HTTP/1.1" 200 12378 "-" "Mozilla/5.0 (compatible; MJ12bot/v1.4.8; http://mj12bot.com/)"
62.84.185.52 - - [01/Mar/2026:18:59:42 +0000] "GET /whsy.php?e=1700466517.M299893P20755.node3636.myfcloud.com,S=2586,W=2662&p=/home/lab2454c/mail/internationalminersbank.com/info/new HTTP/1.1" 200 12380 "-" "Mozilla/5.0 (compatible; MJ12bot/v1.4.8; http://mj12bot.com/)"
62.84.185.52 - - [01/Mar/2026:18:59:43 +0000] "GET /whsy.php?e=1700466517.M417387P20755.node3636.myfcloud.com,S=2576,W=2652&p=/home/lab2454c/mail/internationalminersbank.com/info/new HTTP/1.1" 200 12373 "-" "Mozilla/5.0 (compatible; MJ12bot/v1.4.8; http://mj12bot.com/)"
62.84.185.52 - - [01/Mar/2026:18:59:45 +0000] "GET /whsy.php?e=1700466517.M525506P20755.node3636.myfcloud.com,S=2574,W=2650&p=/home/lab2454c/mail/internationalminersbank.com/info/new HTTP/1.1" 200 12376 "-" "Mozilla/5.0 (compatible; MJ12bot/v1.4.8; http://mj12bot.com/)"
62.84.185.52 - - [01/Mar/2026:18:59:47 +0000] "GET /whsy.php?e=1700466517.M632688P20755.node3636.myfcloud.com,S=2585,W=2661&p=/home/lab2454c/mail/internationalminersbank.com/info/new HTTP/1.1" 200 12384 "-" "Mozilla/5.0 (compatible; MJ12bot/v1.4.8; http://mj12bot.com/)"
62.84.185.52 - - [01/Mar/2026:18:59:48 +0000] "GET /whsy.php?e=1700466517.M746056P20755.node3636.myfcloud.com,S=2574,W=2650&p=/home/lab2454c/mail/internationalminersbank.com/info/new HTTP/1.1" 200 12376 "-" "Mozilla/5.0 (compatible; MJ12bot/v1.4.8; http://mj12bot.com/)"
62.84.185.52 - - [01/Mar/2026:18:59:50 +0000] "GET /whsy.php?e=1700466517.M851201P20755.node3636.myfcloud.com,S=2573,W=2649&p=/home/lab2454c/mail/internationalminersbank.com/info/new HTTP/1.1" 200 12380 "-" "Mozilla/5.0 (compatible; MJ12bot/v1.4.8; http://mj12bot.com/)"
62.84.185.52 - - [01/Mar/2026:18:59:52 +0000] "GET /whsy.php?e=1700466517.M87895P20755.node3636.myfcloud.com,S=2569,W=2645&p=/home/lab2454c/mail/internationalminersbank.com/info/new HTTP/1.1" 200 12376 "-" "Mozilla/5.0 (compatible; MJ12bot/v1.4.8; http://mj12bot.com/)"
62.84.185.52 - - [01/Mar/2026:18:59:53 +0000] "GET /whsy.php?e=1700466517.M959513P20755.node3636.myfcloud.com,S=2574,W=2650&p=/home/lab2454c/mail/internationalminersbank.com/info/new HTTP/1.1" 200 12372 "-" "Mozilla/5.0 (compatible; MJ12bot/v1.4.8; http://mj12bot.com/)"
62.84.185.52 - - [01/Mar/2026:18:59:55 +0000] "GET /whsy.php?e=1700466518.M171713P20755.node3636.myfcloud.com,S=2586,W=2662&p=/home/lab2454c/mail/internationalminersbank.com/info/new HTTP/1.1" 200 12377 "-" "Mozilla/5.0 (compatible; MJ12bot/v1.4.8; http://mj12bot.com/)"
62.84.185.52 - - [01/Mar/2026:18:59:57 +0000] "GET /whsy.php?e=1700466518.M274885P20755.node3636.myfcloud.com,S=2576,W=2652&p=/home/lab2454c/mail/internationalminersbank.com/info/new HTTP/1.1" 200 12381 "-" "Mozilla/5.0 (compatible; MJ12bot/v1.4.8; http://mj12bot.com/)"
62.84.185.52 - - [01/Mar/2026:18:59:58 +0000] "GET /whsy.php?e=1700466518.M381922P20755.node3636.myfcloud.com,S=2590,W=2666&p=/home/lab2454c/mail/internationalminersbank.com/info/new HTTP/1.1" 200 12380 "-" "Mozilla/5.0 (compatible; MJ12bot/v1.4.8; http://mj12bot.com/)"
62.84.185.52 - - [01/Mar/2026:19:00:00 +0000] "GET /whsy.php?e=1700466518.M488894P20755.node3636.myfcloud.com,S=2590,W=2666&p=/home/lab2454c/mail/internationalminersbank.com/info/new HTTP/1.1" 200 12384 "-" "Mozilla/5.0 (compatible; MJ12bot/v1.4.8; http://mj12bot.com/)"
62.84.185.52 - - [01/Mar/2026:19:00:02 +0000] "GET /whsy.php?e=1700466518.M594742P20755.node3636.myfcloud.com,S=2581,W=2657&p=/home/lab2454c/mail/internationalminersbank.com/info/new HTTP/1.1" 200 12381 "-" "Mozilla/5.0 (compatible; MJ12bot/v1.4.8; http://mj12bot.com/)"
62.84.185.52 - - [01/Mar/2026:19:00:03 +0000] "GET /whsy.php?e=1700466518.M63599P20755.node3636.myfcloud.com,S=2569,W=2645&p=/home/lab2454c/mail/internationalminersbank.com/info/new HTTP/1.1" 200 12356 "-" "Mozilla/5.0 (compatible; MJ12bot/v1.4.8; http://mj12bot.com/)"
62.84.185.52 - - [01/Mar/2026:19:00:05 +0000] "GET /whsy.php?e=1700466518.M700364P20755.node3636.myfcloud.com,S=2574,W=2650&p=/home/lab2454c/mail/internationalminersbank.com/info/new HTTP/1.1" 200 12376 "-" "Mozilla/5.0 (compatible; MJ12bot/v1.4.8; http://mj12bot.com/)"
62.84.185.52 - - [01/Mar/2026:19:00:07 +0000] "GET /whsy.php?e=1700466518.M803691P20755.node3636.myfcloud.com,S=2568,W=2644&p=/home/lab2454c/mail/internationalminersbank.com/info/new HTTP/1.1" 200 12371 "-" "Mozilla/5.0 (compatible; MJ12bot/v1.4.8; http://mj12bot.com/)"
62.84.185.52 - - [01/Mar/2026:19:00:08 +0000] "GET /whsy.php?e=1700466518.M909323P20755.node3636.myfcloud.com,S=2579,W=2655&p=/home/lab2454c/mail/internationalminersbank.com/info/new HTTP/1.1" 200 12375 "-" "Mozilla/5.0 (compatible; MJ12bot/v1.4.8; http://mj12bot.com/)"
62.84.185.52 - - [01/Mar/2026:19:00:10 +0000] "GET /whsy.php?e=1700466519.M123852P20755.node3636.myfcloud.com,S=2573,W=2649&p=/home/lab2454c/mail/internationalminersbank.com/info/new HTTP/1.1" 200 12375 "-" "Mozilla/5.0 (compatible; MJ12bot/v1.4.8; http://mj12bot.com/)"
62.84.185.52 - - [01/Mar/2026:19:00:12 +0000] "GET /whsy.php?e=1700466519.M14153P20755.node3636.myfcloud.com,S=2569,W=2645&p=/home/lab2454c/mail/internationalminersbank.com/info/new HTTP/1.1" 200 12374 "-" "Mozilla/5.0 (compatible; MJ12bot/v1.4.8; http://mj12bot.com/)"
62.84.185.52 - - [01/Mar/2026:19:00:13 +0000] "GET /whsy.php?e=1700466519.M232379P20755.node3636.myfcloud.com,S=2579,W=2655&p=/home/lab2454c/mail/internationalminersbank.com/info/new HTTP/1.1" 200 12374 "-" "Mozilla/5.0 (compatible; MJ12bot/v1.4.8; http://mj12bot.com/)"
62.84.185.52 - - [01/Mar/2026:19:00:15 +0000] "GET /whsy.php?e=1700466519.M337721P20755.node3636.myfcloud.com,S=2585,W=2661&p=/home/lab2454c/mail/internationalminersbank.com/info/new HTTP/1.1" 200 12385 "-" "Mozilla/5.0 (compatible; MJ12bot/v1.4.8; http://mj12bot.com/)"
62.84.185.52 - - [01/Mar/2026:19:00:17 +0000] "GET /whsy.php?e=1700466519.M442376P20755.node3636.myfcloud.com,S=2586,W=2662&p=/home/lab2454c/mail/internationalminersbank.com/info/new HTTP/1.1" 200 12380 "-" "Mozilla/5.0 (compatible; MJ12bot/v1.4.8; http://mj12bot.com/)"
62.84.185.52 - - [01/Mar/2026:19:00:19 +0000] "GET /whsy.php?e=1700466519.M548133P20755.node3636.myfcloud.com,S=2574,W=2650&p=/home/lab2454c/mail/internationalminersbank.com/info/new HTTP/1.1" 200 12373 "-" "Mozilla/5.0 (compatible; MJ12bot/v1.4.8; http://mj12bot.com/)"
62.84.185.52 - - [01/Mar/2026:19:00:20 +0000] "GET /whsy.php?e=1700466519.M656378P20755.node3636.myfcloud.com,S=2579,W=2655&p=/home/lab2454c/mail/internationalminersbank.com/info/new HTTP/1.1" 200 12375 "-" "Mozilla/5.0 (compatible; MJ12bot/v1.4.8; http://mj12bot.com/)"
62.84.185.52 - - [01/Mar/2026:19:00:22 +0000] "GET /whsy.php?e=1700466519.M763021P20755.node3636.myfcloud.com,S=2586,W=2662&p=/home/lab2454c/mail/internationalminersbank.com/info/new HTTP/1.1" 200 12381 "-" "Mozilla/5.0 (compatible; MJ12bot/v1.4.8; http://mj12bot.com/)"
62.84.185.52 - - [01/Mar/2026:19:00:24 +0000] "GET /whsy.php?e=1700466519.M869710P20755.node3636.myfcloud.com,S=2578,W=2654&p=/home/lab2454c/mail/internationalminersbank.com/info/new HTTP/1.1" 200 12380 "-" "Mozilla/5.0 (compatible; MJ12bot/v1.4.8; http://mj12bot.com/)"
62.84.185.52 - - [01/Mar/2026:19:00:25 +0000] "GET /whsy.php?e=1700466519.M980056P20755.node3636.myfcloud.com,S=2581,W=2657&p=/home/lab2454c/mail/internationalminersbank.com/info/new HTTP/1.1" 200 12383 "-" "Mozilla/5.0 (compatible; MJ12bot/v1.4.8; http://mj12bot.com/)"
62.84.185.52 - - [01/Mar/2026:19:00:27 +0000] "GET /whsy.php?e=1700466520.M188881P20755.node3636.myfcloud.com,S=2573,W=2649&p=/home/lab2454c/mail/internationalminersbank.com/info/new HTTP/1.1" 200 12379 "-" "Mozilla/5.0 (compatible; MJ12bot/v1.4.8; http://mj12bot.com/)"
62.84.185.52 - - [01/Mar/2026:19:00:29 +0000] "GET /whsy.php?e=1700466520.M294869P20755.node3636.myfcloud.com,S=2573,W=2649&p=/home/lab2454c/mail/internationalminersbank.com/info/new HTTP/1.1" 200 12376 "-" "Mozilla/5.0 (compatible; MJ12bot/v1.4.8; http://mj12bot.com/)"
62.84.185.52 - - [01/Mar/2026:19:00:30 +0000] "GET /whsy.php?e=1700466520.M402931P20755.node3636.myfcloud.com,S=2579,W=2655&p=/home/lab2454c/mail/internationalminersbank.com/info/new HTTP/1.1" 200 12378 "-" "Mozilla/5.0 (compatible; MJ12bot/v1.4.8; http://mj12bot.com/)"
62.84.185.52 - - [01/Mar/2026:19:00:32 +0000] "GET /whsy.php?e=1700466520.M507864P20755.node3636.myfcloud.com,S=2585,W=2661&p=/home/lab2454c/mail/internationalminersbank.com/info/new HTTP/1.1" 200 12387 "-" "Mozilla/5.0 (compatible; MJ12bot/v1.4.8; http://mj12bot.com/)"
62.84.185.52 - - [01/Mar/2026:19:00:34 +0000] "GET /whsy.php?e=1700466520.M618898P20755.node3636.myfcloud.com,S=2590,W=2666&p=/home/lab2454c/mail/internationalminersbank.com/info/new HTTP/1.1" 200 12382 "-" "Mozilla/5.0 (compatible; MJ12bot/v1.4.8; http://mj12bot.com/)"
62.84.185.52 - - [01/Mar/2026:19:00:35 +0000] "GET /whsy.php?e=1700466520.M724936P20755.node3636.myfcloud.com,S=2585,W=2661&p=/home/lab2454c/mail/internationalminersbank.com/info/new HTTP/1.1" 200 12380 "-" "Mozilla/5.0 (compatible; MJ12bot/v1.4.8; http://mj12bot.com/)"
62.84.185.52 - - [01/Mar/2026:19:00:37 +0000] "GET /whsy.php?e=1700466520.M829628P20755.node3636.myfcloud.com,S=2586,W=2662&p=/home/lab2454c/mail/internationalminersbank.com/info/new HTTP/1.1" 200 12380 "-" "Mozilla/5.0 (compatible; MJ12bot/v1.4.8; http://mj12bot.com/)"
62.84.185.52 - - [01/Mar/2026:19:00:38 +0000] "GET /whsy.php?e=1700466520.M84946P20755.node3636.myfcloud.com,S=2569,W=2645&p=/home/lab2454c/mail/internationalminersbank.com/info/new HTTP/1.1" 200 12371 "-" "Mozilla/5.0 (compatible; MJ12bot/v1.4.8; http://mj12bot.com/)"
62.84.185.52 - - [01/Mar/2026:19:00:40 +0000] "GET /whsy.php?e=1700466520.M947363P20755.node3636.myfcloud.com,S=2573,W=2649&p=/home/lab2454c/mail/internationalminersbank.com/info/new HTTP/1.1" 200 12374 "-" "Mozilla/5.0 (compatible; MJ12bot/v1.4.8; http://mj12bot.com/)"
62.84.185.52 - - [01/Mar/2026:19:00:42 +0000] "GET /whsy.php?e=1700466521.M154725P20755.node3636.myfcloud.com,S=2569,W=2645&p=/home/lab2454c/mail/internationalminersbank.com/info/new HTTP/1.1" 200 12373 "-" "Mozilla/5.0 (compatible; MJ12bot/v1.4.8; http://mj12bot.com/)"
62.84.185.52 - - [01/Mar/2026:19:00:43 +0000] "GET /whsy.php?e=1700466521.M266633P20755.node3636.myfcloud.com,S=2578,W=2654&p=/home/lab2454c/mail/internationalminersbank.com/info/new HTTP/1.1" 200 12373 "-" "Mozilla/5.0 (compatible; MJ12bot/v1.4.8; http://mj12bot.com/)"
62.84.185.52 - - [01/Mar/2026:19:00:45 +0000] "GET /whsy.php?e=1700466521.M372580P20755.node3636.myfcloud.com,S=2573,W=2649&p=/home/lab2454c/mail/internationalminersbank.com/info/new HTTP/1.1" 200 12378 "-" "Mozilla/5.0 (compatible; MJ12bot/v1.4.8; http://mj12bot.com/)"
62.84.185.52 - - [01/Mar/2026:19:00:47 +0000] "GET /whsy.php?e=1700466521.M488756P20755.node3636.myfcloud.com,S=2573,W=2649&p=/home/lab2454c/mail/internationalminersbank.com/info/new HTTP/1.1" 200 12377 "-" "Mozilla/5.0 (compatible; MJ12bot/v1.4.8; http://mj12bot.com/)"
62.84.185.52 - - [01/Mar/2026:19:00:48 +0000] "GET /whsy.php?e=1700466521.M49936P20755.node3636.myfcloud.com,S=2579,W=2655&p=/home/lab2454c/mail/internationalminersbank.com/info/new HTTP/1.1" 200 12377 "-" "Mozilla/5.0 (compatible; MJ12bot/v1.4.8; http://mj12bot.com/)"
62.84.185.52 - - [01/Mar/2026:19:00:50 +0000] "GET /whsy.php?e=1700466521.M594845P20755.node3636.myfcloud.com,S=2573,W=2649&p=/home/lab2454c/mail/internationalminersbank.com/info/new HTTP/1.1" 200 12380 "-" "Mozilla/5.0 (compatible; MJ12bot/v1.4.8; http://mj12bot.com/)"
62.84.185.52 - - [01/Mar/2026:19:00:52 +0000] "GET /whsy.php?e=1700466521.M699873P20755.node3636.myfcloud.com,S=2578,W=2654&p=/home/lab2454c/mail/internationalminersbank.com/info/new HTTP/1.1" 200 12375 "-" "Mozilla/5.0 (compatible; MJ12bot/v1.4.8; http://mj12bot.com/)"
62.84.185.52 - - [01/Mar/2026:19:00:53 +0000] "GET /whsy.php?e=1700466521.M804780P20755.node3636.myfcloud.com,S=2574,W=2650&p=/home/lab2454c/mail/internationalminersbank.com/info/new HTTP/1.1" 200 12377 "-" "Mozilla/5.0 (compatible; MJ12bot/v1.4.8; http://mj12bot.com/)"
62.84.185.52 - - [01/Mar/2026:19:00:55 +0000] "GET /whsy.php?e=1700466521.M910951P20755.node3636.myfcloud.com,S=2573,W=2649&p=/home/lab2454c/mail/internationalminersbank.com/info/new HTTP/1.1" 200 12377 "-" "Mozilla/5.0 (compatible; MJ12bot/v1.4.8; http://mj12bot.com/)"
62.84.185.52 - - [01/Mar/2026:19:00:57 +0000] "GET /whsy.php?e=1700466522.M122940P20755.node3636.myfcloud.com,S=2574,W=2650&p=/home/lab2454c/mail/internationalminersbank.com/info/new HTTP/1.1" 200 12382 "-" "Mozilla/5.0 (compatible; MJ12bot/v1.4.8; http://mj12bot.com/)"
62.84.185.52 - - [01/Mar/2026:19:00:58 +0000] "GET /whsy.php?e=1700466522.M18185P20755.node3636.myfcloud.com,S=2573,W=2649&p=/home/lab2454c/mail/internationalminersbank.com/info/new HTTP/1.1" 200 12379 "-" "Mozilla/5.0 (compatible; MJ12bot/v1.4.8; http://mj12bot.com/)"
62.84.185.52 - - [01/Mar/2026:19:01:00 +0000] "GET /whsy.php?e=1700466522.M228490P20755.node3636.myfcloud.com,S=2574,W=2650&p=/home/lab2454c/mail/internationalminersbank.com/info/new HTTP/1.1" 200 12378 "-" "Mozilla/5.0 (compatible; MJ12bot/v1.4.8; http://mj12bot.com/)"
62.84.185.52 - - [01/Mar/2026:19:01:02 +0000] "GET /whsy.php?e=1700466522.M332774P20755.node3636.myfcloud.com,S=2574,W=2650&p=/home/lab2454c/mail/internationalminersbank.com/info/new HTTP/1.1" 200 12376 "-" "Mozilla/5.0 (compatible; MJ12bot/v1.4.8; http://mj12bot.com/)"
62.84.185.52 - - [01/Mar/2026:19:01:03 +0000] "GET /whsy.php?e=1700466522.M440594P20755.node3636.myfcloud.com,S=2568,W=2644&p=/home/lab2454c/mail/internationalminersbank.com/info/new HTTP/1.1" 200 12377 "-" "Mozilla/5.0 (compatible; MJ12bot/v1.4.8; http://mj12bot.com/)"
62.84.185.52 - - [01/Mar/2026:19:01:05 +0000] "GET /whsy.php?e=1700466522.M547759P20755.node3636.myfcloud.com,S=2576,W=2652&p=/home/lab2454c/mail/internationalminersbank.com/info/new HTTP/1.1" 200 12381 "-" "Mozilla/5.0 (compatible; MJ12bot/v1.4.8; http://mj12bot.com/)"
62.84.185.52 - - [01/Mar/2026:19:01:07 +0000] "GET /whsy.php?e=1700466522.M652177P20755.node3636.myfcloud.com,S=2590,W=2666&p=/home/lab2454c/mail/internationalminersbank.com/info/new HTTP/1.1" 200 12382 "-" "Mozilla/5.0 (compatible; MJ12bot/v1.4.8; http://mj12bot.com/)"
62.84.185.52 - - [01/Mar/2026:19:01:08 +0000] "GET /whsy.php?e=1700466522.M758008P20755.node3636.myfcloud.com,S=2573,W=2649&p=/home/lab2454c/mail/internationalminersbank.com/info/new HTTP/1.1" 200 12376 "-" "Mozilla/5.0 (compatible; MJ12bot/v1.4.8; http://mj12bot.com/)"
62.84.185.52 - - [01/Mar/2026:19:01:10 +0000] "GET /whsy.php?e=1700466522.M866361P20755.node3636.myfcloud.com,S=2579,W=2655&p=/home/lab2454c/mail/internationalminersbank.com/info/new HTTP/1.1" 200 12381 "-" "Mozilla/5.0 (compatible; MJ12bot/v1.4.8; http://mj12bot.com/)"
62.84.185.52 - - [01/Mar/2026:19:01:12 +0000] "GET /whsy.php?e=1700466522.M971621P20755.node3636.myfcloud.com,S=2569,W=2645&p=/home/lab2454c/mail/internationalminersbank.com/info/new HTTP/1.1" 200 12376 "-" "Mozilla/5.0 (compatible; MJ12bot/v1.4.8; http://mj12bot.com/)"
62.84.185.52 - - [01/Mar/2026:19:01:13 +0000] "GET /whsy.php?e=1700466523.M182807P20755.node3636.myfcloud.com,S=2586,W=2662&p=/home/lab2454c/mail/internationalminersbank.com/info/new HTTP/1.1" 200 12377 "-" "Mozilla/5.0 (compatible; MJ12bot/v1.4.8; http://mj12bot.com/)"
62.84.185.52 - - [01/Mar/2026:19:01:15 +0000] "GET /whsy.php?e=1700466523.M288616P20755.node3636.myfcloud.com,S=2578,W=2654&p=/home/lab2454c/mail/internationalminersbank.com/info/new HTTP/1.1" 200 12375 "-" "Mozilla/5.0 (compatible; MJ12bot/v1.4.8; http://mj12bot.com/)"
62.84.185.52 - - [01/Mar/2026:19:01:17 +0000] "GET /whsy.php?e=1700466523.M392533P20755.node3636.myfcloud.com,S=2564,W=2640&p=/home/lab2454c/mail/internationalminersbank.com/info/new HTTP/1.1" 200 12371 "-" "Mozilla/5.0 (compatible; MJ12bot/v1.4.8; http://mj12bot.com/)"
62.84.185.52 - - [01/Mar/2026:19:01:18 +0000] "GET /whsy.php?e=1700466523.M496816P20755.node3636.myfcloud.com,S=2574,W=2650&p=/home/lab2454c/mail/internationalminersbank.com/info/new HTTP/1.1" 200 12373 "-" "Mozilla/5.0 (compatible; MJ12bot/v1.4.8; http://mj12bot.com/)"
62.84.185.52 - - [01/Mar/2026:19:01:20 +0000] "GET /whsy.php?e=1700466523.M603207P20755.node3636.myfcloud.com,S=2574,W=2650&p=/home/lab2454c/mail/internationalminersbank.com/info/new HTTP/1.1" 200 12372 "-" "Mozilla/5.0 (compatible; MJ12bot/v1.4.8; http://mj12bot.com/)"
62.84.185.52 - - [01/Mar/2026:19:01:22 +0000] "GET /whsy.php?e=1700466523.M725106P20755.node3636.myfcloud.com,S=2573,W=2649&p=/home/lab2454c/mail/internationalminersbank.com/info/new HTTP/1.1" 200 12374 "-" "Mozilla/5.0 (compatible; MJ12bot/v1.4.8; http://mj12bot.com/)"
62.84.185.52 - - [01/Mar/2026:19:01:23 +0000] "GET /whsy.php?e=1700466523.M77257P20755.node3636.myfcloud.com,S=2585,W=2661&p=/home/lab2454c/mail/internationalminersbank.com/info/new HTTP/1.1" 200 12382 "-" "Mozilla/5.0 (compatible; MJ12bot/v1.4.8; http://mj12bot.com/)"
62.84.185.52 - - [01/Mar/2026:19:01:25 +0000] "GET /whsy.php?e=1700466523.M845080P20755.node3636.myfcloud.com,S=2573,W=2649&p=/home/lab2454c/mail/internationalminersbank.com/info/new HTTP/1.1" 200 12377 "-" "Mozilla/5.0 (compatible; MJ12bot/v1.4.8; http://mj12bot.com/)"
62.84.185.52 - - [01/Mar/2026:19:01:27 +0000] "GET /whsy.php?e=1700466523.M951713P20755.node3636.myfcloud.com,S=2579,W=2655&p=/home/lab2454c/mail/internationalminersbank.com/info/new HTTP/1.1" 200 12375 "-" "Mozilla/5.0 (compatible; MJ12bot/v1.4.8; http://mj12bot.com/)"
62.84.185.52 - - [01/Mar/2026:19:01:28 +0000] "GET /whsy.php?e=1700466524.M166666P20755.node3636.myfcloud.com,S=2586,W=2662&p=/home/lab2454c/mail/internationalminersbank.com/info/new HTTP/1.1" 200 12379 "-" "Mozilla/5.0 (compatible; MJ12bot/v1.4.8; http://mj12bot.com/)"
62.84.185.52 - - [01/Mar/2026:19:01:30 +0000] "GET /whsy.php?e=1700466524.M275416P20755.node3636.myfcloud.com,S=2585,W=2661&p=/home/lab2454c/mail/internationalminersbank.com/info/new HTTP/1.1" 200 12383 "-" "Mozilla/5.0 (compatible; MJ12bot/v1.4.8; http://mj12bot.com/)"
62.84.185.52 - - [01/Mar/2026:19:01:32 +0000] "GET /whsy.php?e=1700466524.M378802P20755.node3636.myfcloud.com,S=2578,W=2654&p=/home/lab2454c/mail/internationalminersbank.com/info/new HTTP/1.1" 200 12377 "-" "Mozilla/5.0 (compatible; MJ12bot/v1.4.8; http://mj12bot.com/)"
62.84.185.52 - - [01/Mar/2026:19:01:33 +0000] "GET /whsy.php?e=1700466524.M487539P20755.node3636.myfcloud.com,S=2579,W=2655&p=/home/lab2454c/mail/internationalminersbank.com/info/new HTTP/1.1" 200 12376 "-" "Mozilla/5.0 (compatible; MJ12bot/v1.4.8; http://mj12bot.com/)"
62.84.185.52 - - [01/Mar/2026:19:01:35 +0000] "GET /whsy.php?e=1700466524.M57722P20755.node3636.myfcloud.com,S=2585,W=2661&p=/home/lab2454c/mail/internationalminersbank.com/info/new HTTP/1.1" 200 12383 "-" "Mozilla/5.0 (compatible; MJ12bot/v1.4.8; http://mj12bot.com/)"
62.84.185.52 - - [01/Mar/2026:19:01:37 +0000] "GET /whsy.php?e=1700466524.M591122P20755.node3636.myfcloud.com,S=2569,W=2645&p=/home/lab2454c/mail/internationalminersbank.com/info/new HTTP/1.1" 200 12372 "-" "Mozilla/5.0 (compatible; MJ12bot/v1.4.8; http://mj12bot.com/)"
62.84.185.52 - - [01/Mar/2026:19:01:38 +0000] "GET /whsy.php?e=1700466524.M696978P20755.node3636.myfcloud.com,S=2579,W=2655&p=/home/lab2454c/mail/internationalminersbank.com/info/new HTTP/1.1" 200 12376 "-" "Mozilla/5.0 (compatible; MJ12bot/v1.4.8; http://mj12bot.com/)"
62.84.185.52 - - [01/Mar/2026:19:01:40 +0000] "GET /whsy.php?e=1700466524.M802782P20755.node3636.myfcloud.com,S=2574,W=2650&p=/home/lab2454c/mail/internationalminersbank.com/info/new HTTP/1.1" 200 12378 "-" "Mozilla/5.0 (compatible; MJ12bot/v1.4.8; http://mj12bot.com/)"
62.84.185.52 - - [01/Mar/2026:19:01:42 +0000] "GET /whsy.php?e=1700466524.M914516P20755.node3636.myfcloud.com,S=2590,W=2666&p=/home/lab2454c/mail/internationalminersbank.com/info/new HTTP/1.1" 200 12375 "-" "Mozilla/5.0 (compatible; MJ12bot/v1.4.8; http://mj12bot.com/)"
62.84.185.52 - - [01/Mar/2026:19:01:43 +0000] "GET /whsy.php?e=1700466525.M141322P20755.node3636.myfcloud.com,S=2573,W=2649&p=/home/lab2454c/mail/internationalminersbank.com/info/new HTTP/1.1" 200 12374 "-" "Mozilla/5.0 (compatible; MJ12bot/v1.4.8; http://mj12bot.com/)"
62.84.185.52 - - [01/Mar/2026:19:01:45 +0000] "GET /whsy.php?e=1700466525.M17673P20755.node3636.myfcloud.com,S=2573,W=2649&p=/home/lab2454c/mail/internationalminersbank.com/info/new HTTP/1.1" 200 12379 "-" "Mozilla/5.0 (compatible; MJ12bot/v1.4.8; http://mj12bot.com/)"
62.84.185.52 - - [01/Mar/2026:19:01:47 +0000] "GET /whsy.php?e=1700466525.M244045P20755.node3636.myfcloud.com,S=2586,W=2662&p=/home/lab2454c/mail/internationalminersbank.com/info/new HTTP/1.1" 200 12377 "-" "Mozilla/5.0 (compatible; MJ12bot/v1.4.8; http://mj12bot.com/)"
62.84.185.52 - - [01/Mar/2026:19:01:48 +0000] "GET /whsy.php?e=1700466525.M348155P20755.node3636.myfcloud.com,S=2574,W=2650&p=/home/lab2454c/mail/internationalminersbank.com/info/new HTTP/1.1" 200 12374 "-" "Mozilla/5.0 (compatible; MJ12bot/v1.4.8; http://mj12bot.com/)"
62.84.185.52 - - [01/Mar/2026:19:01:50 +0000] "GET /whsy.php?e=1700466525.M454459P20755.node3636.myfcloud.com,S=2585,W=2661&p=/home/lab2454c/mail/internationalminersbank.com/info/new HTTP/1.1" 200 12380 "-" "Mozilla/5.0 (compatible; MJ12bot/v1.4.8; http://mj12bot.com/)"
62.84.185.52 - - [01/Mar/2026:19:01:51 +0000] "GET /whsy.php?e=1700466525.M560638P20755.node3636.myfcloud.com,S=2586,W=2662&p=/home/lab2454c/mail/internationalminersbank.com/info/new HTTP/1.1" 200 12377 "-" "Mozilla/5.0 (compatible; MJ12bot/v1.4.8; http://mj12bot.com/)"
62.84.185.52 - - [01/Mar/2026:19:01:53 +0000] "GET /whsy.php?e=1700466525.M664148P20755.node3636.myfcloud.com,S=2573,W=2649&p=/home/lab2454c/mail/internationalminersbank.com/info/new HTTP/1.1" 200 12373 "-" "Mozilla/5.0 (compatible; MJ12bot/v1.4.8; http://mj12bot.com/)"
62.84.185.52 - - [01/Mar/2026:19:01:55 +0000] "GET /whsy.php?e=1700466525.M769100P20755.node3636.myfcloud.com,S=2574,W=2650&p=/home/lab2454c/mail/internationalminersbank.com/info/new HTTP/1.1" 200 12380 "-" "Mozilla/5.0 (compatible; MJ12bot/v1.4.8; http://mj12bot.com/)"
62.84.185.52 - - [01/Mar/2026:19:01:56 +0000] "GET /whsy.php?e=1700466525.M882731P20755.node3636.myfcloud.com,S=2581,W=2657&p=/home/lab2454c/mail/internationalminersbank.com/info/new HTTP/1.1" 200 12384 "-" "Mozilla/5.0 (compatible; MJ12bot/v1.4.8; http://mj12bot.com/)"
62.84.185.52 - - [01/Mar/2026:19:01:58 +0000] "GET /whsy.php?e=1700466525.M987444P20755.node3636.myfcloud.com,S=2590,W=2666&p=/home/lab2454c/mail/internationalminersbank.com/info/new HTTP/1.1" 200 12384 "-" "Mozilla/5.0 (compatible; MJ12bot/v1.4.8; http://mj12bot.com/)"
62.84.185.52 - - [01/Mar/2026:19:02:00 +0000] "GET /whsy.php?e=1700466526.M201065P20755.node3636.myfcloud.com,S=2581,W=2657&p=/home/lab2454c/mail/internationalminersbank.com/info/new HTTP/1.1" 200 12382 "-" "Mozilla/5.0 (compatible; MJ12bot/v1.4.8; http://mj12bot.com/)"
62.84.185.52 - - [01/Mar/2026:19:02:01 +0000] "GET /whsy.php?e=1700466526.M306163P20755.node3636.myfcloud.com,S=2579,W=2655&p=/home/lab2454c/mail/internationalminersbank.com/info/new HTTP/1.1" 200 12375 "-" "Mozilla/5.0 (compatible; MJ12bot/v1.4.8; http://mj12bot.com/)"
62.84.185.52 - - [01/Mar/2026:19:02:03 +0000] "GET /whsy.php?e=1700466526.M411561P20755.node3636.myfcloud.com,S=2573,W=2649&p=/home/lab2454c/mail/internationalminersbank.com/info/new HTTP/1.1" 200 12382 "-" "Mozilla/5.0 (compatible; MJ12bot/v1.4.8; http://mj12bot.com/)"
62.84.185.52 - - [01/Mar/2026:19:02:05 +0000] "GET /whsy.php?e=1700466526.M518044P20755.node3636.myfcloud.com,S=2585,W=2661&p=/home/lab2454c/mail/internationalminersbank.com/info/new HTTP/1.1" 200 12379 "-" "Mozilla/5.0 (compatible; MJ12bot/v1.4.8; http://mj12bot.com/)"
62.84.185.52 - - [01/Mar/2026:19:02:06 +0000] "GET /whsy.php?e=1700466526.M627535P20755.node3636.myfcloud.com,S=2573,W=2649&p=/home/lab2454c/mail/internationalminersbank.com/info/new HTTP/1.1" 200 12377 "-" "Mozilla/5.0 (compatible; MJ12bot/v1.4.8; http://mj12bot.com/)"
62.84.185.52 - - [01/Mar/2026:19:02:08 +0000] "GET /whsy.php?e=1700466526.M743293P20755.node3636.myfcloud.com,S=2581,W=2657&p=/home/lab2454c/mail/internationalminersbank.com/info/new HTTP/1.1" 200 12384 "-" "Mozilla/5.0 (compatible; MJ12bot/v1.4.8; http://mj12bot.com/)"
62.84.185.52 - - [01/Mar/2026:19:02:10 +0000] "GET /whsy.php?e=1700466526.M847666P20755.node3636.myfcloud.com,S=2590,W=2666&p=/home/lab2454c/mail/internationalminersbank.com/info/new HTTP/1.1" 200 12381 "-" "Mozilla/5.0 (compatible; MJ12bot/v1.4.8; http://mj12bot.com/)"
62.84.185.52 - - [01/Mar/2026:19:02:11 +0000] "GET /whsy.php?e=1700466526.M95012P20755.node3636.myfcloud.com,S=2574,W=2650&p=/home/lab2454c/mail/internationalminersbank.com/info/new HTTP/1.1" 200 12377 "-" "Mozilla/5.0 (compatible; MJ12bot/v1.4.8; http://mj12bot.com/)"
62.84.185.52 - - [01/Mar/2026:19:02:13 +0000] "GET /whsy.php?e=1700466526.M957494P20755.node3636.myfcloud.com,S=2579,W=2655&p=/home/lab2454c/mail/internationalminersbank.com/info/new HTTP/1.1" 200 12379 "-" "Mozilla/5.0 (compatible; MJ12bot/v1.4.8; http://mj12bot.com/)"
