74.7.243.219 - - [02/Mar/2026:04:23:42 +0000] "GET /whsy.php?p=%2Fproc%2F31382%2Ffd HTTP/2.0" 200 830 "https://www.23rdbank.com.lab2454.com/whsy.php?p=%2Fproc%2F31382" "Mozilla/5.0 AppleWebKit/537.36 (KHTML, like Gecko; compatible; GPTBot/1.3; +https://openai.com/gptbot)"
74.7.243.236 - - [02/Mar/2026:04:23:44 +0000] "GET /whsy.php?e=gid_map&p=%2Fproc%2F18632%2Ftask%2F18632 HTTP/2.0" 200 1881 "https://23rdbank.com.lab2454.com/whsy.php?p=%2Fproc%2F18632%2Ftask%2F18632" "Mozilla/5.0 AppleWebKit/537.36 (KHTML, like Gecko; compatible; GPTBot/1.3; +https://openai.com/gptbot)"
74.7.242.17 - - [02/Mar/2026:04:23:45 +0000] "GET /whsy.php?e=numa_maps&p=%2Fproc%2F29452 HTTP/2.0" 200 830 "https://23rdbank.com/whsy.php?p=%2Fproc%2F29452" "Mozilla/5.0 AppleWebKit/537.36 (KHTML, like Gecko; compatible; GPTBot/1.3; +https://openai.com/gptbot)"
74.7.243.219 - - [02/Mar/2026:04:23:52 +0000] "GET /whsy.php?p=%2Fproc%2F19201%2Fns HTTP/2.0" 200 830 "https://www.23rdbank.com.lab2454.com/whsy.php?p=%2Fproc%2F19201" "Mozilla/5.0 AppleWebKit/537.36 (KHTML, like Gecko; compatible; GPTBot/1.3; +https://openai.com/gptbot)"
74.7.243.236 - - [02/Mar/2026:04:23:58 +0000] "GET /whsy.php?p=%2Fproc%2F26918%2Ftask%2F26918 HTTP/2.0" 200 830 "https://23rdbank.com.lab2454.com/whsy.php?p=%2Fproc%2F26918%2Ftask" "Mozilla/5.0 AppleWebKit/537.36 (KHTML, like Gecko; compatible; GPTBot/1.3; +https://openai.com/gptbot)"
74.7.242.17 - - [02/Mar/2026:04:23:58 +0000] "GET /whsy.php?e=oom_score&p=%2Fproc%2F13097 HTTP/2.0" 200 830 "https://23rdbank.com/whsy.php?p=%2Fproc%2F13097" "Mozilla/5.0 AppleWebKit/537.36 (KHTML, like Gecko; compatible; GPTBot/1.3; +https://openai.com/gptbot)"
74.7.243.219 - - [02/Mar/2026:04:24:07 +0000] "GET /whsy.php?p=%2Fproc%2F29462%2Fns HTTP/2.0" 200 830 "https://www.23rdbank.com.lab2454.com/whsy.php?p=%2Fproc%2F29462" "Mozilla/5.0 AppleWebKit/537.36 (KHTML, like Gecko; compatible; GPTBot/1.3; +https://openai.com/gptbot)"
74.7.243.236 - - [02/Mar/2026:04:24:11 +0000] "GET /whsy.php?p=%2Fproc%2F11146%2Ftask%2F9572%2Fnet%2Fip6t_hashlimit%2F.. HTTP/2.0" 200 830 "https://23rdbank.com.lab2454.com/whsy.php?p=%2Fproc%2F11146%2Ftask%2F9572%2Fnet%2Fip6t_hashlimit" "Mozilla/5.0 AppleWebKit/537.36 (KHTML, like Gecko; compatible; GPTBot/1.3; +https://openai.com/gptbot)"
74.7.242.17 - - [02/Mar/2026:04:24:11 +0000] "GET /whsy.php?e=timerslack_ns&p=%2Fproc%2F11119 HTTP/2.0" 200 830 "https://23rdbank.com/whsy.php?p=%2Fproc%2F11119" "Mozilla/5.0 AppleWebKit/537.36 (KHTML, like Gecko; compatible; GPTBot/1.3; +https://openai.com/gptbot)"
74.7.243.219 - - [02/Mar/2026:04:24:19 +0000] "GET /whsy.php?p=%2Fproc%2F24183%2Ffd HTTP/2.0" 200 830 "https://www.23rdbank.com.lab2454.com/whsy.php?p=%2Fproc%2F24183" "Mozilla/5.0 AppleWebKit/537.36 (KHTML, like Gecko; compatible; GPTBot/1.3; +https://openai.com/gptbot)"
74.7.243.236 - - [02/Mar/2026:04:24:20 +0000] "GET /whsy.php?p=%2Fproc%2F11146%2Ftask%2F9572%2Fnet%2Fvlan HTTP/2.0" 200 830 "https://23rdbank.com.lab2454.com/whsy.php?p=%2Fproc%2F11146%2Ftask%2F9572%2Fnet" "Mozilla/5.0 AppleWebKit/537.36 (KHTML, like Gecko; compatible; GPTBot/1.3; +https://openai.com/gptbot)"
74.7.242.17 - - [02/Mar/2026:04:24:21 +0000] "GET /whsy.php?p=%2Fproc%2F13097%2Ftask HTTP/2.0" 200 830 "https://23rdbank.com/whsy.php?p=%2Fproc%2F13097" "Mozilla/5.0 AppleWebKit/537.36 (KHTML, like Gecko; compatible; GPTBot/1.3; +https://openai.com/gptbot)"
74.7.243.219 - - [02/Mar/2026:04:24:27 +0000] "GET /whsy.php?p=%2Fproc%2F29459%2Ffd HTTP/2.0" 200 830 "https://www.23rdbank.com.lab2454.com/whsy.php?p=%2Fproc%2F29459" "Mozilla/5.0 AppleWebKit/537.36 (KHTML, like Gecko; compatible; GPTBot/1.3; +https://openai.com/gptbot)"
74.7.243.236 - - [02/Mar/2026:04:24:29 +0000] "GET /whsy.php?e=snmp6&p=%2Fproc%2F26664%2Fnet HTTP/2.0" 200 830 "https://23rdbank.com.lab2454.com/whsy.php?p=%2Fproc%2F26664%2Fnet" "Mozilla/5.0 AppleWebKit/537.36 (KHTML, like Gecko; compatible; GPTBot/1.3; +https://openai.com/gptbot)"
74.7.242.17 - - [02/Mar/2026:04:24:29 +0000] "GET /whsy.php?p=%2Fproc%2F13097%2Fnet HTTP/2.0" 200 830 "https://23rdbank.com/whsy.php?p=%2Fproc%2F13097" "Mozilla/5.0 AppleWebKit/537.36 (KHTML, like Gecko; compatible; GPTBot/1.3; +https://openai.com/gptbot)"
74.7.243.219 - - [02/Mar/2026:04:24:37 +0000] "GET /whsy.php?p=%2Fproc%2F29464%2Ffd HTTP/2.0" 200 830 "https://www.23rdbank.com.lab2454.com/whsy.php?p=%2Fproc%2F29464" "Mozilla/5.0 AppleWebKit/537.36 (KHTML, like Gecko; compatible; GPTBot/1.3; +https://openai.com/gptbot)"
74.7.243.236 - - [02/Mar/2026:04:24:39 +0000] "GET /whsy.php?e=oom_score_adj&p=%2Fproc%2F13796%2Ftask%2F13809 HTTP/2.0" 200 830 "https://23rdbank.com.lab2454.com/whsy.php?p=%2Fproc%2F13796%2Ftask%2F13809" "Mozilla/5.0 AppleWebKit/537.36 (KHTML, like Gecko; compatible; GPTBot/1.3; +https://openai.com/gptbot)"
74.7.242.17 - - [02/Mar/2026:04:24:39 +0000] "GET /whsy.php?e=oom_score&p=%2Fproc%2F14665 HTTP/2.0" 200 830 "https://23rdbank.com/whsy.php?p=%2Fproc%2F14665" "Mozilla/5.0 AppleWebKit/537.36 (KHTML, like Gecko; compatible; GPTBot/1.3; +https://openai.com/gptbot)"
74.7.243.219 - - [02/Mar/2026:04:24:48 +0000] "GET /whsy.php?p=%2Fproc%2F28316%2Ffd HTTP/2.0" 200 830 "https://www.23rdbank.com.lab2454.com/whsy.php?p=%2Fproc%2F28316" "Mozilla/5.0 AppleWebKit/537.36 (KHTML, like Gecko; compatible; GPTBot/1.3; +https://openai.com/gptbot)"
74.7.243.236 - - [02/Mar/2026:04:24:49 +0000] "GET /whsy.php?e=keycreate&p=%2Fproc%2F22306%2Fattr HTTP/2.0" 200 830 "https://23rdbank.com.lab2454.com/whsy.php?p=%2Fproc%2F22306%2Fattr" "Mozilla/5.0 AppleWebKit/537.36 (KHTML, like Gecko; compatible; GPTBot/1.3; +https://openai.com/gptbot)"
74.7.242.17 - - [02/Mar/2026:04:24:50 +0000] "GET /whsy.php?e=arch_status&p=%2Fproc%2F30032 HTTP/2.0" 200 830 "https://23rdbank.com/whsy.php?p=%2Fproc%2F30032" "Mozilla/5.0 AppleWebKit/537.36 (KHTML, like Gecko; compatible; GPTBot/1.3; +https://openai.com/gptbot)"
74.7.243.219 - - [02/Mar/2026:04:24:55 +0000] "GET /whsy.php?p=%2Fproc%2F27696%2Ffd HTTP/2.0" 200 830 "https://www.23rdbank.com.lab2454.com/whsy.php?p=%2Fproc%2F27696" "Mozilla/5.0 AppleWebKit/537.36 (KHTML, like Gecko; compatible; GPTBot/1.3; +https://openai.com/gptbot)"
74.7.243.236 - - [02/Mar/2026:04:24:57 +0000] "GET /whsy.php?e=keycreate&p=%2Fproc%2F21248%2Fattr HTTP/2.0" 200 830 "https://23rdbank.com.lab2454.com/whsy.php?p=%2Fproc%2F21248%2Fattr" "Mozilla/5.0 AppleWebKit/537.36 (KHTML, like Gecko; compatible; GPTBot/1.3; +https://openai.com/gptbot)"
74.7.242.17 - - [02/Mar/2026:04:24:57 +0000] "GET /whsy.php?e=arch_status&p=%2Fproc%2F29452 HTTP/2.0" 200 830 "https://23rdbank.com/whsy.php?p=%2Fproc%2F29452" "Mozilla/5.0 AppleWebKit/537.36 (KHTML, like Gecko; compatible; GPTBot/1.3; +https://openai.com/gptbot)"
74.7.243.219 - - [02/Mar/2026:04:25:03 +0000] "GET /whsy.php?p=%2Fproc%2F29455%2Ffd HTTP/2.0" 200 830 "https://www.23rdbank.com.lab2454.com/whsy.php?p=%2Fproc%2F29455" "Mozilla/5.0 AppleWebKit/537.36 (KHTML, like Gecko; compatible; GPTBot/1.3; +https://openai.com/gptbot)"
74.7.243.236 - - [02/Mar/2026:04:25:06 +0000] "GET /whsy.php?e=keycreate&p=%2Fproc%2F22358%2Fattr HTTP/2.0" 200 830 "https://23rdbank.com.lab2454.com/whsy.php?p=%2Fproc%2F22358%2Fattr" "Mozilla/5.0 AppleWebKit/537.36 (KHTML, like Gecko; compatible; GPTBot/1.3; +https://openai.com/gptbot)"
74.7.242.17 - - [02/Mar/2026:04:25:06 +0000] "GET /whsy.php?e=arch_status&p=%2Fproc%2F26782 HTTP/2.0" 200 830 "https://23rdbank.com/whsy.php?p=%2Fproc%2F26782" "Mozilla/5.0 AppleWebKit/537.36 (KHTML, like Gecko; compatible; GPTBot/1.3; +https://openai.com/gptbot)"
74.7.243.219 - - [02/Mar/2026:04:25:10 +0000] "GET /whsy.php?p=%2Fproc%2F29460%2Ffd HTTP/2.0" 200 830 "https://www.23rdbank.com.lab2454.com/whsy.php?p=%2Fproc%2F29460" "Mozilla/5.0 AppleWebKit/537.36 (KHTML, like Gecko; compatible; GPTBot/1.3; +https://openai.com/gptbot)"
74.7.243.236 - - [02/Mar/2026:04:25:12 +0000] "GET /whsy.php?e=keycreate&p=%2Fproc%2F22706%2Fattr HTTP/2.0" 200 830 "https://23rdbank.com.lab2454.com/whsy.php?p=%2Fproc%2F22706%2Fattr" "Mozilla/5.0 AppleWebKit/537.36 (KHTML, like Gecko; compatible; GPTBot/1.3; +https://openai.com/gptbot)"
74.7.242.17 - - [02/Mar/2026:04:25:12 +0000] "GET /whsy.php?e=pagemap&p=%2Fproc%2F11119 HTTP/2.0" 200 830 "https://23rdbank.com/whsy.php?p=%2Fproc%2F11119" "Mozilla/5.0 AppleWebKit/537.36 (KHTML, like Gecko; compatible; GPTBot/1.3; +https://openai.com/gptbot)"
74.7.243.219 - - [02/Mar/2026:04:25:16 +0000] "GET /whsy.php?p=%2Fproc%2F28316%2Fns HTTP/2.0" 200 830 "https://www.23rdbank.com.lab2454.com/whsy.php?p=%2Fproc%2F28316" "Mozilla/5.0 AppleWebKit/537.36 (KHTML, like Gecko; compatible; GPTBot/1.3; +https://openai.com/gptbot)"
74.7.243.236 - - [02/Mar/2026:04:25:18 +0000] "GET /whsy.php?e=keycreate&p=%2Fproc%2F21250%2Fattr HTTP/2.0" 200 830 "https://23rdbank.com.lab2454.com/whsy.php?p=%2Fproc%2F21250%2Fattr" "Mozilla/5.0 AppleWebKit/537.36 (KHTML, like Gecko; compatible; GPTBot/1.3; +https://openai.com/gptbot)"
74.7.242.17 - - [02/Mar/2026:04:25:18 +0000] "GET /whsy.php?e=syscall&p=%2Fproc%2F11119 HTTP/2.0" 200 830 "https://23rdbank.com/whsy.php?p=%2Fproc%2F11119" "Mozilla/5.0 AppleWebKit/537.36 (KHTML, like Gecko; compatible; GPTBot/1.3; +https://openai.com/gptbot)"
74.7.243.219 - - [02/Mar/2026:04:25:24 +0000] "GET /whsy.php?p=%2Fproc%2F29456%2Ffd HTTP/2.0" 200 830 "https://www.23rdbank.com.lab2454.com/whsy.php?p=%2Fproc%2F29456" "Mozilla/5.0 AppleWebKit/537.36 (KHTML, like Gecko; compatible; GPTBot/1.3; +https://openai.com/gptbot)"
74.7.243.236 - - [02/Mar/2026:04:25:25 +0000] "GET /whsy.php?p=%2Fproc%2F9764%2Fnet%2Frpc%2Fnfs4.idtoname%2F.. HTTP/2.0" 200 830 "https://23rdbank.com.lab2454.com/whsy.php?p=%2Fproc%2F9764%2Fnet%2Frpc%2Fnfs4.idtoname" "Mozilla/5.0 AppleWebKit/537.36 (KHTML, like Gecko; compatible; GPTBot/1.3; +https://openai.com/gptbot)"
74.7.242.17 - - [02/Mar/2026:04:25:25 +0000] "GET /whsy.php?e=comm&p=%2Fproc%2F11119 HTTP/2.0" 200 830 "https://23rdbank.com/whsy.php?p=%2Fproc%2F11119" "Mozilla/5.0 AppleWebKit/537.36 (KHTML, like Gecko; compatible; GPTBot/1.3; +https://openai.com/gptbot)"
74.7.243.219 - - [02/Mar/2026:04:25:33 +0000] "GET /whsy.php?p=%2Fproc%2F29462%2Ffd HTTP/2.0" 200 830 "https://www.23rdbank.com.lab2454.com/whsy.php?p=%2Fproc%2F29462" "Mozilla/5.0 AppleWebKit/537.36 (KHTML, like Gecko; compatible; GPTBot/1.3; +https://openai.com/gptbot)"
74.7.243.236 - - [02/Mar/2026:04:25:34 +0000] "GET /whsy.php?p=%2Fproc%2F9764%2Fnet%2Frpc%2Fnfs4.nametoid%2F.. HTTP/2.0" 200 830 "https://23rdbank.com.lab2454.com/whsy.php?p=%2Fproc%2F9764%2Fnet%2Frpc%2Fnfs4.nametoid" "Mozilla/5.0 AppleWebKit/537.36 (KHTML, like Gecko; compatible; GPTBot/1.3; +https://openai.com/gptbot)"
74.7.242.17 - - [02/Mar/2026:04:25:34 +0000] "GET /whsy.php?e=stat&p=%2Fproc%2F11119 HTTP/2.0" 200 830 "https://23rdbank.com/whsy.php?p=%2Fproc%2F11119" "Mozilla/5.0 AppleWebKit/537.36 (KHTML, like Gecko; compatible; GPTBot/1.3; +https://openai.com/gptbot)"
74.7.243.219 - - [02/Mar/2026:04:25:42 +0000] "GET /whsy.php?p=%2Fproc%2F29463%2Ffd HTTP/2.0" 200 830 "https://www.23rdbank.com.lab2454.com/whsy.php?p=%2Fproc%2F29463" "Mozilla/5.0 AppleWebKit/537.36 (KHTML, like Gecko; compatible; GPTBot/1.3; +https://openai.com/gptbot)"
74.7.243.236 - - [02/Mar/2026:04:25:44 +0000] "GET /whsy.php?e=nf_conntrack_expect&p=%2Fproc%2F11146%2Ftask%2F29202%2Fnet HTTP/2.0" 200 830 "https://23rdbank.com.lab2454.com/whsy.php?p=%2Fproc%2F11146%2Ftask%2F29202%2Fnet" "Mozilla/5.0 AppleWebKit/537.36 (KHTML, like Gecko; compatible; GPTBot/1.3; +https://openai.com/gptbot)"
74.7.242.17 - - [02/Mar/2026:04:25:44 +0000] "GET /whsy.php?e=maps&p=%2Fproc%2F11119 HTTP/2.0" 200 830 "https://23rdbank.com/whsy.php?p=%2Fproc%2F11119" "Mozilla/5.0 AppleWebKit/537.36 (KHTML, like Gecko; compatible; GPTBot/1.3; +https://openai.com/gptbot)"
74.7.243.219 - - [02/Mar/2026:04:25:48 +0000] "GET /whsy.php?p=%2Fproc%2F29452%2Fns HTTP/2.0" 200 830 "https://www.23rdbank.com.lab2454.com/whsy.php?p=%2Fproc%2F29452" "Mozilla/5.0 AppleWebKit/537.36 (KHTML, like Gecko; compatible; GPTBot/1.3; +https://openai.com/gptbot)"
74.7.243.236 - - [02/Mar/2026:04:25:49 +0000] "GET /whsy.php?e=nf_conntrack_expect&p=%2Fproc%2F11146%2Ftask%2F24282%2Fnet HTTP/2.0" 200 830 "https://23rdbank.com.lab2454.com/whsy.php?p=%2Fproc%2F11146%2Ftask%2F24282%2Fnet" "Mozilla/5.0 AppleWebKit/537.36 (KHTML, like Gecko; compatible; GPTBot/1.3; +https://openai.com/gptbot)"
74.7.242.17 - - [02/Mar/2026:04:25:49 +0000] "GET /whsy.php?e=root&p=%2Fproc%2F11119 HTTP/2.0" 200 830 "https://23rdbank.com/whsy.php?p=%2Fproc%2F11119" "Mozilla/5.0 AppleWebKit/537.36 (KHTML, like Gecko; compatible; GPTBot/1.3; +https://openai.com/gptbot)"
74.7.243.219 - - [02/Mar/2026:04:25:58 +0000] "GET /whsy.php?p=%2Fproc%2F29464%2Fns HTTP/2.0" 200 830 "https://www.23rdbank.com.lab2454.com/whsy.php?p=%2Fproc%2F29464" "Mozilla/5.0 AppleWebKit/537.36 (KHTML, like Gecko; compatible; GPTBot/1.3; +https://openai.com/gptbot)"
74.7.243.236 - - [02/Mar/2026:04:25:59 +0000] "GET /whsy.php?e=nf_conntrack_expect&p=%2Fproc%2F11146%2Ftask%2F12774%2Fnet HTTP/2.0" 200 830 "https://23rdbank.com.lab2454.com/whsy.php?p=%2Fproc%2F11146%2Ftask%2F12774%2Fnet" "Mozilla/5.0 AppleWebKit/537.36 (KHTML, like Gecko; compatible; GPTBot/1.3; +https://openai.com/gptbot)"
74.7.242.17 - - [02/Mar/2026:04:25:59 +0000] "GET /whsy.php?e=oom_score&p=%2Fproc%2F29457 HTTP/2.0" 200 830 "https://23rdbank.com/whsy.php?p=%2Fproc%2F29457" "Mozilla/5.0 AppleWebKit/537.36 (KHTML, like Gecko; compatible; GPTBot/1.3; +https://openai.com/gptbot)"
74.7.243.219 - - [02/Mar/2026:04:26:06 +0000] "GET /whsy.php?p=%2Fproc%2F29456%2Fns HTTP/2.0" 200 830 "https://www.23rdbank.com.lab2454.com/whsy.php?p=%2Fproc%2F29456" "Mozilla/5.0 AppleWebKit/537.36 (KHTML, like Gecko; compatible; GPTBot/1.3; +https://openai.com/gptbot)"
74.7.243.236 - - [02/Mar/2026:04:26:08 +0000] "GET /whsy.php?p=%2Fproc%2F22344%2Ftask%2F22344%2Fattr HTTP/2.0" 200 830 "https://23rdbank.com.lab2454.com/whsy.php?p=%2Fproc%2F22344%2Ftask%2F22344" "Mozilla/5.0 AppleWebKit/537.36 (KHTML, like Gecko; compatible; GPTBot/1.3; +https://openai.com/gptbot)"
74.7.242.17 - - [02/Mar/2026:04:26:08 +0000] "GET /whsy.php?e=oom_score&p=%2Fproc%2F29460 HTTP/2.0" 200 830 "https://23rdbank.com/whsy.php?p=%2Fproc%2F29460" "Mozilla/5.0 AppleWebKit/537.36 (KHTML, like Gecko; compatible; GPTBot/1.3; +https://openai.com/gptbot)"
74.7.243.219 - - [02/Mar/2026:04:26:16 +0000] "GET /whsy.php?p=%2Fproc%2F29455%2Fns HTTP/2.0" 200 830 "https://www.23rdbank.com.lab2454.com/whsy.php?p=%2Fproc%2F29455" "Mozilla/5.0 AppleWebKit/537.36 (KHTML, like Gecko; compatible; GPTBot/1.3; +https://openai.com/gptbot)"
74.7.243.236 - - [02/Mar/2026:04:26:18 +0000] "GET /whsy.php?e=xfrm_stat&p=%2Fproc%2F26664%2Fnet HTTP/2.0" 200 830 "https://23rdbank.com.lab2454.com/whsy.php?p=%2Fproc%2F26664%2Fnet" "Mozilla/5.0 AppleWebKit/537.36 (KHTML, like Gecko; compatible; GPTBot/1.3; +https://openai.com/gptbot)"
74.7.242.17 - - [02/Mar/2026:04:26:18 +0000] "GET /whsy.php?e=oom_score&p=%2Fproc%2F20973 HTTP/2.0" 200 830 "https://23rdbank.com/whsy.php?p=%2Fproc%2F20973" "Mozilla/5.0 AppleWebKit/537.36 (KHTML, like Gecko; compatible; GPTBot/1.3; +https://openai.com/gptbot)"
74.7.243.219 - - [02/Mar/2026:04:26:26 +0000] "GET /whsy.php?p=%2Fproc%2F29459%2Fns HTTP/2.0" 200 830 "https://www.23rdbank.com.lab2454.com/whsy.php?p=%2Fproc%2F29459" "Mozilla/5.0 AppleWebKit/537.36 (KHTML, like Gecko; compatible; GPTBot/1.3; +https://openai.com/gptbot)"
74.7.243.236 - - [02/Mar/2026:04:26:28 +0000] "GET /whsy.php?e=dev_mcast&p=%2Fproc%2F26664%2Fnet HTTP/2.0" 200 830 "https://23rdbank.com.lab2454.com/whsy.php?p=%2Fproc%2F26664%2Fnet" "Mozilla/5.0 AppleWebKit/537.36 (KHTML, like Gecko; compatible; GPTBot/1.3; +https://openai.com/gptbot)"
74.7.242.17 - - [02/Mar/2026:04:26:28 +0000] "GET /whsy.php?e=oom_score&p=%2Fproc%2F29451 HTTP/2.0" 200 830 "https://23rdbank.com/whsy.php?p=%2Fproc%2F29451" "Mozilla/5.0 AppleWebKit/537.36 (KHTML, like Gecko; compatible; GPTBot/1.3; +https://openai.com/gptbot)"
74.7.243.219 - - [02/Mar/2026:04:26:36 +0000] "GET /whsy.php?p=%2Fproc%2F27696%2Fns HTTP/2.0" 200 830 "https://www.23rdbank.com.lab2454.com/whsy.php?p=%2Fproc%2F27696" "Mozilla/5.0 AppleWebKit/537.36 (KHTML, like Gecko; compatible; GPTBot/1.3; +https://openai.com/gptbot)"
74.7.243.236 - - [02/Mar/2026:04:26:37 +0000] "GET /whsy.php?p=%2Fproc%2F12654%2Ftask%2F12686%2Fnet%2Fdev_snmp6 HTTP/2.0" 200 830 "https://23rdbank.com.lab2454.com/whsy.php?p=%2Fproc%2F12654%2Ftask%2F12686%2Fnet" "Mozilla/5.0 AppleWebKit/537.36 (KHTML, like Gecko; compatible; GPTBot/1.3; +https://openai.com/gptbot)"
74.7.242.17 - - [02/Mar/2026:04:26:37 +0000] "GET /whsy.php?e=oom_score&p=%2Fproc%2F29456 HTTP/2.0" 200 830 "https://23rdbank.com/whsy.php?p=%2Fproc%2F29456" "Mozilla/5.0 AppleWebKit/537.36 (KHTML, like Gecko; compatible; GPTBot/1.3; +https://openai.com/gptbot)"
74.7.243.219 - - [02/Mar/2026:04:26:44 +0000] "GET /whsy.php?p=%2Fproc%2F29460%2Fns HTTP/2.0" 200 830 "https://www.23rdbank.com.lab2454.com/whsy.php?p=%2Fproc%2F29460" "Mozilla/5.0 AppleWebKit/537.36 (KHTML, like Gecko; compatible; GPTBot/1.3; +https://openai.com/gptbot)"
74.7.243.236 - - [02/Mar/2026:04:26:46 +0000] "GET /whsy.php?p=%2Fproc%2F11953%2Fnet%2Fvlan HTTP/2.0" 200 830 "https://23rdbank.com.lab2454.com/whsy.php?p=%2Fproc%2F11953%2Fnet" "Mozilla/5.0 AppleWebKit/537.36 (KHTML, like Gecko; compatible; GPTBot/1.3; +https://openai.com/gptbot)"
74.7.242.17 - - [02/Mar/2026:04:26:46 +0000] "GET /whsy.php?e=oom_score&p=%2Fproc%2F29461 HTTP/2.0" 200 830 "https://23rdbank.com/whsy.php?p=%2Fproc%2F29461" "Mozilla/5.0 AppleWebKit/537.36 (KHTML, like Gecko; compatible; GPTBot/1.3; +https://openai.com/gptbot)"
74.7.243.219 - - [02/Mar/2026:04:26:56 +0000] "GET /whsy.php?p=%2Fproc%2F24183%2Fns HTTP/2.0" 200 830 "https://www.23rdbank.com.lab2454.com/whsy.php?p=%2Fproc%2F24183" "Mozilla/5.0 AppleWebKit/537.36 (KHTML, like Gecko; compatible; GPTBot/1.3; +https://openai.com/gptbot)"
74.7.243.236 - - [02/Mar/2026:04:26:59 +0000] "GET /whsy.php?p=%2Fproc%2F30447%2Fnet%2Fvlan HTTP/2.0" 200 830 "https://23rdbank.com.lab2454.com/whsy.php?p=%2Fproc%2F30447%2Fnet" "Mozilla/5.0 AppleWebKit/537.36 (KHTML, like Gecko; compatible; GPTBot/1.3; +https://openai.com/gptbot)"
74.7.242.17 - - [02/Mar/2026:04:26:59 +0000] "GET /whsy.php?e=auxv&p=%2Fproc%2F11119 HTTP/2.0" 200 830 "https://23rdbank.com/whsy.php?p=%2Fproc%2F11119" "Mozilla/5.0 AppleWebKit/537.36 (KHTML, like Gecko; compatible; GPTBot/1.3; +https://openai.com/gptbot)"
74.7.243.219 - - [02/Mar/2026:04:27:07 +0000] "GET /whsy.php?p=%2Fproc%2F29463%2Fns HTTP/2.0" 200 830 "https://www.23rdbank.com.lab2454.com/whsy.php?p=%2Fproc%2F29463" "Mozilla/5.0 AppleWebKit/537.36 (KHTML, like Gecko; compatible; GPTBot/1.3; +https://openai.com/gptbot)"
74.7.243.236 - - [02/Mar/2026:04:27:13 +0000] "GET /whsy.php?p=%2Fproc%2F13484%2Fnet%2Fvlan HTTP/2.0" 200 830 "https://23rdbank.com.lab2454.com/whsy.php?p=%2Fproc%2F13484%2Fnet" "Mozilla/5.0 AppleWebKit/537.36 (KHTML, like Gecko; compatible; GPTBot/1.3; +https://openai.com/gptbot)"
74.7.242.17 - - [02/Mar/2026:04:27:13 +0000] "GET /whsy.php?e=arch_status&p=%2Fproc%2F26554 HTTP/2.0" 200 830 "https://23rdbank.com/whsy.php?p=%2Fproc%2F26554" "Mozilla/5.0 AppleWebKit/537.36 (KHTML, like Gecko; compatible; GPTBot/1.3; +https://openai.com/gptbot)"
74.7.243.219 - - [02/Mar/2026:04:27:19 +0000] "GET /whsy.php?p=%2Fproc%2F19201%2Ffd HTTP/2.0" 200 830 "https://www.23rdbank.com.lab2454.com/whsy.php?p=%2Fproc%2F19201" "Mozilla/5.0 AppleWebKit/537.36 (KHTML, like Gecko; compatible; GPTBot/1.3; +https://openai.com/gptbot)"
74.7.243.236 - - [02/Mar/2026:04:27:20 +0000] "GET /whsy.php?p=%2Fproc%2F16769%2Fnet%2Fvlan HTTP/2.0" 200 830 "https://23rdbank.com.lab2454.com/whsy.php?p=%2Fproc%2F16769%2Fnet" "Mozilla/5.0 AppleWebKit/537.36 (KHTML, like Gecko; compatible; GPTBot/1.3; +https://openai.com/gptbot)"
74.7.242.17 - - [02/Mar/2026:04:27:20 +0000] "GET /whsy.php?e=arch_status&p=%2Fproc%2F29464 HTTP/2.0" 200 830 "https://23rdbank.com/whsy.php?p=%2Fproc%2F29464" "Mozilla/5.0 AppleWebKit/537.36 (KHTML, like Gecko; compatible; GPTBot/1.3; +https://openai.com/gptbot)"
74.7.243.219 - - [02/Mar/2026:04:27:30 +0000] "GET /whsy.php?p=%2Fproc%2F29452%2Ffd HTTP/2.0" 200 830 "https://www.23rdbank.com.lab2454.com/whsy.php?p=%2Fproc%2F29452" "Mozilla/5.0 AppleWebKit/537.36 (KHTML, like Gecko; compatible; GPTBot/1.3; +https://openai.com/gptbot)"
74.7.243.236 - - [02/Mar/2026:04:27:33 +0000] "GET /whsy.php?p=%2Fproc%2F18867%2Fnet%2Fvlan HTTP/2.0" 200 830 "https://23rdbank.com.lab2454.com/whsy.php?p=%2Fproc%2F18867%2Fnet" "Mozilla/5.0 AppleWebKit/537.36 (KHTML, like Gecko; compatible; GPTBot/1.3; +https://openai.com/gptbot)"
74.7.242.17 - - [02/Mar/2026:04:27:33 +0000] "GET /whsy.php?e=arch_status&p=%2Fproc%2F29455 HTTP/2.0" 200 830 "https://23rdbank.com/whsy.php?p=%2Fproc%2F29455" "Mozilla/5.0 AppleWebKit/537.36 (KHTML, like Gecko; compatible; GPTBot/1.3; +https://openai.com/gptbot)"
74.7.243.219 - - [02/Mar/2026:04:27:45 +0000] "GET /whsy.php?p=%2Fproc%2F31382%2Fns HTTP/2.0" 200 830 "https://www.23rdbank.com.lab2454.com/whsy.php?p=%2Fproc%2F31382" "Mozilla/5.0 AppleWebKit/537.36 (KHTML, like Gecko; compatible; GPTBot/1.3; +https://openai.com/gptbot)"
74.7.243.236 - - [02/Mar/2026:04:27:48 +0000] "GET /whsy.php?p=%2Fproc%2F12654%2Ftask%2F12686%2Fnet%2Fip6t_hashlimit HTTP/2.0" 200 830 "https://23rdbank.com.lab2454.com/whsy.php?p=%2Fproc%2F12654%2Ftask%2F12686%2Fnet" "Mozilla/5.0 AppleWebKit/537.36 (KHTML, like Gecko; compatible; GPTBot/1.3; +https://openai.com/gptbot)"
74.7.242.17 - - [02/Mar/2026:04:27:48 +0000] "GET /whsy.php?e=setgroups&p=%2Fproc%2F11119 HTTP/2.0" 200 830 "https://23rdbank.com/whsy.php?p=%2Fproc%2F11119" "Mozilla/5.0 AppleWebKit/537.36 (KHTML, like Gecko; compatible; GPTBot/1.3; +https://openai.com/gptbot)"
74.7.243.219 - - [02/Mar/2026:04:27:53 +0000] "GET /whsy.php?e=ip_vs&p=%2Fproc%2F29463%2Fnet HTTP/2.0" 200 830 "https://www.23rdbank.com.lab2454.com/whsy.php?p=%2Fproc%2F29463%2Fnet" "Mozilla/5.0 AppleWebKit/537.36 (KHTML, like Gecko; compatible; GPTBot/1.3; +https://openai.com/gptbot)"
74.7.242.17 - - [02/Mar/2026:04:27:56 +0000] "GET /whsy.php?e=status&p=%2Fproc%2F11119 HTTP/2.0" 200 830 "https://23rdbank.com/whsy.php?p=%2Fproc%2F11119" "Mozilla/5.0 AppleWebKit/537.36 (KHTML, like Gecko; compatible; GPTBot/1.3; +https://openai.com/gptbot)"
74.7.243.236 - - [02/Mar/2026:04:27:56 +0000] "GET /whsy.php?e=cmdline&p=%2Fproc%2F11146%2Ftask%2F10925 HTTP/2.0" 200 830 "https://23rdbank.com.lab2454.com/whsy.php?p=%2Fproc%2F11146%2Ftask%2F10925" "Mozilla/5.0 AppleWebKit/537.36 (KHTML, like Gecko; compatible; GPTBot/1.3; +https://openai.com/gptbot)"
74.7.243.219 - - [02/Mar/2026:04:28:02 +0000] "GET /whsy.php?e=ip_vs&p=%2Fproc%2F29460%2Fnet HTTP/2.0" 200 830 "https://www.23rdbank.com.lab2454.com/whsy.php?p=%2Fproc%2F29460%2Fnet" "Mozilla/5.0 AppleWebKit/537.36 (KHTML, like Gecko; compatible; GPTBot/1.3; +https://openai.com/gptbot)"
74.7.242.17 - - [02/Mar/2026:04:28:04 +0000] "GET /whsy.php?e=timers&p=%2Fproc%2F11119 HTTP/2.0" 200 830 "https://23rdbank.com/whsy.php?p=%2Fproc%2F11119" "Mozilla/5.0 AppleWebKit/537.36 (KHTML, like Gecko; compatible; GPTBot/1.3; +https://openai.com/gptbot)"
74.7.243.236 - - [02/Mar/2026:04:28:04 +0000] "GET /whsy.php?e=cmdline&p=%2Fproc%2F11146%2Ftask%2F10926 HTTP/2.0" 200 830 "https://23rdbank.com.lab2454.com/whsy.php?p=%2Fproc%2F11146%2Ftask%2F10926" "Mozilla/5.0 AppleWebKit/537.36 (KHTML, like Gecko; compatible; GPTBot/1.3; +https://openai.com/gptbot)"
74.7.243.219 - - [02/Mar/2026:04:28:13 +0000] "GET /whsy.php?e=ip_vs&p=%2Fproc%2F29459%2Fnet HTTP/2.0" 200 830 "https://www.23rdbank.com.lab2454.com/whsy.php?p=%2Fproc%2F29459%2Fnet" "Mozilla/5.0 AppleWebKit/537.36 (KHTML, like Gecko; compatible; GPTBot/1.3; +https://openai.com/gptbot)"
74.7.242.17 - - [02/Mar/2026:04:28:15 +0000] "GET /whsy.php?e=cgroup&p=%2Fproc%2F11119 HTTP/2.0" 200 830 "https://23rdbank.com/whsy.php?p=%2Fproc%2F11119" "Mozilla/5.0 AppleWebKit/537.36 (KHTML, like Gecko; compatible; GPTBot/1.3; +https://openai.com/gptbot)"
74.7.243.236 - - [02/Mar/2026:04:28:15 +0000] "GET /whsy.php?e=cmdline&p=%2Fproc%2F11146%2Ftask%2F12785 HTTP/2.0" 200 830 "https://23rdbank.com.lab2454.com/whsy.php?p=%2Fproc%2F11146%2Ftask%2F12785" "Mozilla/5.0 AppleWebKit/537.36 (KHTML, like Gecko; compatible; GPTBot/1.3; +https://openai.com/gptbot)"
74.7.243.219 - - [02/Mar/2026:04:28:23 +0000] "GET /whsy.php?e=ip_vs&p=%2Fproc%2F29456%2Fnet HTTP/2.0" 200 830 "https://www.23rdbank.com.lab2454.com/whsy.php?p=%2Fproc%2F29456%2Fnet" "Mozilla/5.0 AppleWebKit/537.36 (KHTML, like Gecko; compatible; GPTBot/1.3; +https://openai.com/gptbot)"
74.7.242.17 - - [02/Mar/2026:04:28:25 +0000] "GET /whsy.php?e=cpuset&p=%2Fproc%2F11119 HTTP/2.0" 200 830 "https://23rdbank.com/whsy.php?p=%2Fproc%2F11119" "Mozilla/5.0 AppleWebKit/537.36 (KHTML, like Gecko; compatible; GPTBot/1.3; +https://openai.com/gptbot)"
74.7.243.236 - - [02/Mar/2026:04:28:25 +0000] "GET /whsy.php?e=environ&p=%2Fproc%2F11146%2Ftask%2F13960 HTTP/2.0" 200 830 "https://23rdbank.com.lab2454.com/whsy.php?p=%2Fproc%2F11146%2Ftask%2F13960" "Mozilla/5.0 AppleWebKit/537.36 (KHTML, like Gecko; compatible; GPTBot/1.3; +https://openai.com/gptbot)"
216.73.216.214 - - [02/Mar/2026:04:28:30 +0000] "GET /?C=M&O=A HTTP/2.0" 200 405 "-" "Mozilla/5.0 AppleWebKit/537.36 (KHTML, like Gecko; compatible; ClaudeBot/1.0; +claudebot@anthropic.com)"
74.7.243.219 - - [02/Mar/2026:04:28:32 +0000] "GET /whsy.php?e=ip_vs&p=%2Fproc%2F29464%2Fnet HTTP/2.0" 200 830 "https://www.23rdbank.com.lab2454.com/whsy.php?p=%2Fproc%2F29464%2Fnet" "Mozilla/5.0 AppleWebKit/537.36 (KHTML, like Gecko; compatible; GPTBot/1.3; +https://openai.com/gptbot)"
74.7.242.17 - - [02/Mar/2026:04:28:34 +0000] "GET /whsy.php?e=schedstat&p=%2Fproc%2F11119 HTTP/2.0" 200 830 "https://23rdbank.com/whsy.php?p=%2Fproc%2F11119" "Mozilla/5.0 AppleWebKit/537.36 (KHTML, like Gecko; compatible; GPTBot/1.3; +https://openai.com/gptbot)"
74.7.243.236 - - [02/Mar/2026:04:28:34 +0000] "GET /whsy.php?e=cmdline&p=%2Fproc%2F11146%2Ftask%2F12489 HTTP/2.0" 200 830 "https://23rdbank.com.lab2454.com/whsy.php?p=%2Fproc%2F11146%2Ftask%2F12489" "Mozilla/5.0 AppleWebKit/537.36 (KHTML, like Gecko; compatible; GPTBot/1.3; +https://openai.com/gptbot)"
74.7.243.219 - - [02/Mar/2026:04:28:40 +0000] "GET /whsy.php?e=ip_vs&p=%2Fproc%2F29455%2Fnet HTTP/2.0" 200 830 "https://www.23rdbank.com.lab2454.com/whsy.php?p=%2Fproc%2F29455%2Fnet" "Mozilla/5.0 AppleWebKit/537.36 (KHTML, like Gecko; compatible; GPTBot/1.3; +https://openai.com/gptbot)"
74.7.242.17 - - [02/Mar/2026:04:28:43 +0000] "GET /whsy.php?e=sessionid&p=%2Fproc%2F11119 HTTP/2.0" 200 830 "https://23rdbank.com/whsy.php?p=%2Fproc%2F11119" "Mozilla/5.0 AppleWebKit/537.36 (KHTML, like Gecko; compatible; GPTBot/1.3; +https://openai.com/gptbot)"
74.7.243.236 - - [02/Mar/2026:04:28:44 +0000] "GET /whsy.php?p=%2Fproc%2F26664%2Fnet%2Fxt_recent HTTP/2.0" 200 830 "https://23rdbank.com.lab2454.com/whsy.php?p=%2Fproc%2F26664%2Fnet" "Mozilla/5.0 AppleWebKit/537.36 (KHTML, like Gecko; compatible; GPTBot/1.3; +https://openai.com/gptbot)"
74.7.243.219 - - [02/Mar/2026:04:28:53 +0000] "GET /whsy.php?e=if_inet6&p=%2Fproc%2F29459%2Fnet HTTP/2.0" 200 830 "https://www.23rdbank.com.lab2454.com/whsy.php?p=%2Fproc%2F29459%2Fnet" "Mozilla/5.0 AppleWebKit/537.36 (KHTML, like Gecko; compatible; GPTBot/1.3; +https://openai.com/gptbot)"
74.7.242.17 - - [02/Mar/2026:04:28:56 +0000] "GET /whsy.php?p=%2Fproc%2F11119%2Fnet HTTP/2.0" 200 830 "https://23rdbank.com/whsy.php?p=%2Fproc%2F11119" "Mozilla/5.0 AppleWebKit/537.36 (KHTML, like Gecko; compatible; GPTBot/1.3; +https://openai.com/gptbot)"
74.7.243.236 - - [02/Mar/2026:04:28:57 +0000] "GET /whsy.php?e=keycreate&p=%2Fproc%2F18907%2Fattr HTTP/2.0" 200 864 "https://23rdbank.com.lab2454.com/whsy.php?p=%2Fproc%2F18907%2Fattr" "Mozilla/5.0 AppleWebKit/537.36 (KHTML, like Gecko; compatible; GPTBot/1.3; +https://openai.com/gptbot)"
74.7.243.219 - - [02/Mar/2026:04:29:04 +0000] "GET /whsy.php?e=if_inet6&p=%2Fproc%2F29455%2Fnet HTTP/2.0" 200 830 "https://www.23rdbank.com.lab2454.com/whsy.php?p=%2Fproc%2F29455%2Fnet" "Mozilla/5.0 AppleWebKit/537.36 (KHTML, like Gecko; compatible; GPTBot/1.3; +https://openai.com/gptbot)"
74.7.242.17 - - [02/Mar/2026:04:29:06 +0000] "GET /whsy.php?p=%2Fproc%2F11119%2Ffdinfo HTTP/2.0" 200 830 "https://23rdbank.com/whsy.php?p=%2Fproc%2F11119" "Mozilla/5.0 AppleWebKit/537.36 (KHTML, like Gecko; compatible; GPTBot/1.3; +https://openai.com/gptbot)"
74.7.243.236 - - [02/Mar/2026:04:29:07 +0000] "GET /whsy.php?e=keycreate&p=%2Fproc%2F13796%2Fattr HTTP/2.0" 200 830 "https://23rdbank.com.lab2454.com/whsy.php?p=%2Fproc%2F13796%2Fattr" "Mozilla/5.0 AppleWebKit/537.36 (KHTML, like Gecko; compatible; GPTBot/1.3; +https://openai.com/gptbot)"
74.7.243.219 - - [02/Mar/2026:04:29:11 +0000] "GET /whsy.php?e=if_inet6&p=%2Fproc%2F29463%2Fnet HTTP/2.0" 200 830 "https://www.23rdbank.com.lab2454.com/whsy.php?p=%2Fproc%2F29463%2Fnet" "Mozilla/5.0 AppleWebKit/537.36 (KHTML, like Gecko; compatible; GPTBot/1.3; +https://openai.com/gptbot)"
74.7.242.17 - - [02/Mar/2026:04:29:12 +0000] "GET /whsy.php?e=oom_score&p=%2Fproc%2F29455 HTTP/2.0" 200 830 "https://23rdbank.com/whsy.php?p=%2Fproc%2F29455" "Mozilla/5.0 AppleWebKit/537.36 (KHTML, like Gecko; compatible; GPTBot/1.3; +https://openai.com/gptbot)"
74.7.243.236 - - [02/Mar/2026:04:29:13 +0000] "GET /whsy.php?e=xfrm_stat&p=%2Fproc%2F13001%2Fnet HTTP/2.0" 200 830 "https://23rdbank.com.lab2454.com/whsy.php?p=%2Fproc%2F13001%2Fnet" "Mozilla/5.0 AppleWebKit/537.36 (KHTML, like Gecko; compatible; GPTBot/1.3; +https://openai.com/gptbot)"
74.7.243.219 - - [02/Mar/2026:04:29:24 +0000] "GET /whsy.php?e=if_inet6&p=%2Fproc%2F29460%2Fnet HTTP/2.0" 200 830 "https://www.23rdbank.com.lab2454.com/whsy.php?p=%2Fproc%2F29460%2Fnet" "Mozilla/5.0 AppleWebKit/537.36 (KHTML, like Gecko; compatible; GPTBot/1.3; +https://openai.com/gptbot)"
74.7.242.17 - - [02/Mar/2026:04:29:27 +0000] "GET /whsy.php?e=oom_score&p=%2Fproc%2F29464 HTTP/2.0" 200 830 "https://23rdbank.com/whsy.php?p=%2Fproc%2F29464" "Mozilla/5.0 AppleWebKit/537.36 (KHTML, like Gecko; compatible; GPTBot/1.3; +https://openai.com/gptbot)"
74.7.243.236 - - [02/Mar/2026:04:29:28 +0000] "GET /whsy.php?e=dev_mcast&p=%2Fproc%2F11330%2Fnet HTTP/2.0" 200 830 "https://23rdbank.com.lab2454.com/whsy.php?p=%2Fproc%2F11330%2Fnet" "Mozilla/5.0 AppleWebKit/537.36 (KHTML, like Gecko; compatible; GPTBot/1.3; +https://openai.com/gptbot)"
74.7.243.219 - - [02/Mar/2026:04:29:37 +0000] "GET /whsy.php?e=if_inet6&p=%2Fproc%2F29456%2Fnet HTTP/2.0" 200 830 "https://www.23rdbank.com.lab2454.com/whsy.php?p=%2Fproc%2F29456%2Fnet" "Mozilla/5.0 AppleWebKit/537.36 (KHTML, like Gecko; compatible; GPTBot/1.3; +https://openai.com/gptbot)"
74.7.242.17 - - [02/Mar/2026:04:29:38 +0000] "GET /whsy.php?e=oom_score&p=%2Fproc%2F26554 HTTP/2.0" 200 830 "https://23rdbank.com/whsy.php?p=%2Fproc%2F26554" "Mozilla/5.0 AppleWebKit/537.36 (KHTML, like Gecko; compatible; GPTBot/1.3; +https://openai.com/gptbot)"
74.7.243.236 - - [02/Mar/2026:04:29:39 +0000] "GET /whsy.php?e=xfrm_stat&p=%2Fproc%2F11330%2Fnet HTTP/2.0" 200 830 "https://23rdbank.com.lab2454.com/whsy.php?p=%2Fproc%2F11330%2Fnet" "Mozilla/5.0 AppleWebKit/537.36 (KHTML, like Gecko; compatible; GPTBot/1.3; +https://openai.com/gptbot)"
74.7.243.219 - - [02/Mar/2026:04:29:45 +0000] "GET /whsy.php?e=udplite6&p=%2Fproc%2F29452%2Fnet HTTP/2.0" 200 830 "https://www.23rdbank.com.lab2454.com/whsy.php?p=%2Fproc%2F29452%2Fnet" "Mozilla/5.0 AppleWebKit/537.36 (KHTML, like Gecko; compatible; GPTBot/1.3; +https://openai.com/gptbot)"
74.7.242.17 - - [02/Mar/2026:04:29:47 +0000] "GET /whsy.php?e=timens_offsets&p=%2Fproc%2F11119 HTTP/2.0" 200 830 "https://23rdbank.com/whsy.php?p=%2Fproc%2F11119" "Mozilla/5.0 AppleWebKit/537.36 (KHTML, like Gecko; compatible; GPTBot/1.3; +https://openai.com/gptbot)"
74.7.243.236 - - [02/Mar/2026:04:29:48 +0000] "GET /whsy.php?e=dev_mcast&p=%2Fproc%2F13001%2Fnet HTTP/2.0" 200 830 "https://23rdbank.com.lab2454.com/whsy.php?p=%2Fproc%2F13001%2Fnet" "Mozilla/5.0 AppleWebKit/537.36 (KHTML, like Gecko; compatible; GPTBot/1.3; +https://openai.com/gptbot)"
74.7.243.219 - - [02/Mar/2026:04:29:55 +0000] "GET /whsy.php?p=%2Fproc%2F29460%2Ffdinfo HTTP/2.0" 200 830 "https://www.23rdbank.com.lab2454.com/whsy.php?p=%2Fproc%2F29460" "Mozilla/5.0 AppleWebKit/537.36 (KHTML, like Gecko; compatible; GPTBot/1.3; +https://openai.com/gptbot)"
74.7.242.17 - - [02/Mar/2026:04:29:57 +0000] "GET /whsy.php?e=mountstats&p=%2Fproc%2F11119 HTTP/2.0" 200 830 "https://23rdbank.com/whsy.php?p=%2Fproc%2F11119" "Mozilla/5.0 AppleWebKit/537.36 (KHTML, like Gecko; compatible; GPTBot/1.3; +https://openai.com/gptbot)"
74.7.243.236 - - [02/Mar/2026:04:29:57 +0000] "GET /whsy.php?p=%2Fproc%2F3386 HTTP/2.0" 200 830 "https://23rdbank.com.lab2454.com/whsy.php?p=%2Fproc%2F18632%2F.." "Mozilla/5.0 AppleWebKit/537.36 (KHTML, like Gecko; compatible; GPTBot/1.3; +https://openai.com/gptbot)"
74.7.243.219 - - [02/Mar/2026:04:30:07 +0000] "GET /whsy.php?p=%2Fproc%2F29463%2Ffdinfo HTTP/2.0" 200 830 "https://www.23rdbank.com.lab2454.com/whsy.php?p=%2Fproc%2F29463" "Mozilla/5.0 AppleWebKit/537.36 (KHTML, like Gecko; compatible; GPTBot/1.3; +https://openai.com/gptbot)"
74.7.242.17 - - [02/Mar/2026:04:30:12 +0000] "GET /whsy.php?e=smaps_rollup&p=%2Fproc%2F11119 HTTP/2.0" 200 830 "https://23rdbank.com/whsy.php?p=%2Fproc%2F11119" "Mozilla/5.0 AppleWebKit/537.36 (KHTML, like Gecko; compatible; GPTBot/1.3; +https://openai.com/gptbot)"
74.7.243.236 - - [02/Mar/2026:04:30:13 +0000] "GET /whsy.php?p=%2Fproc%2F5977 HTTP/2.0" 200 830 "https://23rdbank.com.lab2454.com/whsy.php?p=%2Fproc%2F25364%2F.." "Mozilla/5.0 AppleWebKit/537.36 (KHTML, like Gecko; compatible; GPTBot/1.3; +https://openai.com/gptbot)"
74.7.243.219 - - [02/Mar/2026:04:30:22 +0000] "GET /whsy.php?p=%2Fproc%2F28316%2Ffdinfo HTTP/2.0" 200 830 "https://www.23rdbank.com.lab2454.com/whsy.php?p=%2Fproc%2F28316" "Mozilla/5.0 AppleWebKit/537.36 (KHTML, like Gecko; compatible; GPTBot/1.3; +https://openai.com/gptbot)"
74.7.242.17 - - [02/Mar/2026:04:30:27 +0000] "GET /whsy.php?e=oom_score_adj&p=%2Fproc%2F11119 HTTP/2.0" 200 830 "https://23rdbank.com/whsy.php?p=%2Fproc%2F11119" "Mozilla/5.0 AppleWebKit/537.36 (KHTML, like Gecko; compatible; GPTBot/1.3; +https://openai.com/gptbot)"
74.7.243.236 - - [02/Mar/2026:04:30:28 +0000] "GET /whsy.php?p=%2Fproc%2F6158 HTTP/2.0" 200 830 "https://23rdbank.com.lab2454.com/whsy.php?p=%2Fproc%2F25364%2F.." "Mozilla/5.0 AppleWebKit/537.36 (KHTML, like Gecko; compatible; GPTBot/1.3; +https://openai.com/gptbot)"
74.7.243.219 - - [02/Mar/2026:04:30:34 +0000] "GET /whsy.php?p=%2Fproc%2F24183%2Ffdinfo HTTP/2.0" 200 830 "https://www.23rdbank.com.lab2454.com/whsy.php?p=%2Fproc%2F24183" "Mozilla/5.0 AppleWebKit/537.36 (KHTML, like Gecko; compatible; GPTBot/1.3; +https://openai.com/gptbot)"
74.7.242.17 - - [02/Mar/2026:04:30:36 +0000] "GET /whsy.php?p=%2Fproc%2F26782%2Ffdinfo HTTP/2.0" 200 830 "https://23rdbank.com/whsy.php?p=%2Fproc%2F26782" "Mozilla/5.0 AppleWebKit/537.36 (KHTML, like Gecko; compatible; GPTBot/1.3; +https://openai.com/gptbot)"
74.7.243.236 - - [02/Mar/2026:04:30:36 +0000] "GET /whsy.php?p=%2Fproc%2F8235 HTTP/2.0" 200 830 "https://23rdbank.com.lab2454.com/whsy.php?p=%2Fproc%2F27565%2F.." "Mozilla/5.0 AppleWebKit/537.36 (KHTML, like Gecko; compatible; GPTBot/1.3; +https://openai.com/gptbot)"
74.7.243.219 - - [02/Mar/2026:04:30:48 +0000] "GET /whsy.php?p=%2Fproc%2F29456%2Ffdinfo HTTP/2.0" 200 830 "https://www.23rdbank.com.lab2454.com/whsy.php?p=%2Fproc%2F29456" "Mozilla/5.0 AppleWebKit/537.36 (KHTML, like Gecko; compatible; GPTBot/1.3; +https://openai.com/gptbot)"
74.7.242.17 - - [02/Mar/2026:04:30:50 +0000] "GET /whsy.php?p=%2Fproc%2F29452%2Ffdinfo HTTP/2.0" 200 830 "https://23rdbank.com/whsy.php?p=%2Fproc%2F29452" "Mozilla/5.0 AppleWebKit/537.36 (KHTML, like Gecko; compatible; GPTBot/1.3; +https://openai.com/gptbot)"
74.7.243.236 - - [02/Mar/2026:04:30:51 +0000] "GET /whsy.php?p=%2Fproc%2F8162 HTTP/2.0" 200 830 "https://23rdbank.com.lab2454.com/whsy.php?p=%2Fproc%2F9764%2F.." "Mozilla/5.0 AppleWebKit/537.36 (KHTML, like Gecko; compatible; GPTBot/1.3; +https://openai.com/gptbot)"
74.7.243.219 - - [02/Mar/2026:04:30:58 +0000] "GET /whsy.php?p=%2Fproc%2F29452%2Fnet%2Fip6t_hashlimit HTTP/2.0" 200 830 "https://www.23rdbank.com.lab2454.com/whsy.php?p=%2Fproc%2F29452%2Fnet" "Mozilla/5.0 AppleWebKit/537.36 (KHTML, like Gecko; compatible; GPTBot/1.3; +https://openai.com/gptbot)"
74.7.242.17 - - [02/Mar/2026:04:31:00 +0000] "GET /whsy.php?p=%2Fproc%2F30032%2Ffdinfo HTTP/2.0" 200 830 "https://23rdbank.com/whsy.php?p=%2Fproc%2F30032" "Mozilla/5.0 AppleWebKit/537.36 (KHTML, like Gecko; compatible; GPTBot/1.3; +https://openai.com/gptbot)"
74.7.243.236 - - [02/Mar/2026:04:31:00 +0000] "GET /whsy.php?p=%2Fproc%2F8542 HTTP/2.0" 200 830 "https://23rdbank.com.lab2454.com/whsy.php?p=%2Fproc%2F27565%2F.." "Mozilla/5.0 AppleWebKit/537.36 (KHTML, like Gecko; compatible; GPTBot/1.3; +https://openai.com/gptbot)"
74.7.243.219 - - [02/Mar/2026:04:31:11 +0000] "GET /whsy.php?p=%2Fproc%2F29464%2Fnet%2Fip6t_hashlimit HTTP/2.0" 200 830 "https://www.23rdbank.com.lab2454.com/whsy.php?p=%2Fproc%2F29464%2Fnet" "Mozilla/5.0 AppleWebKit/537.36 (KHTML, like Gecko; compatible; GPTBot/1.3; +https://openai.com/gptbot)"
74.7.243.236 - - [02/Mar/2026:04:31:14 +0000] "GET /whsy.php?p=%2Fproc%2F3624 HTTP/2.0" 200 830 "https://23rdbank.com.lab2454.com/whsy.php?p=%2Fproc%2F26917%2F.." "Mozilla/5.0 AppleWebKit/537.36 (KHTML, like Gecko; compatible; GPTBot/1.3; +https://openai.com/gptbot)"
74.7.242.17 - - [02/Mar/2026:04:31:13 +0000] "GET /whsy.php?p=%2Fproc%2F29464%2Ffdinfo HTTP/2.0" 200 830 "https://23rdbank.com/whsy.php?p=%2Fproc%2F29464" "Mozilla/5.0 AppleWebKit/537.36 (KHTML, like Gecko; compatible; GPTBot/1.3; +https://openai.com/gptbot)"
74.7.243.219 - - [02/Mar/2026:04:31:21 +0000] "GET /whsy.php?e=anycast6&p=%2Fproc%2F29464%2Fnet HTTP/2.0" 200 830 "https://www.23rdbank.com.lab2454.com/whsy.php?p=%2Fproc%2F29464%2Fnet" "Mozilla/5.0 AppleWebKit/537.36 (KHTML, like Gecko; compatible; GPTBot/1.3; +https://openai.com/gptbot)"
74.7.242.17 - - [02/Mar/2026:04:31:24 +0000] "GET /whsy.php?p=%2Fproc%2F26554%2Ffdinfo HTTP/2.0" 200 830 "https://23rdbank.com/whsy.php?p=%2Fproc%2F26554" "Mozilla/5.0 AppleWebKit/537.36 (KHTML, like Gecko; compatible; GPTBot/1.3; +https://openai.com/gptbot)"
74.7.243.236 - - [02/Mar/2026:04:31:25 +0000] "GET /whsy.php?p=%2Fproc%2F7095 HTTP/2.0" 200 830 "https://23rdbank.com.lab2454.com/whsy.php?p=%2Fproc%2F27565%2F.." "Mozilla/5.0 AppleWebKit/537.36 (KHTML, like Gecko; compatible; GPTBot/1.3; +https://openai.com/gptbot)"
74.7.243.219 - - [02/Mar/2026:04:31:31 +0000] "GET /whsy.php?e=anycast6&p=%2Fproc%2F29452%2Fnet HTTP/2.0" 200 830 "https://www.23rdbank.com.lab2454.com/whsy.php?p=%2Fproc%2F29452%2Fnet" "Mozilla/5.0 AppleWebKit/537.36 (KHTML, like Gecko; compatible; GPTBot/1.3; +https://openai.com/gptbot)"
216.73.216.214 - - [02/Mar/2026:04:31:31 +0000] "GET /wp-blog-header.php HTTP/2.0" 200 20 "-" "Mozilla/5.0 AppleWebKit/537.36 (KHTML, like Gecko; compatible; ClaudeBot/1.0; +claudebot@anthropic.com)"
74.7.242.17 - - [02/Mar/2026:04:31:32 +0000] "GET /whsy.php?p=%2Fproc%2F29455%2Ffdinfo HTTP/2.0" 200 830 "https://23rdbank.com/whsy.php?p=%2Fproc%2F29455" "Mozilla/5.0 AppleWebKit/537.36 (KHTML, like Gecko; compatible; GPTBot/1.3; +https://openai.com/gptbot)"
74.7.243.236 - - [02/Mar/2026:04:31:32 +0000] "GET /whsy.php?p=%2Fproc%2F3498 HTTP/2.0" 200 830 "https://23rdbank.com.lab2454.com/whsy.php?p=%2Fproc%2F12635%2F.." "Mozilla/5.0 AppleWebKit/537.36 (KHTML, like Gecko; compatible; GPTBot/1.3; +https://openai.com/gptbot)"
74.7.243.219 - - [02/Mar/2026:04:31:40 +0000] "GET /whsy.php?e=udplite6&p=%2Fproc%2F29455%2Fnet HTTP/2.0" 200 830 "https://www.23rdbank.com.lab2454.com/whsy.php?p=%2Fproc%2F29455%2Fnet" "Mozilla/5.0 AppleWebKit/537.36 (KHTML, like Gecko; compatible; GPTBot/1.3; +https://openai.com/gptbot)"
74.7.242.17 - - [02/Mar/2026:04:31:42 +0000] "GET /whsy.php?e=cmdline&p=%2Fproc%2F11119 HTTP/2.0" 200 830 "https://23rdbank.com/whsy.php?p=%2Fproc%2F11119" "Mozilla/5.0 AppleWebKit/537.36 (KHTML, like Gecko; compatible; GPTBot/1.3; +https://openai.com/gptbot)"
74.7.243.236 - - [02/Mar/2026:04:31:43 +0000] "GET /whsy.php?p=%2Fproc%2F3912 HTTP/2.0" 200 830 "https://23rdbank.com.lab2454.com/whsy.php?e=2808&p=%2Fproc" "Mozilla/5.0 AppleWebKit/537.36 (KHTML, like Gecko; compatible; GPTBot/1.3; +https://openai.com/gptbot)"
74.7.243.219 - - [02/Mar/2026:04:31:49 +0000] "GET /whsy.php?e=udplite6&p=%2Fproc%2F29463%2Fnet HTTP/2.0" 200 830 "https://www.23rdbank.com.lab2454.com/whsy.php?p=%2Fproc%2F29463%2Fnet" "Mozilla/5.0 AppleWebKit/537.36 (KHTML, like Gecko; compatible; GPTBot/1.3; +https://openai.com/gptbot)"
74.7.242.17 - - [02/Mar/2026:04:31:51 +0000] "GET /whsy.php?p=%2Fproc%2F29451%2Fns HTTP/2.0" 200 830 "https://23rdbank.com/whsy.php?p=%2Fproc%2F29451" "Mozilla/5.0 AppleWebKit/537.36 (KHTML, like Gecko; compatible; GPTBot/1.3; +https://openai.com/gptbot)"
74.7.243.236 - - [02/Mar/2026:04:31:52 +0000] "GET /whsy.php?p=%2Fproc%2F4458 HTTP/2.0" 200 830 "https://23rdbank.com.lab2454.com/whsy.php?p=%2Fproc%2F26917%2F.." "Mozilla/5.0 AppleWebKit/537.36 (KHTML, like Gecko; compatible; GPTBot/1.3; +https://openai.com/gptbot)"
74.7.243.219 - - [02/Mar/2026:04:32:00 +0000] "GET /whsy.php?e=udplite6&p=%2Fproc%2F29459%2Fnet HTTP/2.0" 200 830 "https://www.23rdbank.com.lab2454.com/whsy.php?p=%2Fproc%2F29459%2Fnet" "Mozilla/5.0 AppleWebKit/537.36 (KHTML, like Gecko; compatible; GPTBot/1.3; +https://openai.com/gptbot)"
74.7.242.17 - - [02/Mar/2026:04:32:01 +0000] "GET /whsy.php?p=%2Fproc%2F26554%2Fns HTTP/2.0" 200 830 "https://23rdbank.com/whsy.php?p=%2Fproc%2F26554" "Mozilla/5.0 AppleWebKit/537.36 (KHTML, like Gecko; compatible; GPTBot/1.3; +https://openai.com/gptbot)"
74.7.243.236 - - [02/Mar/2026:04:32:02 +0000] "GET /whsy.php?p=%2Fproc%2F4236 HTTP/2.0" 200 830 "https://23rdbank.com.lab2454.com/whsy.php?p=%2Fproc%2F18632%2F.." "Mozilla/5.0 AppleWebKit/537.36 (KHTML, like Gecko; compatible; GPTBot/1.3; +https://openai.com/gptbot)"
74.7.243.219 - - [02/Mar/2026:04:32:11 +0000] "GET /whsy.php?e=udplite6&p=%2Fproc%2F29456%2Fnet HTTP/2.0" 200 830 "https://www.23rdbank.com.lab2454.com/whsy.php?p=%2Fproc%2F29456%2Fnet" "Mozilla/5.0 AppleWebKit/537.36 (KHTML, like Gecko; compatible; GPTBot/1.3; +https://openai.com/gptbot)"
74.7.242.17 - - [02/Mar/2026:04:32:13 +0000] "GET /whsy.php?p=%2Fproc%2F26554%2Ffd HTTP/2.0" 200 830 "https://23rdbank.com/whsy.php?p=%2Fproc%2F26554" "Mozilla/5.0 AppleWebKit/537.36 (KHTML, like Gecko; compatible; GPTBot/1.3; +https://openai.com/gptbot)"
74.7.243.236 - - [02/Mar/2026:04:32:13 +0000] "GET /whsy.php?p=%2Fproc%2F2804 HTTP/2.0" 200 830 "https://23rdbank.com.lab2454.com/whsy.php?p=%2Fproc%2F18632%2F.." "Mozilla/5.0 AppleWebKit/537.36 (KHTML, like Gecko; compatible; GPTBot/1.3; +https://openai.com/gptbot)"
74.7.243.219 - - [02/Mar/2026:04:32:19 +0000] "GET /whsy.php?e=udplite6&p=%2Fproc%2F29460%2Fnet HTTP/2.0" 200 830 "https://www.23rdbank.com.lab2454.com/whsy.php?p=%2Fproc%2F29460%2Fnet" "Mozilla/5.0 AppleWebKit/537.36 (KHTML, like Gecko; compatible; GPTBot/1.3; +https://openai.com/gptbot)"
74.7.242.17 - - [02/Mar/2026:04:32:21 +0000] "GET /whsy.php?p=%2Fproc%2F29452%2Fns HTTP/2.0" 200 830 "https://23rdbank.com/whsy.php?p=%2Fproc%2F29452" "Mozilla/5.0 AppleWebKit/537.36 (KHTML, like Gecko; compatible; GPTBot/1.3; +https://openai.com/gptbot)"
74.7.243.236 - - [02/Mar/2026:04:32:21 +0000] "GET /whsy.php?p=%2Fproc%2F5148 HTTP/2.0" 200 830 "https://23rdbank.com.lab2454.com/whsy.php?e=2808&p=%2Fproc" "Mozilla/5.0 AppleWebKit/537.36 (KHTML, like Gecko; compatible; GPTBot/1.3; +https://openai.com/gptbot)"
74.7.243.219 - - [02/Mar/2026:04:32:31 +0000] "GET /whsy.php?e=icmp&p=%2Fproc%2F29464%2Fnet HTTP/2.0" 200 830 "https://www.23rdbank.com.lab2454.com/whsy.php?p=%2Fproc%2F29464%2Fnet" "Mozilla/5.0 AppleWebKit/537.36 (KHTML, like Gecko; compatible; GPTBot/1.3; +https://openai.com/gptbot)"
74.7.242.17 - - [02/Mar/2026:04:32:32 +0000] "GET /whsy.php?p=%2Fproc%2F29457%2Ffd HTTP/2.0" 200 830 "https://23rdbank.com/whsy.php?p=%2Fproc%2F29457" "Mozilla/5.0 AppleWebKit/537.36 (KHTML, like Gecko; compatible; GPTBot/1.3; +https://openai.com/gptbot)"
74.7.243.236 - - [02/Mar/2026:04:32:32 +0000] "GET /whsy.php?p=%2Fproc%2F9040 HTTP/2.0" 200 830 "https://23rdbank.com.lab2454.com/whsy.php?p=%2Fproc%2F18632%2F.." "Mozilla/5.0 AppleWebKit/537.36 (KHTML, like Gecko; compatible; GPTBot/1.3; +https://openai.com/gptbot)"
74.7.243.219 - - [02/Mar/2026:04:32:41 +0000] "GET /whsy.php?e=icmp&p=%2Fproc%2F29455%2Fnet HTTP/2.0" 200 830 "https://www.23rdbank.com.lab2454.com/whsy.php?p=%2Fproc%2F29455%2Fnet" "Mozilla/5.0 AppleWebKit/537.36 (KHTML, like Gecko; compatible; GPTBot/1.3; +https://openai.com/gptbot)"
74.7.242.17 - - [02/Mar/2026:04:32:42 +0000] "GET /whsy.php?p=%2Fproc%2F26782%2Ffd HTTP/2.0" 200 830 "https://23rdbank.com/whsy.php?p=%2Fproc%2F26782" "Mozilla/5.0 AppleWebKit/537.36 (KHTML, like Gecko; compatible; GPTBot/1.3; +https://openai.com/gptbot)"
74.7.243.236 - - [02/Mar/2026:04:32:43 +0000] "GET /whsy.php?p=%2Fproc%2F9528 HTTP/2.0" 200 830 "https://23rdbank.com.lab2454.com/whsy.php?p=%2Fproc%2F9764%2F.." "Mozilla/5.0 AppleWebKit/537.36 (KHTML, like Gecko; compatible; GPTBot/1.3; +https://openai.com/gptbot)"
74.7.243.219 - - [02/Mar/2026:04:32:57 +0000] "GET /whsy.php?e=icmp&p=%2Fproc%2F29459%2Fnet HTTP/2.0" 200 830 "https://www.23rdbank.com.lab2454.com/whsy.php?p=%2Fproc%2F29459%2Fnet" "Mozilla/5.0 AppleWebKit/537.36 (KHTML, like Gecko; compatible; GPTBot/1.3; +https://openai.com/gptbot)"
74.7.242.17 - - [02/Mar/2026:04:32:58 +0000] "GET /whsy.php?p=%2Fproc%2F29461%2Ffd HTTP/2.0" 200 830 "https://23rdbank.com/whsy.php?p=%2Fproc%2F29461" "Mozilla/5.0 AppleWebKit/537.36 (KHTML, like Gecko; compatible; GPTBot/1.3; +https://openai.com/gptbot)"
74.7.243.236 - - [02/Mar/2026:04:32:59 +0000] "GET /whsy.php?p=%2Fproc%2F5908 HTTP/2.0" 200 830 "https://23rdbank.com.lab2454.com/whsy.php?e=2808&p=%2Fproc" "Mozilla/5.0 AppleWebKit/537.36 (KHTML, like Gecko; compatible; GPTBot/1.3; +https://openai.com/gptbot)"
74.7.243.219 - - [02/Mar/2026:04:33:07 +0000] "GET /whsy.php?e=snmp&p=%2Fproc%2F29460%2Fnet HTTP/2.0" 200 830 "https://www.23rdbank.com.lab2454.com/whsy.php?p=%2Fproc%2F29460%2Fnet" "Mozilla/5.0 AppleWebKit/537.36 (KHTML, like Gecko; compatible; GPTBot/1.3; +https://openai.com/gptbot)"
74.7.242.17 - - [02/Mar/2026:04:33:09 +0000] "GET /whsy.php?p=%2Fproc%2F29452%2Ffd HTTP/2.0" 200 830 "https://23rdbank.com/whsy.php?p=%2Fproc%2F29452" "Mozilla/5.0 AppleWebKit/537.36 (KHTML, like Gecko; compatible; GPTBot/1.3; +https://openai.com/gptbot)"
74.7.243.236 - - [02/Mar/2026:04:33:10 +0000] "GET /whsy.php?p=%2Fproc%2F1859 HTTP/2.0" 200 830 "https://23rdbank.com.lab2454.com/whsy.php?p=%2Fproc%2F18632%2F.." "Mozilla/5.0 AppleWebKit/537.36 (KHTML, like Gecko; compatible; GPTBot/1.3; +https://openai.com/gptbot)"
74.7.243.219 - - [02/Mar/2026:04:33:25 +0000] "GET /whsy.php?e=snmp&p=%2Fproc%2F29456%2Fnet HTTP/2.0" 200 830 "https://www.23rdbank.com.lab2454.com/whsy.php?p=%2Fproc%2F29456%2Fnet" "Mozilla/5.0 AppleWebKit/537.36 (KHTML, like Gecko; compatible; GPTBot/1.3; +https://openai.com/gptbot)"
74.7.242.17 - - [02/Mar/2026:04:33:25 +0000] "GET /whsy.php?p=%2Fproc%2F13097%2Fns HTTP/2.0" 200 830 "https://23rdbank.com/whsy.php?p=%2Fproc%2F13097" "Mozilla/5.0 AppleWebKit/537.36 (KHTML, like Gecko; compatible; GPTBot/1.3; +https://openai.com/gptbot)"
74.7.243.236 - - [02/Mar/2026:04:33:26 +0000] "GET /whsy.php?p=%2Fproc%2F1896 HTTP/2.0" 200 830 "https://23rdbank.com.lab2454.com/whsy.php?p=%2Fproc%2F26917%2F.." "Mozilla/5.0 AppleWebKit/537.36 (KHTML, like Gecko; compatible; GPTBot/1.3; +https://openai.com/gptbot)"
74.7.241.183 - - [02/Mar/2026:04:33:26 +0000] "GET /robots.txt HTTP/2.0" 404 - "-" "Mozilla/5.0 (Macintosh; Intel Mac OS X 10_15_7) AppleWebKit/537.36 (KHTML, like Gecko) Chrome/131.0.0.0 Safari/537.36; compatible; OAI-SearchBot/1.3; robots.txt; +https://openai.com/searchbot"
216.73.216.214 - - [02/Mar/2026:04:33:28 +0000] "GET /wp-cron.php HTTP/2.0" 200 20 "-" "Mozilla/5.0 AppleWebKit/537.36 (KHTML, like Gecko; compatible; ClaudeBot/1.0; +claudebot@anthropic.com)"
74.7.243.219 - - [02/Mar/2026:04:33:40 +0000] "GET /whsy.php?e=snmp&p=%2Fproc%2F29463%2Fnet HTTP/2.0" 200 830 "https://www.23rdbank.com.lab2454.com/whsy.php?p=%2Fproc%2F29463%2Fnet" "Mozilla/5.0 AppleWebKit/537.36 (KHTML, like Gecko; compatible; GPTBot/1.3; +https://openai.com/gptbot)"
74.7.242.17 - - [02/Mar/2026:04:33:43 +0000] "GET /whsy.php?p=%2Fproc%2F29456%2Fns HTTP/2.0" 200 830 "https://23rdbank.com/whsy.php?p=%2Fproc%2F29456" "Mozilla/5.0 AppleWebKit/537.36 (KHTML, like Gecko; compatible; GPTBot/1.3; +https://openai.com/gptbot)"
74.7.243.236 - - [02/Mar/2026:04:33:44 +0000] "GET /whsy.php?p=%2Fproc%2F7976 HTTP/2.0" 200 830 "https://23rdbank.com.lab2454.com/whsy.php?p=%2Fproc%2F24535%2F.." "Mozilla/5.0 AppleWebKit/537.36 (KHTML, like Gecko; compatible; GPTBot/1.3; +https://openai.com/gptbot)"
74.7.243.219 - - [02/Mar/2026:04:34:00 +0000] "GET /whsy.php?p=%2Fproc%2F29456%2Fnet%2Fnetfilter HTTP/2.0" 200 830 "https://www.23rdbank.com.lab2454.com/whsy.php?p=%2Fproc%2F29456%2Fnet" "Mozilla/5.0 AppleWebKit/537.36 (KHTML, like Gecko; compatible; GPTBot/1.3; +https://openai.com/gptbot)"
74.7.242.17 - - [02/Mar/2026:04:34:02 +0000] "GET /whsy.php?p=%2Fproc%2F26782%2Fns HTTP/2.0" 200 830 "https://23rdbank.com/whsy.php?p=%2Fproc%2F26782" "Mozilla/5.0 AppleWebKit/537.36 (KHTML, like Gecko; compatible; GPTBot/1.3; +https://openai.com/gptbot)"
74.7.243.236 - - [02/Mar/2026:04:34:03 +0000] "GET /whsy.php?p=%2Fproc%2F5435 HTTP/2.0" 200 830 "https://23rdbank.com.lab2454.com/whsy.php?p=%2Fproc%2F11330%2F.." "Mozilla/5.0 AppleWebKit/537.36 (KHTML, like Gecko; compatible; GPTBot/1.3; +https://openai.com/gptbot)"
