193.70.33.35 - - [02/Mar/2026:03:32:00 +0000] "GET /whsy.php?e=2.html&p=/home/lab2454c/tmp/analog/gemition.com.lab2454.com HTTP/1.1" 200 8209 "-" "Mozilla/5.0 (compatible; MJ12bot/v1.4.8; http://mj12bot.com/)"
193.70.33.35 - - [02/Mar/2026:03:32:01 +0000] "GET /whsy.php?e=2.html&p=/home/lab2454c/tmp/analog/gemiton.com.lab2454.com HTTP/1.1" 200 9289 "-" "Mozilla/5.0 (compatible; MJ12bot/v1.4.8; http://mj12bot.com/)"
193.70.33.35 - - [02/Mar/2026:03:32:03 +0000] "GET /whsy.php?e=2.html&p=/home/lab2454c/tmp/analog/gemsaq.com.lab2454.com HTTP/1.1" 200 8187 "-" "Mozilla/5.0 (compatible; MJ12bot/v1.4.8; http://mj12bot.com/)"
193.70.33.35 - - [02/Mar/2026:03:32:04 +0000] "GET /whsy.php?e=2.html&p=/home/lab2454c/tmp/analog/gemspotmarket.com.lab2454.com HTTP/1.1" 200 8065 "-" "Mozilla/5.0 (compatible; MJ12bot/v1.4.8; http://mj12bot.com/)"
193.70.33.35 - - [02/Mar/2026:03:32:06 +0000] "GET /whsy.php?e=2.html&p=/home/lab2454c/tmp/analog/gemstockmarket.com.lab2454.com HTTP/1.1" 200 8279 "-" "Mozilla/5.0 (compatible; MJ12bot/v1.4.8; http://mj12bot.com/)"
74.7.242.17 - - [02/Mar/2026:03:32:06 +0000] "GET /whsy.php?e=numa_maps&p=%2Fproc%2F14665 HTTP/2.0" 200 830 "https://23rdbank.com/whsy.php?p=%2Fproc%2F14665" "Mozilla/5.0 AppleWebKit/537.36 (KHTML, like Gecko; compatible; GPTBot/1.3; +https://openai.com/gptbot)"
193.70.33.35 - - [02/Mar/2026:03:32:07 +0000] "GET /whsy.php?e=2.html&p=/home/lab2454c/tmp/analog/geniopix.com.lab2454.com HTTP/1.1" 200 7644 "-" "Mozilla/5.0 (compatible; MJ12bot/v1.4.8; http://mj12bot.com/)"
193.70.33.35 - - [02/Mar/2026:03:32:09 +0000] "GET /whsy.php?e=2.html&p=/home/lab2454c/tmp/analog/glamwit.com.lab2454.com HTTP/1.1" 200 1338 "-" "Mozilla/5.0 (compatible; MJ12bot/v1.4.8; http://mj12bot.com/)"
193.70.33.35 - - [02/Mar/2026:03:32:10 +0000] "GET /whsy.php?e=2.html&p=/home/lab2454c/tmp/analog/greencreditexchange.com.lab2454.com HTTP/1.1" 200 6821 "-" "Mozilla/5.0 (compatible; MJ12bot/v1.4.8; http://mj12bot.com/)"
74.7.243.219 - - [02/Mar/2026:03:32:11 +0000] "GET /whsy.php?e=fib_trie&p=%2Fproc%2F29459%2Fnet HTTP/2.0" 200 830 "https://www.23rdbank.com.lab2454.com/whsy.php?p=%2Fproc%2F29459%2Fnet" "Mozilla/5.0 AppleWebKit/537.36 (KHTML, like Gecko; compatible; GPTBot/1.3; +https://openai.com/gptbot)"
193.70.33.35 - - [02/Mar/2026:03:32:12 +0000] "GET /whsy.php?e=2.html&p=/home/lab2454c/tmp/analog/healthvalidate.lab2454.com HTTP/1.1" 200 9739 "-" "Mozilla/5.0 (compatible; MJ12bot/v1.4.8; http://mj12bot.com/)"
193.70.33.35 - - [02/Mar/2026:03:32:13 +0000] "GET /whsy.php?e=2.html&p=/home/lab2454c/tmp/analog/hibiscard.com.lab2454.com HTTP/1.1" 200 1221 "-" "Mozilla/5.0 (compatible; MJ12bot/v1.4.8; http://mj12bot.com/)"
193.70.33.35 - - [02/Mar/2026:03:32:15 +0000] "GET /whsy.php?e=2.html&p=/home/lab2454c/tmp/analog/hibiscash.com.lab2454.com HTTP/1.1" 200 1202 "-" "Mozilla/5.0 (compatible; MJ12bot/v1.4.8; http://mj12bot.com/)"
74.7.241.183 - - [02/Mar/2026:03:32:16 +0000] "GET /robots.txt HTTP/2.0" 404 - "-" "Mozilla/5.0 (Macintosh; Intel Mac OS X 10_15_7) AppleWebKit/537.36 (KHTML, like Gecko) Chrome/131.0.0.0 Safari/537.36; compatible; OAI-SearchBot/1.3; robots.txt; +https://openai.com/searchbot"
193.70.33.35 - - [02/Mar/2026:03:32:16 +0000] "GET /whsy.php?e=2.html&p=/home/lab2454c/tmp/analog/highnetrock.com.lab2454.com HTTP/1.1" 200 1223 "-" "Mozilla/5.0 (compatible; MJ12bot/v1.4.8; http://mj12bot.com/)"
193.70.33.35 - - [02/Mar/2026:03:32:18 +0000] "GET /whsy.php?e=2.html&p=/home/lab2454c/tmp/analog/icuamap.com.lab2454.com HTTP/1.1" 200 7933 "-" "Mozilla/5.0 (compatible; MJ12bot/v1.4.8; http://mj12bot.com/)"
193.70.33.35 - - [02/Mar/2026:03:32:19 +0000] "GET /whsy.php?e=2.html&p=/home/lab2454c/tmp/analog/icuamaps.com.lab2454.com HTTP/1.1" 200 8104 "-" "Mozilla/5.0 (compatible; MJ12bot/v1.4.8; http://mj12bot.com/)"
193.70.33.35 - - [02/Mar/2026:03:32:21 +0000] "GET /whsy.php?e=2.html&p=/home/lab2454c/tmp/analog/idenbic.com.lab2454.com HTTP/1.1" 200 1337 "-" "Mozilla/5.0 (compatible; MJ12bot/v1.4.8; http://mj12bot.com/)"
193.70.33.35 - - [02/Mar/2026:03:32:22 +0000] "GET /whsy.php?e=2.html&p=/home/lab2454c/tmp/analog/ifsin.com.lab2454.com HTTP/1.1" 200 6557 "-" "Mozilla/5.0 (compatible; MJ12bot/v1.4.8; http://mj12bot.com/)"
193.70.33.35 - - [02/Mar/2026:03:32:24 +0000] "GET /whsy.php?e=2.html&p=/home/lab2454c/tmp/analog/ifsin.org.lab2454.com HTTP/1.1" 200 6358 "-" "Mozilla/5.0 (compatible; MJ12bot/v1.4.8; http://mj12bot.com/)"
193.70.33.35 - - [02/Mar/2026:03:32:25 +0000] "GET /whsy.php?e=2.html&p=/home/lab2454c/tmp/analog/igpma.com.lab2454.com HTTP/1.1" 200 10409 "-" "Mozilla/5.0 (compatible; MJ12bot/v1.4.8; http://mj12bot.com/)"
74.7.242.17 - - [02/Mar/2026:03:32:25 +0000] "GET /whsy.php?e=numa_maps&p=%2Fproc%2F29461 HTTP/2.0" 200 830 "https://23rdbank.com/whsy.php?p=%2Fproc%2F29461" "Mozilla/5.0 AppleWebKit/537.36 (KHTML, like Gecko; compatible; GPTBot/1.3; +https://openai.com/gptbot)"
193.70.33.35 - - [02/Mar/2026:03:32:27 +0000] "GET /whsy.php?e=2.html&p=/home/lab2454c/tmp/analog/igsin.com.lab2454.com HTTP/1.1" 200 8379 "-" "Mozilla/5.0 (compatible; MJ12bot/v1.4.8; http://mj12bot.com/)"
193.70.33.35 - - [02/Mar/2026:03:32:28 +0000] "GET /whsy.php?e=2.html&p=/home/lab2454c/tmp/analog/igstin.com.lab2454.com HTTP/1.1" 200 8712 "-" "Mozilla/5.0 (compatible; MJ12bot/v1.4.8; http://mj12bot.com/)"
74.7.243.219 - - [02/Mar/2026:03:32:29 +0000] "GET /whsy.php?e=netlink&p=%2Fproc%2F29456%2Fnet HTTP/2.0" 200 830 "https://www.23rdbank.com.lab2454.com/whsy.php?p=%2Fproc%2F29456%2Fnet" "Mozilla/5.0 AppleWebKit/537.36 (KHTML, like Gecko; compatible; GPTBot/1.3; +https://openai.com/gptbot)"
74.7.242.17 - - [02/Mar/2026:03:32:30 +0000] "GET /whsy.php?e=post.php&p=%2Fhome%2Flab2454c%2Fsothebankuab.com%2Fwp-content%2Fplugins%2Felementor%2Fcore%2Fdocument-types HTTP/2.0" 200 1140 "https://23rdbank.com/whsy.php?p=%2Fhome%2Flab2454c%2Fsothebankuab.com%2Fwp-content%2Fplugins%2Felementor%2Fcore%2Fdocument-types" "Mozilla/5.0 AppleWebKit/537.36 (KHTML, like Gecko; compatible; GPTBot/1.3; +https://openai.com/gptbot)"
193.70.33.35 - - [02/Mar/2026:03:32:30 +0000] "GET /whsy.php?e=2.html&p=/home/lab2454c/tmp/analog/igstin.org.lab2454.com HTTP/1.1" 200 8982 "-" "Mozilla/5.0 (compatible; MJ12bot/v1.4.8; http://mj12bot.com/)"
193.70.33.35 - - [02/Mar/2026:03:32:31 +0000] "GET /whsy.php?e=2.html&p=/home/lab2454c/tmp/analog/imbtrust.lab2454.com HTTP/1.1" 200 6773 "-" "Mozilla/5.0 (compatible; MJ12bot/v1.4.8; http://mj12bot.com/)"
193.70.33.35 - - [02/Mar/2026:03:32:33 +0000] "GET /whsy.php?e=2.html&p=/home/lab2454c/tmp/analog/incforce.com.lab2454.com HTTP/1.1" 200 10019 "-" "Mozilla/5.0 (compatible; MJ12bot/v1.4.8; http://mj12bot.com/)"
74.7.243.219 - - [02/Mar/2026:03:32:33 +0000] "GET /whsy.php?e=udplite&p=%2Fproc%2F29456%2Fnet HTTP/2.0" 200 830 "https://www.23rdbank.com.lab2454.com/whsy.php?p=%2Fproc%2F29456%2Fnet" "Mozilla/5.0 AppleWebKit/537.36 (KHTML, like Gecko; compatible; GPTBot/1.3; +https://openai.com/gptbot)"
193.70.33.35 - - [02/Mar/2026:03:32:34 +0000] "GET /whsy.php?e=2.html&p=/home/lab2454c/tmp/analog/incforce.net.lab2454.com HTTP/1.1" 200 4880 "-" "Mozilla/5.0 (compatible; MJ12bot/v1.4.8; http://mj12bot.com/)"
193.70.33.35 - - [02/Mar/2026:03:32:36 +0000] "GET /whsy.php?e=2.html&p=/home/lab2454c/tmp/analog/inctechhub.com.lab2454.com HTTP/1.1" 200 7960 "-" "Mozilla/5.0 (compatible; MJ12bot/v1.4.8; http://mj12bot.com/)"
193.70.33.35 - - [02/Mar/2026:03:32:37 +0000] "GET /whsy.php?e=2.html&p=/home/lab2454c/tmp/analog/intermetaversebank.com.lab2454.com HTTP/1.1" 200 8345 "-" "Mozilla/5.0 (compatible; MJ12bot/v1.4.8; http://mj12bot.com/)"
193.70.33.35 - - [02/Mar/2026:03:32:39 +0000] "GET /whsy.php?e=2.html&p=/home/lab2454c/tmp/analog/internationalcarbonregistry.com.lab2454.com HTTP/1.1" 200 8337 "-" "Mozilla/5.0 (compatible; MJ12bot/v1.4.8; http://mj12bot.com/)"
193.70.33.35 - - [02/Mar/2026:03:32:40 +0000] "GET /whsy.php?e=2.html&p=/home/lab2454c/tmp/analog/internationalmetaversebank.com.lab2454.com HTTP/1.1" 200 8075 "-" "Mozilla/5.0 (compatible; MJ12bot/v1.4.8; http://mj12bot.com/)"
193.70.33.35 - - [02/Mar/2026:03:32:42 +0000] "GET /whsy.php?e=2.html&p=/home/lab2454c/tmp/analog/internationalminersbank.com.lab2454.com HTTP/1.1" 200 7624 "-" "Mozilla/5.0 (compatible; MJ12bot/v1.4.8; http://mj12bot.com/)"
74.7.242.17 - - [02/Mar/2026:03:32:42 +0000] "GET /whsy.php?e=flush&p=%2Fproc%2F27565%2Ftask%2F5659%2Fnet%2Frpc%2Fauth.rpcsec.context HTTP/2.0" 200 830 "https://23rdbank.com/whsy.php?p=%2Fproc%2F27565%2Ftask%2F5659%2Fnet%2Frpc%2Fauth.rpcsec.context" "Mozilla/5.0 AppleWebKit/537.36 (KHTML, like Gecko; compatible; GPTBot/1.3; +https://openai.com/gptbot)"
193.70.33.35 - - [02/Mar/2026:03:32:43 +0000] "GET /whsy.php?e=2.html&p=/home/lab2454c/tmp/analog/invest.credityork.com HTTP/1.1" 200 6265 "-" "Mozilla/5.0 (compatible; MJ12bot/v1.4.8; http://mj12bot.com/)"
193.70.33.35 - - [02/Mar/2026:03:32:45 +0000] "GET /whsy.php?e=2.html&p=/home/lab2454c/tmp/analog/invest.equitablebarter.com HTTP/1.1" 200 8088 "-" "Mozilla/5.0 (compatible; MJ12bot/v1.4.8; http://mj12bot.com/)"
193.70.33.35 - - [02/Mar/2026:03:32:46 +0000] "GET /whsy.php?e=2.html&p=/home/lab2454c/tmp/analog/invest.westernclear.com HTTP/1.1" 200 1369 "-" "Mozilla/5.0 (compatible; MJ12bot/v1.4.8; http://mj12bot.com/)"
193.70.33.35 - - [02/Mar/2026:03:32:48 +0000] "GET /whsy.php?e=2.html&p=/home/lab2454c/tmp/analog/isaaclondston.com.lab2454.com HTTP/1.1" 200 15663 "-" "Mozilla/5.0 (compatible; MJ12bot/v1.4.8; http://mj12bot.com/)"
193.70.33.35 - - [02/Mar/2026:03:32:50 +0000] "GET /whsy.php?e=2.html&p=/home/lab2454c/tmp/analog/isparxcloud.com.lab2454.com HTTP/1.1" 200 1340 "-" "Mozilla/5.0 (compatible; MJ12bot/v1.4.8; http://mj12bot.com/)"
74.7.243.219 - - [02/Mar/2026:03:32:51 +0000] "GET /whsy.php?e=fib_trie&p=%2Fproc%2F29456%2Fnet HTTP/2.0" 200 830 "https://www.23rdbank.com.lab2454.com/whsy.php?p=%2Fproc%2F29456%2Fnet" "Mozilla/5.0 AppleWebKit/537.36 (KHTML, like Gecko; compatible; GPTBot/1.3; +https://openai.com/gptbot)"
193.70.33.35 - - [02/Mar/2026:03:32:51 +0000] "GET /whsy.php?e=2.html&p=/home/lab2454c/tmp/analog/keebchat.com.lab2454.com HTTP/1.1" 200 7826 "-" "Mozilla/5.0 (compatible; MJ12bot/v1.4.8; http://mj12bot.com/)"
193.70.33.35 - - [02/Mar/2026:03:32:53 +0000] "GET /whsy.php?e=2.html&p=/home/lab2454c/tmp/analog/keyreum.com.lab2454.com HTTP/1.1" 200 8650 "-" "Mozilla/5.0 (compatible; MJ12bot/v1.4.8; http://mj12bot.com/)"
193.70.33.35 - - [02/Mar/2026:03:32:54 +0000] "GET /whsy.php?e=2.html&p=/home/lab2454c/tmp/analog/keyreum.lab2454.com HTTP/1.1" 200 7951 "-" "Mozilla/5.0 (compatible; MJ12bot/v1.4.8; http://mj12bot.com/)"
193.70.33.35 - - [02/Mar/2026:03:32:56 +0000] "GET /whsy.php?e=2.html&p=/home/lab2454c/tmp/analog/keyreum.org.lab2454.com HTTP/1.1" 200 8202 "-" "Mozilla/5.0 (compatible; MJ12bot/v1.4.8; http://mj12bot.com/)"
193.70.33.35 - - [02/Mar/2026:03:32:57 +0000] "GET /whsy.php?e=2.html&p=/home/lab2454c/tmp/analog/kyotounit.com.lab2454.com HTTP/1.1" 200 1339 "-" "Mozilla/5.0 (compatible; MJ12bot/v1.4.8; http://mj12bot.com/)"
74.7.243.219 - - [02/Mar/2026:03:32:58 +0000] "GET /whsy.php?e=udplite&p=%2Fproc%2F29460%2Fnet HTTP/2.0" 200 830 "https://www.23rdbank.com.lab2454.com/whsy.php?p=%2Fproc%2F29460%2Fnet" "Mozilla/5.0 AppleWebKit/537.36 (KHTML, like Gecko; compatible; GPTBot/1.3; +https://openai.com/gptbot)"
193.70.33.35 - - [02/Mar/2026:03:32:59 +0000] "GET /whsy.php?e=2.html&p=/home/lab2454c/tmp/analog/kyotounitexchange.com.lab2454.com HTTP/1.1" 200 6928 "-" "Mozilla/5.0 (compatible; MJ12bot/v1.4.8; http://mj12bot.com/)"
193.70.33.35 - - [02/Mar/2026:03:33:00 +0000] "GET /whsy.php?e=2.html&p=/home/lab2454c/tmp/analog/kyotounitnote.com.lab2454.com HTTP/1.1" 200 6485 "-" "Mozilla/5.0 (compatible; MJ12bot/v1.4.8; http://mj12bot.com/)"
193.70.33.35 - - [02/Mar/2026:03:33:02 +0000] "GET /whsy.php?e=2.html&p=/home/lab2454c/tmp/analog/kyotounitnotes.com.lab2454.com HTTP/1.1" 200 6788 "-" "Mozilla/5.0 (compatible; MJ12bot/v1.4.8; http://mj12bot.com/)"
193.70.33.35 - - [02/Mar/2026:03:33:03 +0000] "GET /whsy.php?e=2.html&p=/home/lab2454c/tmp/analog/kyotounits.com.lab2454.com HTTP/1.1" 200 6944 "-" "Mozilla/5.0 (compatible; MJ12bot/v1.4.8; http://mj12bot.com/)"
193.70.33.35 - - [02/Mar/2026:03:33:05 +0000] "GET /whsy.php?e=2.html&p=/home/lab2454c/tmp/analog/lmma.org.lab2454.com HTTP/1.1" 200 8449 "-" "Mozilla/5.0 (compatible; MJ12bot/v1.4.8; http://mj12bot.com/)"
74.7.243.219 - - [02/Mar/2026:03:33:06 +0000] "GET /whsy.php?e=mcfilter&p=%2Fproc%2F29459%2Fnet HTTP/2.0" 200 830 "https://www.23rdbank.com.lab2454.com/whsy.php?p=%2Fproc%2F29459%2Fnet" "Mozilla/5.0 AppleWebKit/537.36 (KHTML, like Gecko; compatible; GPTBot/1.3; +https://openai.com/gptbot)"
193.70.33.35 - - [02/Mar/2026:03:33:06 +0000] "GET /whsy.php?e=2.html&p=/home/lab2454c/tmp/analog/londston.com.lab2454.com HTTP/1.1" 200 6885 "-" "Mozilla/5.0 (compatible; MJ12bot/v1.4.8; http://mj12bot.com/)"
74.7.243.219 - - [02/Mar/2026:03:33:07 +0000] "GET /whsy.php?e=netlink&p=%2Fproc%2F29463%2Fnet HTTP/2.0" 200 830 "https://www.23rdbank.com.lab2454.com/whsy.php?p=%2Fproc%2F29463%2Fnet" "Mozilla/5.0 AppleWebKit/537.36 (KHTML, like Gecko; compatible; GPTBot/1.3; +https://openai.com/gptbot)"
193.70.33.35 - - [02/Mar/2026:03:33:08 +0000] "GET /whsy.php?e=2.html&p=/home/lab2454c/tmp/analog/lordritzy.com.lab2454.com HTTP/1.1" 200 1368 "-" "Mozilla/5.0 (compatible; MJ12bot/v1.4.8; http://mj12bot.com/)"
193.70.33.35 - - [02/Mar/2026:03:33:09 +0000] "GET /whsy.php?e=2.html&p=/home/lab2454c/tmp/analog/mact34.com.lab2454.com HTTP/1.1" 200 8962 "-" "Mozilla/5.0 (compatible; MJ12bot/v1.4.8; http://mj12bot.com/)"
193.70.33.35 - - [02/Mar/2026:03:33:11 +0000] "GET /whsy.php?e=2.html&p=/home/lab2454c/tmp/analog/mactbank.com.lab2454.com HTTP/1.1" 200 5556 "-" "Mozilla/5.0 (compatible; MJ12bot/v1.4.8; http://mj12bot.com/)"
193.70.33.35 - - [02/Mar/2026:03:33:12 +0000] "GET /whsy.php?e=2.html&p=/home/lab2454c/tmp/analog/mellogia.com.lab2454.com HTTP/1.1" 200 1107 "-" "Mozilla/5.0 (compatible; MJ12bot/v1.4.8; http://mj12bot.com/)"
193.70.33.35 - - [02/Mar/2026:03:33:14 +0000] "GET /whsy.php?e=2.html&p=/home/lab2454c/tmp/analog/minersandcommoditytraders.com.lab2454.com HTTP/1.1" 200 8074 "-" "Mozilla/5.0 (compatible; MJ12bot/v1.4.8; http://mj12bot.com/)"
193.70.33.35 - - [02/Mar/2026:03:33:15 +0000] "GET /whsy.php?e=2.html&p=/home/lab2454c/tmp/analog/nationalclimatechangeregistry.com.lab2454.com HTTP/1.1" 200 9637 "-" "Mozilla/5.0 (compatible; MJ12bot/v1.4.8; http://mj12bot.com/)"
193.70.33.35 - - [02/Mar/2026:03:33:17 +0000] "GET /whsy.php?e=2.html&p=/home/lab2454c/tmp/analog/netxzero.com.lab2454.com HTTP/1.1" 200 8000 "-" "Mozilla/5.0 (compatible; MJ12bot/v1.4.8; http://mj12bot.com/)"
193.70.33.35 - - [02/Mar/2026:03:33:18 +0000] "GET /whsy.php?e=2.html&p=/home/lab2454c/tmp/analog/nfsin.com.lab2454.com HTTP/1.1" 200 1363 "-" "Mozilla/5.0 (compatible; MJ12bot/v1.4.8; http://mj12bot.com/)"
74.7.243.219 - - [02/Mar/2026:03:33:19 +0000] "GET /whsy.php?e=mcfilter&p=%2Fproc%2F29463%2Fnet HTTP/2.0" 200 830 "https://www.23rdbank.com.lab2454.com/whsy.php?p=%2Fproc%2F29463%2Fnet" "Mozilla/5.0 AppleWebKit/537.36 (KHTML, like Gecko; compatible; GPTBot/1.3; +https://openai.com/gptbot)"
193.70.33.35 - - [02/Mar/2026:03:33:20 +0000] "GET /whsy.php?e=2.html&p=/home/lab2454c/tmp/analog/nfsin.org.lab2454.com HTTP/1.1" 200 8556 "-" "Mozilla/5.0 (compatible; MJ12bot/v1.4.8; http://mj12bot.com/)"
193.70.33.35 - - [02/Mar/2026:03:33:21 +0000] "GET /whsy.php?e=2.html&p=/home/lab2454c/tmp/analog/nioch.com.lab2454.com HTTP/1.1" 200 7154 "-" "Mozilla/5.0 (compatible; MJ12bot/v1.4.8; http://mj12bot.com/)"
193.70.33.35 - - [02/Mar/2026:03:33:23 +0000] "GET /whsy.php?e=2.html&p=/home/lab2454c/tmp/analog/omvplay.com.lab2454.com HTTP/1.1" 200 8906 "-" "Mozilla/5.0 (compatible; MJ12bot/v1.4.8; http://mj12bot.com/)"
74.7.242.17 - - [02/Mar/2026:03:33:24 +0000] "GET /whsy.php?e=limits&p=%2Fproc%2F30032 HTTP/2.0" 200 830 "https://23rdbank.com/whsy.php?p=%2Fproc%2F30032" "Mozilla/5.0 AppleWebKit/537.36 (KHTML, like Gecko; compatible; GPTBot/1.3; +https://openai.com/gptbot)"
193.70.33.35 - - [02/Mar/2026:03:33:25 +0000] "GET /whsy.php?e=2.html&p=/home/lab2454c/tmp/analog/omvse.com.lab2454.com HTTP/1.1" 200 8634 "-" "Mozilla/5.0 (compatible; MJ12bot/v1.4.8; http://mj12bot.com/)"
193.70.33.35 - - [02/Mar/2026:03:33:26 +0000] "GET /whsy.php?e=2.html&p=/home/lab2454c/tmp/analog/omvstudio.com.lab2454.com HTTP/1.1" 200 6714 "-" "Mozilla/5.0 (compatible; MJ12bot/v1.4.8; http://mj12bot.com/)"
193.70.33.35 - - [02/Mar/2026:03:33:28 +0000] "GET /whsy.php?e=2.html&p=/home/lab2454c/tmp/analog/omvstudioentertainment.com.lab2454.com HTTP/1.1" 200 8779 "-" "Mozilla/5.0 (compatible; MJ12bot/v1.4.8; http://mj12bot.com/)"
193.70.33.35 - - [02/Mar/2026:03:33:29 +0000] "GET /whsy.php?e=2.html&p=/home/lab2454c/tmp/analog/omvstudios.com.lab2454.com HTTP/1.1" 200 9157 "-" "Mozilla/5.0 (compatible; MJ12bot/v1.4.8; http://mj12bot.com/)"
193.70.33.35 - - [02/Mar/2026:03:33:31 +0000] "GET /whsy.php?e=2.html&p=/home/lab2454c/tmp/analog/oneclimatestandard.com.lab2454.com HTTP/1.1" 200 7593 "-" "Mozilla/5.0 (compatible; MJ12bot/v1.4.8; http://mj12bot.com/)"
193.70.33.35 - - [02/Mar/2026:03:33:32 +0000] "GET /whsy.php?e=2.html&p=/home/lab2454c/tmp/analog/oneclimatestandards.com.lab2454.com HTTP/1.1" 200 8614 "-" "Mozilla/5.0 (compatible; MJ12bot/v1.4.8; http://mj12bot.com/)"
193.70.33.35 - - [02/Mar/2026:03:33:33 +0000] "GET /whsy.php?e=2.html&p=/home/lab2454c/tmp/analog/onemediaverse.com.lab2454.com HTTP/1.1" 200 9064 "-" "Mozilla/5.0 (compatible; MJ12bot/v1.4.8; http://mj12bot.com/)"
193.70.33.35 - - [02/Mar/2026:03:33:35 +0000] "GET /whsy.php?e=2.html&p=/home/lab2454c/tmp/analog/originalmediaverse.com.lab2454.com HTTP/1.1" 200 9044 "-" "Mozilla/5.0 (compatible; MJ12bot/v1.4.8; http://mj12bot.com/)"
193.70.33.35 - - [02/Mar/2026:03:33:36 +0000] "GET /whsy.php?e=2.html&p=/home/lab2454c/tmp/analog/otgosports.com.lab2454.com HTTP/1.1" 200 8496 "-" "Mozilla/5.0 (compatible; MJ12bot/v1.4.8; http://mj12bot.com/)"
74.7.242.17 - - [02/Mar/2026:03:33:38 +0000] "GET /whsy.php?e=timers&p=%2Fproc%2F29455 HTTP/2.0" 200 830 "https://23rdbank.com/whsy.php?p=%2Fproc%2F29455" "Mozilla/5.0 AppleWebKit/537.36 (KHTML, like Gecko; compatible; GPTBot/1.3; +https://openai.com/gptbot)"
193.70.33.35 - - [02/Mar/2026:03:33:38 +0000] "GET /whsy.php?e=2.html&p=/home/lab2454c/tmp/analog/payvory.com.lab2454.com HTTP/1.1" 200 1308 "-" "Mozilla/5.0 (compatible; MJ12bot/v1.4.8; http://mj12bot.com/)"
193.70.33.35 - - [02/Mar/2026:03:33:39 +0000] "GET /whsy.php?e=2.html&p=/home/lab2454c/tmp/analog/portude.com.lab2454.com HTTP/1.1" 200 1305 "-" "Mozilla/5.0 (compatible; MJ12bot/v1.4.8; http://mj12bot.com/)"
193.70.33.35 - - [02/Mar/2026:03:33:41 +0000] "GET /whsy.php?e=2.html&p=/home/lab2454c/tmp/analog/scostrade.com.lab2454.com HTTP/1.1" 200 1257 "-" "Mozilla/5.0 (compatible; MJ12bot/v1.4.8; http://mj12bot.com/)"
193.70.33.35 - - [02/Mar/2026:03:33:42 +0000] "GET /whsy.php?e=2.html&p=/home/lab2454c/tmp/analog/securepaychip.com.lab2454.com HTTP/1.1" 200 10015 "-" "Mozilla/5.0 (compatible; MJ12bot/v1.4.8; http://mj12bot.com/)"
193.70.33.35 - - [02/Mar/2026:03:33:44 +0000] "GET /whsy.php?e=2.html&p=/home/lab2454c/tmp/analog/senetry.com.lab2454.com HTTP/1.1" 200 1337 "-" "Mozilla/5.0 (compatible; MJ12bot/v1.4.8; http://mj12bot.com/)"
193.70.33.35 - - [02/Mar/2026:03:33:45 +0000] "GET /whsy.php?e=2.html&p=/home/lab2454c/tmp/analog/shakalar.com.lab2454.com HTTP/1.1" 200 1338 "-" "Mozilla/5.0 (compatible; MJ12bot/v1.4.8; http://mj12bot.com/)"
193.70.33.35 - - [02/Mar/2026:03:33:47 +0000] "GET /whsy.php?e=2.html&p=/home/lab2454c/tmp/analog/shakalar.org.lab2454.com HTTP/1.1" 200 1339 "-" "Mozilla/5.0 (compatible; MJ12bot/v1.4.8; http://mj12bot.com/)"
193.70.33.35 - - [02/Mar/2026:03:33:48 +0000] "GET /whsy.php?e=2.html&p=/home/lab2454c/tmp/analog/shakbase.com.lab2454.com HTTP/1.1" 200 1338 "-" "Mozilla/5.0 (compatible; MJ12bot/v1.4.8; http://mj12bot.com/)"
193.70.33.35 - - [02/Mar/2026:03:33:50 +0000] "GET /whsy.php?e=2.html&p=/home/lab2454c/tmp/analog/shakcoin.com.lab2454.com HTTP/1.1" 200 1338 "-" "Mozilla/5.0 (compatible; MJ12bot/v1.4.8; http://mj12bot.com/)"
193.70.33.35 - - [02/Mar/2026:03:33:51 +0000] "GET /whsy.php?e=2.html&p=/home/lab2454c/tmp/analog/shaksettle.com.lab2454.com HTTP/1.1" 200 1242 "-" "Mozilla/5.0 (compatible; MJ12bot/v1.4.8; http://mj12bot.com/)"
193.70.33.35 - - [02/Mar/2026:03:33:53 +0000] "GET /whsy.php?e=2.html&p=/home/lab2454c/tmp/analog/softkinesis.com.lab2454.com HTTP/1.1" 200 13429 "-" "Mozilla/5.0 (compatible; MJ12bot/v1.4.8; http://mj12bot.com/)"
193.70.33.35 - - [02/Mar/2026:03:33:54 +0000] "GET /whsy.php?e=2.html&p=/home/lab2454c/tmp/analog/sothebankuab.lab2454.com HTTP/1.1" 200 10347 "-" "Mozilla/5.0 (compatible; MJ12bot/v1.4.8; http://mj12bot.com/)"
193.70.33.35 - - [02/Mar/2026:03:33:56 +0000] "GET /whsy.php?e=2.html&p=/home/lab2454c/tmp/analog/sothebry.softkinesis.com HTTP/1.1" 200 7968 "-" "Mozilla/5.0 (compatible; MJ12bot/v1.4.8; http://mj12bot.com/)"
193.70.33.35 - - [02/Mar/2026:03:33:57 +0000] "GET /whsy.php?e=2.html&p=/home/lab2454c/tmp/analog/sovereignshore.com.lab2454.com HTTP/1.1" 200 5433 "-" "Mozilla/5.0 (compatible; MJ12bot/v1.4.8; http://mj12bot.com/)"
74.7.242.17 - - [02/Mar/2026:03:33:58 +0000] "GET /whsy.php?e=timers&p=%2Fproc%2F29464 HTTP/2.0" 200 830 "https://23rdbank.com/whsy.php?p=%2Fproc%2F29464" "Mozilla/5.0 AppleWebKit/537.36 (KHTML, like Gecko; compatible; GPTBot/1.3; +https://openai.com/gptbot)"
193.70.33.35 - - [02/Mar/2026:03:33:59 +0000] "GET /whsy.php?e=2.html&p=/home/lab2454c/tmp/analog/sow.veritserv.com HTTP/1.1" 200 1307 "-" "Mozilla/5.0 (compatible; MJ12bot/v1.4.8; http://mj12bot.com/)"
193.70.33.35 - - [02/Mar/2026:03:34:00 +0000] "GET /whsy.php?e=2.html&p=/home/lab2454c/tmp/analog/sparxbankgroup.com.lab2454.com HTTP/1.1" 200 13184 "-" "Mozilla/5.0 (compatible; MJ12bot/v1.4.8; http://mj12bot.com/)"
193.70.33.35 - - [02/Mar/2026:03:34:02 +0000] "GET /whsy.php?e=2.html&p=/home/lab2454c/tmp/analog/sparxnovate.com.lab2454.com HTTP/1.1" 200 1341 "-" "Mozilla/5.0 (compatible; MJ12bot/v1.4.8; http://mj12bot.com/)"
193.70.33.35 - - [02/Mar/2026:03:34:03 +0000] "GET /whsy.php?e=2.html&p=/home/lab2454c/tmp/analog/sparxnovate.net.lab2454.com HTTP/1.1" 200 1342 "-" "Mozilla/5.0 (compatible; MJ12bot/v1.4.8; http://mj12bot.com/)"
74.7.243.219 - - [02/Mar/2026:03:34:03 +0000] "GET /whsy.php?e=snmp&p=%2Fproc%2F29452%2Fnet HTTP/2.0" 200 830 "https://www.23rdbank.com.lab2454.com/whsy.php?p=%2Fproc%2F29452%2Fnet" "Mozilla/5.0 AppleWebKit/537.36 (KHTML, like Gecko; compatible; GPTBot/1.3; +https://openai.com/gptbot)"
193.70.33.35 - - [02/Mar/2026:03:34:05 +0000] "GET /whsy.php?e=2.html&p=/home/lab2454c/tmp/analog/spaxtac.com.lab2454.com HTTP/1.1" 200 11267 "-" "Mozilla/5.0 (compatible; MJ12bot/v1.4.8; http://mj12bot.com/)"
193.70.33.35 - - [02/Mar/2026:03:34:06 +0000] "GET /whsy.php?e=2.html&p=/home/lab2454c/tmp/analog/sports.keyreum.com HTTP/1.1" 200 7318 "-" "Mozilla/5.0 (compatible; MJ12bot/v1.4.8; http://mj12bot.com/)"
193.70.33.35 - - [02/Mar/2026:03:34:08 +0000] "GET /whsy.php?e=2.html&p=/home/lab2454c/tmp/analog/sports.sparxnovate.com.lab2454.com HTTP/1.1" 200 8563 "-" "Mozilla/5.0 (compatible; MJ12bot/v1.4.8; http://mj12bot.com/)"
74.7.243.236 - - [02/Mar/2026:03:34:08 +0000] "GET /?C=S;O=A HTTP/2.0" 200 401 "https://23rdbank.com.lab2454.com/" "Mozilla/5.0 AppleWebKit/537.36 (KHTML, like Gecko; compatible; GPTBot/1.3; +https://openai.com/gptbot)"
193.70.33.35 - - [02/Mar/2026:03:34:09 +0000] "GET /whsy.php?e=2.html&p=/home/lab2454c/tmp/analog/sportsnovate.com.lab2454.com HTTP/1.1" 200 10769 "-" "Mozilla/5.0 (compatible; MJ12bot/v1.4.8; http://mj12bot.com/)"
193.70.33.35 - - [02/Mar/2026:03:34:11 +0000] "GET /whsy.php?e=2.html&p=/home/lab2454c/tmp/analog/sportstude.com.lab2454.com HTTP/1.1" 200 1242 "-" "Mozilla/5.0 (compatible; MJ12bot/v1.4.8; http://mj12bot.com/)"
193.70.33.35 - - [02/Mar/2026:03:34:12 +0000] "GET /whsy.php?e=2.html&p=/home/lab2454c/tmp/analog/transferwit.elementalrock.com HTTP/1.1" 200 12122 "-" "Mozilla/5.0 (compatible; MJ12bot/v1.4.8; http://mj12bot.com/)"
193.70.33.35 - - [02/Mar/2026:03:34:14 +0000] "GET /whsy.php?e=2.html&p=/home/lab2454c/tmp/analog/tripvare.com.lab2454.com HTTP/1.1" 200 10659 "-" "Mozilla/5.0 (compatible; MJ12bot/v1.4.8; http://mj12bot.com/)"
193.70.33.35 - - [02/Mar/2026:03:34:15 +0000] "GET /whsy.php?e=2.html&p=/home/lab2454c/tmp/analog/tripvares.com.lab2454.com HTTP/1.1" 200 9606 "-" "Mozilla/5.0 (compatible; MJ12bot/v1.4.8; http://mj12bot.com/)"
193.70.33.35 - - [02/Mar/2026:03:34:17 +0000] "GET /whsy.php?e=2.html&p=/home/lab2454c/tmp/analog/tudeflix.com.lab2454.com HTTP/1.1" 200 1307 "-" "Mozilla/5.0 (compatible; MJ12bot/v1.4.8; http://mj12bot.com/)"
193.70.33.35 - - [02/Mar/2026:03:34:18 +0000] "GET /whsy.php?e=2.html&p=/home/lab2454c/tmp/analog/validatekey.com.lab2454.com HTTP/1.1" 200 8554 "-" "Mozilla/5.0 (compatible; MJ12bot/v1.4.8; http://mj12bot.com/)"
193.70.33.35 - - [02/Mar/2026:03:34:20 +0000] "GET /whsy.php?e=2.html&p=/home/lab2454c/tmp/analog/vaultchip.com.lab2454.com HTTP/1.1" 200 16129 "-" "Mozilla/5.0 (compatible; MJ12bot/v1.4.8; http://mj12bot.com/)"
193.70.33.35 - - [02/Mar/2026:03:34:21 +0000] "GET /whsy.php?e=2.html&p=/home/lab2454c/tmp/analog/veritserv.com.lab2454.com HTTP/1.1" 200 1367 "-" "Mozilla/5.0 (compatible; MJ12bot/v1.4.8; http://mj12bot.com/)"
193.70.33.35 - - [02/Mar/2026:03:34:23 +0000] "GET /whsy.php?e=2.html&p=/home/lab2454c/tmp/analog/veritserv.net.lab2454.com HTTP/1.1" 200 10366 "-" "Mozilla/5.0 (compatible; MJ12bot/v1.4.8; http://mj12bot.com/)"
193.70.33.35 - - [02/Mar/2026:03:34:24 +0000] "GET /whsy.php?e=2.html&p=/home/lab2454c/tmp/analog/vkeycloud.com.lab2454.com HTTP/1.1" 200 1286 "-" "Mozilla/5.0 (compatible; MJ12bot/v1.4.8; http://mj12bot.com/)"
193.70.33.35 - - [02/Mar/2026:03:34:26 +0000] "GET /whsy.php?e=2.html&p=/home/lab2454c/tmp/analog/westernclear.com.lab2454.com HTTP/1.1" 200 1341 "-" "Mozilla/5.0 (compatible; MJ12bot/v1.4.8; http://mj12bot.com/)"
193.70.33.35 - - [02/Mar/2026:03:34:27 +0000] "GET /whsy.php?e=2.html&p=/home/lab2454c/tmp/analog/westernclear.net.lab2454.com HTTP/1.1" 200 6246 "-" "Mozilla/5.0 (compatible; MJ12bot/v1.4.8; http://mj12bot.com/)"
193.70.33.35 - - [02/Mar/2026:03:34:29 +0000] "GET /whsy.php?e=2.html&p=/home/lab2454c/tmp/analog/worldcarboncapture.com.lab2454.com HTTP/1.1" 200 9475 "-" "Mozilla/5.0 (compatible; MJ12bot/v1.4.8; http://mj12bot.com/)"
193.70.33.35 - - [02/Mar/2026:03:34:31 +0000] "GET /whsy.php?e=2.html&p=/home/lab2454c/tmp/analog/worldcarboncapture.org.lab2454.com HTTP/1.1" 200 9144 "-" "Mozilla/5.0 (compatible; MJ12bot/v1.4.8; http://mj12bot.com/)"
193.70.33.35 - - [02/Mar/2026:03:34:32 +0000] "GET /whsy.php?e=2.html&p=/home/lab2454c/tmp/analog/wyntle.com.lab2454.com HTTP/1.1" 200 6726 "-" "Mozilla/5.0 (compatible; MJ12bot/v1.4.8; http://mj12bot.com/)"
193.70.33.35 - - [02/Mar/2026:03:34:34 +0000] "GET /whsy.php?e=2009_index.html&p=/home/lab2454c/sothebankuab.com/wp-content/endurance-page-cache HTTP/1.1" 200 15298 "-" "Mozilla/5.0 (compatible; MJ12bot/v1.4.8; http://mj12bot.com/)"
193.70.33.35 - - [02/Mar/2026:03:34:35 +0000] "GET /whsy.php?e=2010_index.html&p=/home/lab2454c/sothebankuab.com/wp-content/endurance-page-cache HTTP/1.1" 200 15297 "-" "Mozilla/5.0 (compatible; MJ12bot/v1.4.8; http://mj12bot.com/)"
193.70.33.35 - - [02/Mar/2026:03:34:37 +0000] "GET /whsy.php?e=2012_index.html&p=/home/lab2454c/sothebankuab.com/wp-content/endurance-page-cache HTTP/1.1" 200 15300 "-" "Mozilla/5.0 (compatible; MJ12bot/v1.4.8; http://mj12bot.com/)"
193.70.33.35 - - [02/Mar/2026:03:34:38 +0000] "GET /whsy.php?e=2013_index.html&p=/home/lab2454c/sothebankuab.com/wp-content/endurance-page-cache HTTP/1.1" 200 15301 "-" "Mozilla/5.0 (compatible; MJ12bot/v1.4.8; http://mj12bot.com/)"
193.70.33.35 - - [02/Mar/2026:03:34:40 +0000] "GET /whsy.php?e=2014_index.html&p=/home/lab2454c/sothebankuab.com/wp-content/endurance-page-cache HTTP/1.1" 200 15300 "-" "Mozilla/5.0 (compatible; MJ12bot/v1.4.8; http://mj12bot.com/)"
193.70.33.35 - - [02/Mar/2026:03:34:42 +0000] "GET /whsy.php?e=2015_index.html&p=/home/lab2454c/sothebankuab.com/wp-content/endurance-page-cache HTTP/1.1" 200 15299 "-" "Mozilla/5.0 (compatible; MJ12bot/v1.4.8; http://mj12bot.com/)"
193.70.33.35 - - [02/Mar/2026:03:34:43 +0000] "GET /whsy.php?e=2016_06_01_000005_create_oauth_personal_access_clients_table.php&p=/home/lab2454c/costbloc.com/database/migrations HTTP/1.1" 200 4765 "-" "Mozilla/5.0 (compatible; MJ12bot/v1.4.8; http://mj12bot.com/)"
193.70.33.35 - - [02/Mar/2026:03:34:45 +0000] "GET /whsy.php?e=2016_index.html&p=/home/lab2454c/sothebankuab.com/wp-content/endurance-page-cache HTTP/1.1" 200 15299 "-" "Mozilla/5.0 (compatible; MJ12bot/v1.4.8; http://mj12bot.com/)"
193.70.33.35 - - [02/Mar/2026:03:34:47 +0000] "GET /whsy.php?e=2017_index.html&p=/home/lab2454c/sothebankuab.com/wp-content/endurance-page-cache HTTP/1.1" 200 15300 "-" "Mozilla/5.0 (compatible; MJ12bot/v1.4.8; http://mj12bot.com/)"
193.70.33.35 - - [02/Mar/2026:03:34:48 +0000] "GET /whsy.php?e=2018_index.html&p=/home/lab2454c/sothebankuab.com/wp-content/endurance-page-cache HTTP/1.1" 200 15299 "-" "Mozilla/5.0 (compatible; MJ12bot/v1.4.8; http://mj12bot.com/)"
193.70.33.35 - - [02/Mar/2026:03:34:50 +0000] "GET /whsy.php?e=2021_10_10_065927_create_attribute_values_table.php&p=/home/lab2454c/costbloc.com/database/migrations HTTP/1.1" 200 4752 "-" "Mozilla/5.0 (compatible; MJ12bot/v1.4.8; http://mj12bot.com/)"
74.7.243.219 - - [02/Mar/2026:03:34:51 +0000] "GET /whsy.php?e=mcfilter&p=%2Fproc%2F29460%2Fnet HTTP/2.0" 200 830 "https://www.23rdbank.com.lab2454.com/whsy.php?p=%2Fproc%2F29460%2Fnet" "Mozilla/5.0 AppleWebKit/537.36 (KHTML, like Gecko; compatible; GPTBot/1.3; +https://openai.com/gptbot)"
193.70.33.35 - - [02/Mar/2026:03:34:51 +0000] "GET /whsy.php?e=2021_10_10_065927_create_attributes_table.php&p=/home/lab2454c/costbloc.com/database/migrations HTTP/1.1" 200 4755 "-" "Mozilla/5.0 (compatible; MJ12bot/v1.4.8; http://mj12bot.com/)"
193.70.33.35 - - [02/Mar/2026:03:34:53 +0000] "GET /whsy.php?e=2021_10_10_065927_create_backups_table.php&p=/home/lab2454c/costbloc.com/database/migrations HTTP/1.1" 200 4634 "-" "Mozilla/5.0 (compatible; MJ12bot/v1.4.8; http://mj12bot.com/)"
193.70.33.35 - - [02/Mar/2026:03:34:54 +0000] "GET /whsy.php?e=2021_10_10_065927_create_brands_table.php&p=/home/lab2454c/costbloc.com/database/migrations HTTP/1.1" 200 4721 "-" "Mozilla/5.0 (compatible; MJ12bot/v1.4.8; http://mj12bot.com/)"
193.70.33.35 - - [02/Mar/2026:03:34:56 +0000] "GET /whsy.php?e=2021_10_10_065927_create_categories_table.php&p=/home/lab2454c/costbloc.com/database/migrations HTTP/1.1" 200 4810 "-" "Mozilla/5.0 (compatible; MJ12bot/v1.4.8; http://mj12bot.com/)"
193.70.33.35 - - [02/Mar/2026:03:34:58 +0000] "GET /whsy.php?e=2021_10_10_065927_create_category_attributes_table.php&p=/home/lab2454c/costbloc.com/database/migrations HTTP/1.1" 200 4624 "-" "Mozilla/5.0 (compatible; MJ12bot/v1.4.8; http://mj12bot.com/)"
193.70.33.35 - - [02/Mar/2026:03:34:59 +0000] "GET /whsy.php?e=2021_10_10_065927_create_countries_table.php&p=/home/lab2454c/costbloc.com/database/migrations HTTP/1.1" 200 4620 "-" "Mozilla/5.0 (compatible; MJ12bot/v1.4.8; http://mj12bot.com/)"
193.70.33.35 - - [02/Mar/2026:03:35:01 +0000] "GET /whsy.php?e=2021_10_10_065927_create_currencies_table.php&p=/home/lab2454c/costbloc.com/database/migrations HTTP/1.1" 200 4668 "-" "Mozilla/5.0 (compatible; MJ12bot/v1.4.8; http://mj12bot.com/)"
193.70.33.35 - - [02/Mar/2026:03:35:02 +0000] "GET /whsy.php?e=2021_10_10_065927_create_email_configurations_table.php&p=/home/lab2454c/costbloc.com/database/migrations HTTP/1.1" 200 4698 "-" "Mozilla/5.0 (compatible; MJ12bot/v1.4.8; http://mj12bot.com/)"
193.70.33.35 - - [02/Mar/2026:03:35:04 +0000] "GET /whsy.php?e=2021_10_10_065927_create_email_templates_table.php&p=/home/lab2454c/costbloc.com/database/migrations HTTP/1.1" 200 4734 "-" "Mozilla/5.0 (compatible; MJ12bot/v1.4.8; http://mj12bot.com/)"
193.70.33.35 - - [02/Mar/2026:03:35:05 +0000] "GET /whsy.php?e=2021_10_10_065927_create_failed_jobs_table.php&p=/home/lab2454c/costbloc.com/database/migrations HTTP/1.1" 200 4681 "-" "Mozilla/5.0 (compatible; MJ12bot/v1.4.8; http://mj12bot.com/)"
193.70.33.35 - - [02/Mar/2026:03:35:07 +0000] "GET /whsy.php?e=2021_10_10_065927_create_favourites_table.php&p=/home/lab2454c/costbloc.com/database/migrations HTTP/1.1" 200 4697 "-" "Mozilla/5.0 (compatible; MJ12bot/v1.4.8; http://mj12bot.com/)"
193.70.33.35 - - [02/Mar/2026:03:35:09 +0000] "GET /whsy.php?e=2021_10_10_065927_create_flash_sales_table.php&p=/home/lab2454c/costbloc.com/database/migrations HTTP/1.1" 200 4765 "-" "Mozilla/5.0 (compatible; MJ12bot/v1.4.8; http://mj12bot.com/)"
193.70.33.35 - - [02/Mar/2026:03:35:10 +0000] "GET /whsy.php?e=2021_10_10_065927_create_languages_table.php&p=/home/lab2454c/costbloc.com/database/migrations HTTP/1.1" 200 4750 "-" "Mozilla/5.0 (compatible; MJ12bot/v1.4.8; http://mj12bot.com/)"
193.70.33.35 - - [02/Mar/2026:03:35:12 +0000] "GET /whsy.php?e=2021_10_10_065927_create_locations_table.php&p=/home/lab2454c/costbloc.com/database/migrations HTTP/1.1" 200 4764 "-" "Mozilla/5.0 (compatible; MJ12bot/v1.4.8; http://mj12bot.com/)"
193.70.33.35 - - [02/Mar/2026:03:35:13 +0000] "GET /whsy.php?e=2021_10_10_065927_create_password_resets_table.php&p=/home/lab2454c/costbloc.com/database/migrations HTTP/1.1" 200 4648 "-" "Mozilla/5.0 (compatible; MJ12bot/v1.4.8; http://mj12bot.com/)"
193.70.33.35 - - [02/Mar/2026:03:35:15 +0000] "GET /whsy.php?e=2021_10_10_065927_create_permission_roles_table.php&p=/home/lab2454c/costbloc.com/database/migrations HTTP/1.1" 200 4630 "-" "Mozilla/5.0 (compatible; MJ12bot/v1.4.8; http://mj12bot.com/)"
74.7.243.236 - - [02/Mar/2026:03:35:16 +0000] "GET /?C=N;O=D HTTP/2.0" 200 402 "https://23rdbank.com.lab2454.com/" "Mozilla/5.0 AppleWebKit/537.36 (KHTML, like Gecko; compatible; GPTBot/1.3; +https://openai.com/gptbot)"
193.70.33.35 - - [02/Mar/2026:03:35:16 +0000] "GET /whsy.php?e=2021_10_10_065927_create_permissions_table.php&p=/home/lab2454c/costbloc.com/database/migrations HTTP/1.1" 200 4704 "-" "Mozilla/5.0 (compatible; MJ12bot/v1.4.8; http://mj12bot.com/)"
193.70.33.35 - - [02/Mar/2026:03:35:18 +0000] "GET /whsy.php?e=2021_10_10_065927_create_preferences_table.php&p=/home/lab2454c/costbloc.com/database/migrations HTTP/1.1" 200 4633 "-" "Mozilla/5.0 (compatible; MJ12bot/v1.4.8; http://mj12bot.com/)"
193.70.33.35 - - [02/Mar/2026:03:35:19 +0000] "GET /whsy.php?e=2021_10_10_065927_create_product_categories_table.php&p=/home/lab2454c/costbloc.com/database/migrations HTTP/1.1" 200 4631 "-" "Mozilla/5.0 (compatible; MJ12bot/v1.4.8; http://mj12bot.com/)"
193.70.33.35 - - [02/Mar/2026:03:35:21 +0000] "GET /whsy.php?e=2021_10_10_065927_create_product_cross_sales_table.php&p=/home/lab2454c/costbloc.com/database/migrations HTTP/1.1" 200 4637 "-" "Mozilla/5.0 (compatible; MJ12bot/v1.4.8; http://mj12bot.com/)"
193.70.33.35 - - [02/Mar/2026:03:35:22 +0000] "GET /whsy.php?e=2021_10_10_065927_create_product_relates_table.php&p=/home/lab2454c/costbloc.com/database/migrations HTTP/1.1" 200 4632 "-" "Mozilla/5.0 (compatible; MJ12bot/v1.4.8; http://mj12bot.com/)"
193.70.33.35 - - [02/Mar/2026:03:35:24 +0000] "GET /whsy.php?e=2021_10_10_065927_create_product_tags_table.php&p=/home/lab2454c/costbloc.com/database/migrations HTTP/1.1" 200 4629 "-" "Mozilla/5.0 (compatible; MJ12bot/v1.4.8; http://mj12bot.com/)"
193.70.33.35 - - [02/Mar/2026:03:35:26 +0000] "GET /whsy.php?e=2021_10_10_065927_create_product_upsales_table.php&p=/home/lab2454c/costbloc.com/database/migrations HTTP/1.1" 200 4631 "-" "Mozilla/5.0 (compatible; MJ12bot/v1.4.8; http://mj12bot.com/)"
193.70.33.35 - - [02/Mar/2026:03:35:27 +0000] "GET /whsy.php?e=2021_10_10_065927_create_products_table.php&p=/home/lab2454c/costbloc.com/database/migrations HTTP/1.1" 200 5015 "-" "Mozilla/5.0 (compatible; MJ12bot/v1.4.8; http://mj12bot.com/)"
193.70.33.35 - - [02/Mar/2026:03:35:29 +0000] "GET /whsy.php?e=2021_10_10_065927_create_roles_table.php&p=/home/lab2454c/costbloc.com/database/migrations HTTP/1.1" 200 4756 "-" "Mozilla/5.0 (compatible; MJ12bot/v1.4.8; http://mj12bot.com/)"
193.70.33.35 - - [02/Mar/2026:03:35:30 +0000] "GET /whsy.php?e=2021_10_10_065927_create_subscription_invoice_items_table.php&p=/home/lab2454c/costbloc.com/database/migrations HTTP/1.1" 200 4733 "-" "Mozilla/5.0 (compatible; MJ12bot/v1.4.8; http://mj12bot.com/)"
193.70.33.35 - - [02/Mar/2026:03:35:32 +0000] "GET /whsy.php?e=2021_10_10_065927_create_subscription_quotes_table.php&p=/home/lab2454c/costbloc.com/database/migrations HTTP/1.1" 200 4841 "-" "Mozilla/5.0 (compatible; MJ12bot/v1.4.8; http://mj12bot.com/)"
193.70.33.35 - - [02/Mar/2026:03:35:34 +0000] "GET /whsy.php?e=2021_10_10_065927_create_tags_table.php&p=/home/lab2454c/costbloc.com/database/migrations HTTP/1.1" 200 4735 "-" "Mozilla/5.0 (compatible; MJ12bot/v1.4.8; http://mj12bot.com/)"
74.7.228.34 - - [02/Mar/2026:03:35:35 +0000] "GET /robots.txt HTTP/2.0" 404 - "-" "Mozilla/5.0 (Macintosh; Intel Mac OS X 10_15_7) AppleWebKit/537.36 (KHTML, like Gecko) Chrome/131.0.0.0 Safari/537.36; compatible; OAI-SearchBot/1.3; robots.txt; +https://openai.com/searchbot"
193.70.33.35 - - [02/Mar/2026:03:35:35 +0000] "GET /whsy.php?e=2021_10_10_065927_create_translations_table.php&p=/home/lab2454c/costbloc.com/database/migrations HTTP/1.1" 200 4674 "-" "Mozilla/5.0 (compatible; MJ12bot/v1.4.8; http://mj12bot.com/)"
193.70.33.35 - - [02/Mar/2026:03:35:37 +0000] "GET /whsy.php?e=2021_10_10_065927_create_users_table.php&p=/home/lab2454c/costbloc.com/database/migrations HTTP/1.1" 200 4802 "-" "Mozilla/5.0 (compatible; MJ12bot/v1.4.8; http://mj12bot.com/)"
193.70.33.35 - - [02/Mar/2026:03:35:38 +0000] "GET /whsy.php?e=2021_10_10_065927_create_vendor_users_table.php&p=/home/lab2454c/costbloc.com/database/migrations HTTP/1.1" 200 4707 "-" "Mozilla/5.0 (compatible; MJ12bot/v1.4.8; http://mj12bot.com/)"
193.70.33.35 - - [02/Mar/2026:03:35:40 +0000] "GET /whsy.php?e=2021_10_10_065927_create_vendors_table.php&p=/home/lab2454c/costbloc.com/database/migrations HTTP/1.1" 200 4768 "-" "Mozilla/5.0 (compatible; MJ12bot/v1.4.8; http://mj12bot.com/)"
193.70.33.35 - - [02/Mar/2026:03:35:41 +0000] "GET /whsy.php?e=2021_10_10_065927_create_wishlists_table.php&p=/home/lab2454c/costbloc.com/database/migrations HTTP/1.1" 200 4713 "-" "Mozilla/5.0 (compatible; MJ12bot/v1.4.8; http://mj12bot.com/)"
193.70.33.35 - - [02/Mar/2026:03:35:43 +0000] "GET /whsy.php?e=2021_10_10_065928_add_foreign_keys_to_attribute_groups_table.php&p=/home/lab2454c/costbloc.com/database/migrations HTTP/1.1" 200 4643 "-" "Mozilla/5.0 (compatible; MJ12bot/v1.4.8; http://mj12bot.com/)"
193.70.33.35 - - [02/Mar/2026:03:35:44 +0000] "GET /whsy.php?e=2021_10_10_065928_add_foreign_keys_to_attribute_values_table.php&p=/home/lab2454c/costbloc.com/database/migrations HTTP/1.1" 200 4641 "-" "Mozilla/5.0 (compatible; MJ12bot/v1.4.8; http://mj12bot.com/)"
193.70.33.35 - - [02/Mar/2026:03:35:46 +0000] "GET /whsy.php?e=2021_10_10_065928_add_foreign_keys_to_attributes_table.php&p=/home/lab2454c/costbloc.com/database/migrations HTTP/1.1" 200 4639 "-" "Mozilla/5.0 (compatible; MJ12bot/v1.4.8; http://mj12bot.com/)"
193.70.33.35 - - [02/Mar/2026:03:35:47 +0000] "GET /whsy.php?e=2021_10_10_065928_add_foreign_keys_to_brands_table.php&p=/home/lab2454c/costbloc.com/database/migrations HTTP/1.1" 200 4632 "-" "Mozilla/5.0 (compatible; MJ12bot/v1.4.8; http://mj12bot.com/)"
193.70.33.35 - - [02/Mar/2026:03:35:49 +0000] "GET /whsy.php?e=2021_10_10_065928_add_foreign_keys_to_email_templates_table.php&p=/home/lab2454c/costbloc.com/database/migrations HTTP/1.1" 200 4642 "-" "Mozilla/5.0 (compatible; MJ12bot/v1.4.8; http://mj12bot.com/)"
74.7.241.183 - - [02/Mar/2026:03:36:10 +0000] "GET /robots.txt HTTP/2.0" 404 - "-" "Mozilla/5.0 (Macintosh; Intel Mac OS X 10_15_7) AppleWebKit/537.36 (KHTML, like Gecko) Chrome/131.0.0.0 Safari/537.36; compatible; OAI-SearchBot/1.3; robots.txt; +https://openai.com/searchbot"
74.7.244.47 - - [02/Mar/2026:03:36:33 +0000] "GET /robots.txt HTTP/2.0" 404 - "-" "Mozilla/5.0 (Macintosh; Intel Mac OS X 10_15_7) AppleWebKit/537.36 (KHTML, like Gecko) Chrome/131.0.0.0 Safari/537.36; compatible; OAI-SearchBot/1.3; robots.txt; +https://openai.com/searchbot"
74.7.243.219 - - [02/Mar/2026:03:37:00 +0000] "GET /whsy.php?e=mcfilter&p=%2Fproc%2F29456%2Fnet HTTP/2.0" 200 830 "https://www.23rdbank.com.lab2454.com/whsy.php?p=%2Fproc%2F29456%2Fnet" "Mozilla/5.0 AppleWebKit/537.36 (KHTML, like Gecko; compatible; GPTBot/1.3; +https://openai.com/gptbot)"
74.7.242.17 - - [02/Mar/2026:03:37:18 +0000] "GET /whsy.php?e=mounts&p=%2Fproc%2F30032 HTTP/2.0" 200 830 "https://23rdbank.com/whsy.php?p=%2Fproc%2F30032" "Mozilla/5.0 AppleWebKit/537.36 (KHTML, like Gecko; compatible; GPTBot/1.3; +https://openai.com/gptbot)"
74.7.243.236 - - [02/Mar/2026:03:37:27 +0000] "GET /?C=M;O=A HTTP/2.0" 200 405 "https://23rdbank.com.lab2454.com/" "Mozilla/5.0 AppleWebKit/537.36 (KHTML, like Gecko; compatible; GPTBot/1.3; +https://openai.com/gptbot)"
74.7.243.219 - - [02/Mar/2026:03:38:54 +0000] "GET /whsy.php?e=sockstat&p=%2Fproc%2F29452%2Fnet HTTP/2.0" 200 830 "https://www.23rdbank.com.lab2454.com/whsy.php?p=%2Fproc%2F29452%2Fnet" "Mozilla/5.0 AppleWebKit/537.36 (KHTML, like Gecko; compatible; GPTBot/1.3; +https://openai.com/gptbot)"
74.7.243.236 - - [02/Mar/2026:03:39:07 +0000] "GET /wp-cron.php HTTP/2.0" 200 20 "https://23rdbank.com.lab2454.com/" "Mozilla/5.0 AppleWebKit/537.36 (KHTML, like Gecko; compatible; GPTBot/1.3; +https://openai.com/gptbot)"
74.7.242.17 - - [02/Mar/2026:03:39:20 +0000] "GET /whsy.php?p=%2Fproc%2F20973%2Fattr HTTP/2.0" 200 830 "https://23rdbank.com/whsy.php?p=%2Fproc%2F20973" "Mozilla/5.0 AppleWebKit/537.36 (KHTML, like Gecko; compatible; GPTBot/1.3; +https://openai.com/gptbot)"
74.7.243.219 - - [02/Mar/2026:03:40:35 +0000] "GET /whsy.php?e=current&p=%2Fproc%2F29464%2Fattr HTTP/2.0" 200 830 "https://www.23rdbank.com.lab2454.com/whsy.php?p=%2Fproc%2F29464%2Fattr" "Mozilla/5.0 AppleWebKit/537.36 (KHTML, like Gecko; compatible; GPTBot/1.3; +https://openai.com/gptbot)"
74.7.243.236 - - [02/Mar/2026:03:40:36 +0000] "GET /whsy.php?e=gid_map&p=%2Fproc%2F11146%2Ftask%2F9365 HTTP/2.0" 200 830 "https://23rdbank.com.lab2454.com/whsy.php?p=%2Fproc%2F11146%2Ftask%2F9365" "Mozilla/5.0 AppleWebKit/537.36 (KHTML, like Gecko; compatible; GPTBot/1.3; +https://openai.com/gptbot)"
74.7.228.34 - - [02/Mar/2026:03:41:20 +0000] "GET /robots.txt HTTP/2.0" 404 - "-" "Mozilla/5.0 (Macintosh; Intel Mac OS X 10_15_7) AppleWebKit/537.36 (KHTML, like Gecko) Chrome/131.0.0.0 Safari/537.36; compatible; OAI-SearchBot/1.3; robots.txt; +https://openai.com/searchbot"
74.7.242.17 - - [02/Mar/2026:03:41:24 +0000] "GET /whsy.php?e=numa_maps&p=%2Fproc%2F29460 HTTP/2.0" 200 830 "https://23rdbank.com/whsy.php?p=%2Fproc%2F29460" "Mozilla/5.0 AppleWebKit/537.36 (KHTML, like Gecko; compatible; GPTBot/1.3; +https://openai.com/gptbot)"
74.7.244.47 - - [02/Mar/2026:03:41:24 +0000] "GET /robots.txt HTTP/2.0" 404 - "-" "Mozilla/5.0 (Macintosh; Intel Mac OS X 10_15_7) AppleWebKit/537.36 (KHTML, like Gecko) Chrome/131.0.0.0 Safari/537.36; compatible; OAI-SearchBot/1.3; robots.txt; +https://openai.com/searchbot"
74.7.242.17 - - [02/Mar/2026:03:41:59 +0000] "GET / HTTP/2.0" 200 401 "-" "Mozilla/5.0 AppleWebKit/537.36 (KHTML, like Gecko; compatible; GPTBot/1.3; +https://openai.com/gptbot)"
74.7.243.236 - - [02/Mar/2026:03:42:20 +0000] "GET /whsy.php?e=uid_map&p=%2Fproc%2F11146%2Ftask%2F9572 HTTP/2.0" 200 830 "https://23rdbank.com.lab2454.com/whsy.php?p=%2Fproc%2F11146%2Ftask%2F9572" "Mozilla/5.0 AppleWebKit/537.36 (KHTML, like Gecko; compatible; GPTBot/1.3; +https://openai.com/gptbot)"
74.7.241.183 - - [02/Mar/2026:03:42:21 +0000] "GET /robots.txt HTTP/2.0" 404 - "-" "Mozilla/5.0 (Macintosh; Intel Mac OS X 10_15_7) AppleWebKit/537.36 (KHTML, like Gecko) Chrome/131.0.0.0 Safari/537.36; compatible; OAI-SearchBot/1.3; robots.txt; +https://openai.com/searchbot"
74.7.243.219 - - [02/Mar/2026:03:42:24 +0000] "GET /whsy.php?e=fib_trie&p=%2Fproc%2F29463%2Fnet HTTP/2.0" 200 830 "https://www.23rdbank.com.lab2454.com/whsy.php?p=%2Fproc%2F29463%2Fnet" "Mozilla/5.0 AppleWebKit/537.36 (KHTML, like Gecko; compatible; GPTBot/1.3; +https://openai.com/gptbot)"
74.7.243.236 - - [02/Mar/2026:03:43:46 +0000] "GET /?C=D;O=A HTTP/2.0" 200 401 "https://23rdbank.com.lab2454.com/" "Mozilla/5.0 AppleWebKit/537.36 (KHTML, like Gecko; compatible; GPTBot/1.3; +https://openai.com/gptbot)"
74.7.242.17 - - [02/Mar/2026:03:43:53 +0000] "GET /whsy.php?e=timers&p=%2Fproc%2F26554 HTTP/2.0" 200 830 "https://23rdbank.com/whsy.php?p=%2Fproc%2F26554" "Mozilla/5.0 AppleWebKit/537.36 (KHTML, like Gecko; compatible; GPTBot/1.3; +https://openai.com/gptbot)"
74.7.243.219 - - [02/Mar/2026:03:44:04 +0000] "GET /whsy.php?e=snmp&p=%2Fproc%2F29462%2Fnet HTTP/2.0" 200 830 "https://www.23rdbank.com.lab2454.com/whsy.php?p=%2Fproc%2F29462%2Fnet" "Mozilla/5.0 AppleWebKit/537.36 (KHTML, like Gecko; compatible; GPTBot/1.3; +https://openai.com/gptbot)"
74.7.243.236 - - [02/Mar/2026:03:45:01 +0000] "GET /whsy.php?e=oom_adj&p=%2Fproc%2F11146%2Ftask%2F9360 HTTP/2.0" 200 830 "https://23rdbank.com.lab2454.com/whsy.php?p=%2Fproc%2F11146%2Ftask%2F9360" "Mozilla/5.0 AppleWebKit/537.36 (KHTML, like Gecko; compatible; GPTBot/1.3; +https://openai.com/gptbot)"
74.7.243.219 - - [02/Mar/2026:03:45:18 +0000] "GET /whsy.php?e=rt_cache&p=%2Fproc%2F29455%2Fnet HTTP/2.0" 200 830 "https://www.23rdbank.com.lab2454.com/whsy.php?p=%2Fproc%2F29455%2Fnet" "Mozilla/5.0 AppleWebKit/537.36 (KHTML, like Gecko; compatible; GPTBot/1.3; +https://openai.com/gptbot)"
74.7.242.17 - - [02/Mar/2026:03:45:39 +0000] "GET /whsy.php?p=%2Fproc%2F13097%2Fattr HTTP/2.0" 200 830 "https://23rdbank.com/whsy.php?p=%2Fproc%2F13097" "Mozilla/5.0 AppleWebKit/537.36 (KHTML, like Gecko; compatible; GPTBot/1.3; +https://openai.com/gptbot)"
74.7.243.236 - - [02/Mar/2026:03:46:18 +0000] "GET /whsy.php?e=oom_adj&p=%2Fproc%2F11146%2Ftask%2F9356 HTTP/2.0" 200 830 "https://23rdbank.com.lab2454.com/whsy.php?p=%2Fproc%2F11146%2Ftask%2F9356" "Mozilla/5.0 AppleWebKit/537.36 (KHTML, like Gecko; compatible; GPTBot/1.3; +https://openai.com/gptbot)"
74.7.243.219 - - [02/Mar/2026:03:46:38 +0000] "GET /whsy.php?e=fib_trie&p=%2Fproc%2F29460%2Fnet HTTP/2.0" 200 830 "https://www.23rdbank.com.lab2454.com/whsy.php?p=%2Fproc%2F29460%2Fnet" "Mozilla/5.0 AppleWebKit/537.36 (KHTML, like Gecko; compatible; GPTBot/1.3; +https://openai.com/gptbot)"
74.7.244.47 - - [02/Mar/2026:03:46:38 +0000] "GET /robots.txt HTTP/2.0" 404 - "-" "Mozilla/5.0 (Macintosh; Intel Mac OS X 10_15_7) AppleWebKit/537.36 (KHTML, like Gecko) Chrome/131.0.0.0 Safari/537.36; compatible; OAI-SearchBot/1.3; robots.txt; +https://openai.com/searchbot"
74.7.242.17 - - [02/Mar/2026:03:47:19 +0000] "GET /whsy.php?e=numa_maps&p=%2Fproc%2F29456 HTTP/2.0" 200 830 "https://23rdbank.com/whsy.php?p=%2Fproc%2F29456" "Mozilla/5.0 AppleWebKit/537.36 (KHTML, like Gecko; compatible; GPTBot/1.3; +https://openai.com/gptbot)"
74.7.228.34 - - [02/Mar/2026:03:47:19 +0000] "GET /robots.txt HTTP/2.0" 404 - "-" "Mozilla/5.0 (Macintosh; Intel Mac OS X 10_15_7) AppleWebKit/537.36 (KHTML, like Gecko) Chrome/131.0.0.0 Safari/537.36; compatible; OAI-SearchBot/1.3; robots.txt; +https://openai.com/searchbot"
74.7.243.236 - - [02/Mar/2026:03:47:29 +0000] "GET /?C=S;O=D HTTP/2.0" 200 400 "https://23rdbank.com.lab2454.com/?C=S;O=A" "Mozilla/5.0 AppleWebKit/537.36 (KHTML, like Gecko; compatible; GPTBot/1.3; +https://openai.com/gptbot)"
74.7.241.183 - - [02/Mar/2026:03:47:30 +0000] "GET /robots.txt HTTP/2.0" 404 - "-" "Mozilla/5.0 (Macintosh; Intel Mac OS X 10_15_7) AppleWebKit/537.36 (KHTML, like Gecko) Chrome/131.0.0.0 Safari/537.36; compatible; OAI-SearchBot/1.3; robots.txt; +https://openai.com/searchbot"
74.7.243.219 - - [02/Mar/2026:03:47:45 +0000] "GET /whsy.php?e=tls_stat&p=%2Fproc%2F29452%2Fnet HTTP/2.0" 200 830 "https://www.23rdbank.com.lab2454.com/whsy.php?p=%2Fproc%2F29452%2Fnet" "Mozilla/5.0 AppleWebKit/537.36 (KHTML, like Gecko; compatible; GPTBot/1.3; +https://openai.com/gptbot)"
74.7.243.236 - - [02/Mar/2026:03:48:35 +0000] "GET /whsy.php?e=gid_map&p=%2Fproc%2F11146%2Ftask%2F9360 HTTP/2.0" 200 830 "https://23rdbank.com.lab2454.com/whsy.php?p=%2Fproc%2F11146%2Ftask%2F9360" "Mozilla/5.0 AppleWebKit/537.36 (KHTML, like Gecko; compatible; GPTBot/1.3; +https://openai.com/gptbot)"
74.7.243.219 - - [02/Mar/2026:03:48:48 +0000] "GET /whsy.php?e=rt_cache&p=%2Fproc%2F29464%2Fnet HTTP/2.0" 200 830 "https://www.23rdbank.com.lab2454.com/whsy.php?p=%2Fproc%2F29464%2Fnet" "Mozilla/5.0 AppleWebKit/537.36 (KHTML, like Gecko; compatible; GPTBot/1.3; +https://openai.com/gptbot)"
74.7.242.17 - - [02/Mar/2026:03:48:59 +0000] "GET /whsy.php?e=status&p=%2Fproc%2F20973 HTTP/2.0" 200 830 "https://23rdbank.com/whsy.php?p=%2Fproc%2F20973" "Mozilla/5.0 AppleWebKit/537.36 (KHTML, like Gecko; compatible; GPTBot/1.3; +https://openai.com/gptbot)"
74.7.243.236 - - [02/Mar/2026:03:49:40 +0000] "GET /wp-blog-header.php HTTP/2.0" 200 20 "https://23rdbank.com.lab2454.com/" "Mozilla/5.0 AppleWebKit/537.36 (KHTML, like Gecko; compatible; GPTBot/1.3; +https://openai.com/gptbot)"
74.7.243.219 - - [02/Mar/2026:03:49:54 +0000] "GET /whsy.php?e=tls_stat&p=%2Fproc%2F29462%2Fnet HTTP/2.0" 200 830 "https://www.23rdbank.com.lab2454.com/whsy.php?p=%2Fproc%2F29462%2Fnet" "Mozilla/5.0 AppleWebKit/537.36 (KHTML, like Gecko; compatible; GPTBot/1.3; +https://openai.com/gptbot)"
74.7.242.17 - - [02/Mar/2026:03:50:31 +0000] "GET /whsy.php?p=%2Fproc%2F29456%2Fattr HTTP/2.0" 200 830 "https://23rdbank.com/whsy.php?p=%2Fproc%2F29456" "Mozilla/5.0 AppleWebKit/537.36 (KHTML, like Gecko; compatible; GPTBot/1.3; +https://openai.com/gptbot)"
