145.239.65.226 - - [02/Mar/2026:02:16:33 +0000] "GET /whsy.php?e=1758048724.M762005P29166.node3636.myfcloud.com,S=3760,W=3840&p=/home/lab2454c/mail/.spam/new HTTP/1.1" 200 51636 "-" "Mozilla/5.0 (compatible; MJ12bot/v1.4.8; http://mj12bot.com/)"
145.239.65.226 - - [02/Mar/2026:02:16:35 +0000] "GET /whsy.php?e=1758063018.M843738P6262.node3636.myfcloud.com,S=3798,W=3878&p=/home/lab2454c/mail/.spam/new HTTP/1.1" 200 51641 "-" "Mozilla/5.0 (compatible; MJ12bot/v1.4.8; http://mj12bot.com/)"
145.239.65.226 - - [02/Mar/2026:02:16:36 +0000] "GET /whsy.php?e=1758091558.M137790P6824.node3636.myfcloud.com,S=25401,W=25804&p=/home/lab2454c/mail/.spam/new HTTP/1.1" 200 64111 "-" "Mozilla/5.0 (compatible; MJ12bot/v1.4.8; http://mj12bot.com/)"
145.239.65.226 - - [02/Mar/2026:02:16:38 +0000] "GET /whsy.php?e=1758091600.M202747P6824.node3636.myfcloud.com,S=25403,W=25806&p=/home/lab2454c/mail/.spam/new HTTP/1.1" 200 64125 "-" "Mozilla/5.0 (compatible; MJ12bot/v1.4.8; http://mj12bot.com/)"
145.239.65.226 - - [02/Mar/2026:02:16:39 +0000] "GET /whsy.php?e=1759226200.M780075P16791.node3636.myfcloud.com,S=23773,W=24132&p=/home/lab2454c/mail/.spam/new HTTP/1.1" 200 60349 "-" "Mozilla/5.0 (compatible; MJ12bot/v1.4.8; http://mj12bot.com/)"
145.239.65.226 - - [02/Mar/2026:02:16:41 +0000] "GET /whsy.php?e=1759226242.M588362P16791.node3636.myfcloud.com,S=23771,W=24130&p=/home/lab2454c/mail/.spam/new HTTP/1.1" 200 60328 "-" "Mozilla/5.0 (compatible; MJ12bot/v1.4.8; http://mj12bot.com/)"
145.239.65.226 - - [02/Mar/2026:02:16:43 +0000] "GET /whsy.php?e=1759227028.M645227P16400.node3636.myfcloud.com,S=4807,W=4856&p=/home/lab2454c/mail/.spam/new HTTP/1.1" 200 51939 "-" "Mozilla/5.0 (compatible; MJ12bot/v1.4.8; http://mj12bot.com/)"
145.239.65.226 - - [02/Mar/2026:02:16:44 +0000] "GET /whsy.php?e=1759239799.M336368P26428.node3636.myfcloud.com,S=12125,W=12312&p=/home/lab2454c/mail/.spam/new HTTP/1.1" 200 55010 "-" "Mozilla/5.0 (compatible; MJ12bot/v1.4.8; http://mj12bot.com/)"
145.239.65.226 - - [02/Mar/2026:02:16:46 +0000] "GET /whsy.php?e=1759255953.M268068P15405.node3636.myfcloud.com,S=4768,W=4817&p=/home/lab2454c/mail/.spam/new HTTP/1.1" 200 51932 "-" "Mozilla/5.0 (compatible; MJ12bot/v1.4.8; http://mj12bot.com/)"
145.239.65.226 - - [02/Mar/2026:02:16:48 +0000] "GET /whsy.php?e=1759283421.M314384P11533.node3636.myfcloud.com,S=4806,W=4855&p=/home/lab2454c/mail/.spam/new HTTP/1.1" 200 51957 "-" "Mozilla/5.0 (compatible; MJ12bot/v1.4.8; http://mj12bot.com/)"
145.239.65.226 - - [02/Mar/2026:02:16:49 +0000] "GET /whsy.php?e=1759864816.M239801P8289.node3636.myfcloud.com,S=8212,W=8268&p=/home/lab2454c/mail/.spam/new HTTP/1.1" 200 49979 "-" "Mozilla/5.0 (compatible; MJ12bot/v1.4.8; http://mj12bot.com/)"
145.239.65.226 - - [02/Mar/2026:02:16:51 +0000] "GET /whsy.php?e=1760091689.M529206P1843.node3636.myfcloud.com,S=5076,W=5125&p=/home/lab2454c/mail/.spam/new HTTP/1.1" 200 52032 "-" "Mozilla/5.0 (compatible; MJ12bot/v1.4.8; http://mj12bot.com/)"
145.239.65.226 - - [02/Mar/2026:02:16:53 +0000] "GET /whsy.php?e=1760159604.M158655P11312.node3636.myfcloud.com,S=4779,W=4828&p=/home/lab2454c/mail/.spam/new HTTP/1.1" 200 51971 "-" "Mozilla/5.0 (compatible; MJ12bot/v1.4.8; http://mj12bot.com/)"
145.239.65.226 - - [02/Mar/2026:02:16:54 +0000] "GET /whsy.php?e=1760469852.M337133P24355.node3636.myfcloud.com,S=4725,W=4774&p=/home/lab2454c/mail/.spam/new HTTP/1.1" 200 51873 "-" "Mozilla/5.0 (compatible; MJ12bot/v1.4.8; http://mj12bot.com/)"
145.239.65.226 - - [02/Mar/2026:02:16:56 +0000] "GET /whsy.php?e=1760547239.M464979P31357.node3636.myfcloud.com,S=66560,W=67451&p=/home/lab2454c/mail/.spam/new HTTP/1.1" 200 92847 "-" "Mozilla/5.0 (compatible; MJ12bot/v1.4.8; http://mj12bot.com/)"
145.239.65.226 - - [02/Mar/2026:02:16:57 +0000] "GET /whsy.php?e=1760547281.M513882P31357.node3636.myfcloud.com,S=66559,W=67450&p=/home/lab2454c/mail/.spam/new HTTP/1.1" 200 92825 "-" "Mozilla/5.0 (compatible; MJ12bot/v1.4.8; http://mj12bot.com/)"
145.239.65.226 - - [02/Mar/2026:02:16:59 +0000] "GET /whsy.php?e=1760596929.M223229P16342.node3636.myfcloud.com,S=4884,W=4933&p=/home/lab2454c/mail/.spam/new HTTP/1.1" 200 51979 "-" "Mozilla/5.0 (compatible; MJ12bot/v1.4.8; http://mj12bot.com/)"
145.239.65.226 - - [02/Mar/2026:02:17:01 +0000] "GET /whsy.php?e=1760606699.M911868P25339.node3636.myfcloud.com,S=11368,W=11541&p=/home/lab2454c/mail/.spam/new HTTP/1.1" 200 54217 "-" "Mozilla/5.0 (compatible; MJ12bot/v1.4.8; http://mj12bot.com/)"
145.239.65.226 - - [02/Mar/2026:02:17:02 +0000] "GET /whsy.php?e=1760606741.M780907P25339.node3636.myfcloud.com,S=11369,W=11542&p=/home/lab2454c/mail/.spam/new HTTP/1.1" 200 54223 "-" "Mozilla/5.0 (compatible; MJ12bot/v1.4.8; http://mj12bot.com/)"
145.239.65.226 - - [02/Mar/2026:02:17:04 +0000] "GET /whsy.php?e=1760641742.M991334P9412.node3636.myfcloud.com,S=4964,W=5018&p=/home/lab2454c/mail/.spam/new HTTP/1.1" 200 51995 "-" "Mozilla/5.0 (compatible; MJ12bot/v1.4.8; http://mj12bot.com/)"
145.239.65.226 - - [02/Mar/2026:02:17:06 +0000] "GET /whsy.php?e=1760666701.M877154P16031.node3636.myfcloud.com,S=4929,W=4983&p=/home/lab2454c/mail/.spam/new HTTP/1.1" 200 51994 "-" "Mozilla/5.0 (compatible; MJ12bot/v1.4.8; http://mj12bot.com/)"
145.239.65.226 - - [02/Mar/2026:02:17:07 +0000] "GET /whsy.php?e=1760681589.M498575P13019.node3636.myfcloud.com,S=4885,W=4934&p=/home/lab2454c/mail/.spam/new HTTP/1.1" 200 51977 "-" "Mozilla/5.0 (compatible; MJ12bot/v1.4.8; http://mj12bot.com/)"
145.239.65.226 - - [02/Mar/2026:02:17:09 +0000] "GET /whsy.php?e=1761821400.M320103P11245.node3636.myfcloud.com,S=4822,W=4878&p=/home/lab2454c/mail/.spam/new HTTP/1.1" 200 51989 "-" "Mozilla/5.0 (compatible; MJ12bot/v1.4.8; http://mj12bot.com/)"
145.239.65.226 - - [02/Mar/2026:02:17:11 +0000] "GET /whsy.php?e=1761865578.M402890P16707.node3636.myfcloud.com,S=4818,W=4874&p=/home/lab2454c/mail/.spam/new HTTP/1.1" 200 51981 "-" "Mozilla/5.0 (compatible; MJ12bot/v1.4.8; http://mj12bot.com/)"
145.239.65.226 - - [02/Mar/2026:02:17:12 +0000] "GET /whsy.php?e=1762070922.M680185P9913.node3636.myfcloud.com,S=36975,W=37429&p=/home/lab2454c/mail/.spam/new HTTP/1.1" 200 62275 "-" "Mozilla/5.0 (compatible; MJ12bot/v1.4.8; http://mj12bot.com/)"
145.239.65.226 - - [02/Mar/2026:02:17:14 +0000] "GET /whsy.php?e=1762389522.M946854P17653.node3636.myfcloud.com,S=5229,W=5280&p=/home/lab2454c/mail/.spam/new HTTP/1.1" 200 52032 "-" "Mozilla/5.0 (compatible; MJ12bot/v1.4.8; http://mj12bot.com/)"
145.239.65.226 - - [02/Mar/2026:02:17:15 +0000] "GET /whsy.php?e=1762657322.M580776P14337.node3636.myfcloud.com,S=2796,W=2862&p=/home/lab2454c/mail/.spam/new HTTP/1.1" 200 51295 "-" "Mozilla/5.0 (compatible; MJ12bot/v1.4.8; http://mj12bot.com/)"
145.239.65.226 - - [02/Mar/2026:02:17:17 +0000] "GET /whsy.php?e=1762776837.M628990P15760.node3636.myfcloud.com,S=11239,W=11412&p=/home/lab2454c/mail/.spam/new HTTP/1.1" 200 54920 "-" "Mozilla/5.0 (compatible; MJ12bot/v1.4.8; http://mj12bot.com/)"
145.239.65.226 - - [02/Mar/2026:02:17:19 +0000] "GET /whsy.php?e=1762776838.M116075P15760.node3636.myfcloud.com,S=11212,W=11385&p=/home/lab2454c/mail/.spam/new HTTP/1.1" 200 54919 "-" "Mozilla/5.0 (compatible; MJ12bot/v1.4.8; http://mj12bot.com/)"
145.239.65.226 - - [02/Mar/2026:02:17:20 +0000] "GET /whsy.php?e=1762973727.M301288P1638.node3636.myfcloud.com,S=2684,W=2743&p=/home/lab2454c/mail/.spam/new HTTP/1.1" 200 51193 "-" "Mozilla/5.0 (compatible; MJ12bot/v1.4.8; http://mj12bot.com/)"
145.239.65.226 - - [02/Mar/2026:02:17:22 +0000] "GET /whsy.php?e=1763018545.M610499P14569.node3636.myfcloud.com,S=11212,W=11385&p=/home/lab2454c/mail/.spam/new HTTP/1.1" 200 54921 "-" "Mozilla/5.0 (compatible; MJ12bot/v1.4.8; http://mj12bot.com/)"
145.239.65.226 - - [02/Mar/2026:02:17:24 +0000] "GET /whsy.php?e=1763018546.M232767P14569.node3636.myfcloud.com,S=11239,W=11412&p=/home/lab2454c/mail/.spam/new HTTP/1.1" 200 54923 "-" "Mozilla/5.0 (compatible; MJ12bot/v1.4.8; http://mj12bot.com/)"
145.239.65.226 - - [02/Mar/2026:02:17:26 +0000] "GET /whsy.php?e=1763212980.M455244P27387.node3636.myfcloud.com,S=2744,W=2804&p=/home/lab2454c/mail/.spam/new HTTP/1.1" 200 51269 "-" "Mozilla/5.0 (compatible; MJ12bot/v1.4.8; http://mj12bot.com/)"
145.239.65.226 - - [02/Mar/2026:02:17:27 +0000] "GET /whsy.php?e=1763676443.M455012P1573.node3636.myfcloud.com,S=2676,W=2737&p=/home/lab2454c/mail/.spam/new HTTP/1.1" 200 51196 "-" "Mozilla/5.0 (compatible; MJ12bot/v1.4.8; http://mj12bot.com/)"
145.239.65.226 - - [02/Mar/2026:02:17:29 +0000] "GET /whsy.php?e=1763802563.M389074P7364.node3636.myfcloud.com,S=2800,W=2862&p=/home/lab2454c/mail/.spam/new HTTP/1.1" 200 51300 "-" "Mozilla/5.0 (compatible; MJ12bot/v1.4.8; http://mj12bot.com/)"
145.239.65.226 - - [02/Mar/2026:02:17:32 +0000] "GET /whsy.php?e=1763861177.M345391P19141.node3636.myfcloud.com,S=2789,W=2849&p=/home/lab2454c/mail/.spam/new HTTP/1.1" 200 51271 "-" "Mozilla/5.0 (compatible; MJ12bot/v1.4.8; http://mj12bot.com/)"
145.239.65.226 - - [02/Mar/2026:02:17:34 +0000] "GET /whsy.php?e=1764107371.M213274P18481.node3636.myfcloud.com,S=2701,W=2760&p=/home/lab2454c/mail/.spam/new HTTP/1.1" 200 51193 "-" "Mozilla/5.0 (compatible; MJ12bot/v1.4.8; http://mj12bot.com/)"
145.239.65.226 - - [02/Mar/2026:02:17:37 +0000] "GET /whsy.php?e=1765184354.M284732P17472.node3636.myfcloud.com,S=6292,W=6419&p=/home/lab2454c/mail/.spam/new HTTP/1.1" 200 52408 "-" "Mozilla/5.0 (compatible; MJ12bot/v1.4.8; http://mj12bot.com/)"
145.239.65.226 - - [02/Mar/2026:02:17:40 +0000] "GET /whsy.php?e=1765184403.M413745P17472.node3636.myfcloud.com,S=6292,W=6419&p=/home/lab2454c/mail/.spam/new HTTP/1.1" 200 52409 "-" "Mozilla/5.0 (compatible; MJ12bot/v1.4.8; http://mj12bot.com/)"
145.239.65.226 - - [02/Mar/2026:02:17:43 +0000] "GET /whsy.php?e=1765369461.M129299P28984.node3636.myfcloud.com,S=2815,W=2876&p=/home/lab2454c/mail/.spam/new HTTP/1.1" 200 51232 "-" "Mozilla/5.0 (compatible; MJ12bot/v1.4.8; http://mj12bot.com/)"
145.239.65.226 - - [02/Mar/2026:02:17:46 +0000] "GET /whsy.php?e=1765376313.M117608P1133.node3636.myfcloud.com,S=2912,W=2977&p=/home/lab2454c/mail/.spam/new HTTP/1.1" 200 51313 "-" "Mozilla/5.0 (compatible; MJ12bot/v1.4.8; http://mj12bot.com/)"
145.239.65.226 - - [02/Mar/2026:02:17:48 +0000] "GET /whsy.php?e=1765421554.M532467P16631.node3636.myfcloud.com,S=2908,W=2973&p=/home/lab2454c/mail/.spam/new HTTP/1.1" 200 51323 "-" "Mozilla/5.0 (compatible; MJ12bot/v1.4.8; http://mj12bot.com/)"
145.239.65.226 - - [02/Mar/2026:02:17:50 +0000] "GET /whsy.php?e=1765598384.M156363P15914.node3636.myfcloud.com,S=2752,W=2812&p=/home/lab2454c/mail/.spam/new HTTP/1.1" 200 51279 "-" "Mozilla/5.0 (compatible; MJ12bot/v1.4.8; http://mj12bot.com/)"
145.239.65.226 - - [02/Mar/2026:02:17:52 +0000] "GET /whsy.php?e=1765878341.M330726P5168.node3636.myfcloud.com,S=6383,W=6505&p=/home/lab2454c/mail/.spam/new HTTP/1.1" 200 52450 "-" "Mozilla/5.0 (compatible; MJ12bot/v1.4.8; http://mj12bot.com/)"
145.239.65.226 - - [02/Mar/2026:02:17:55 +0000] "GET /whsy.php?e=1765878391.M107699P5168.node3636.myfcloud.com,S=6383,W=6505&p=/home/lab2454c/mail/.spam/new HTTP/1.1" 200 52455 "-" "Mozilla/5.0 (compatible; MJ12bot/v1.4.8; http://mj12bot.com/)"
145.239.65.226 - - [02/Mar/2026:02:17:57 +0000] "GET /whsy.php?e=1765895133.M142239P11714.node3636.myfcloud.com,S=2788,W=2850&p=/home/lab2454c/mail/.spam/new HTTP/1.1" 200 51264 "-" "Mozilla/5.0 (compatible; MJ12bot/v1.4.8; http://mj12bot.com/)"
145.239.65.226 - - [02/Mar/2026:02:17:59 +0000] "GET /whsy.php?e=1765938687.M413745P11646.node3636.myfcloud.com,S=2758,W=2817&p=/home/lab2454c/mail/.spam/new HTTP/1.1" 200 51250 "-" "Mozilla/5.0 (compatible; MJ12bot/v1.4.8; http://mj12bot.com/)"
145.239.65.226 - - [02/Mar/2026:02:18:02 +0000] "GET /whsy.php?e=1766149986.M262618P16515.node3636.myfcloud.com,S=2798,W=2857&p=/home/lab2454c/mail/.spam/new HTTP/1.1" 200 51243 "-" "Mozilla/5.0 (compatible; MJ12bot/v1.4.8; http://mj12bot.com/)"
145.239.65.226 - - [02/Mar/2026:02:18:04 +0000] "GET /whsy.php?e=1766169282.M429718P2052.node3636.myfcloud.com,S=2703,W=2768&p=/home/lab2454c/mail/.spam/new HTTP/1.1" 200 51261 "-" "Mozilla/5.0 (compatible; MJ12bot/v1.4.8; http://mj12bot.com/)"
145.239.65.226 - - [02/Mar/2026:02:18:06 +0000] "GET /whsy.php?e=1766169727.M575382P22170.node3636.myfcloud.com,S=2720,W=2782&p=/home/lab2454c/mail/.spam/new HTTP/1.1" 200 51261 "-" "Mozilla/5.0 (compatible; MJ12bot/v1.4.8; http://mj12bot.com/)"
145.239.65.226 - - [02/Mar/2026:02:18:08 +0000] "GET /whsy.php?e=1766174481.M568912P16790.node3636.myfcloud.com,S=2794,W=2853&p=/home/lab2454c/mail/.spam/new HTTP/1.1" 200 51243 "-" "Mozilla/5.0 (compatible; MJ12bot/v1.4.8; http://mj12bot.com/)"
145.239.65.226 - - [02/Mar/2026:02:18:11 +0000] "GET /whsy.php?e=1766183451.M411479P15038.node3636.myfcloud.com,S=2774,W=2836&p=/home/lab2454c/mail/.spam/new HTTP/1.1" 200 51246 "-" "Mozilla/5.0 (compatible; MJ12bot/v1.4.8; http://mj12bot.com/)"
145.239.65.226 - - [02/Mar/2026:02:18:13 +0000] "GET /whsy.php?e=1766565754.M349181P25955.node3636.myfcloud.com,S=3984,W=4080&p=/home/lab2454c/mail/.spam/new HTTP/1.1" 200 51921 "-" "Mozilla/5.0 (compatible; MJ12bot/v1.4.8; http://mj12bot.com/)"
145.239.65.226 - - [02/Mar/2026:02:18:15 +0000] "GET /whsy.php?e=1767273794.M589987P32294.node3636.myfcloud.com,S=3031,W=3095&p=/home/lab2454c/mail/.spam/new HTTP/1.1" 200 51434 "-" "Mozilla/5.0 (compatible; MJ12bot/v1.4.8; http://mj12bot.com/)"
145.239.65.226 - - [02/Mar/2026:02:18:17 +0000] "GET /whsy.php?e=1768075553.M183263P13672.node3636.myfcloud.com,S=3806,W=3885&p=/home/lab2454c/mail/.spam/new HTTP/1.1" 200 51638 "-" "Mozilla/5.0 (compatible; MJ12bot/v1.4.8; http://mj12bot.com/)"
145.239.65.226 - - [02/Mar/2026:02:18:18 +0000] "GET /whsy.php?e=1768511869.M547518P4528.node3636.myfcloud.com,S=3783,W=3862&p=/home/lab2454c/mail/.spam/new HTTP/1.1" 200 51571 "-" "Mozilla/5.0 (compatible; MJ12bot/v1.4.8; http://mj12bot.com/)"
145.239.65.226 - - [02/Mar/2026:02:18:20 +0000] "GET /whsy.php?e=1768665984.M402617P24368.node3636.myfcloud.com,S=3662,W=3738&p=/home/lab2454c/mail/.spam/new HTTP/1.1" 200 51539 "-" "Mozilla/5.0 (compatible; MJ12bot/v1.4.8; http://mj12bot.com/)"
145.239.65.226 - - [02/Mar/2026:02:18:22 +0000] "GET /whsy.php?e=1768674976.M275100P15382.node3636.myfcloud.com,S=3597,W=3670&p=/home/lab2454c/mail/.spam/new HTTP/1.1" 200 51511 "-" "Mozilla/5.0 (compatible; MJ12bot/v1.4.8; http://mj12bot.com/)"
145.239.65.226 - - [02/Mar/2026:02:18:24 +0000] "GET /whsy.php?e=1768691474.M226209P29040.node3636.myfcloud.com,S=3594,W=3667&p=/home/lab2454c/mail/.spam/new HTTP/1.1" 200 51518 "-" "Mozilla/5.0 (compatible; MJ12bot/v1.4.8; http://mj12bot.com/)"
145.239.65.226 - - [02/Mar/2026:02:18:26 +0000] "GET /whsy.php?e=1769095339.M460227P7231.node3636.myfcloud.com,S=3629,W=3702&p=/home/lab2454c/mail/.spam/new HTTP/1.1" 200 51514 "-" "Mozilla/5.0 (compatible; MJ12bot/v1.4.8; http://mj12bot.com/)"
145.239.65.226 - - [02/Mar/2026:02:18:27 +0000] "GET /whsy.php?e=1769782944.M574942P1080.node3636.myfcloud.com,S=3696,W=3770&p=/home/lab2454c/mail/.spam/new HTTP/1.1" 200 51551 "-" "Mozilla/5.0 (compatible; MJ12bot/v1.4.8; http://mj12bot.com/)"
145.239.65.226 - - [02/Mar/2026:02:18:29 +0000] "GET /whsy.php?e=1769857336.M385552P29297.node3636.myfcloud.com,S=3878,W=3955&p=/home/lab2454c/mail/.spam/new HTTP/1.1" 200 51605 "-" "Mozilla/5.0 (compatible; MJ12bot/v1.4.8; http://mj12bot.com/)"
145.239.65.226 - - [02/Mar/2026:02:18:31 +0000] "GET /whsy.php?e=1770150825.M490858P30844.node3636.myfcloud.com,S=3815,W=3894&p=/home/lab2454c/mail/.spam/new HTTP/1.1" 200 51587 "-" "Mozilla/5.0 (compatible; MJ12bot/v1.4.8; http://mj12bot.com/)"
145.239.65.226 - - [02/Mar/2026:02:18:32 +0000] "GET /whsy.php?e=17a979364b3f1f20a17b1512744ea42d&p=/var/tmp HTTP/1.1" 200 24829 "-" "Mozilla/5.0 (compatible; MJ12bot/v1.4.8; http://mj12bot.com/)"
145.239.65.226 - - [02/Mar/2026:02:18:34 +0000] "GET /whsy.php?e=1835300558.js&p=/var/tmp HTTP/1.1" 200 20844 "-" "Mozilla/5.0 (compatible; MJ12bot/v1.4.8; http://mj12bot.com/)"
145.239.65.226 - - [02/Mar/2026:02:18:35 +0000] "GET /whsy.php?e=1839d6609e8b279499322ef7b32cdda1&p=/var/tmp HTTP/1.1" 200 23806 "-" "Mozilla/5.0 (compatible; MJ12bot/v1.4.8; http://mj12bot.com/)"
145.239.65.226 - - [02/Mar/2026:02:18:37 +0000] "GET /whsy.php?e=1854608225.js&p=/var/tmp HTTP/1.1" 200 20838 "-" "Mozilla/5.0 (compatible; MJ12bot/v1.4.8; http://mj12bot.com/)"
145.239.65.226 - - [02/Mar/2026:02:18:38 +0000] "GET /whsy.php?e=193f3b2d17b148bc4372e92a344d9b13&p=/var/tmp HTTP/1.1" 200 21052 "-" "Mozilla/5.0 (compatible; MJ12bot/v1.4.8; http://mj12bot.com/)"
145.239.65.226 - - [02/Mar/2026:02:18:40 +0000] "GET /whsy.php?e=19a3028b5de799646da4c570b0502068&p=/var/tmp HTTP/1.1" 200 23694 "-" "Mozilla/5.0 (compatible; MJ12bot/v1.4.8; http://mj12bot.com/)"
145.239.65.226 - - [02/Mar/2026:02:18:41 +0000] "GET /whsy.php?e=19a7e48508edcef59c672a19b87699f1&p=/var/tmp HTTP/1.1" 200 23806 "-" "Mozilla/5.0 (compatible; MJ12bot/v1.4.8; http://mj12bot.com/)"
145.239.65.226 - - [02/Mar/2026:02:18:43 +0000] "GET /whsy.php?e=19c88ab64d1a83cb80e2c1df0c61668f&p=/var/tmp HTTP/1.1" 200 21052 "-" "Mozilla/5.0 (compatible; MJ12bot/v1.4.8; http://mj12bot.com/)"
145.239.65.226 - - [02/Mar/2026:02:18:45 +0000] "GET /whsy.php?e=1a6d42765e2c00093cda8309feccbf1c&p=/var/tmp HTTP/1.1" 200 23806 "-" "Mozilla/5.0 (compatible; MJ12bot/v1.4.8; http://mj12bot.com/)"
145.239.65.226 - - [02/Mar/2026:02:18:46 +0000] "GET /whsy.php?e=1a9b99b4ceb4166acfc094138934c95b&p=/var/tmp HTTP/1.1" 200 23806 "-" "Mozilla/5.0 (compatible; MJ12bot/v1.4.8; http://mj12bot.com/)"
145.239.65.226 - - [02/Mar/2026:02:18:47 +0000] "GET /whsy.php?e=1abd9f66a3d567574f4a1e9912034dda&p=/var/tmp HTTP/1.1" 200 21034 "-" "Mozilla/5.0 (compatible; MJ12bot/v1.4.8; http://mj12bot.com/)"
145.239.65.226 - - [02/Mar/2026:02:18:49 +0000] "GET /whsy.php?e=1b0854babfb9d53b20464eb2c5348755&p=/var/tmp HTTP/1.1" 200 24831 "-" "Mozilla/5.0 (compatible; MJ12bot/v1.4.8; http://mj12bot.com/)"
145.239.65.226 - - [02/Mar/2026:02:18:51 +0000] "GET /whsy.php?e=1b69b7461016adfb8564ba705c768589&p=/var/tmp HTTP/1.1" 200 21054 "-" "Mozilla/5.0 (compatible; MJ12bot/v1.4.8; http://mj12bot.com/)"
145.239.65.226 - - [02/Mar/2026:02:18:52 +0000] "GET /whsy.php?e=1bf53111d31812ee0b4eabd8db9a8836&p=/var/tmp HTTP/1.1" 200 21053 "-" "Mozilla/5.0 (compatible; MJ12bot/v1.4.8; http://mj12bot.com/)"
145.239.65.226 - - [02/Mar/2026:02:18:54 +0000] "GET /whsy.php?e=1cad2f65cda8781cf4741cd1d7e1d4b5&p=/var/tmp HTTP/1.1" 200 21504 "-" "Mozilla/5.0 (compatible; MJ12bot/v1.4.8; http://mj12bot.com/)"
145.239.65.226 - - [02/Mar/2026:02:18:55 +0000] "GET /whsy.php?e=1djnE4.php&p=/home/lab2454c/credityork.com/wp-includes/SimplePie HTTP/1.1" 200 1462 "-" "Mozilla/5.0 (compatible; MJ12bot/v1.4.8; http://mj12bot.com/)"
145.239.65.226 - - [02/Mar/2026:02:18:57 +0000] "GET /whsy.php?e=1e2d42a815bdea57a94aafc40dfd6aa4&p=/var/tmp HTTP/1.1" 200 21052 "-" "Mozilla/5.0 (compatible; MJ12bot/v1.4.8; http://mj12bot.com/)"
145.239.65.226 - - [02/Mar/2026:02:18:58 +0000] "GET /whsy.php?e=1e77fa7645107b710667c84c89b542ad&p=/var/tmp HTTP/1.1" 200 23802 "-" "Mozilla/5.0 (compatible; MJ12bot/v1.4.8; http://mj12bot.com/)"
145.239.65.226 - - [02/Mar/2026:02:19:00 +0000] "GET /whsy.php?e=1ec34937053d4b8029ba9710df47a081&p=/var/tmp HTTP/1.1" 200 23807 "-" "Mozilla/5.0 (compatible; MJ12bot/v1.4.8; http://mj12bot.com/)"
145.239.65.226 - - [02/Mar/2026:02:19:01 +0000] "GET /whsy.php?e=1f34a14db1f2ba7b0253469e0d046d3b&p=/var/tmp HTTP/1.1" 200 21073 "-" "Mozilla/5.0 (compatible; MJ12bot/v1.4.8; http://mj12bot.com/)"
145.239.65.226 - - [02/Mar/2026:02:19:03 +0000] "GET /whsy.php?e=1u5Fyz.php&p=/home/lab2454c/equitablegold.com/wp-includes/ID3 HTTP/1.1" 200 1344 "-" "Mozilla/5.0 (compatible; MJ12bot/v1.4.8; http://mj12bot.com/)"
145.239.65.226 - - [02/Mar/2026:02:19:04 +0000] "GET /whsy.php?e=1u5Fyz.php&p=/home/lab2454c/equitablegold.com/wp-includes/blocks HTTP/1.1" 200 3874 "-" "Mozilla/5.0 (compatible; MJ12bot/v1.4.8; http://mj12bot.com/)"
145.239.65.226 - - [02/Mar/2026:02:19:06 +0000] "GET /whsy.php?e=2&p=/ HTTP/1.1" 200 1062 "-" "Mozilla/5.0 (compatible; MJ12bot/v1.4.8; http://mj12bot.com/)"
145.239.65.226 - - [02/Mar/2026:02:19:07 +0000] "GET /whsy.php?e=2.html&p=/home/lab2454c/tmp/analog/23rdbank.com.lab2454.com HTTP/1.1" 200 1367 "-" "Mozilla/5.0 (compatible; MJ12bot/v1.4.8; http://mj12bot.com/)"
145.239.65.226 - - [02/Mar/2026:02:19:09 +0000] "GET /whsy.php?e=2.html&p=/home/lab2454c/tmp/analog/23rdbanking.com.lab2454.com HTTP/1.1" 200 1370 "-" "Mozilla/5.0 (compatible; MJ12bot/v1.4.8; http://mj12bot.com/)"
145.239.65.226 - - [02/Mar/2026:02:19:10 +0000] "GET /whsy.php?e=2.html&p=/home/lab2454c/tmp/analog/23rdpay.com.lab2454.com HTTP/1.1" 200 1338 "-" "Mozilla/5.0 (compatible; MJ12bot/v1.4.8; http://mj12bot.com/)"
145.239.65.226 - - [02/Mar/2026:02:19:12 +0000] "GET /whsy.php?e=2.html&p=/home/lab2454c/tmp/analog/adenbic.com.lab2454.com HTTP/1.1" 200 9484 "-" "Mozilla/5.0 (compatible; MJ12bot/v1.4.8; http://mj12bot.com/)"
145.239.65.226 - - [02/Mar/2026:02:19:13 +0000] "GET /whsy.php?e=2.html&p=/home/lab2454c/tmp/analog/aficb.com.lab2454.com HTTP/1.1" 200 9029 "-" "Mozilla/5.0 (compatible; MJ12bot/v1.4.8; http://mj12bot.com/)"
145.239.65.226 - - [02/Mar/2026:02:19:15 +0000] "GET /whsy.php?e=2.html&p=/home/lab2454c/tmp/analog/aficbgroup.com.lab2454.com HTTP/1.1" 200 7889 "-" "Mozilla/5.0 (compatible; MJ12bot/v1.4.8; http://mj12bot.com/)"
145.239.65.226 - - [02/Mar/2026:02:19:16 +0000] "GET /whsy.php?e=2.html&p=/home/lab2454c/tmp/analog/africanforeignbank.com.lab2454.com HTTP/1.1" 200 7825 "-" "Mozilla/5.0 (compatible; MJ12bot/v1.4.8; http://mj12bot.com/)"
145.239.65.226 - - [02/Mar/2026:02:19:18 +0000] "GET /whsy.php?e=2.html&p=/home/lab2454c/tmp/analog/africanforeignfinancialcredit.com.lab2454.com HTTP/1.1" 200 5992 "-" "Mozilla/5.0 (compatible; MJ12bot/v1.4.8; http://mj12bot.com/)"
145.239.65.226 - - [02/Mar/2026:02:19:20 +0000] "GET /whsy.php?e=2.html&p=/home/lab2454c/tmp/analog/africanforeigninvestment.com.lab2454.com HTTP/1.1" 200 5495 "-" "Mozilla/5.0 (compatible; MJ12bot/v1.4.8; http://mj12bot.com/)"
145.239.65.226 - - [02/Mar/2026:02:19:21 +0000] "GET /whsy.php?e=2.html&p=/home/lab2454c/tmp/analog/africanforeigninvestmentcreditbenefits.com.lab2454.com HTTP/1.1" 200 8183 "-" "Mozilla/5.0 (compatible; MJ12bot/v1.4.8; http://mj12bot.com/)"
145.239.65.226 - - [02/Mar/2026:02:19:23 +0000] "GET /whsy.php?e=2.html&p=/home/lab2454c/tmp/analog/amgconsortium.com.lab2454.com HTTP/1.1" 200 1342 "-" "Mozilla/5.0 (compatible; MJ12bot/v1.4.8; http://mj12bot.com/)"
145.239.65.226 - - [02/Mar/2026:02:19:24 +0000] "GET /whsy.php?e=dup-database__cd65166-26184757.sql&p=/home/lab2454c/sothebankuab.com/dup-installer HTTP/1.1" 200 1303172 "-" "Mozilla/5.0 (compatible; MJ12bot/v1.4.8; http://mj12bot.com/)"
145.239.65.226 - - [02/Mar/2026:02:19:27 +0000] "GET /whsy.php?e=dup-scan__cd65166-26184757.json&p=/home/lab2454c/sothebankuab.com/dup-installer HTTP/1.1" 200 166712 "-" "Mozilla/5.0 (compatible; MJ12bot/v1.4.8; http://mj12bot.com/)"
145.239.65.226 - - [02/Mar/2026:02:19:28 +0000] "GET /whsy.php?e=error_log&p=/home/lab2454c/archfort.com/wp-admin HTTP/1.1" 200 11249 "-" "Mozilla/5.0 (compatible; MJ12bot/v1.4.8; http://mj12bot.com/)"
145.239.65.226 - - [02/Mar/2026:02:19:30 +0000] "GET /whsy.php?e=error_log&p=/home/lab2454c/invest.westernclear.com/wp-admin HTTP/1.1" 200 32999 "-" "Mozilla/5.0 (compatible; MJ12bot/v1.4.8; http://mj12bot.com/)"
145.239.65.226 - - [02/Mar/2026:02:19:32 +0000] "GET /whsy.php?p=/home/lab2454c/mail/biocei.com/info/new HTTP/1.1" 200 138516 "-" "Mozilla/5.0 (compatible; MJ12bot/v1.4.8; http://mj12bot.com/)"
145.239.65.226 - - [02/Mar/2026:02:19:33 +0000] "GET /whsy.php?p=/home/lab2454c/mail/veritserv.com/support/new HTTP/1.1" 200 90080 "-" "Mozilla/5.0 (compatible; MJ12bot/v1.4.8; http://mj12bot.com/)"
216.73.216.214 - - [02/Mar/2026:02:34:58 +0000] "GET /robots.txt HTTP/2.0" 404 - "-" "Mozilla/5.0 AppleWebKit/537.36 (KHTML, like Gecko; compatible; ClaudeBot/1.0; +claudebot@anthropic.com)"
216.73.216.214 - - [02/Mar/2026:02:34:58 +0000] "GET /robots.txt HTTP/2.0" 404 - "-" ""
216.73.216.214 - - [02/Mar/2026:02:34:58 +0000] "GET / HTTP/2.0" 200 401 "-" "Mozilla/5.0 AppleWebKit/537.36 (KHTML, like Gecko; compatible; ClaudeBot/1.0; +claudebot@anthropic.com)"
40.77.167.101 - - [02/Mar/2026:03:17:43 +0000] "GET /robots.txt HTTP/2.0" 404 - "-" "Mozilla/5.0 AppleWebKit/537.36 (KHTML, like Gecko; compatible; bingbot/2.0; +http://www.bing.com/bingbot.htm) Chrome/116.0.1938.76 Safari/537.36"
40.77.167.26 - - [02/Mar/2026:03:17:48 +0000] "GET / HTTP/2.0" 200 401 "-" "Mozilla/5.0 AppleWebKit/537.36 (KHTML, like Gecko; compatible; bingbot/2.0; +http://www.bing.com/bingbot.htm) Chrome/116.0.1938.76 Safari/537.36"
74.7.242.17 - - [02/Mar/2026:03:29:35 +0000] "GET /whsy.php?e=timers&p=%2Fproc%2F29456 HTTP/2.0" 200 830 "https://23rdbank.com/whsy.php?p=%2Fproc%2F29456" "Mozilla/5.0 AppleWebKit/537.36 (KHTML, like Gecko; compatible; GPTBot/1.3; +https://openai.com/gptbot)"
193.70.33.35 - - [02/Mar/2026:03:29:43 +0000] "GET /robots.txt HTTP/1.1" 404 - "-" "Mozilla/5.0 (compatible; MJ12bot/v1.4.8; http://mj12bot.com/)"
193.70.33.35 - - [02/Mar/2026:03:29:45 +0000] "GET /whsy.php?e=.htaccess&p=/home/lab2454c/biocei.com/wp-includes/widgets HTTP/1.1" 200 1612 "-" "Mozilla/5.0 (compatible; MJ12bot/v1.4.8; http://mj12bot.com/)"
193.70.33.35 - - [02/Mar/2026:03:29:46 +0000] "GET /whsy.php?e=.htaccess&p=/home/lab2454c/climatefinancebank.com/wp-includes/css HTTP/1.1" 200 1933 "-" "Mozilla/5.0 (compatible; MJ12bot/v1.4.8; http://mj12bot.com/)"
193.70.33.35 - - [02/Mar/2026:03:29:48 +0000] "GET /whsy.php?e=1700466515.M781383P20755.node3636.myfcloud.com,S=2586,W=2662&p=/home/lab2454c/mail/internationalminersbank.com/info/new HTTP/1.1" 200 12379 "-" "Mozilla/5.0 (compatible; MJ12bot/v1.4.8; http://mj12bot.com/)"
193.70.33.35 - - [02/Mar/2026:03:29:49 +0000] "GET /whsy.php?e=1701214585.M767705P21174.node3636.myfcloud.com,S=2969,W=3045&p=/home/lab2454c/mail/incforce.com/info/new HTTP/1.1" 200 27285 "-" "Mozilla/5.0 (compatible; MJ12bot/v1.4.8; http://mj12bot.com/)"
193.70.33.35 - - [02/Mar/2026:03:29:51 +0000] "GET /whsy.php?e=1743587220.M319108P31244.node3636.myfcloud.com,S=3877,W=3960&p=/home/lab2454c/mail/.spam/new HTTP/1.1" 200 51695 "-" "Mozilla/5.0 (compatible; MJ12bot/v1.4.8; http://mj12bot.com/)"
193.70.33.35 - - [02/Mar/2026:03:29:53 +0000] "GET /whsy.php?e=1743648840.M177056P22094.node3636.myfcloud.com,S=3863,W=3946&p=/home/lab2454c/mail/.spam/new HTTP/1.1" 200 51697 "-" "Mozilla/5.0 (compatible; MJ12bot/v1.4.8; http://mj12bot.com/)"
193.70.33.35 - - [02/Mar/2026:03:29:54 +0000] "GET /whsy.php?e=1744339019.M2149P10223.node3636.myfcloud.com,S=4005,W=4094&p=/home/lab2454c/mail/.spam/new HTTP/1.1" 200 51746 "-" "Mozilla/5.0 (compatible; MJ12bot/v1.4.8; http://mj12bot.com/)"
193.70.33.35 - - [02/Mar/2026:03:29:56 +0000] "GET /whsy.php?e=1746437817.M86862P21401.node3636.myfcloud.com,S=36945,W=37537&p=/home/lab2454c/mail/.spam/new HTTP/1.1" 200 71737 "-" "Mozilla/5.0 (compatible; MJ12bot/v1.4.8; http://mj12bot.com/)"
193.70.33.35 - - [02/Mar/2026:03:29:58 +0000] "GET /whsy.php?e=1746527163.M643874P23631.node3636.myfcloud.com,S=8328,W=8473&p=/home/lab2454c/mail/.spam/new HTTP/1.1" 200 53339 "-" "Mozilla/5.0 (compatible; MJ12bot/v1.4.8; http://mj12bot.com/)"
193.70.33.35 - - [02/Mar/2026:03:30:00 +0000] "GET /whsy.php?e=1762625130.M506121P11573.node3636.myfcloud.com,S=2842,W=2906&p=/home/lab2454c/mail/.spam/new HTTP/1.1" 200 51281 "-" "Mozilla/5.0 (compatible; MJ12bot/v1.4.8; http://mj12bot.com/)"
193.70.33.35 - - [02/Mar/2026:03:30:01 +0000] "GET /whsy.php?e=2.html&p=/home/lab2454c/tmp/analog/am.elementalrock.com HTTP/1.1" 200 8693 "-" "Mozilla/5.0 (compatible; MJ12bot/v1.4.8; http://mj12bot.com/)"
193.70.33.35 - - [02/Mar/2026:03:30:03 +0000] "GET /whsy.php?e=2.html&p=/home/lab2454c/tmp/analog/amgholdingcompany.com.lab2454.com HTTP/1.1" 200 1345 "-" "Mozilla/5.0 (compatible; MJ12bot/v1.4.8; http://mj12bot.com/)"
193.70.33.35 - - [02/Mar/2026:03:30:04 +0000] "GET /whsy.php?e=2.html&p=/home/lab2454c/tmp/analog/arcadiacircle.com.lab2454.com HTTP/1.1" 200 1133 "-" "Mozilla/5.0 (compatible; MJ12bot/v1.4.8; http://mj12bot.com/)"
193.70.33.35 - - [02/Mar/2026:03:30:06 +0000] "GET /whsy.php?e=2.html&p=/home/lab2454c/tmp/analog/archfort.com.lab2454.com HTTP/1.1" 200 1366 "-" "Mozilla/5.0 (compatible; MJ12bot/v1.4.8; http://mj12bot.com/)"
193.70.33.35 - - [02/Mar/2026:03:30:07 +0000] "GET /whsy.php?e=2.html&p=/home/lab2454c/tmp/analog/archswipe.com.lab2454.com HTTP/1.1" 200 9787 "-" "Mozilla/5.0 (compatible; MJ12bot/v1.4.8; http://mj12bot.com/)"
193.70.33.35 - - [02/Mar/2026:03:30:09 +0000] "GET /whsy.php?e=2.html&p=/home/lab2454c/tmp/analog/argowell.com.lab2454.com HTTP/1.1" 200 1308 "-" "Mozilla/5.0 (compatible; MJ12bot/v1.4.8; http://mj12bot.com/)"
193.70.33.35 - - [02/Mar/2026:03:30:10 +0000] "GET /whsy.php?e=2.html&p=/home/lab2454c/tmp/analog/argowellgroup.com.lab2454.com HTTP/1.1" 200 1342 "-" "Mozilla/5.0 (compatible; MJ12bot/v1.4.8; http://mj12bot.com/)"
74.7.243.219 - - [02/Mar/2026:03:30:12 +0000] "GET /whsy.php?e=mcfilter&p=%2Fproc%2F29455%2Fnet HTTP/2.0" 200 830 "https://www.23rdbank.com.lab2454.com/whsy.php?p=%2Fproc%2F29455%2Fnet" "Mozilla/5.0 AppleWebKit/537.36 (KHTML, like Gecko; compatible; GPTBot/1.3; +https://openai.com/gptbot)"
193.70.33.35 - - [02/Mar/2026:03:30:12 +0000] "GET /whsy.php?e=2.html&p=/home/lab2454c/tmp/analog/argowells.com.lab2454.com HTTP/1.1" 200 1366 "-" "Mozilla/5.0 (compatible; MJ12bot/v1.4.8; http://mj12bot.com/)"
193.70.33.35 - - [02/Mar/2026:03:30:13 +0000] "GET /whsy.php?e=2.html&p=/home/lab2454c/tmp/analog/argowellsproperties.com.lab2454.com HTTP/1.1" 200 1180 "-" "Mozilla/5.0 (compatible; MJ12bot/v1.4.8; http://mj12bot.com/)"
193.70.33.35 - - [02/Mar/2026:03:30:15 +0000] "GET /whsy.php?e=2.html&p=/home/lab2454c/tmp/analog/baas.elementalrock.com HTTP/1.1" 200 9735 "-" "Mozilla/5.0 (compatible; MJ12bot/v1.4.8; http://mj12bot.com/)"
193.70.33.35 - - [02/Mar/2026:03:30:16 +0000] "GET /whsy.php?e=2.html&p=/home/lab2454c/tmp/analog/bancmils.com.lab2454.com HTTP/1.1" 200 10937 "-" "Mozilla/5.0 (compatible; MJ12bot/v1.4.8; http://mj12bot.com/)"
74.7.243.219 - - [02/Mar/2026:03:30:18 +0000] "GET /whsy.php?e=connector&p=%2Fproc%2F29463%2Fnet HTTP/2.0" 200 830 "https://www.23rdbank.com.lab2454.com/whsy.php?p=%2Fproc%2F29463%2Fnet" "Mozilla/5.0 AppleWebKit/537.36 (KHTML, like Gecko; compatible; GPTBot/1.3; +https://openai.com/gptbot)"
193.70.33.35 - - [02/Mar/2026:03:30:18 +0000] "GET /whsy.php?e=2.html&p=/home/lab2454c/tmp/analog/banksafeone.com.lab2454.com HTTP/1.1" 200 1107 "-" "Mozilla/5.0 (compatible; MJ12bot/v1.4.8; http://mj12bot.com/)"
193.70.33.35 - - [02/Mar/2026:03:30:19 +0000] "GET /whsy.php?e=2.html&p=/home/lab2454c/tmp/analog/beleci.com.lab2454.com HTTP/1.1" 200 1275 "-" "Mozilla/5.0 (compatible; MJ12bot/v1.4.8; http://mj12bot.com/)"
193.70.33.35 - - [02/Mar/2026:03:30:21 +0000] "GET /whsy.php?e=2.html&p=/home/lab2454c/tmp/analog/beleciano.com.lab2454.com HTTP/1.1" 200 5666 "-" "Mozilla/5.0 (compatible; MJ12bot/v1.4.8; http://mj12bot.com/)"
193.70.33.35 - - [02/Mar/2026:03:30:22 +0000] "GET /whsy.php?e=2.html&p=/home/lab2454c/tmp/analog/bespoketrading.com.lab2454.com HTTP/1.1" 200 1343 "-" "Mozilla/5.0 (compatible; MJ12bot/v1.4.8; http://mj12bot.com/)"
193.70.33.35 - - [02/Mar/2026:03:30:24 +0000] "GET /whsy.php?e=2.html&p=/home/lab2454c/tmp/analog/biocei.com.lab2454.com HTTP/1.1" 200 1364 "-" "Mozilla/5.0 (compatible; MJ12bot/v1.4.8; http://mj12bot.com/)"
193.70.33.35 - - [02/Mar/2026:03:30:25 +0000] "GET /whsy.php?e=2.html&p=/home/lab2454c/tmp/analog/budget.veritserv.com HTTP/1.1" 200 1245 "-" "Mozilla/5.0 (compatible; MJ12bot/v1.4.8; http://mj12bot.com/)"
193.70.33.35 - - [02/Mar/2026:03:30:27 +0000] "GET /whsy.php?e=2.html&p=/home/lab2454c/tmp/analog/bullclimate.com.lab2454.com HTTP/1.1" 200 1340 "-" "Mozilla/5.0 (compatible; MJ12bot/v1.4.8; http://mj12bot.com/)"
193.70.33.35 - - [02/Mar/2026:03:30:28 +0000] "GET /whsy.php?e=2.html&p=/home/lab2454c/tmp/analog/bullionmills.com.lab2454.com HTTP/1.1" 200 8075 "-" "Mozilla/5.0 (compatible; MJ12bot/v1.4.8; http://mj12bot.com/)"
193.70.33.35 - - [02/Mar/2026:03:30:30 +0000] "GET /whsy.php?e=2.html&p=/home/lab2454c/tmp/analog/bullionmils.com.lab2454.com HTTP/1.1" 200 9467 "-" "Mozilla/5.0 (compatible; MJ12bot/v1.4.8; http://mj12bot.com/)"
193.70.33.35 - - [02/Mar/2026:03:30:31 +0000] "GET /whsy.php?e=2.html&p=/home/lab2454c/tmp/analog/caimegroup.com.lab2454.com HTTP/1.1" 200 1368 "-" "Mozilla/5.0 (compatible; MJ12bot/v1.4.8; http://mj12bot.com/)"
193.70.33.35 - - [02/Mar/2026:03:30:33 +0000] "GET /whsy.php?e=2.html&p=/home/lab2454c/tmp/analog/carbonbullion.com.lab2454.com HTTP/1.1" 200 8682 "-" "Mozilla/5.0 (compatible; MJ12bot/v1.4.8; http://mj12bot.com/)"
193.70.33.35 - - [02/Mar/2026:03:30:34 +0000] "GET /whsy.php?e=2.html&p=/home/lab2454c/tmp/analog/carbonbullion.net.lab2454.com HTTP/1.1" 200 14026 "-" "Mozilla/5.0 (compatible; MJ12bot/v1.4.8; http://mj12bot.com/)"
74.7.228.34 - - [02/Mar/2026:03:30:35 +0000] "GET /robots.txt HTTP/2.0" 404 - "-" "Mozilla/5.0 (Macintosh; Intel Mac OS X 10_15_7) AppleWebKit/537.36 (KHTML, like Gecko) Chrome/131.0.0.0 Safari/537.36; compatible; OAI-SearchBot/1.3; robots.txt; +https://openai.com/searchbot"
193.70.33.35 - - [02/Mar/2026:03:30:36 +0000] "GET /whsy.php?e=2.html&p=/home/lab2454c/tmp/analog/carbonbullionexchange.com.lab2454.com HTTP/1.1" 200 8145 "-" "Mozilla/5.0 (compatible; MJ12bot/v1.4.8; http://mj12bot.com/)"
193.70.33.35 - - [02/Mar/2026:03:30:37 +0000] "GET /whsy.php?e=2.html&p=/home/lab2454c/tmp/analog/carbonbullionmarketexchange.com.lab2454.com HTTP/1.1" 200 7989 "-" "Mozilla/5.0 (compatible; MJ12bot/v1.4.8; http://mj12bot.com/)"
193.70.33.35 - - [02/Mar/2026:03:30:39 +0000] "GET /whsy.php?e=2.html&p=/home/lab2454c/tmp/analog/carbonbullionmint.com.lab2454.com HTTP/1.1" 200 6884 "-" "Mozilla/5.0 (compatible; MJ12bot/v1.4.8; http://mj12bot.com/)"
193.70.33.35 - - [02/Mar/2026:03:30:40 +0000] "GET /whsy.php?e=2.html&p=/home/lab2454c/tmp/analog/carbonterminal.com.lab2454.com HTTP/1.1" 200 1342 "-" "Mozilla/5.0 (compatible; MJ12bot/v1.4.8; http://mj12bot.com/)"
193.70.33.35 - - [02/Mar/2026:03:30:41 +0000] "GET /whsy.php?e=2.html&p=/home/lab2454c/tmp/analog/caribbeanclimateneutralregistry.com.lab2454.com HTTP/1.1" 200 8082 "-" "Mozilla/5.0 (compatible; MJ12bot/v1.4.8; http://mj12bot.com/)"
193.70.33.35 - - [02/Mar/2026:03:30:43 +0000] "GET /whsy.php?e=2.html&p=/home/lab2454c/tmp/analog/cashewinc.com.lab2454.com HTTP/1.1" 200 1340 "-" "Mozilla/5.0 (compatible; MJ12bot/v1.4.8; http://mj12bot.com/)"
193.70.33.35 - - [02/Mar/2026:03:30:44 +0000] "GET /whsy.php?e=2.html&p=/home/lab2454c/tmp/analog/cashewpay.com.lab2454.com HTTP/1.1" 200 1339 "-" "Mozilla/5.0 (compatible; MJ12bot/v1.4.8; http://mj12bot.com/)"
74.7.243.236 - - [02/Mar/2026:03:30:46 +0000] "GET / HTTP/2.0" 200 401 "-" "Mozilla/5.0 AppleWebKit/537.36 (KHTML, like Gecko; compatible; GPTBot/1.3; +https://openai.com/gptbot)"
193.70.33.35 - - [02/Mar/2026:03:30:46 +0000] "GET /whsy.php?e=2.html&p=/home/lab2454c/tmp/analog/cashuw.com.lab2454.com HTTP/1.1" 200 6977 "-" "Mozilla/5.0 (compatible; MJ12bot/v1.4.8; http://mj12bot.com/)"
193.70.33.35 - - [02/Mar/2026:03:30:47 +0000] "GET /whsy.php?e=2.html&p=/home/lab2454c/tmp/analog/cbfintrade.com.lab2454.com HTTP/1.1" 200 7775 "-" "Mozilla/5.0 (compatible; MJ12bot/v1.4.8; http://mj12bot.com/)"
193.70.33.35 - - [02/Mar/2026:03:30:49 +0000] "GET /whsy.php?e=2.html&p=/home/lab2454c/tmp/analog/cbmegroup.com.lab2454.com HTTP/1.1" 200 7651 "-" "Mozilla/5.0 (compatible; MJ12bot/v1.4.8; http://mj12bot.com/)"
74.7.243.236 - - [02/Mar/2026:03:30:49 +0000] "GET /whsy.php?e=cmdline&p=%2Fproc%2F11146%2Ftask%2F12774 HTTP/2.0" 200 830 "https://23rdbank.com.lab2454.com/whsy.php?p=%2Fproc%2F11146%2Ftask%2F12774" "Mozilla/5.0 AppleWebKit/537.36 (KHTML, like Gecko; compatible; GPTBot/1.3; +https://openai.com/gptbot)"
193.70.33.35 - - [02/Mar/2026:03:30:50 +0000] "GET /whsy.php?e=2.html&p=/home/lab2454c/tmp/analog/cbmindex.com.lab2454.com HTTP/1.1" 200 7978 "-" "Mozilla/5.0 (compatible; MJ12bot/v1.4.8; http://mj12bot.com/)"
74.7.243.236 - - [02/Mar/2026:03:30:52 +0000] "GET /whsy.php?p=%2Fproc%2F11146%2Ftask%2F9365%2Fattr%2F.. HTTP/2.0" 200 830 "https://23rdbank.com.lab2454.com/whsy.php?p=%2Fproc%2F11146%2Ftask%2F9365%2Fattr" "Mozilla/5.0 AppleWebKit/537.36 (KHTML, like Gecko; compatible; GPTBot/1.3; +https://openai.com/gptbot)"
193.70.33.35 - - [02/Mar/2026:03:30:52 +0000] "GET /whsy.php?e=2.html&p=/home/lab2454c/tmp/analog/cfbinternational.com.lab2454.com HTTP/1.1" 200 7054 "-" "Mozilla/5.0 (compatible; MJ12bot/v1.4.8; http://mj12bot.com/)"
193.70.33.35 - - [02/Mar/2026:03:30:53 +0000] "GET /whsy.php?e=2.html&p=/home/lab2454c/tmp/analog/christianitybank.com.lab2454.com HTTP/1.1" 200 15754 "-" "Mozilla/5.0 (compatible; MJ12bot/v1.4.8; http://mj12bot.com/)"
193.70.33.35 - - [02/Mar/2026:03:30:54 +0000] "GET /whsy.php?e=2.html&p=/home/lab2454c/tmp/analog/christianitybank.org.lab2454.com HTTP/1.1" 200 8395 "-" "Mozilla/5.0 (compatible; MJ12bot/v1.4.8; http://mj12bot.com/)"
74.7.243.236 - - [02/Mar/2026:03:30:55 +0000] "GET /whsy.php?p=%2Fproc%2F11146%2Ftask%2F9360%2Fattr%2F.. HTTP/2.0" 200 830 "https://23rdbank.com.lab2454.com/whsy.php?p=%2Fproc%2F11146%2Ftask%2F9360%2Fattr" "Mozilla/5.0 AppleWebKit/537.36 (KHTML, like Gecko; compatible; GPTBot/1.3; +https://openai.com/gptbot)"
193.70.33.35 - - [02/Mar/2026:03:30:56 +0000] "GET /whsy.php?e=2.html&p=/home/lab2454c/tmp/analog/climateassettrade.com.lab2454.com HTTP/1.1" 200 1346 "-" "Mozilla/5.0 (compatible; MJ12bot/v1.4.8; http://mj12bot.com/)"
193.70.33.35 - - [02/Mar/2026:03:30:57 +0000] "GET /whsy.php?e=2.html&p=/home/lab2454c/tmp/analog/climatecontinental.com.lab2454.com HTTP/1.1" 200 8094 "-" "Mozilla/5.0 (compatible; MJ12bot/v1.4.8; http://mj12bot.com/)"
74.7.243.219 - - [02/Mar/2026:03:30:58 +0000] "GET /whsy.php?e=udplite&p=%2Fproc%2F29463%2Fnet HTTP/2.0" 200 830 "https://www.23rdbank.com.lab2454.com/whsy.php?p=%2Fproc%2F29463%2Fnet" "Mozilla/5.0 AppleWebKit/537.36 (KHTML, like Gecko; compatible; GPTBot/1.3; +https://openai.com/gptbot)"
193.70.33.35 - - [02/Mar/2026:03:30:59 +0000] "GET /whsy.php?e=2.html&p=/home/lab2454c/tmp/analog/climatefinancebank.com.lab2454.com HTTP/1.1" 200 10179 "-" "Mozilla/5.0 (compatible; MJ12bot/v1.4.8; http://mj12bot.com/)"
74.7.243.236 - - [02/Mar/2026:03:31:00 +0000] "GET /whsy.php?e=ip6_tables_matches&p=%2Fproc%2F11146%2Ftask%2F11063%2Fnet HTTP/2.0" 200 830 "https://23rdbank.com.lab2454.com/whsy.php?p=%2Fproc%2F11146%2Ftask%2F11063%2Fnet" "Mozilla/5.0 AppleWebKit/537.36 (KHTML, like Gecko; compatible; GPTBot/1.3; +https://openai.com/gptbot)"
193.70.33.35 - - [02/Mar/2026:03:31:00 +0000] "GET /whsy.php?e=2.html&p=/home/lab2454c/tmp/analog/coshade.com.lab2454.com HTTP/1.1" 200 1337 "-" "Mozilla/5.0 (compatible; MJ12bot/v1.4.8; http://mj12bot.com/)"
193.70.33.35 - - [02/Mar/2026:03:31:02 +0000] "GET /whsy.php?e=2.html&p=/home/lab2454c/tmp/analog/costbloc.com.lab2454.com HTTP/1.1" 200 1338 "-" "Mozilla/5.0 (compatible; MJ12bot/v1.4.8; http://mj12bot.com/)"
74.7.243.236 - - [02/Mar/2026:03:31:02 +0000] "GET /whsy.php?p=%2Fproc%2F11146%2Ftask%2F9568%2Fattr%2F.. HTTP/2.0" 200 830 "https://23rdbank.com.lab2454.com/whsy.php?p=%2Fproc%2F11146%2Ftask%2F9568%2Fattr" "Mozilla/5.0 AppleWebKit/537.36 (KHTML, like Gecko; compatible; GPTBot/1.3; +https://openai.com/gptbot)"
193.70.33.35 - - [02/Mar/2026:03:31:03 +0000] "GET /whsy.php?e=2.html&p=/home/lab2454c/tmp/analog/costbloc.net.lab2454.com HTTP/1.1" 200 7622 "-" "Mozilla/5.0 (compatible; MJ12bot/v1.4.8; http://mj12bot.com/)"
74.7.243.236 - - [02/Mar/2026:03:31:03 +0000] "GET /whsy.php?e=gid_map&p=%2Fproc%2F11146%2Ftask%2F9356 HTTP/2.0" 200 830 "https://23rdbank.com.lab2454.com/whsy.php?p=%2Fproc%2F11146%2Ftask%2F9356" "Mozilla/5.0 AppleWebKit/537.36 (KHTML, like Gecko; compatible; GPTBot/1.3; +https://openai.com/gptbot)"
74.7.243.219 - - [02/Mar/2026:03:31:04 +0000] "GET /whsy.php?e=fib_trie&p=%2Fproc%2F29464%2Fnet HTTP/2.0" 200 830 "https://www.23rdbank.com.lab2454.com/whsy.php?p=%2Fproc%2F29464%2Fnet" "Mozilla/5.0 AppleWebKit/537.36 (KHTML, like Gecko; compatible; GPTBot/1.3; +https://openai.com/gptbot)"
193.70.33.35 - - [02/Mar/2026:03:31:05 +0000] "GET /whsy.php?e=2.html&p=/home/lab2454c/tmp/analog/costbloc.org.lab2454.com HTTP/1.1" 200 7314 "-" "Mozilla/5.0 (compatible; MJ12bot/v1.4.8; http://mj12bot.com/)"
74.7.243.236 - - [02/Mar/2026:03:31:05 +0000] "GET /whsy.php?e=uid_map&p=%2Fproc%2F11146%2Ftask%2F9360 HTTP/2.0" 200 830 "https://23rdbank.com.lab2454.com/whsy.php?p=%2Fproc%2F11146%2Ftask%2F9360" "Mozilla/5.0 AppleWebKit/537.36 (KHTML, like Gecko; compatible; GPTBot/1.3; +https://openai.com/gptbot)"
193.70.33.35 - - [02/Mar/2026:03:31:06 +0000] "GET /whsy.php?e=2.html&p=/home/lab2454c/tmp/analog/costbloc.site.lab2454.com HTTP/1.1" 200 8074 "-" "Mozilla/5.0 (compatible; MJ12bot/v1.4.8; http://mj12bot.com/)"
74.7.243.236 - - [02/Mar/2026:03:31:07 +0000] "GET /whsy.php?e=softnet_stat&p=%2Fproc%2F11146%2Fnet HTTP/2.0" 200 830 "https://23rdbank.com.lab2454.com/whsy.php?p=%2Fproc%2F11146%2Fnet" "Mozilla/5.0 AppleWebKit/537.36 (KHTML, like Gecko; compatible; GPTBot/1.3; +https://openai.com/gptbot)"
74.7.243.236 - - [02/Mar/2026:03:31:08 +0000] "GET /whsy.php?e=uid_map&p=%2Fproc%2F11146%2Ftask%2F9356 HTTP/2.0" 200 830 "https://23rdbank.com.lab2454.com/whsy.php?p=%2Fproc%2F11146%2Ftask%2F9356" "Mozilla/5.0 AppleWebKit/537.36 (KHTML, like Gecko; compatible; GPTBot/1.3; +https://openai.com/gptbot)"
193.70.33.35 - - [02/Mar/2026:03:31:08 +0000] "GET /whsy.php?e=2.html&p=/home/lab2454c/tmp/analog/costinbulk.com.lab2454.com HTTP/1.1" 200 6033 "-" "Mozilla/5.0 (compatible; MJ12bot/v1.4.8; http://mj12bot.com/)"
74.7.243.236 - - [02/Mar/2026:03:31:09 +0000] "GET /whsy.php?e=ip_vs_stats_percpu&p=%2Fproc%2F11146%2Ftask%2F11063%2Fnet HTTP/2.0" 200 830 "https://23rdbank.com.lab2454.com/whsy.php?p=%2Fproc%2F11146%2Ftask%2F11063%2Fnet" "Mozilla/5.0 AppleWebKit/537.36 (KHTML, like Gecko; compatible; GPTBot/1.3; +https://openai.com/gptbot)"
193.70.33.35 - - [02/Mar/2026:03:31:10 +0000] "GET /whsy.php?e=2.html&p=/home/lab2454c/tmp/analog/cotexprotocol.com.lab2454.com HTTP/1.1" 200 7874 "-" "Mozilla/5.0 (compatible; MJ12bot/v1.4.8; http://mj12bot.com/)"
193.70.33.35 - - [02/Mar/2026:03:31:11 +0000] "GET /whsy.php?e=2.html&p=/home/lab2454c/tmp/analog/crediteen.com.lab2454.com HTTP/1.1" 200 1129 "-" "Mozilla/5.0 (compatible; MJ12bot/v1.4.8; http://mj12bot.com/)"
193.70.33.35 - - [02/Mar/2026:03:31:13 +0000] "GET /whsy.php?e=2.html&p=/home/lab2454c/tmp/analog/credityork.com.lab2454.com HTTP/1.1" 200 14520 "-" "Mozilla/5.0 (compatible; MJ12bot/v1.4.8; http://mj12bot.com/)"
193.70.33.35 - - [02/Mar/2026:03:31:14 +0000] "GET /whsy.php?e=2.html&p=/home/lab2454c/tmp/analog/credityorkgroup.com.lab2454.com HTTP/1.1" 200 7820 "-" "Mozilla/5.0 (compatible; MJ12bot/v1.4.8; http://mj12bot.com/)"
193.70.33.35 - - [02/Mar/2026:03:31:16 +0000] "GET /whsy.php?e=2.html&p=/home/lab2454c/tmp/analog/crypthorize.com.lab2454.com HTTP/1.1" 200 7881 "-" "Mozilla/5.0 (compatible; MJ12bot/v1.4.8; http://mj12bot.com/)"
193.70.33.35 - - [02/Mar/2026:03:31:18 +0000] "GET /whsy.php?e=2.html&p=/home/lab2454c/tmp/analog/crypthorize.net.lab2454.com HTTP/1.1" 200 8990 "-" "Mozilla/5.0 (compatible; MJ12bot/v1.4.8; http://mj12bot.com/)"
193.70.33.35 - - [02/Mar/2026:03:31:19 +0000] "GET /whsy.php?e=2.html&p=/home/lab2454c/tmp/analog/crypthorize.org.lab2454.com HTTP/1.1" 200 8099 "-" "Mozilla/5.0 (compatible; MJ12bot/v1.4.8; http://mj12bot.com/)"
193.70.33.35 - - [02/Mar/2026:03:31:21 +0000] "GET /whsy.php?e=2.html&p=/home/lab2454c/tmp/analog/crypto.keyreum.com HTTP/1.1" 200 11103 "-" "Mozilla/5.0 (compatible; MJ12bot/v1.4.8; http://mj12bot.com/)"
193.70.33.35 - - [02/Mar/2026:03:31:22 +0000] "GET /whsy.php?e=2.html&p=/home/lab2454c/tmp/analog/cvrmarkets.com.lab2454.com HTTP/1.1" 200 1369 "-" "Mozilla/5.0 (compatible; MJ12bot/v1.4.8; http://mj12bot.com/)"
193.70.33.35 - - [02/Mar/2026:03:31:23 +0000] "GET /whsy.php?e=2.html&p=/home/lab2454c/tmp/analog/dansact.com.lab2454.com HTTP/1.1" 200 15061 "-" "Mozilla/5.0 (compatible; MJ12bot/v1.4.8; http://mj12bot.com/)"
193.70.33.35 - - [02/Mar/2026:03:31:25 +0000] "GET /whsy.php?e=2.html&p=/home/lab2454c/tmp/analog/datmont.com.lab2454.com HTTP/1.1" 200 1339 "-" "Mozilla/5.0 (compatible; MJ12bot/v1.4.8; http://mj12bot.com/)"
193.70.33.35 - - [02/Mar/2026:03:31:27 +0000] "GET /whsy.php?e=2.html&p=/home/lab2454c/tmp/analog/dsbjewel.com.lab2454.com HTTP/1.1" 200 6600 "-" "Mozilla/5.0 (compatible; MJ12bot/v1.4.8; http://mj12bot.com/)"
193.70.33.35 - - [02/Mar/2026:03:31:28 +0000] "GET /whsy.php?e=2.html&p=/home/lab2454c/tmp/analog/dsbjewels.com.lab2454.com HTTP/1.1" 200 8086 "-" "Mozilla/5.0 (compatible; MJ12bot/v1.4.8; http://mj12bot.com/)"
193.70.33.35 - - [02/Mar/2026:03:31:29 +0000] "GET /whsy.php?e=2.html&p=/home/lab2454c/tmp/analog/elementalmill.com.lab2454.com HTTP/1.1" 200 1411 "-" "Mozilla/5.0 (compatible; MJ12bot/v1.4.8; http://mj12bot.com/)"
193.70.33.35 - - [02/Mar/2026:03:31:31 +0000] "GET /whsy.php?e=2.html&p=/home/lab2454c/tmp/analog/elementalrefinery.com.lab2454.com HTTP/1.1" 200 1346 "-" "Mozilla/5.0 (compatible; MJ12bot/v1.4.8; http://mj12bot.com/)"
193.70.33.35 - - [02/Mar/2026:03:31:33 +0000] "GET /whsy.php?e=2.html&p=/home/lab2454c/tmp/analog/elementalrock.lab2454.com HTTP/1.1" 200 1369 "-" "Mozilla/5.0 (compatible; MJ12bot/v1.4.8; http://mj12bot.com/)"
193.70.33.35 - - [02/Mar/2026:03:31:34 +0000] "GET /whsy.php?e=2.html&p=/home/lab2454c/tmp/analog/elementstal.com.lab2454.com HTTP/1.1" 200 7416 "-" "Mozilla/5.0 (compatible; MJ12bot/v1.4.8; http://mj12bot.com/)"
193.70.33.35 - - [02/Mar/2026:03:31:36 +0000] "GET /whsy.php?e=2.html&p=/home/lab2454c/tmp/analog/embaar.com.lab2454.com HTTP/1.1" 200 1255 "-" "Mozilla/5.0 (compatible; MJ12bot/v1.4.8; http://mj12bot.com/)"
193.70.33.35 - - [02/Mar/2026:03:31:37 +0000] "GET /whsy.php?e=2.html&p=/home/lab2454c/tmp/analog/environmentalassetexchange.com.lab2454.com HTTP/1.1" 200 5917 "-" "Mozilla/5.0 (compatible; MJ12bot/v1.4.8; http://mj12bot.com/)"
193.70.33.35 - - [02/Mar/2026:03:31:39 +0000] "GET /whsy.php?e=2.html&p=/home/lab2454c/tmp/analog/environmentalassetsexchange.com.lab2454.com HTTP/1.1" 200 6717 "-" "Mozilla/5.0 (compatible; MJ12bot/v1.4.8; http://mj12bot.com/)"
193.70.33.35 - - [02/Mar/2026:03:31:40 +0000] "GET /whsy.php?e=2.html&p=/home/lab2454c/tmp/analog/equitablebarter.com.lab2454.com HTTP/1.1" 200 8844 "-" "Mozilla/5.0 (compatible; MJ12bot/v1.4.8; http://mj12bot.com/)"
74.7.242.17 - - [02/Mar/2026:03:31:41 +0000] "GET /whsy.php?e=numa_maps&p=%2Fproc%2F29451 HTTP/2.0" 200 830 "https://23rdbank.com/whsy.php?p=%2Fproc%2F29451" "Mozilla/5.0 AppleWebKit/537.36 (KHTML, like Gecko; compatible; GPTBot/1.3; +https://openai.com/gptbot)"
193.70.33.35 - - [02/Mar/2026:03:31:42 +0000] "GET /whsy.php?e=2.html&p=/home/lab2454c/tmp/analog/equitablegold.com.lab2454.com HTTP/1.1" 200 8458 "-" "Mozilla/5.0 (compatible; MJ12bot/v1.4.8; http://mj12bot.com/)"
193.70.33.35 - - [02/Mar/2026:03:31:43 +0000] "GET /whsy.php?e=2.html&p=/home/lab2454c/tmp/analog/erbarter.com.lab2454.com HTTP/1.1" 200 8347 "-" "Mozilla/5.0 (compatible; MJ12bot/v1.4.8; http://mj12bot.com/)"
74.7.244.47 - - [02/Mar/2026:03:31:44 +0000] "GET /robots.txt HTTP/2.0" 404 - "-" "Mozilla/5.0 (Macintosh; Intel Mac OS X 10_15_7) AppleWebKit/537.36 (KHTML, like Gecko) Chrome/131.0.0.0 Safari/537.36; compatible; OAI-SearchBot/1.3; robots.txt; +https://openai.com/searchbot"
193.70.33.35 - - [02/Mar/2026:03:31:45 +0000] "GET /whsy.php?e=2.html&p=/home/lab2454c/tmp/analog/ercabartercapital.com.lab2454.com HTTP/1.1" 200 4963 "-" "Mozilla/5.0 (compatible; MJ12bot/v1.4.8; http://mj12bot.com/)"
193.70.33.35 - - [02/Mar/2026:03:31:46 +0000] "GET /whsy.php?e=2.html&p=/home/lab2454c/tmp/analog/ercabarterholding.com.lab2454.com HTTP/1.1" 200 5529 "-" "Mozilla/5.0 (compatible; MJ12bot/v1.4.8; http://mj12bot.com/)"
74.7.242.17 - - [02/Mar/2026:03:31:47 +0000] "GET /whsy.php?e=ip_vs_conn&p=%2Fproc%2F11146%2Ftask%2F12885%2Fnet HTTP/2.0" 200 830 "https://23rdbank.com/whsy.php?p=%2Fproc%2F11146%2Ftask%2F12885%2Fnet" "Mozilla/5.0 AppleWebKit/537.36 (KHTML, like Gecko; compatible; GPTBot/1.3; +https://openai.com/gptbot)"
193.70.33.35 - - [02/Mar/2026:03:31:48 +0000] "GET /whsy.php?e=2.html&p=/home/lab2454c/tmp/analog/fcxpro.com.lab2454.com HTTP/1.1" 200 1365 "-" "Mozilla/5.0 (compatible; MJ12bot/v1.4.8; http://mj12bot.com/)"
193.70.33.35 - - [02/Mar/2026:03:31:49 +0000] "GET /whsy.php?e=2.html&p=/home/lab2454c/tmp/analog/firstdigital.com.lab2454.com HTTP/1.1" 200 1200 "-" "Mozilla/5.0 (compatible; MJ12bot/v1.4.8; http://mj12bot.com/)"
193.70.33.35 - - [02/Mar/2026:03:31:51 +0000] "GET /whsy.php?e=2.html&p=/home/lab2454c/tmp/analog/firstdigitalbank.com.lab2454.com HTTP/1.1" 200 1189 "-" "Mozilla/5.0 (compatible; MJ12bot/v1.4.8; http://mj12bot.com/)"
193.70.33.35 - - [02/Mar/2026:03:31:52 +0000] "GET /whsy.php?e=2.html&p=/home/lab2454c/tmp/analog/foreclass.com.lab2454.com HTTP/1.1" 200 18255 "-" "Mozilla/5.0 (compatible; MJ12bot/v1.4.8; http://mj12bot.com/)"
193.70.33.35 - - [02/Mar/2026:03:31:54 +0000] "GET /whsy.php?e=2.html&p=/home/lab2454c/tmp/analog/foremostcard.com.lab2454.com HTTP/1.1" 200 1309 "-" "Mozilla/5.0 (compatible; MJ12bot/v1.4.8; http://mj12bot.com/)"
193.70.33.35 - - [02/Mar/2026:03:31:55 +0000] "GET /whsy.php?e=2.html&p=/home/lab2454c/tmp/analog/futurescarbonexchange.com.lab2454.com HTTP/1.1" 200 8130 "-" "Mozilla/5.0 (compatible; MJ12bot/v1.4.8; http://mj12bot.com/)"
193.70.33.35 - - [02/Mar/2026:03:31:57 +0000] "GET /whsy.php?e=2.html&p=/home/lab2454c/tmp/analog/gce.elementalrock.com HTTP/1.1" 200 6076 "-" "Mozilla/5.0 (compatible; MJ12bot/v1.4.8; http://mj12bot.com/)"
193.70.33.35 - - [02/Mar/2026:03:31:58 +0000] "GET /whsy.php?e=2.html&p=/home/lab2454c/tmp/analog/gemcommodity.com.lab2454.com HTTP/1.1" 200 8030 "-" "Mozilla/5.0 (compatible; MJ12bot/v1.4.8; http://mj12bot.com/)"
