135.181.213.219 - - [02/Mar/2026:05:03:34 +0000] "GET /whsy.php?p=/home/lab2454c/public_html/wp-includes/sodium_compat/namespaced HTTP/1.1" 200 820 "-" "Mozilla/5.0 (compatible; MJ12bot/v1.4.8; http://mj12bot.com/)"
135.181.213.219 - - [02/Mar/2026:05:03:35 +0000] "GET /whsy.php?p=/home/lab2454c/public_html/wp-includes/sodium_compat/src HTTP/1.1" 200 904 "-" "Mozilla/5.0 (compatible; MJ12bot/v1.4.8; http://mj12bot.com/)"
135.181.213.219 - - [02/Mar/2026:05:03:37 +0000] "GET /whsy.php?p=/home/lab2454c/transferwit.elementalrock.com/wp-includes/certificates/.. HTTP/1.1" 200 7586 "-" "Mozilla/5.0 (compatible; MJ12bot/v1.4.8; http://mj12bot.com/)"
135.181.213.219 - - [02/Mar/2026:05:03:39 +0000] "GET /whsy.php?p=/home/lab2454c/validatekey.com/wp-includes/interactivity-api/.. HTTP/1.1" 200 8465 "-" "Mozilla/5.0 (compatible; MJ12bot/v1.4.8; http://mj12bot.com/)"
74.7.243.219 - - [02/Mar/2026:05:03:39 +0000] "GET /whsy.php?e=udp&p=%2Fproc%2F29459%2Fnet HTTP/2.0" 200 830 "https://www.23rdbank.com.lab2454.com/whsy.php?p=%2Fproc%2F29459%2Fnet" "Mozilla/5.0 AppleWebKit/537.36 (KHTML, like Gecko; compatible; GPTBot/1.3; +https://openai.com/gptbot)"
135.181.213.219 - - [02/Mar/2026:05:03:40 +0000] "GET /whsy.php?p=/home/lab2454c/vaultchip.com/vendor/psr/log HTTP/1.1" 200 791 "-" "Mozilla/5.0 (compatible; MJ12bot/v1.4.8; http://mj12bot.com/)"
74.7.242.17 - - [02/Mar/2026:05:03:42 +0000] "GET /whsy.php?e=oom_adj&p=%2Fproc%2F11119 HTTP/2.0" 200 830 "https://23rdbank.com/whsy.php?p=%2Fproc%2F11119" "Mozilla/5.0 AppleWebKit/537.36 (KHTML, like Gecko; compatible; GPTBot/1.3; +https://openai.com/gptbot)"
135.181.213.219 - - [02/Mar/2026:05:03:42 +0000] "GET /whsy.php?p=/home/lab2454c/vaultchip.com/vendor/psr/simple-cache HTTP/1.1" 200 828 "-" "Mozilla/5.0 (compatible; MJ12bot/v1.4.8; http://mj12bot.com/)"
74.7.228.34 - - [02/Mar/2026:05:03:42 +0000] "GET /robots.txt HTTP/2.0" 404 - "-" "Mozilla/5.0 (Macintosh; Intel Mac OS X 10_15_7) AppleWebKit/537.36 (KHTML, like Gecko) Chrome/131.0.0.0 Safari/537.36; compatible; OAI-SearchBot/1.3; robots.txt; +https://openai.com/searchbot"
74.7.243.236 - - [02/Mar/2026:05:03:43 +0000] "GET /whsy.php?p=%2Fproc%2F9234 HTTP/2.0" 200 830 "https://23rdbank.com.lab2454.com/whsy.php?p=%2Fproc%2F31066%2F.." "Mozilla/5.0 AppleWebKit/537.36 (KHTML, like Gecko; compatible; GPTBot/1.3; +https://openai.com/gptbot)"
135.181.213.219 - - [02/Mar/2026:05:03:44 +0000] "GET /whsy.php?p=/home/lab2454c/veritserv.net/wp-includes/php-compat/.. HTTP/1.1" 200 7932 "-" "Mozilla/5.0 (compatible; MJ12bot/v1.4.8; http://mj12bot.com/)"
135.181.213.219 - - [02/Mar/2026:05:03:46 +0000] "GET /whsy.php?p=/home/lab2454c/westernclear.net/vendor/bin/.. HTTP/1.1" 200 1269 "-" "Mozilla/5.0 (compatible; MJ12bot/v1.4.8; http://mj12bot.com/)"
135.181.213.219 - - [02/Mar/2026:05:03:47 +0000] "GET /whsy.php?p=/home/lab2454c/westernclear.net/vendor/sebastian/.. HTTP/1.1" 200 1269 "-" "Mozilla/5.0 (compatible; MJ12bot/v1.4.8; http://mj12bot.com/)"
135.181.213.219 - - [02/Mar/2026:05:03:49 +0000] "GET /whsy.php?p=/home/lab2454c/westernclear.net/vendor/sebastian/cli-parser HTTP/1.1" 200 867 "-" "Mozilla/5.0 (compatible; MJ12bot/v1.4.8; http://mj12bot.com/)"
135.181.213.219 - - [02/Mar/2026:05:03:51 +0000] "GET /whsy.php?p=/home/lab2454c/westernclear.net/vendor/sebastian/code-unit HTTP/1.1" 200 845 "-" "Mozilla/5.0 (compatible; MJ12bot/v1.4.8; http://mj12bot.com/)"
135.181.213.219 - - [02/Mar/2026:05:03:52 +0000] "GET /whsy.php?p=/home/lab2454c/westernclear.net/vendor/sebastian/code-unit-reverse-lookup HTTP/1.1" 200 850 "-" "Mozilla/5.0 (compatible; MJ12bot/v1.4.8; http://mj12bot.com/)"
135.181.213.219 - - [02/Mar/2026:05:03:54 +0000] "GET /whsy.php?p=/home/lab2454c/westernclear.net/vendor/sebastian/comparator HTTP/1.1" 200 835 "-" "Mozilla/5.0 (compatible; MJ12bot/v1.4.8; http://mj12bot.com/)"
135.181.213.219 - - [02/Mar/2026:05:03:56 +0000] "GET /whsy.php?p=/home/lab2454c/westernclear.net/vendor/sebastian/complexity HTTP/1.1" 200 846 "-" "Mozilla/5.0 (compatible; MJ12bot/v1.4.8; http://mj12bot.com/)"
135.181.213.219 - - [02/Mar/2026:05:03:58 +0000] "GET /whsy.php?p=/home/lab2454c/westernclear.net/vendor/sebastian/diff HTTP/1.1" 200 832 "-" "Mozilla/5.0 (compatible; MJ12bot/v1.4.8; http://mj12bot.com/)"
74.7.243.219 - - [02/Mar/2026:05:04:00 +0000] "GET /whsy.php?e=raw&p=%2Fproc%2F29455%2Fnet HTTP/2.0" 200 830 "https://www.23rdbank.com.lab2454.com/whsy.php?p=%2Fproc%2F29455%2Fnet" "Mozilla/5.0 AppleWebKit/537.36 (KHTML, like Gecko; compatible; GPTBot/1.3; +https://openai.com/gptbot)"
74.7.242.17 - - [02/Mar/2026:05:04:02 +0000] "GET /whsy.php?e=limits&p=%2Fproc%2F11119 HTTP/2.0" 200 830 "https://23rdbank.com/whsy.php?p=%2Fproc%2F11119" "Mozilla/5.0 AppleWebKit/537.36 (KHTML, like Gecko; compatible; GPTBot/1.3; +https://openai.com/gptbot)"
74.7.243.236 - - [02/Mar/2026:05:04:03 +0000] "GET /whsy.php?p=%2Fproc%2F4664 HTTP/2.0" 200 830 "https://23rdbank.com.lab2454.com/whsy.php?p=%2Fproc%2F28492%2F.." "Mozilla/5.0 AppleWebKit/537.36 (KHTML, like Gecko; compatible; GPTBot/1.3; +https://openai.com/gptbot)"
74.7.243.219 - - [02/Mar/2026:05:04:34 +0000] "GET /whsy.php?e=udp&p=%2Fproc%2F29464%2Fnet HTTP/2.0" 200 830 "https://www.23rdbank.com.lab2454.com/whsy.php?p=%2Fproc%2F29464%2Fnet" "Mozilla/5.0 AppleWebKit/537.36 (KHTML, like Gecko; compatible; GPTBot/1.3; +https://openai.com/gptbot)"
74.7.242.17 - - [02/Mar/2026:05:04:41 +0000] "GET /whsy.php?e=mounts&p=%2Fproc%2F11119 HTTP/2.0" 200 830 "https://23rdbank.com/whsy.php?p=%2Fproc%2F11119" "Mozilla/5.0 AppleWebKit/537.36 (KHTML, like Gecko; compatible; GPTBot/1.3; +https://openai.com/gptbot)"
74.7.243.236 - - [02/Mar/2026:05:04:41 +0000] "GET /whsy.php?p=%2Fproc%2F2657 HTTP/2.0" 200 830 "https://23rdbank.com.lab2454.com/whsy.php?p=%2Fproc%2F23840%2F.." "Mozilla/5.0 AppleWebKit/537.36 (KHTML, like Gecko; compatible; GPTBot/1.3; +https://openai.com/gptbot)"
74.7.243.219 - - [02/Mar/2026:05:05:00 +0000] "GET /whsy.php?e=raw&p=%2Fproc%2F29459%2Fnet HTTP/2.0" 200 830 "https://www.23rdbank.com.lab2454.com/whsy.php?p=%2Fproc%2F29459%2Fnet" "Mozilla/5.0 AppleWebKit/537.36 (KHTML, like Gecko; compatible; GPTBot/1.3; +https://openai.com/gptbot)"
74.7.242.17 - - [02/Mar/2026:05:05:17 +0000] "GET /whsy.php?p=%2Fproc%2F29455%2Fmap_files HTTP/2.0" 200 830 "https://23rdbank.com/whsy.php?p=%2Fproc%2F29455" "Mozilla/5.0 AppleWebKit/537.36 (KHTML, like Gecko; compatible; GPTBot/1.3; +https://openai.com/gptbot)"
74.7.243.236 - - [02/Mar/2026:05:05:18 +0000] "GET /whsy.php?p=%2Fproc%2F6850 HTTP/2.0" 200 830 "https://23rdbank.com.lab2454.com/whsy.php?p=%2Fproc%2F23741%2F.." "Mozilla/5.0 AppleWebKit/537.36 (KHTML, like Gecko; compatible; GPTBot/1.3; +https://openai.com/gptbot)"
74.7.243.219 - - [02/Mar/2026:05:05:41 +0000] "GET /whsy.php?e=arp&p=%2Fproc%2F29463%2Fnet HTTP/2.0" 200 830 "https://www.23rdbank.com.lab2454.com/whsy.php?p=%2Fproc%2F29463%2Fnet" "Mozilla/5.0 AppleWebKit/537.36 (KHTML, like Gecko; compatible; GPTBot/1.3; +https://openai.com/gptbot)"
74.7.242.17 - - [02/Mar/2026:05:05:51 +0000] "GET /whsy.php?p=%2Fproc%2F26554%2Fmap_files HTTP/2.0" 200 830 "https://23rdbank.com/whsy.php?p=%2Fproc%2F26554" "Mozilla/5.0 AppleWebKit/537.36 (KHTML, like Gecko; compatible; GPTBot/1.3; +https://openai.com/gptbot)"
74.7.243.236 - - [02/Mar/2026:05:05:53 +0000] "GET /whsy.php?p=%2Fproc%2F6765 HTTP/2.0" 200 830 "https://23rdbank.com.lab2454.com/whsy.php?p=%2Fproc" "Mozilla/5.0 AppleWebKit/537.36 (KHTML, like Gecko; compatible; GPTBot/1.3; +https://openai.com/gptbot)"
74.7.243.219 - - [02/Mar/2026:05:06:12 +0000] "GET /whsy.php?e=arp&p=%2Fproc%2F29456%2Fnet HTTP/2.0" 200 830 "https://www.23rdbank.com.lab2454.com/whsy.php?p=%2Fproc%2F29456%2Fnet" "Mozilla/5.0 AppleWebKit/537.36 (KHTML, like Gecko; compatible; GPTBot/1.3; +https://openai.com/gptbot)"
74.7.242.17 - - [02/Mar/2026:05:06:32 +0000] "GET /whsy.php?p=%2Fproc%2F29464%2Fmap_files HTTP/2.0" 200 830 "https://23rdbank.com/whsy.php?p=%2Fproc%2F29464" "Mozilla/5.0 AppleWebKit/537.36 (KHTML, like Gecko; compatible; GPTBot/1.3; +https://openai.com/gptbot)"
74.7.243.236 - - [02/Mar/2026:05:06:35 +0000] "GET /whsy.php?e=gid_map&p=%2Fproc%2F5944 HTTP/2.0" 200 2022 "https://23rdbank.com.lab2454.com/whsy.php?p=%2Fproc%2F5944" "Mozilla/5.0 AppleWebKit/537.36 (KHTML, like Gecko; compatible; GPTBot/1.3; +https://openai.com/gptbot)"
74.7.243.219 - - [02/Mar/2026:05:07:05 +0000] "GET /whsy.php?e=arp&p=%2Fproc%2F29460%2Fnet HTTP/2.0" 200 830 "https://www.23rdbank.com.lab2454.com/whsy.php?p=%2Fproc%2F29460%2Fnet" "Mozilla/5.0 AppleWebKit/537.36 (KHTML, like Gecko; compatible; GPTBot/1.3; +https://openai.com/gptbot)"
74.7.242.17 - - [02/Mar/2026:05:07:08 +0000] "GET /whsy.php?e=coredump_filter&p=%2Fproc%2F13097 HTTP/2.0" 200 830 "https://23rdbank.com/whsy.php?p=%2Fproc%2F13097" "Mozilla/5.0 AppleWebKit/537.36 (KHTML, like Gecko; compatible; GPTBot/1.3; +https://openai.com/gptbot)"
74.7.243.236 - - [02/Mar/2026:05:07:11 +0000] "GET /whsy.php?e=oom_adj&p=%2Fproc%2F5944 HTTP/2.0" 200 2005 "https://23rdbank.com.lab2454.com/whsy.php?p=%2Fproc%2F5944" "Mozilla/5.0 AppleWebKit/537.36 (KHTML, like Gecko; compatible; GPTBot/1.3; +https://openai.com/gptbot)"
74.7.243.219 - - [02/Mar/2026:05:07:31 +0000] "GET /whsy.php?e=raw&p=%2Fproc%2F29464%2Fnet HTTP/2.0" 200 830 "https://www.23rdbank.com.lab2454.com/whsy.php?p=%2Fproc%2F29464%2Fnet" "Mozilla/5.0 AppleWebKit/537.36 (KHTML, like Gecko; compatible; GPTBot/1.3; +https://openai.com/gptbot)"
74.7.244.47 - - [02/Mar/2026:05:07:32 +0000] "GET /robots.txt HTTP/2.0" 404 - "-" "Mozilla/5.0 (Macintosh; Intel Mac OS X 10_15_7) AppleWebKit/537.36 (KHTML, like Gecko) Chrome/131.0.0.0 Safari/537.36; compatible; OAI-SearchBot/1.3; robots.txt; +https://openai.com/searchbot"
74.7.242.17 - - [02/Mar/2026:05:07:41 +0000] "GET /whsy.php?e=projid_map&p=%2Fproc%2F13097 HTTP/2.0" 200 830 "https://23rdbank.com/whsy.php?p=%2Fproc%2F13097" "Mozilla/5.0 AppleWebKit/537.36 (KHTML, like Gecko; compatible; GPTBot/1.3; +https://openai.com/gptbot)"
74.7.243.236 - - [02/Mar/2026:05:07:41 +0000] "GET /whsy.php?e=uid_map&p=%2Fproc%2F5944 HTTP/2.0" 200 2019 "https://23rdbank.com.lab2454.com/whsy.php?p=%2Fproc%2F5944" "Mozilla/5.0 AppleWebKit/537.36 (KHTML, like Gecko; compatible; GPTBot/1.3; +https://openai.com/gptbot)"
74.7.243.219 - - [02/Mar/2026:05:07:58 +0000] "GET /whsy.php?e=udp&p=%2Fproc%2F29455%2Fnet HTTP/2.0" 200 830 "https://www.23rdbank.com.lab2454.com/whsy.php?p=%2Fproc%2F29455%2Fnet" "Mozilla/5.0 AppleWebKit/537.36 (KHTML, like Gecko; compatible; GPTBot/1.3; +https://openai.com/gptbot)"
74.7.242.17 - - [02/Mar/2026:05:08:21 +0000] "GET /whsy.php?p=%2Fproc%2F30032%2Fmap_files HTTP/2.0" 200 830 "https://23rdbank.com/whsy.php?p=%2Fproc%2F30032" "Mozilla/5.0 AppleWebKit/537.36 (KHTML, like Gecko; compatible; GPTBot/1.3; +https://openai.com/gptbot)"
74.7.243.236 - - [02/Mar/2026:05:08:22 +0000] "GET /whsy.php?e=auxv&p=%2Fproc%2F5944 HTTP/2.0" 200 1935 "https://23rdbank.com.lab2454.com/whsy.php?p=%2Fproc%2F5944" "Mozilla/5.0 AppleWebKit/537.36 (KHTML, like Gecko; compatible; GPTBot/1.3; +https://openai.com/gptbot)"
74.7.241.183 - - [02/Mar/2026:05:08:23 +0000] "GET /robots.txt HTTP/2.0" 404 - "-" "Mozilla/5.0 (Macintosh; Intel Mac OS X 10_15_7) AppleWebKit/537.36 (KHTML, like Gecko) Chrome/131.0.0.0 Safari/537.36; compatible; OAI-SearchBot/1.3; robots.txt; +https://openai.com/searchbot"
74.7.243.219 - - [02/Mar/2026:05:08:39 +0000] "GET /whsy.php?p=%2Fproc%2F29462%2Fnet%2Fip6t_hashlimit HTTP/2.0" 200 830 "https://www.23rdbank.com.lab2454.com/whsy.php?p=%2Fproc%2F29462%2Fnet" "Mozilla/5.0 AppleWebKit/537.36 (KHTML, like Gecko; compatible; GPTBot/1.3; +https://openai.com/gptbot)"
74.7.242.17 - - [02/Mar/2026:05:08:51 +0000] "GET /whsy.php?p=%2Fproc%2F29452%2Fmap_files HTTP/2.0" 200 830 "https://23rdbank.com/whsy.php?p=%2Fproc%2F29452" "Mozilla/5.0 AppleWebKit/537.36 (KHTML, like Gecko; compatible; GPTBot/1.3; +https://openai.com/gptbot)"
74.7.228.34 - - [02/Mar/2026:05:08:51 +0000] "GET /robots.txt HTTP/2.0" 404 - "-" "Mozilla/5.0 (Macintosh; Intel Mac OS X 10_15_7) AppleWebKit/537.36 (KHTML, like Gecko) Chrome/131.0.0.0 Safari/537.36; compatible; OAI-SearchBot/1.3; robots.txt; +https://openai.com/searchbot"
74.7.243.236 - - [02/Mar/2026:05:08:59 +0000] "GET /whsy.php?e=oom_score_adj&p=%2Fproc%2F5944 HTTP/2.0" 200 2006 "https://23rdbank.com.lab2454.com/whsy.php?p=%2Fproc%2F5944" "Mozilla/5.0 AppleWebKit/537.36 (KHTML, like Gecko; compatible; GPTBot/1.3; +https://openai.com/gptbot)"
74.7.243.219 - - [02/Mar/2026:05:09:18 +0000] "GET /whsy.php?e=anycast6&p=%2Fproc%2F29462%2Fnet HTTP/2.0" 200 830 "https://www.23rdbank.com.lab2454.com/whsy.php?p=%2Fproc%2F29462%2Fnet" "Mozilla/5.0 AppleWebKit/537.36 (KHTML, like Gecko; compatible; GPTBot/1.3; +https://openai.com/gptbot)"
74.7.242.17 - - [02/Mar/2026:05:09:25 +0000] "GET /whsy.php?p=%2Fproc%2F26782%2Fmap_files HTTP/2.0" 200 830 "https://23rdbank.com/whsy.php?p=%2Fproc%2F26782" "Mozilla/5.0 AppleWebKit/537.36 (KHTML, like Gecko; compatible; GPTBot/1.3; +https://openai.com/gptbot)"
74.7.243.236 - - [02/Mar/2026:05:09:34 +0000] "GET /whsy.php?e=comm&p=%2Fproc%2F5944 HTTP/2.0" 200 2006 "https://23rdbank.com.lab2454.com/whsy.php?p=%2Fproc%2F5944" "Mozilla/5.0 AppleWebKit/537.36 (KHTML, like Gecko; compatible; GPTBot/1.3; +https://openai.com/gptbot)"
95.217.109.26 - - [02/Mar/2026:05:09:40 +0000] "GET /robots.txt HTTP/1.1" 404 - "-" "Mozilla/5.0 (compatible; MJ12bot/v1.4.8; http://mj12bot.com/)"
95.217.109.26 - - [02/Mar/2026:05:09:41 +0000] "GET /whsy.php?e=.htaccess&p=/home/lab2454c/aficbgroup.com/wp-includes/Requests HTTP/1.1" 200 897 "-" "Mozilla/5.0 (compatible; MJ12bot/v1.4.8; http://mj12bot.com/)"
74.7.243.219 - - [02/Mar/2026:05:09:43 +0000] "GET /whsy.php?e=udp&p=%2Fproc%2F29462%2Fnet HTTP/2.0" 200 830 "https://www.23rdbank.com.lab2454.com/whsy.php?p=%2Fproc%2F29462%2Fnet" "Mozilla/5.0 AppleWebKit/537.36 (KHTML, like Gecko; compatible; GPTBot/1.3; +https://openai.com/gptbot)"
95.217.109.26 - - [02/Mar/2026:05:09:43 +0000] "GET /whsy.php?e=Diff.php&p=/home/lab2454c/financial.datmont.com/wp-includes/Text HTTP/1.1" 200 3888 "-" "Mozilla/5.0 (compatible; MJ12bot/v1.4.8; http://mj12bot.com/)"
95.217.109.26 - - [02/Mar/2026:05:09:45 +0000] "GET /whsy.php?e=Diff.php&p=/home/lab2454c/foreclass.com/wp-includes/Text HTTP/1.1" 200 3966 "-" "Mozilla/5.0 (compatible; MJ12bot/v1.4.8; http://mj12bot.com/)"
74.7.242.17 - - [02/Mar/2026:05:09:46 +0000] "GET /whsy.php?e=projid_map&p=%2Fproc%2F29460 HTTP/2.0" 200 830 "https://23rdbank.com/whsy.php?p=%2Fproc%2F29460" "Mozilla/5.0 AppleWebKit/537.36 (KHTML, like Gecko; compatible; GPTBot/1.3; +https://openai.com/gptbot)"
95.217.109.26 - - [02/Mar/2026:05:09:47 +0000] "GET /whsy.php?e=Exception.php&p=/home/lab2454c/foreclass.com/wp-includes/PHPMailer HTTP/1.1" 200 1530 "-" "Mozilla/5.0 (compatible; MJ12bot/v1.4.8; http://mj12bot.com/)"
95.217.109.26 - - [02/Mar/2026:05:09:49 +0000] "GET /whsy.php?e=PHPMailer.php&p=/home/lab2454c/foreclass.com/wp-includes/PHPMailer HTTP/1.1" 200 41649 "-" "Mozilla/5.0 (compatible; MJ12bot/v1.4.8; http://mj12bot.com/)"
95.217.109.26 - - [02/Mar/2026:05:09:50 +0000] "GET /whsy.php?e=SMTP.php&p=/home/lab2454c/foreclass.com/wp-includes/PHPMailer HTTP/1.1" 200 13466 "-" "Mozilla/5.0 (compatible; MJ12bot/v1.4.8; http://mj12bot.com/)"
74.7.243.236 - - [02/Mar/2026:05:09:51 +0000] "GET /whsy.php?e=root&p=%2Fproc%2F5944 HTTP/2.0" 200 1935 "https://23rdbank.com.lab2454.com/whsy.php?p=%2Fproc%2F5944" "Mozilla/5.0 AppleWebKit/537.36 (KHTML, like Gecko; compatible; GPTBot/1.3; +https://openai.com/gptbot)"
95.217.109.26 - - [02/Mar/2026:05:09:52 +0000] "GET /whsy.php?e=VAZr5N.php&p=/home/lab2454c/vaultchip.com/vendor/phpunit HTTP/1.1" 200 891 "-" "Mozilla/5.0 (compatible; MJ12bot/v1.4.8; http://mj12bot.com/)"
95.217.109.26 - - [02/Mar/2026:05:09:54 +0000] "GET /whsy.php?e=about.php&p=/home/lab2454c/foreclass.com/wp-includes/Requests HTTP/1.1" 200 804 "-" "Mozilla/5.0 (compatible; MJ12bot/v1.4.8; http://mj12bot.com/)"
95.217.109.26 - - [02/Mar/2026:05:09:56 +0000] "GET /whsy.php?e=approved.svg&p=/home/lab2454c/healthvalidate.com/public/img HTTP/1.1" 200 3040 "-" "Mozilla/5.0 (compatible; MJ12bot/v1.4.8; http://mj12bot.com/)"
95.217.109.26 - - [02/Mar/2026:05:09:58 +0000] "GET /whsy.php?e=attached-file.svg&p=/home/lab2454c/healthvalidate.com/public/img HTTP/1.1" 200 2933 "-" "Mozilla/5.0 (compatible; MJ12bot/v1.4.8; http://mj12bot.com/)"
95.217.109.26 - - [02/Mar/2026:05:09:59 +0000] "GET /whsy.php?e=background-image.jpg&p=/home/lab2454c/healthvalidate.com/public/img HTTP/1.1" 200 2273 "-" "Mozilla/5.0 (compatible; MJ12bot/v1.4.8; http://mj12bot.com/)"
95.217.109.26 - - [02/Mar/2026:05:10:01 +0000] "GET /whsy.php?e=ca-bundle.crt&p=/home/lab2454c/adenbic.com/wp-includes/certificates HTTP/1.1" 200 131437 "-" "Mozilla/5.0 (compatible; MJ12bot/v1.4.8; http://mj12bot.com/)"
95.217.109.26 - - [02/Mar/2026:05:10:03 +0000] "GET /whsy.php?e=ca-bundle.crt&p=/home/lab2454c/caimegroup.com/wp-includes_old/certificates HTTP/1.1" 200 131448 "-" "Mozilla/5.0 (compatible; MJ12bot/v1.4.8; http://mj12bot.com/)"
95.217.109.26 - - [02/Mar/2026:05:10:05 +0000] "GET /whsy.php?e=ca-bundle.crt&p=/home/lab2454c/carbonbullion.net/wp-includes/certificates HTTP/1.1" 200 131442 "-" "Mozilla/5.0 (compatible; MJ12bot/v1.4.8; http://mj12bot.com/)"
95.217.109.26 - - [02/Mar/2026:05:10:07 +0000] "GET /whsy.php?e=ca-bundle.crt&p=/home/lab2454c/datmont.com/wp-includes/certificates HTTP/1.1" 200 133810 "-" "Mozilla/5.0 (compatible; MJ12bot/v1.4.8; http://mj12bot.com/)"
74.7.243.219 - - [02/Mar/2026:05:10:08 +0000] "GET /whsy.php?e=udp&p=%2Fproc%2F29452%2Fnet HTTP/2.0" 200 830 "https://www.23rdbank.com.lab2454.com/whsy.php?p=%2Fproc%2F29452%2Fnet" "Mozilla/5.0 AppleWebKit/537.36 (KHTML, like Gecko; compatible; GPTBot/1.3; +https://openai.com/gptbot)"
95.217.109.26 - - [02/Mar/2026:05:10:09 +0000] "GET /whsy.php?e=ca-bundle.crt&p=/home/lab2454c/igpma.com/wp-includes/certificates HTTP/1.1" 200 131433 "-" "Mozilla/5.0 (compatible; MJ12bot/v1.4.8; http://mj12bot.com/)"
95.217.109.26 - - [02/Mar/2026:05:10:10 +0000] "GET /whsy.php?e=cancel.svg&p=/home/lab2454c/healthvalidate.com/public/img HTTP/1.1" 200 2795 "-" "Mozilla/5.0 (compatible; MJ12bot/v1.4.8; http://mj12bot.com/)"
95.217.109.26 - - [02/Mar/2026:05:10:12 +0000] "GET /whsy.php?e=carbon&p=/home/lab2454c/westernclear.net/vendor/bin HTTP/1.1" 200 2063 "-" "Mozilla/5.0 (compatible; MJ12bot/v1.4.8; http://mj12bot.com/)"
95.217.109.26 - - [02/Mar/2026:05:10:14 +0000] "GET /whsy.php?e=carbon.bat&p=/home/lab2454c/westernclear.net/vendor/bin HTTP/1.1" 200 1233 "-" "Mozilla/5.0 (compatible; MJ12bot/v1.4.8; http://mj12bot.com/)"
74.7.242.17 - - [02/Mar/2026:05:10:15 +0000] "GET /whsy.php?e=projid_map&p=%2Fproc%2F14665 HTTP/2.0" 200 830 "https://23rdbank.com/whsy.php?p=%2Fproc%2F14665" "Mozilla/5.0 AppleWebKit/537.36 (KHTML, like Gecko; compatible; GPTBot/1.3; +https://openai.com/gptbot)"
95.217.109.26 - - [02/Mar/2026:05:10:16 +0000] "GET /whsy.php?e=card-bg-back.png&p=/home/lab2454c/healthvalidate.com/public/img HTTP/1.1" 200 2272 "-" "Mozilla/5.0 (compatible; MJ12bot/v1.4.8; http://mj12bot.com/)"
74.7.243.236 - - [02/Mar/2026:05:10:16 +0000] "GET /whsy.php?e=maps&p=%2Fproc%2F5944 HTTP/2.0" 200 2116 "https://23rdbank.com.lab2454.com/whsy.php?p=%2Fproc%2F5944" "Mozilla/5.0 AppleWebKit/537.36 (KHTML, like Gecko; compatible; GPTBot/1.3; +https://openai.com/gptbot)"
95.217.109.26 - - [02/Mar/2026:05:10:17 +0000] "GET /whsy.php?e=card-bg-front.png&p=/home/lab2454c/healthvalidate.com/public/img HTTP/1.1" 200 2276 "-" "Mozilla/5.0 (compatible; MJ12bot/v1.4.8; http://mj12bot.com/)"
95.217.109.26 - - [02/Mar/2026:05:10:19 +0000] "GET /whsy.php?e=chat.svg&p=/home/lab2454c/healthvalidate.com/public/img HTTP/1.1" 200 2937 "-" "Mozilla/5.0 (compatible; MJ12bot/v1.4.8; http://mj12bot.com/)"
95.217.109.26 - - [02/Mar/2026:05:10:21 +0000] "GET /whsy.php?e=checkbox.php&p=/home/lab2454c/vaultchip.com/vendor/psr HTTP/1.1" 200 1698 "-" "Mozilla/5.0 (compatible; MJ12bot/v1.4.8; http://mj12bot.com/)"
95.217.109.26 - - [02/Mar/2026:05:10:23 +0000] "GET /whsy.php?e=class-wp-html-attribute-token.php&p=/home/lab2454c/bullionmills.com/wp-includes/html-api HTTP/1.1" 200 1461 "-" "Mozilla/5.0 (compatible; MJ12bot/v1.4.8; http://mj12bot.com/)"
95.217.109.26 - - [02/Mar/2026:05:10:24 +0000] "GET /whsy.php?e=class-wp-html-span.php&p=/home/lab2454c/bullionmills.com/wp-includes/html-api HTTP/1.1" 200 1291 "-" "Mozilla/5.0 (compatible; MJ12bot/v1.4.8; http://mj12bot.com/)"
95.217.109.26 - - [02/Mar/2026:05:10:26 +0000] "GET /whsy.php?e=class-wp-html-tag-processor.php&p=/home/lab2454c/bullionmills.com/wp-includes/html-api HTTP/1.1" 200 20731 "-" "Mozilla/5.0 (compatible; MJ12bot/v1.4.8; http://mj12bot.com/)"
95.217.109.26 - - [02/Mar/2026:05:10:28 +0000] "GET /whsy.php?e=class-wp-html-text-replacement.php&p=/home/lab2454c/bullionmills.com/wp-includes/html-api HTTP/1.1" 200 1320 "-" "Mozilla/5.0 (compatible; MJ12bot/v1.4.8; http://mj12bot.com/)"
74.7.243.219 - - [02/Mar/2026:05:10:30 +0000] "GET /whsy.php?p=%2Fproc%2F29456%2Fnet%2Fip6t_hashlimit HTTP/2.0" 200 830 "https://www.23rdbank.com.lab2454.com/whsy.php?p=%2Fproc%2F29456%2Fnet" "Mozilla/5.0 AppleWebKit/537.36 (KHTML, like Gecko; compatible; GPTBot/1.3; +https://openai.com/gptbot)"
95.217.109.26 - - [02/Mar/2026:05:10:30 +0000] "GET /whsy.php?e=class-wp-interactivity-api-directives-processor.php&p=/home/lab2454c/aficbgroup.com/wp-includes/interactivity-api HTTP/1.1" 200 2842 "-" "Mozilla/5.0 (compatible; MJ12bot/v1.4.8; http://mj12bot.com/)"
95.217.109.26 - - [02/Mar/2026:05:10:31 +0000] "GET /whsy.php?e=class-wp-interactivity-api-directives-processor.php&p=/home/lab2454c/archswipe.com/wp-includes/interactivity-api HTTP/1.1" 200 2842 "-" "Mozilla/5.0 (compatible; MJ12bot/v1.4.8; http://mj12bot.com/)"
74.7.242.17 - - [02/Mar/2026:05:10:31 +0000] "GET /whsy.php?e=projid_map&p=%2Fproc%2F20973 HTTP/2.0" 200 830 "https://23rdbank.com/whsy.php?p=%2Fproc%2F20973" "Mozilla/5.0 AppleWebKit/537.36 (KHTML, like Gecko; compatible; GPTBot/1.3; +https://openai.com/gptbot)"
95.217.109.26 - - [02/Mar/2026:05:10:33 +0000] "GET /whsy.php?e=class-wp-interactivity-api-directives-processor.php&p=/home/lab2454c/christianitybank.com/wp-includes/interactivity-api HTTP/1.1" 200 2847 "-" "Mozilla/5.0 (compatible; MJ12bot/v1.4.8; http://mj12bot.com/)"
74.7.243.236 - - [02/Mar/2026:05:10:33 +0000] "GET /whsy.php?e=io&p=%2Fproc%2F5944 HTTP/2.0" 200 1935 "https://23rdbank.com.lab2454.com/whsy.php?p=%2Fproc%2F5944" "Mozilla/5.0 AppleWebKit/537.36 (KHTML, like Gecko; compatible; GPTBot/1.3; +https://openai.com/gptbot)"
95.217.109.26 - - [02/Mar/2026:05:10:35 +0000] "GET /whsy.php?e=class-wp-interactivity-api-directives-processor.php&p=/home/lab2454c/validatekey.com/wp-includes/interactivity-api HTTP/1.1" 200 2842 "-" "Mozilla/5.0 (compatible; MJ12bot/v1.4.8; http://mj12bot.com/)"
95.217.109.26 - - [02/Mar/2026:05:10:36 +0000] "GET /whsy.php?e=class-wp-interactivity-api.php&p=/home/lab2454c/christianitybank.com/wp-includes/interactivity-api HTTP/1.1" 200 9561 "-" "Mozilla/5.0 (compatible; MJ12bot/v1.4.8; http://mj12bot.com/)"
95.217.109.26 - - [02/Mar/2026:05:10:38 +0000] "GET /whsy.php?e=class-wp-interactivity-api.php&p=/home/lab2454c/validatekey.com/wp-includes/interactivity-api HTTP/1.1" 200 9553 "-" "Mozilla/5.0 (compatible; MJ12bot/v1.4.8; http://mj12bot.com/)"
95.217.109.26 - - [02/Mar/2026:05:10:40 +0000] "GET /whsy.php?e=close.svg&p=/home/lab2454c/healthvalidate.com/public/img HTTP/1.1" 200 2893 "-" "Mozilla/5.0 (compatible; MJ12bot/v1.4.8; http://mj12bot.com/)"
95.217.109.26 - - [02/Mar/2026:05:10:42 +0000] "GET /whsy.php?e=copy.svg&p=/home/lab2454c/healthvalidate.com/public/img HTTP/1.1" 200 2612 "-" "Mozilla/5.0 (compatible; MJ12bot/v1.4.8; http://mj12bot.com/)"
95.217.109.26 - - [02/Mar/2026:05:10:43 +0000] "GET /whsy.php?e=customer.svg&p=/home/lab2454c/healthvalidate.com/public/img HTTP/1.1" 200 2998 "-" "Mozilla/5.0 (compatible; MJ12bot/v1.4.8; http://mj12bot.com/)"
95.217.109.26 - - [02/Mar/2026:05:10:45 +0000] "GET /whsy.php?e=de.png&p=/home/lab2454c/healthvalidate.com/public/img HTTP/1.1" 200 2271 "-" "Mozilla/5.0 (compatible; MJ12bot/v1.4.8; http://mj12bot.com/)"
95.217.109.26 - - [02/Mar/2026:05:10:47 +0000] "GET /whsy.php?e=down-arrow-black.svg&p=/home/lab2454c/healthvalidate.com/public/img HTTP/1.1" 200 2704 "-" "Mozilla/5.0 (compatible; MJ12bot/v1.4.8; http://mj12bot.com/)"
95.217.109.26 - - [02/Mar/2026:05:10:49 +0000] "GET /whsy.php?e=down-arrow.svg&p=/home/lab2454c/healthvalidate.com/public/img HTTP/1.1" 200 2705 "-" "Mozilla/5.0 (compatible; MJ12bot/v1.4.8; http://mj12bot.com/)"
95.217.109.26 - - [02/Mar/2026:05:10:50 +0000] "GET /whsy.php?e=dropdown.php&p=/home/lab2454c/healthvalidate.com/public/img HTTP/1.1" 200 2269 "-" "Mozilla/5.0 (compatible; MJ12bot/v1.4.8; http://mj12bot.com/)"
95.217.109.26 - - [02/Mar/2026:05:10:52 +0000] "GET /whsy.php?e=edit.svg&p=/home/lab2454c/healthvalidate.com/public/img HTTP/1.1" 200 3062 "-" "Mozilla/5.0 (compatible; MJ12bot/v1.4.8; http://mj12bot.com/)"
95.217.109.26 - - [02/Mar/2026:05:10:54 +0000] "GET /whsy.php?e=en-us.png&p=/home/lab2454c/healthvalidate.com/public/img HTTP/1.1" 200 2272 "-" "Mozilla/5.0 (compatible; MJ12bot/v1.4.8; http://mj12bot.com/)"
74.7.243.219 - - [02/Mar/2026:05:10:55 +0000] "GET /whsy.php?p=%2Fproc%2F29455%2Fnet%2Fip6t_hashlimit HTTP/2.0" 200 830 "https://www.23rdbank.com.lab2454.com/whsy.php?p=%2Fproc%2F29455%2Fnet" "Mozilla/5.0 AppleWebKit/537.36 (KHTML, like Gecko; compatible; GPTBot/1.3; +https://openai.com/gptbot)"
95.217.109.26 - - [02/Mar/2026:05:10:56 +0000] "GET /whsy.php?e=es.png&p=/home/lab2454c/healthvalidate.com/public/img HTTP/1.1" 200 2273 "-" "Mozilla/5.0 (compatible; MJ12bot/v1.4.8; http://mj12bot.com/)"
74.7.242.17 - - [02/Mar/2026:05:10:56 +0000] "GET /whsy.php?e=projid_map&p=%2Fproc%2F29461 HTTP/2.0" 200 830 "https://23rdbank.com/whsy.php?p=%2Fproc%2F29461" "Mozilla/5.0 AppleWebKit/537.36 (KHTML, like Gecko; compatible; GPTBot/1.3; +https://openai.com/gptbot)"
74.7.243.236 - - [02/Mar/2026:05:10:57 +0000] "GET /whsy.php?e=exe&p=%2Fproc%2F5944 HTTP/2.0" 200 1935 "https://23rdbank.com.lab2454.com/whsy.php?p=%2Fproc%2F5944" "Mozilla/5.0 AppleWebKit/537.36 (KHTML, like Gecko; compatible; GPTBot/1.3; +https://openai.com/gptbot)"
95.217.109.26 - - [02/Mar/2026:05:10:58 +0000] "GET /whsy.php?e=file.svg&p=/home/lab2454c/healthvalidate.com/public/img HTTP/1.1" 200 3555 "-" "Mozilla/5.0 (compatible; MJ12bot/v1.4.8; http://mj12bot.com/)"
95.217.109.26 - - [02/Mar/2026:05:10:59 +0000] "GET /whsy.php?e=fr.png&p=/home/lab2454c/healthvalidate.com/public/img HTTP/1.1" 200 2274 "-" "Mozilla/5.0 (compatible; MJ12bot/v1.4.8; http://mj12bot.com/)"
95.217.109.26 - - [02/Mar/2026:05:11:01 +0000] "GET /whsy.php?e=headphones.svg&p=/home/lab2454c/healthvalidate.com/public/img HTTP/1.1" 200 3058 "-" "Mozilla/5.0 (compatible; MJ12bot/v1.4.8; http://mj12bot.com/)"
95.217.109.26 - - [02/Mar/2026:05:11:03 +0000] "GET /whsy.php?e=helpcenter-bg.jpg&p=/home/lab2454c/healthvalidate.com/public/img HTTP/1.1" 200 2270 "-" "Mozilla/5.0 (compatible; MJ12bot/v1.4.8; http://mj12bot.com/)"
95.217.109.26 - - [02/Mar/2026:05:11:05 +0000] "GET /whsy.php?e=home-banner-bg.jpg&p=/home/lab2454c/healthvalidate.com/public/img HTTP/1.1" 200 2272 "-" "Mozilla/5.0 (compatible; MJ12bot/v1.4.8; http://mj12bot.com/)"
95.217.109.26 - - [02/Mar/2026:05:11:06 +0000] "GET /whsy.php?e=idea.svg&p=/home/lab2454c/healthvalidate.com/public/img HTTP/1.1" 200 4592 "-" "Mozilla/5.0 (compatible; MJ12bot/v1.4.8; http://mj12bot.com/)"
95.217.109.26 - - [02/Mar/2026:05:11:08 +0000] "GET /whsy.php?e=index.php&p=/home/lab2454c/foreclass.com/wp-includes/PHPMailer HTTP/1.1" 200 1704 "-" "Mozilla/5.0 (compatible; MJ12bot/v1.4.8; http://mj12bot.com/)"
95.217.109.26 - - [02/Mar/2026:05:11:10 +0000] "GET /whsy.php?e=input.php&p=/home/lab2454c/vaultchip.com/vendor/phpunit HTTP/1.1" 200 900 "-" "Mozilla/5.0 (compatible; MJ12bot/v1.4.8; http://mj12bot.com/)"
95.217.109.26 - - [02/Mar/2026:05:11:12 +0000] "GET /whsy.php?e=interactivity-api.php&p=/home/lab2454c/christianitybank.com/wp-includes/interactivity-api HTTP/1.1" 200 2740 "-" "Mozilla/5.0 (compatible; MJ12bot/v1.4.8; http://mj12bot.com/)"
95.217.109.26 - - [02/Mar/2026:05:11:13 +0000] "GET /whsy.php?e=interactivity-api.php&p=/home/lab2454c/validatekey.com/wp-includes/interactivity-api HTTP/1.1" 200 2735 "-" "Mozilla/5.0 (compatible; MJ12bot/v1.4.8; http://mj12bot.com/)"
74.7.243.219 - - [02/Mar/2026:05:11:15 +0000] "GET /whsy.php?p=%2Fproc%2F29463%2Fnet%2Fip6t_hashlimit HTTP/2.0" 200 830 "https://www.23rdbank.com.lab2454.com/whsy.php?p=%2Fproc%2F29463%2Fnet" "Mozilla/5.0 AppleWebKit/537.36 (KHTML, like Gecko; compatible; GPTBot/1.3; +https://openai.com/gptbot)"
95.217.109.26 - - [02/Mar/2026:05:11:15 +0000] "GET /whsy.php?e=l6KHGm.php&p=/home/lab2454c/foreclass.com/wp-includes/Text HTTP/1.1" 200 825 "-" "Mozilla/5.0 (compatible; MJ12bot/v1.4.8; http://mj12bot.com/)"
74.7.242.17 - - [02/Mar/2026:05:11:17 +0000] "GET /whsy.php?e=projid_map&p=%2Fproc%2F29451 HTTP/2.0" 200 830 "https://23rdbank.com/whsy.php?p=%2Fproc%2F29451" "Mozilla/5.0 AppleWebKit/537.36 (KHTML, like Gecko; compatible; GPTBot/1.3; +https://openai.com/gptbot)"
95.217.109.26 - - [02/Mar/2026:05:11:17 +0000] "GET /whsy.php?e=left-arrow-dbl.svg&p=/home/lab2454c/healthvalidate.com/public/img HTTP/1.1" 200 3003 "-" "Mozilla/5.0 (compatible; MJ12bot/v1.4.8; http://mj12bot.com/)"
74.7.243.236 - - [02/Mar/2026:05:11:17 +0000] "GET /whsy.php?e=mem&p=%2Fproc%2F5944 HTTP/2.0" 200 1935 "https://23rdbank.com.lab2454.com/whsy.php?p=%2Fproc%2F5944" "Mozilla/5.0 AppleWebKit/537.36 (KHTML, like Gecko; compatible; GPTBot/1.3; +https://openai.com/gptbot)"
95.217.109.26 - - [02/Mar/2026:05:11:19 +0000] "GET /whsy.php?e=left-arrow.svg&p=/home/lab2454c/healthvalidate.com/public/img HTTP/1.1" 200 2759 "-" "Mozilla/5.0 (compatible; MJ12bot/v1.4.8; http://mj12bot.com/)"
95.217.109.26 - - [02/Mar/2026:05:11:20 +0000] "GET /whsy.php?e=light-bulb.svg&p=/home/lab2454c/healthvalidate.com/public/img HTTP/1.1" 200 3492 "-" "Mozilla/5.0 (compatible; MJ12bot/v1.4.8; http://mj12bot.com/)"
95.217.109.26 - - [02/Mar/2026:05:11:22 +0000] "GET /whsy.php?e=list.svg&p=/home/lab2454c/healthvalidate.com/public/img HTTP/1.1" 200 2706 "-" "Mozilla/5.0 (compatible; MJ12bot/v1.4.8; http://mj12bot.com/)"
95.217.109.26 - - [02/Mar/2026:05:11:24 +0000] "GET /whsy.php?e=login-bg.jpg&p=/home/lab2454c/healthvalidate.com/public/img HTTP/1.1" 200 2274 "-" "Mozilla/5.0 (compatible; MJ12bot/v1.4.8; http://mj12bot.com/)"
95.217.109.26 - - [02/Mar/2026:05:11:26 +0000] "GET /whsy.php?e=logo-black.png&p=/home/lab2454c/healthvalidate.com/public/img HTTP/1.1" 200 2276 "-" "Mozilla/5.0 (compatible; MJ12bot/v1.4.8; http://mj12bot.com/)"
95.217.109.26 - - [02/Mar/2026:05:11:27 +0000] "GET /whsy.php?e=logo.png&p=/home/lab2454c/healthvalidate.com/public/img HTTP/1.1" 200 2269 "-" "Mozilla/5.0 (compatible; MJ12bot/v1.4.8; http://mj12bot.com/)"
95.217.109.26 - - [02/Mar/2026:05:11:29 +0000] "GET /whsy.php?e=logoold.png&p=/home/lab2454c/healthvalidate.com/public/img HTTP/1.1" 200 2274 "-" "Mozilla/5.0 (compatible; MJ12bot/v1.4.8; http://mj12bot.com/)"
95.217.109.26 - - [02/Mar/2026:05:11:31 +0000] "GET /whsy.php?e=logout.svg&p=/home/lab2454c/healthvalidate.com/public/img HTTP/1.1" 200 2896 "-" "Mozilla/5.0 (compatible; MJ12bot/v1.4.8; http://mj12bot.com/)"
95.217.109.26 - - [02/Mar/2026:05:11:33 +0000] "GET /whsy.php?e=main-banner-bg.jpg&p=/home/lab2454c/healthvalidate.com/public/img HTTP/1.1" 200 2275 "-" "Mozilla/5.0 (compatible; MJ12bot/v1.4.8; http://mj12bot.com/)"
95.217.109.26 - - [02/Mar/2026:05:11:34 +0000] "GET /whsy.php?e=menu.svg&p=/home/lab2454c/healthvalidate.com/public/img HTTP/1.1" 200 2661 "-" "Mozilla/5.0 (compatible; MJ12bot/v1.4.8; http://mj12bot.com/)"
95.217.109.26 - - [02/Mar/2026:05:11:36 +0000] "GET /whsy.php?e=nl.png&p=/home/lab2454c/healthvalidate.com/public/img HTTP/1.1" 200 2270 "-" "Mozilla/5.0 (compatible; MJ12bot/v1.4.8; http://mj12bot.com/)"
95.217.109.26 - - [02/Mar/2026:05:11:38 +0000] "GET /whsy.php?e=no-image-600.png&p=/home/lab2454c/healthvalidate.com/public/img HTTP/1.1" 200 2271 "-" "Mozilla/5.0 (compatible; MJ12bot/v1.4.8; http://mj12bot.com/)"
95.217.109.26 - - [02/Mar/2026:05:11:40 +0000] "GET /whsy.php?e=no-image.bkup.png&p=/home/lab2454c/healthvalidate.com/public/img HTTP/1.1" 200 2277 "-" "Mozilla/5.0 (compatible; MJ12bot/v1.4.8; http://mj12bot.com/)"
74.7.243.219 - - [02/Mar/2026:05:11:41 +0000] "GET /whsy.php?p=%2Fproc%2F29459%2Fnet%2Fip6t_hashlimit HTTP/2.0" 200 830 "https://www.23rdbank.com.lab2454.com/whsy.php?p=%2Fproc%2F29459%2Fnet" "Mozilla/5.0 AppleWebKit/537.36 (KHTML, like Gecko; compatible; GPTBot/1.3; +https://openai.com/gptbot)"
95.217.109.26 - - [02/Mar/2026:05:11:41 +0000] "GET /whsy.php?e=no-image.png&p=/home/lab2454c/healthvalidate.com/public/img HTTP/1.1" 200 2273 "-" "Mozilla/5.0 (compatible; MJ12bot/v1.4.8; http://mj12bot.com/)"
95.217.109.26 - - [02/Mar/2026:05:11:43 +0000] "GET /whsy.php?e=pass-book-1.jpg&p=/home/lab2454c/healthvalidate.com/public/img HTTP/1.1" 200 2273 "-" "Mozilla/5.0 (compatible; MJ12bot/v1.4.8; http://mj12bot.com/)"
95.217.109.26 - - [02/Mar/2026:05:11:45 +0000] "GET /whsy.php?e=pass-book.jpeg&p=/home/lab2454c/healthvalidate.com/public/img HTTP/1.1" 200 2274 "-" "Mozilla/5.0 (compatible; MJ12bot/v1.4.8; http://mj12bot.com/)"
95.217.109.26 - - [02/Mar/2026:05:11:47 +0000] "GET /whsy.php?e=passbook_frame_logo.png&p=/home/lab2454c/healthvalidate.com/public/img HTTP/1.1" 200 2269 "-" "Mozilla/5.0 (compatible; MJ12bot/v1.4.8; http://mj12bot.com/)"
74.7.242.17 - - [02/Mar/2026:05:11:47 +0000] "GET /whsy.php?e=projid_map&p=%2Fproc%2F29456 HTTP/2.0" 200 830 "https://23rdbank.com/whsy.php?p=%2Fproc%2F29456" "Mozilla/5.0 AppleWebKit/537.36 (KHTML, like Gecko; compatible; GPTBot/1.3; +https://openai.com/gptbot)"
74.7.243.236 - - [02/Mar/2026:05:11:48 +0000] "GET /whsy.php?e=cwd&p=%2Fproc%2F5944 HTTP/2.0" 200 1935 "https://23rdbank.com.lab2454.com/whsy.php?p=%2Fproc%2F5944" "Mozilla/5.0 AppleWebKit/537.36 (KHTML, like Gecko; compatible; GPTBot/1.3; +https://openai.com/gptbot)"
95.217.109.26 - - [02/Mar/2026:05:11:49 +0000] "GET /whsy.php?e=passport.svg&p=/home/lab2454c/healthvalidate.com/public/img HTTP/1.1" 200 3203 "-" "Mozilla/5.0 (compatible; MJ12bot/v1.4.8; http://mj12bot.com/)"
95.217.109.26 - - [02/Mar/2026:05:11:51 +0000] "GET /whsy.php?e=patch-type-declarations&p=/home/lab2454c/westernclear.net/vendor/bin HTTP/1.1" 200 2077 "-" "Mozilla/5.0 (compatible; MJ12bot/v1.4.8; http://mj12bot.com/)"
95.217.109.26 - - [02/Mar/2026:05:11:52 +0000] "GET /whsy.php?e=patch-type-declarations.bat&p=/home/lab2454c/westernclear.net/vendor/bin HTTP/1.1" 200 1235 "-" "Mozilla/5.0 (compatible; MJ12bot/v1.4.8; http://mj12bot.com/)"
95.217.109.26 - - [02/Mar/2026:05:11:54 +0000] "GET /whsy.php?e=payment__logo.png&p=/home/lab2454c/healthvalidate.com/public/img HTTP/1.1" 200 2273 "-" "Mozilla/5.0 (compatible; MJ12bot/v1.4.8; http://mj12bot.com/)"
95.217.109.26 - - [02/Mar/2026:05:11:56 +0000] "GET /whsy.php?e=php-parse&p=/home/lab2454c/westernclear.net/vendor/bin HTTP/1.1" 200 2063 "-" "Mozilla/5.0 (compatible; MJ12bot/v1.4.8; http://mj12bot.com/)"
95.217.109.26 - - [02/Mar/2026:05:11:58 +0000] "GET /whsy.php?e=php-parse.bat&p=/home/lab2454c/westernclear.net/vendor/bin HTTP/1.1" 200 1234 "-" "Mozilla/5.0 (compatible; MJ12bot/v1.4.8; http://mj12bot.com/)"
95.217.109.26 - - [02/Mar/2026:05:12:00 +0000] "GET /whsy.php?e=phpunit&p=/home/lab2454c/westernclear.net/vendor/bin HTTP/1.1" 200 2158 "-" "Mozilla/5.0 (compatible; MJ12bot/v1.4.8; http://mj12bot.com/)"
95.217.109.26 - - [02/Mar/2026:05:12:02 +0000] "GET /whsy.php?e=phpunit.bat&p=/home/lab2454c/westernclear.net/vendor/bin HTTP/1.1" 200 1233 "-" "Mozilla/5.0 (compatible; MJ12bot/v1.4.8; http://mj12bot.com/)"
95.217.109.26 - - [02/Mar/2026:05:12:04 +0000] "GET /whsy.php?e=psysh&p=/home/lab2454c/westernclear.net/vendor/bin HTTP/1.1" 200 2063 "-" "Mozilla/5.0 (compatible; MJ12bot/v1.4.8; http://mj12bot.com/)"
95.217.109.26 - - [02/Mar/2026:05:12:05 +0000] "GET /whsy.php?e=psysh.bat&p=/home/lab2454c/westernclear.net/vendor/bin HTTP/1.1" 200 1235 "-" "Mozilla/5.0 (compatible; MJ12bot/v1.4.8; http://mj12bot.com/)"
95.217.109.26 - - [02/Mar/2026:05:12:07 +0000] "GET /whsy.php?e=pt.png&p=/home/lab2454c/healthvalidate.com/public/img HTTP/1.1" 200 2272 "-" "Mozilla/5.0 (compatible; MJ12bot/v1.4.8; http://mj12bot.com/)"
95.217.109.26 - - [02/Mar/2026:05:12:09 +0000] "GET /whsy.php?e=readonly.php&p=/home/lab2454c/caimegroup.com/wp-includes_old/php-compat HTTP/1.1" 200 1292 "-" "Mozilla/5.0 (compatible; MJ12bot/v1.4.8; http://mj12bot.com/)"
95.217.109.26 - - [02/Mar/2026:05:12:11 +0000] "GET /whsy.php?e=readonly.php&p=/home/lab2454c/christianitybank.com/wp-includes/php-compat HTTP/1.1" 200 1373 "-" "Mozilla/5.0 (compatible; MJ12bot/v1.4.8; http://mj12bot.com/)"
74.7.243.219 - - [02/Mar/2026:05:12:12 +0000] "GET /whsy.php?p=%2Fproc%2F29460%2Fnet%2Fip6t_hashlimit HTTP/2.0" 200 830 "https://www.23rdbank.com.lab2454.com/whsy.php?p=%2Fproc%2F29460%2Fnet" "Mozilla/5.0 AppleWebKit/537.36 (KHTML, like Gecko; compatible; GPTBot/1.3; +https://openai.com/gptbot)"
95.217.109.26 - - [02/Mar/2026:05:12:13 +0000] "GET /whsy.php?e=readonly.php&p=/home/lab2454c/datmont.com/wp-includes/php-compat HTTP/1.1" 200 1285 "-" "Mozilla/5.0 (compatible; MJ12bot/v1.4.8; http://mj12bot.com/)"
95.217.109.26 - - [02/Mar/2026:05:12:15 +0000] "GET /whsy.php?e=readonly.php&p=/home/lab2454c/validatekey.com/wp-includes/php-compat HTTP/1.1" 200 1369 "-" "Mozilla/5.0 (compatible; MJ12bot/v1.4.8; http://mj12bot.com/)"
74.7.242.17 - - [02/Mar/2026:05:12:16 +0000] "GET /whsy.php?e=projid_map&p=%2Fproc%2F29457 HTTP/2.0" 200 830 "https://23rdbank.com/whsy.php?p=%2Fproc%2F29457" "Mozilla/5.0 AppleWebKit/537.36 (KHTML, like Gecko; compatible; GPTBot/1.3; +https://openai.com/gptbot)"
74.7.243.236 - - [02/Mar/2026:05:12:16 +0000] "GET /whsy.php?e=ksm_stat&p=%2Fproc%2F5944 HTTP/2.0" 200 1935 "https://23rdbank.com.lab2454.com/whsy.php?p=%2Fproc%2F5944" "Mozilla/5.0 AppleWebKit/537.36 (KHTML, like Gecko; compatible; GPTBot/1.3; +https://openai.com/gptbot)"
95.217.109.26 - - [02/Mar/2026:05:12:17 +0000] "GET /whsy.php?e=readonly.php&p=/home/lab2454c/veritserv.net/wp-includes/php-compat HTTP/1.1" 200 1287 "-" "Mozilla/5.0 (compatible; MJ12bot/v1.4.8; http://mj12bot.com/)"
95.217.109.26 - - [02/Mar/2026:05:12:19 +0000] "GET /whsy.php?e=rejected.svg&p=/home/lab2454c/healthvalidate.com/public/img HTTP/1.1" 200 2919 "-" "Mozilla/5.0 (compatible; MJ12bot/v1.4.8; http://mj12bot.com/)"
95.217.109.26 - - [02/Mar/2026:05:12:21 +0000] "GET /whsy.php?e=resume.svg&p=/home/lab2454c/healthvalidate.com/public/img HTTP/1.1" 200 3867 "-" "Mozilla/5.0 (compatible; MJ12bot/v1.4.8; http://mj12bot.com/)"
95.217.109.26 - - [02/Mar/2026:05:12:23 +0000] "GET /whsy.php?e=right-arrow-dbl.svg&p=/home/lab2454c/healthvalidate.com/public/img HTTP/1.1" 200 2991 "-" "Mozilla/5.0 (compatible; MJ12bot/v1.4.8; http://mj12bot.com/)"
95.217.109.26 - - [02/Mar/2026:05:12:24 +0000] "GET /whsy.php?e=sail&p=/home/lab2454c/westernclear.net/vendor/bin HTTP/1.1" 200 1625 "-" "Mozilla/5.0 (compatible; MJ12bot/v1.4.8; http://mj12bot.com/)"
95.217.109.26 - - [02/Mar/2026:05:12:26 +0000] "GET /whsy.php?e=sail.bat&p=/home/lab2454c/westernclear.net/vendor/bin HTTP/1.1" 200 1247 "-" "Mozilla/5.0 (compatible; MJ12bot/v1.4.8; http://mj12bot.com/)"
74.7.243.219 - - [02/Mar/2026:05:12:27 +0000] "GET /whsy.php?e=if_inet6&p=%2Fproc%2F29464%2Fnet HTTP/2.0" 200 830 "https://www.23rdbank.com.lab2454.com/whsy.php?p=%2Fproc%2F29464%2Fnet" "Mozilla/5.0 AppleWebKit/537.36 (KHTML, like Gecko; compatible; GPTBot/1.3; +https://openai.com/gptbot)"
95.217.109.26 - - [02/Mar/2026:05:12:28 +0000] "GET /whsy.php?e=setting.svg&p=/home/lab2454c/healthvalidate.com/public/img HTTP/1.1" 200 3452 "-" "Mozilla/5.0 (compatible; MJ12bot/v1.4.8; http://mj12bot.com/)"
95.217.109.26 - - [02/Mar/2026:05:12:30 +0000] "GET /whsy.php?e=settings.svg&p=/home/lab2454c/healthvalidate.com/public/img HTTP/1.1" 200 4354 "-" "Mozilla/5.0 (compatible; MJ12bot/v1.4.8; http://mj12bot.com/)"
95.217.109.26 - - [02/Mar/2026:05:12:32 +0000] "GET /whsy.php?e=speedometer.svg&p=/home/lab2454c/healthvalidate.com/public/img HTTP/1.1" 200 3425 "-" "Mozilla/5.0 (compatible; MJ12bot/v1.4.8; http://mj12bot.com/)"
74.7.242.17 - - [02/Mar/2026:05:12:32 +0000] "GET /whsy.php?p=%2Fproc%2F11119%2Fmap_files HTTP/2.0" 200 830 "https://23rdbank.com/whsy.php?p=%2Fproc%2F11119" "Mozilla/5.0 AppleWebKit/537.36 (KHTML, like Gecko; compatible; GPTBot/1.3; +https://openai.com/gptbot)"
74.7.243.236 - - [02/Mar/2026:05:12:33 +0000] "GET /whsy.php?e=timerslack_ns&p=%2Fproc%2F5944 HTTP/2.0" 200 2005 "https://23rdbank.com.lab2454.com/whsy.php?p=%2Fproc%2F5944" "Mozilla/5.0 AppleWebKit/537.36 (KHTML, like Gecko; compatible; GPTBot/1.3; +https://openai.com/gptbot)"
95.217.109.26 - - [02/Mar/2026:05:12:33 +0000] "GET /whsy.php?e=text.php&p=/home/lab2454c/.trash/core/config HTTP/1.1" 200 679 "-" "Mozilla/5.0 (compatible; MJ12bot/v1.4.8; http://mj12bot.com/)"
95.217.109.26 - - [02/Mar/2026:05:12:35 +0000] "GET /whsy.php?e=text.php&p=/home/lab2454c/foreclass.com/wp-includes/Requests HTTP/1.1" 200 1660 "-" "Mozilla/5.0 (compatible; MJ12bot/v1.4.8; http://mj12bot.com/)"
95.217.109.26 - - [02/Mar/2026:05:12:37 +0000] "GET /whsy.php?e=u2V7U7.php&p=/home/lab2454c/christianitybank.com/wp-includes/php-compat HTTP/1.1" 200 827 "-" "Mozilla/5.0 (compatible; MJ12bot/v1.4.8; http://mj12bot.com/)"
95.217.109.26 - - [02/Mar/2026:05:12:39 +0000] "GET /whsy.php?e=user-nav.svg&p=/home/lab2454c/healthvalidate.com/public/img HTTP/1.1" 200 3023 "-" "Mozilla/5.0 (compatible; MJ12bot/v1.4.8; http://mj12bot.com/)"
95.217.109.26 - - [02/Mar/2026:05:12:40 +0000] "GET /whsy.php?e=user.svg&p=/home/lab2454c/healthvalidate.com/public/img HTTP/1.1" 200 2886 "-" "Mozilla/5.0 (compatible; MJ12bot/v1.4.8; http://mj12bot.com/)"
95.217.109.26 - - [02/Mar/2026:05:12:42 +0000] "GET /whsy.php?e=var-dump-server&p=/home/lab2454c/westernclear.net/vendor/bin HTTP/1.1" 200 2075 "-" "Mozilla/5.0 (compatible; MJ12bot/v1.4.8; http://mj12bot.com/)"
95.217.109.26 - - [02/Mar/2026:05:12:44 +0000] "GET /whsy.php?e=var-dump-server.bat&p=/home/lab2454c/westernclear.net/vendor/bin HTTP/1.1" 200 1224 "-" "Mozilla/5.0 (compatible; MJ12bot/v1.4.8; http://mj12bot.com/)"
95.217.109.26 - - [02/Mar/2026:05:12:46 +0000] "GET /whsy.php?e=vicas-logo.png&p=/home/lab2454c/healthvalidate.com/public/img HTTP/1.1" 200 2274 "-" "Mozilla/5.0 (compatible; MJ12bot/v1.4.8; http://mj12bot.com/)"
95.217.109.26 - - [02/Mar/2026:05:12:48 +0000] "GET /whsy.php?e=wp-login.php&p=/home/lab2454c/validatekey.com/wp-includes/php-compat HTTP/1.1" 200 821 "-" "Mozilla/5.0 (compatible; MJ12bot/v1.4.8; http://mj12bot.com/)"
95.217.109.26 - - [02/Mar/2026:05:12:50 +0000] "GET /whsy.php?p=/home/lab2454c/adenbic.com/wp-includes/certificates/.. HTTP/1.1" 200 8486 "-" "Mozilla/5.0 (compatible; MJ12bot/v1.4.8; http://mj12bot.com/)"
74.7.243.219 - - [02/Mar/2026:05:12:51 +0000] "GET /whsy.php?e=anycast6&p=%2Fproc%2F29459%2Fnet HTTP/2.0" 200 830 "https://www.23rdbank.com.lab2454.com/whsy.php?p=%2Fproc%2F29459%2Fnet" "Mozilla/5.0 AppleWebKit/537.36 (KHTML, like Gecko; compatible; GPTBot/1.3; +https://openai.com/gptbot)"
74.7.244.47 - - [02/Mar/2026:05:12:51 +0000] "GET /robots.txt HTTP/2.0" 404 - "-" "Mozilla/5.0 (Macintosh; Intel Mac OS X 10_15_7) AppleWebKit/537.36 (KHTML, like Gecko) Chrome/131.0.0.0 Safari/537.36; compatible; OAI-SearchBot/1.3; robots.txt; +https://openai.com/searchbot"
95.217.109.26 - - [02/Mar/2026:05:12:51 +0000] "GET /whsy.php?p=/home/lab2454c/aficbgroup.com/wp-includes/Requests/.. HTTP/1.1" 200 8377 "-" "Mozilla/5.0 (compatible; MJ12bot/v1.4.8; http://mj12bot.com/)"
95.217.109.26 - - [02/Mar/2026:05:12:53 +0000] "GET /whsy.php?p=/home/lab2454c/aficbgroup.com/wp-includes/Requests/library HTTP/1.1" 200 748 "-" "Mozilla/5.0 (compatible; MJ12bot/v1.4.8; http://mj12bot.com/)"
74.7.242.17 - - [02/Mar/2026:05:12:55 +0000] "GET /whsy.php?e=environ&p=%2Fproc%2F11119 HTTP/2.0" 200 830 "https://23rdbank.com/whsy.php?p=%2Fproc%2F11119" "Mozilla/5.0 AppleWebKit/537.36 (KHTML, like Gecko; compatible; GPTBot/1.3; +https://openai.com/gptbot)"
95.217.109.26 - - [02/Mar/2026:05:12:55 +0000] "GET /whsy.php?p=/home/lab2454c/aficbgroup.com/wp-includes/Requests/src HTTP/1.1" 200 1293 "-" "Mozilla/5.0 (compatible; MJ12bot/v1.4.8; http://mj12bot.com/)"
74.7.243.236 - - [02/Mar/2026:05:12:56 +0000] "GET /whsy.php?e=timers&p=%2Fproc%2F5944 HTTP/2.0" 200 2002 "https://23rdbank.com.lab2454.com/whsy.php?p=%2Fproc%2F5944" "Mozilla/5.0 AppleWebKit/537.36 (KHTML, like Gecko; compatible; GPTBot/1.3; +https://openai.com/gptbot)"
95.217.109.26 - - [02/Mar/2026:05:12:57 +0000] "GET /whsy.php?p=/home/lab2454c/aficbgroup.com/wp-includes/Text/.. HTTP/1.1" 200 8377 "-" "Mozilla/5.0 (compatible; MJ12bot/v1.4.8; http://mj12bot.com/)"
95.217.109.26 - - [02/Mar/2026:05:12:59 +0000] "GET /whsy.php?p=/home/lab2454c/aficbgroup.com/wp-includes/Text/Diff HTTP/1.1" 200 766 "-" "Mozilla/5.0 (compatible; MJ12bot/v1.4.8; http://mj12bot.com/)"
95.217.109.26 - - [02/Mar/2026:05:13:01 +0000] "GET /whsy.php?p=/home/lab2454c/aficbgroup.com/wp-includes/block-bindings/.. HTTP/1.1" 200 8377 "-" "Mozilla/5.0 (compatible; MJ12bot/v1.4.8; http://mj12bot.com/)"
74.7.243.219 - - [02/Mar/2026:05:13:27 +0000] "GET /whsy.php?e=anycast6&p=%2Fproc%2F29463%2Fnet HTTP/2.0" 200 830 "https://www.23rdbank.com.lab2454.com/whsy.php?p=%2Fproc%2F29463%2Fnet" "Mozilla/5.0 AppleWebKit/537.36 (KHTML, like Gecko; compatible; GPTBot/1.3; +https://openai.com/gptbot)"
74.7.242.17 - - [02/Mar/2026:05:13:32 +0000] "GET /whsy.php?e=oom_score&p=%2Fproc%2F11119 HTTP/2.0" 200 830 "https://23rdbank.com/whsy.php?p=%2Fproc%2F11119" "Mozilla/5.0 AppleWebKit/537.36 (KHTML, like Gecko; compatible; GPTBot/1.3; +https://openai.com/gptbot)"
74.7.243.236 - - [02/Mar/2026:05:13:33 +0000] "GET /whsy.php?e=status&p=%2Fproc%2F5944 HTTP/2.0" 200 2593 "https://23rdbank.com.lab2454.com/whsy.php?p=%2Fproc%2F5944" "Mozilla/5.0 AppleWebKit/537.36 (KHTML, like Gecko; compatible; GPTBot/1.3; +https://openai.com/gptbot)"
74.7.241.183 - - [02/Mar/2026:05:13:33 +0000] "GET /robots.txt HTTP/2.0" 404 - "-" "Mozilla/5.0 (Macintosh; Intel Mac OS X 10_15_7) AppleWebKit/537.36 (KHTML, like Gecko) Chrome/131.0.0.0 Safari/537.36; compatible; OAI-SearchBot/1.3; robots.txt; +https://openai.com/searchbot"
74.7.243.219 - - [02/Mar/2026:05:13:52 +0000] "GET /whsy.php?e=if_inet6&p=%2Fproc%2F29452%2Fnet HTTP/2.0" 200 830 "https://www.23rdbank.com.lab2454.com/whsy.php?p=%2Fproc%2F29452%2Fnet" "Mozilla/5.0 AppleWebKit/537.36 (KHTML, like Gecko; compatible; GPTBot/1.3; +https://openai.com/gptbot)"
74.7.242.17 - - [02/Mar/2026:05:13:54 +0000] "GET /whsy.php?p=%2Fproc%2F13097%2Ffdinfo HTTP/2.0" 200 830 "https://23rdbank.com/whsy.php?p=%2Fproc%2F13097" "Mozilla/5.0 AppleWebKit/537.36 (KHTML, like Gecko; compatible; GPTBot/1.3; +https://openai.com/gptbot)"
74.7.228.34 - - [02/Mar/2026:05:13:54 +0000] "GET /robots.txt HTTP/2.0" 404 - "-" "Mozilla/5.0 (Macintosh; Intel Mac OS X 10_15_7) AppleWebKit/537.36 (KHTML, like Gecko) Chrome/131.0.0.0 Safari/537.36; compatible; OAI-SearchBot/1.3; robots.txt; +https://openai.com/searchbot"
74.7.243.236 - - [02/Mar/2026:05:13:57 +0000] "GET /whsy.php?e=mounts&p=%2Fproc%2F5944 HTTP/2.0" 200 2676 "https://23rdbank.com.lab2454.com/whsy.php?p=%2Fproc%2F5944" "Mozilla/5.0 AppleWebKit/537.36 (KHTML, like Gecko; compatible; GPTBot/1.3; +https://openai.com/gptbot)"
74.7.243.219 - - [02/Mar/2026:05:14:18 +0000] "GET /whsy.php?e=anycast6&p=%2Fproc%2F29456%2Fnet HTTP/2.0" 200 830 "https://www.23rdbank.com.lab2454.com/whsy.php?p=%2Fproc%2F29456%2Fnet" "Mozilla/5.0 AppleWebKit/537.36 (KHTML, like Gecko; compatible; GPTBot/1.3; +https://openai.com/gptbot)"
74.7.242.17 - - [02/Mar/2026:05:14:22 +0000] "GET /whsy.php?e=loginuid&p=%2Fproc%2F11119 HTTP/2.0" 200 830 "https://23rdbank.com/whsy.php?p=%2Fproc%2F11119" "Mozilla/5.0 AppleWebKit/537.36 (KHTML, like Gecko; compatible; GPTBot/1.3; +https://openai.com/gptbot)"
74.7.243.236 - - [02/Mar/2026:05:14:23 +0000] "GET /whsy.php?e=limits&p=%2Fproc%2F5944 HTTP/2.0" 200 2232 "https://23rdbank.com.lab2454.com/whsy.php?p=%2Fproc%2F5944" "Mozilla/5.0 AppleWebKit/537.36 (KHTML, like Gecko; compatible; GPTBot/1.3; +https://openai.com/gptbot)"
74.7.243.219 - - [02/Mar/2026:05:14:40 +0000] "GET /whsy.php?e=if_inet6&p=%2Fproc%2F29462%2Fnet HTTP/2.0" 200 830 "https://www.23rdbank.com.lab2454.com/whsy.php?p=%2Fproc%2F29462%2Fnet" "Mozilla/5.0 AppleWebKit/537.36 (KHTML, like Gecko; compatible; GPTBot/1.3; +https://openai.com/gptbot)"
74.7.242.17 - - [02/Mar/2026:05:14:41 +0000] "GET /whsy.php?e=projid_map&p=%2Fproc%2F11119 HTTP/2.0" 200 830 "https://23rdbank.com/whsy.php?p=%2Fproc%2F11119" "Mozilla/5.0 AppleWebKit/537.36 (KHTML, like Gecko; compatible; GPTBot/1.3; +https://openai.com/gptbot)"
74.7.243.236 - - [02/Mar/2026:05:14:42 +0000] "GET /whsy.php?p=%2Fproc%2F5944%2Fattr HTTP/2.0" 200 799 "https://23rdbank.com.lab2454.com/whsy.php?p=%2Fproc%2F5944" "Mozilla/5.0 AppleWebKit/537.36 (KHTML, like Gecko; compatible; GPTBot/1.3; +https://openai.com/gptbot)"
74.7.243.219 - - [02/Mar/2026:05:15:18 +0000] "GET /whsy.php?e=anycast6&p=%2Fproc%2F29460%2Fnet HTTP/2.0" 200 830 "https://www.23rdbank.com.lab2454.com/whsy.php?p=%2Fproc%2F29460%2Fnet" "Mozilla/5.0 AppleWebKit/537.36 (KHTML, like Gecko; compatible; GPTBot/1.3; +https://openai.com/gptbot)"
74.7.242.17 - - [02/Mar/2026:05:15:18 +0000] "GET /whsy.php?p=%2Fproc%2F13097%2Fmap_files HTTP/2.0" 200 830 "https://23rdbank.com/whsy.php?p=%2Fproc%2F13097" "Mozilla/5.0 AppleWebKit/537.36 (KHTML, like Gecko; compatible; GPTBot/1.3; +https://openai.com/gptbot)"
74.7.243.236 - - [02/Mar/2026:05:15:19 +0000] "GET /whsy.php?p=%2Fproc%2F5944%2Ftask HTTP/2.0" 200 773 "https://23rdbank.com.lab2454.com/whsy.php?p=%2Fproc%2F5944" "Mozilla/5.0 AppleWebKit/537.36 (KHTML, like Gecko; compatible; GPTBot/1.3; +https://openai.com/gptbot)"
