216.73.216.214 - - [02/Mar/2026:04:34:14 +0000] "GET /whsy.php HTTP/2.0" 200 830 "-" "Mozilla/5.0 AppleWebKit/537.36 (KHTML, like Gecko; compatible; ClaudeBot/1.0; +claudebot@anthropic.com)"
74.7.243.219 - - [02/Mar/2026:04:34:25 +0000] "GET /whsy.php?p=%2Fproc%2F29463%2Fnet%2Fnetfilter HTTP/2.0" 200 830 "https://www.23rdbank.com.lab2454.com/whsy.php?p=%2Fproc%2F29463%2Fnet" "Mozilla/5.0 AppleWebKit/537.36 (KHTML, like Gecko; compatible; GPTBot/1.3; +https://openai.com/gptbot)"
74.7.244.47 - - [02/Mar/2026:04:34:26 +0000] "GET /robots.txt HTTP/2.0" 404 - "-" "Mozilla/5.0 (Macintosh; Intel Mac OS X 10_15_7) AppleWebKit/537.36 (KHTML, like Gecko) Chrome/131.0.0.0 Safari/537.36; compatible; OAI-SearchBot/1.3; robots.txt; +https://openai.com/searchbot"
74.7.242.17 - - [02/Mar/2026:04:34:29 +0000] "GET /whsy.php?p=%2Fproc%2F30032%2Ffd HTTP/2.0" 200 830 "https://23rdbank.com/whsy.php?p=%2Fproc%2F30032" "Mozilla/5.0 AppleWebKit/537.36 (KHTML, like Gecko; compatible; GPTBot/1.3; +https://openai.com/gptbot)"
74.7.243.236 - - [02/Mar/2026:04:34:30 +0000] "GET /whsy.php?p=%2Fproc%2F9749 HTTP/2.0" 200 830 "https://23rdbank.com.lab2454.com/whsy.php?p=%2Fproc%2F16231%2F.." "Mozilla/5.0 AppleWebKit/537.36 (KHTML, like Gecko; compatible; GPTBot/1.3; +https://openai.com/gptbot)"
74.7.243.219 - - [02/Mar/2026:04:34:48 +0000] "GET /whsy.php?p=%2Fproc%2F29460%2Fnet%2Fnetfilter HTTP/2.0" 200 830 "https://www.23rdbank.com.lab2454.com/whsy.php?p=%2Fproc%2F29460%2Fnet" "Mozilla/5.0 AppleWebKit/537.36 (KHTML, like Gecko; compatible; GPTBot/1.3; +https://openai.com/gptbot)"
74.7.242.17 - - [02/Mar/2026:04:34:55 +0000] "GET /whsy.php?p=%2Fproc%2F20973%2Fns HTTP/2.0" 200 830 "https://23rdbank.com/whsy.php?p=%2Fproc%2F20973" "Mozilla/5.0 AppleWebKit/537.36 (KHTML, like Gecko; compatible; GPTBot/1.3; +https://openai.com/gptbot)"
74.7.243.236 - - [02/Mar/2026:04:34:55 +0000] "GET /whsy.php?p=%2Fproc%2F6487 HTTP/2.0" 200 830 "https://23rdbank.com.lab2454.com/whsy.php?p=%2Fproc%2F11330%2F.." "Mozilla/5.0 AppleWebKit/537.36 (KHTML, like Gecko; compatible; GPTBot/1.3; +https://openai.com/gptbot)"
74.7.228.34 - - [02/Mar/2026:04:34:56 +0000] "GET /robots.txt HTTP/2.0" 404 - "-" "Mozilla/5.0 (Macintosh; Intel Mac OS X 10_15_7) AppleWebKit/537.36 (KHTML, like Gecko) Chrome/131.0.0.0 Safari/537.36; compatible; OAI-SearchBot/1.3; robots.txt; +https://openai.com/searchbot"
216.73.216.214 - - [02/Mar/2026:04:35:05 +0000] "GET /cgi-bin HTTP/2.0" 301 277 "-" "Mozilla/5.0 AppleWebKit/537.36 (KHTML, like Gecko; compatible; ClaudeBot/1.0; +claudebot@anthropic.com)"
216.73.216.214 - - [02/Mar/2026:04:35:05 +0000] "GET /?C=N&O=D HTTP/2.0" 200 402 "-" "Mozilla/5.0 AppleWebKit/537.36 (KHTML, like Gecko; compatible; ClaudeBot/1.0; +claudebot@anthropic.com)"
216.73.216.214 - - [02/Mar/2026:04:35:05 +0000] "GET /cgi-bin/ HTTP/2.0" 404 - "https://23rdbank.com/cgi-bin" "Mozilla/5.0 AppleWebKit/537.36 (KHTML, like Gecko; compatible; ClaudeBot/1.0; +claudebot@anthropic.com)"
74.7.243.219 - - [02/Mar/2026:04:35:16 +0000] "GET /whsy.php?e=rt_acct&p=%2Fproc%2F29463%2Fnet HTTP/2.0" 200 830 "https://www.23rdbank.com.lab2454.com/whsy.php?p=%2Fproc%2F29463%2Fnet" "Mozilla/5.0 AppleWebKit/537.36 (KHTML, like Gecko; compatible; GPTBot/1.3; +https://openai.com/gptbot)"
74.7.242.17 - - [02/Mar/2026:04:35:23 +0000] "GET /whsy.php?p=%2Fproc%2F20973%2Ffd HTTP/2.0" 200 830 "https://23rdbank.com/whsy.php?p=%2Fproc%2F20973" "Mozilla/5.0 AppleWebKit/537.36 (KHTML, like Gecko; compatible; GPTBot/1.3; +https://openai.com/gptbot)"
74.7.243.236 - - [02/Mar/2026:04:35:24 +0000] "GET /whsy.php?p=%2Fproc%2F2574 HTTP/2.0" 200 830 "https://23rdbank.com.lab2454.com/whsy.php?p=%2Fproc%2F27757%2F.." "Mozilla/5.0 AppleWebKit/537.36 (KHTML, like Gecko; compatible; GPTBot/1.3; +https://openai.com/gptbot)"
74.7.243.219 - - [02/Mar/2026:04:35:50 +0000] "GET /whsy.php?e=rt_acct&p=%2Fproc%2F29460%2Fnet HTTP/2.0" 200 830 "https://www.23rdbank.com.lab2454.com/whsy.php?p=%2Fproc%2F29460%2Fnet" "Mozilla/5.0 AppleWebKit/537.36 (KHTML, like Gecko; compatible; GPTBot/1.3; +https://openai.com/gptbot)"
216.73.216.214 - - [02/Mar/2026:04:36:03 +0000] "GET /?C=D&O=A HTTP/2.0" 200 401 "-" "Mozilla/5.0 AppleWebKit/537.36 (KHTML, like Gecko; compatible; ClaudeBot/1.0; +claudebot@anthropic.com)"
74.7.242.17 - - [02/Mar/2026:04:36:04 +0000] "GET /whsy.php?p=%2Fproc%2F29456%2Ffd HTTP/2.0" 200 830 "https://23rdbank.com/whsy.php?p=%2Fproc%2F29456" "Mozilla/5.0 AppleWebKit/537.36 (KHTML, like Gecko; compatible; GPTBot/1.3; +https://openai.com/gptbot)"
74.7.243.236 - - [02/Mar/2026:04:36:06 +0000] "GET /whsy.php?p=%2Fproc%2F6421 HTTP/2.0" 200 830 "https://23rdbank.com.lab2454.com/whsy.php?p=%2Fproc%2F16769%2F.." "Mozilla/5.0 AppleWebKit/537.36 (KHTML, like Gecko; compatible; GPTBot/1.3; +https://openai.com/gptbot)"
74.7.243.219 - - [02/Mar/2026:04:36:38 +0000] "GET /whsy.php?p=%2Fproc%2F29455%2Fnet%2Fnetfilter HTTP/2.0" 200 830 "https://www.23rdbank.com.lab2454.com/whsy.php?p=%2Fproc%2F29455%2Fnet" "Mozilla/5.0 AppleWebKit/537.36 (KHTML, like Gecko; compatible; GPTBot/1.3; +https://openai.com/gptbot)"
74.7.242.17 - - [02/Mar/2026:04:36:41 +0000] "GET /whsy.php?p=%2Fproc%2F29464%2Ffd HTTP/2.0" 200 830 "https://23rdbank.com/whsy.php?p=%2Fproc%2F29464" "Mozilla/5.0 AppleWebKit/537.36 (KHTML, like Gecko; compatible; GPTBot/1.3; +https://openai.com/gptbot)"
74.7.243.236 - - [02/Mar/2026:04:36:42 +0000] "GET /whsy.php?p=%2Fproc%2F2053 HTTP/2.0" 200 830 "https://23rdbank.com.lab2454.com/whsy.php?p=%2Fproc%2F27757%2F.." "Mozilla/5.0 AppleWebKit/537.36 (KHTML, like Gecko; compatible; GPTBot/1.3; +https://openai.com/gptbot)"
216.73.216.214 - - [02/Mar/2026:04:36:50 +0000] "GET /?C=S&O=A HTTP/2.0" 200 401 "-" "Mozilla/5.0 AppleWebKit/537.36 (KHTML, like Gecko; compatible; ClaudeBot/1.0; +claudebot@anthropic.com)"
74.7.243.219 - - [02/Mar/2026:04:37:20 +0000] "GET /whsy.php?p=%2Fproc%2F29464%2Fnet%2Fnetfilter HTTP/2.0" 200 830 "https://www.23rdbank.com.lab2454.com/whsy.php?p=%2Fproc%2F29464%2Fnet" "Mozilla/5.0 AppleWebKit/537.36 (KHTML, like Gecko; compatible; GPTBot/1.3; +https://openai.com/gptbot)"
74.7.242.17 - - [02/Mar/2026:04:37:23 +0000] "GET /whsy.php?p=%2Fproc%2F29464%2Fns HTTP/2.0" 200 830 "https://23rdbank.com/whsy.php?p=%2Fproc%2F29464" "Mozilla/5.0 AppleWebKit/537.36 (KHTML, like Gecko; compatible; GPTBot/1.3; +https://openai.com/gptbot)"
74.7.243.236 - - [02/Mar/2026:04:37:24 +0000] "GET /whsy.php?p=%2Fproc%2F6683 HTTP/2.0" 200 830 "https://23rdbank.com.lab2454.com/whsy.php?p=%2Fproc%2F16769%2F.." "Mozilla/5.0 AppleWebKit/537.36 (KHTML, like Gecko; compatible; GPTBot/1.3; +https://openai.com/gptbot)"
74.7.243.219 - - [02/Mar/2026:04:38:04 +0000] "GET /whsy.php?p=%2Fproc%2F29459%2Fnet%2Fnetfilter HTTP/2.0" 200 830 "https://www.23rdbank.com.lab2454.com/whsy.php?p=%2Fproc%2F29459%2Fnet" "Mozilla/5.0 AppleWebKit/537.36 (KHTML, like Gecko; compatible; GPTBot/1.3; +https://openai.com/gptbot)"
74.7.242.17 - - [02/Mar/2026:04:38:09 +0000] "GET /whsy.php?p=%2Fproc%2F29457%2Fns HTTP/2.0" 200 830 "https://23rdbank.com/whsy.php?p=%2Fproc%2F29457" "Mozilla/5.0 AppleWebKit/537.36 (KHTML, like Gecko; compatible; GPTBot/1.3; +https://openai.com/gptbot)"
74.7.243.236 - - [02/Mar/2026:04:38:11 +0000] "GET /whsy.php?p=%2Fproc%2F2675 HTTP/2.0" 200 830 "https://23rdbank.com.lab2454.com/whsy.php?p=%2Fproc%2F27757%2F.." "Mozilla/5.0 AppleWebKit/537.36 (KHTML, like Gecko; compatible; GPTBot/1.3; +https://openai.com/gptbot)"
74.7.243.219 - - [02/Mar/2026:04:38:48 +0000] "GET /whsy.php?p=%2Fproc%2F29459%2Fmap_files HTTP/2.0" 200 830 "https://www.23rdbank.com.lab2454.com/whsy.php?p=%2Fproc%2F29459" "Mozilla/5.0 AppleWebKit/537.36 (KHTML, like Gecko; compatible; GPTBot/1.3; +https://openai.com/gptbot)"
74.7.242.17 - - [02/Mar/2026:04:38:52 +0000] "GET /whsy.php?p=%2Fproc%2F29455%2Ffd HTTP/2.0" 200 830 "https://23rdbank.com/whsy.php?p=%2Fproc%2F29455" "Mozilla/5.0 AppleWebKit/537.36 (KHTML, like Gecko; compatible; GPTBot/1.3; +https://openai.com/gptbot)"
74.7.243.236 - - [02/Mar/2026:04:38:58 +0000] "GET /whsy.php?p=%2Fproc%2F8211 HTTP/2.0" 200 830 "https://23rdbank.com.lab2454.com/whsy.php?p=%2Fproc%2F24535%2F.." "Mozilla/5.0 AppleWebKit/537.36 (KHTML, like Gecko; compatible; GPTBot/1.3; +https://openai.com/gptbot)"
74.7.241.183 - - [02/Mar/2026:04:38:59 +0000] "GET /robots.txt HTTP/2.0" 404 - "-" "Mozilla/5.0 (Macintosh; Intel Mac OS X 10_15_7) AppleWebKit/537.36 (KHTML, like Gecko) Chrome/131.0.0.0 Safari/537.36; compatible; OAI-SearchBot/1.3; robots.txt; +https://openai.com/searchbot"
74.7.243.219 - - [02/Mar/2026:04:39:35 +0000] "GET /whsy.php?p=%2Fproc%2F29464%2Fmap_files HTTP/2.0" 200 830 "https://www.23rdbank.com.lab2454.com/whsy.php?p=%2Fproc%2F29464" "Mozilla/5.0 AppleWebKit/537.36 (KHTML, like Gecko; compatible; GPTBot/1.3; +https://openai.com/gptbot)"
74.7.244.47 - - [02/Mar/2026:04:39:36 +0000] "GET /robots.txt HTTP/2.0" 404 - "-" "Mozilla/5.0 (Macintosh; Intel Mac OS X 10_15_7) AppleWebKit/537.36 (KHTML, like Gecko) Chrome/131.0.0.0 Safari/537.36; compatible; OAI-SearchBot/1.3; robots.txt; +https://openai.com/searchbot"
74.7.242.17 - - [02/Mar/2026:04:39:45 +0000] "GET /whsy.php?p=%2Fproc%2F29460%2Fns HTTP/2.0" 200 830 "https://23rdbank.com/whsy.php?p=%2Fproc%2F29460" "Mozilla/5.0 AppleWebKit/537.36 (KHTML, like Gecko; compatible; GPTBot/1.3; +https://openai.com/gptbot)"
74.7.243.236 - - [02/Mar/2026:04:39:50 +0000] "GET /whsy.php?p=%2Fproc%2F2803 HTTP/2.0" 200 830 "https://23rdbank.com.lab2454.com/whsy.php?p=%2Fproc%2F18632%2F.." "Mozilla/5.0 AppleWebKit/537.36 (KHTML, like Gecko; compatible; GPTBot/1.3; +https://openai.com/gptbot)"
74.7.243.219 - - [02/Mar/2026:04:40:47 +0000] "GET /whsy.php?p=%2Fproc%2F29455%2Fmap_files HTTP/2.0" 200 830 "https://www.23rdbank.com.lab2454.com/whsy.php?p=%2Fproc%2F29455" "Mozilla/5.0 AppleWebKit/537.36 (KHTML, like Gecko; compatible; GPTBot/1.3; +https://openai.com/gptbot)"
74.7.242.17 - - [02/Mar/2026:04:41:05 +0000] "GET /whsy.php?p=%2Fproc%2F30032%2Fns HTTP/2.0" 200 830 "https://23rdbank.com/whsy.php?p=%2Fproc%2F30032" "Mozilla/5.0 AppleWebKit/537.36 (KHTML, like Gecko; compatible; GPTBot/1.3; +https://openai.com/gptbot)"
74.7.228.34 - - [02/Mar/2026:04:41:05 +0000] "GET /robots.txt HTTP/2.0" 404 - "-" "Mozilla/5.0 (Macintosh; Intel Mac OS X 10_15_7) AppleWebKit/537.36 (KHTML, like Gecko) Chrome/131.0.0.0 Safari/537.36; compatible; OAI-SearchBot/1.3; robots.txt; +https://openai.com/searchbot"
74.7.243.236 - - [02/Mar/2026:04:41:15 +0000] "GET /whsy.php?p=%2Fproc%2F3851 HTTP/2.0" 200 830 "https://23rdbank.com.lab2454.com/whsy.php?p=%2Fproc%2F26917%2F.." "Mozilla/5.0 AppleWebKit/537.36 (KHTML, like Gecko; compatible; GPTBot/1.3; +https://openai.com/gptbot)"
74.7.243.219 - - [02/Mar/2026:04:41:57 +0000] "GET /whsy.php?p=%2Fproc%2F27696%2Fmap_files HTTP/2.0" 200 830 "https://www.23rdbank.com.lab2454.com/whsy.php?p=%2Fproc%2F27696" "Mozilla/5.0 AppleWebKit/537.36 (KHTML, like Gecko; compatible; GPTBot/1.3; +https://openai.com/gptbot)"
74.7.242.17 - - [02/Mar/2026:04:42:09 +0000] "GET /whsy.php?p=%2Fproc%2F29460%2Ffd HTTP/2.0" 200 830 "https://23rdbank.com/whsy.php?p=%2Fproc%2F29460" "Mozilla/5.0 AppleWebKit/537.36 (KHTML, like Gecko; compatible; GPTBot/1.3; +https://openai.com/gptbot)"
74.7.243.236 - - [02/Mar/2026:04:42:11 +0000] "GET /whsy.php?p=%2Fproc%2F8709 HTTP/2.0" 200 830 "https://23rdbank.com.lab2454.com/whsy.php?p=%2Fproc%2F12635%2F.." "Mozilla/5.0 AppleWebKit/537.36 (KHTML, like Gecko; compatible; GPTBot/1.3; +https://openai.com/gptbot)"
74.7.243.219 - - [02/Mar/2026:04:43:44 +0000] "GET /whsy.php?p=%2Fproc%2F19201%2Fmap_files HTTP/2.0" 200 830 "https://www.23rdbank.com.lab2454.com/whsy.php?p=%2Fproc%2F19201" "Mozilla/5.0 AppleWebKit/537.36 (KHTML, like Gecko; compatible; GPTBot/1.3; +https://openai.com/gptbot)"
74.7.242.17 - - [02/Mar/2026:04:43:49 +0000] "GET /whsy.php?p=%2Fproc%2F29455%2Fns HTTP/2.0" 200 830 "https://23rdbank.com/whsy.php?p=%2Fproc%2F29455" "Mozilla/5.0 AppleWebKit/537.36 (KHTML, like Gecko; compatible; GPTBot/1.3; +https://openai.com/gptbot)"
74.7.243.236 - - [02/Mar/2026:04:43:50 +0000] "GET /whsy.php?p=%2Fproc%2F1048 HTTP/2.0" 200 830 "https://23rdbank.com.lab2454.com/whsy.php?p=%2Fproc%2F25364%2F.." "Mozilla/5.0 AppleWebKit/537.36 (KHTML, like Gecko; compatible; GPTBot/1.3; +https://openai.com/gptbot)"
74.7.243.219 - - [02/Mar/2026:04:45:26 +0000] "GET /whsy.php?p=%2Fproc%2F31382%2Fmap_files HTTP/2.0" 200 830 "https://www.23rdbank.com.lab2454.com/whsy.php?p=%2Fproc%2F31382" "Mozilla/5.0 AppleWebKit/537.36 (KHTML, like Gecko; compatible; GPTBot/1.3; +https://openai.com/gptbot)"
74.7.244.47 - - [02/Mar/2026:04:45:27 +0000] "GET /robots.txt HTTP/2.0" 404 - "-" "Mozilla/5.0 (Macintosh; Intel Mac OS X 10_15_7) AppleWebKit/537.36 (KHTML, like Gecko) Chrome/131.0.0.0 Safari/537.36; compatible; OAI-SearchBot/1.3; robots.txt; +https://openai.com/searchbot"
74.7.242.17 - - [02/Mar/2026:04:45:29 +0000] "GET /whsy.php?p=%2Fproc%2F29461%2Fns HTTP/2.0" 200 830 "https://23rdbank.com/whsy.php?p=%2Fproc%2F29461" "Mozilla/5.0 AppleWebKit/537.36 (KHTML, like Gecko; compatible; GPTBot/1.3; +https://openai.com/gptbot)"
74.7.243.236 - - [02/Mar/2026:04:45:38 +0000] "GET /whsy.php?p=%2Fproc%2F7840 HTTP/2.0" 200 830 "https://23rdbank.com.lab2454.com/whsy.php?p=%2Fproc%2F24535%2F.." "Mozilla/5.0 AppleWebKit/537.36 (KHTML, like Gecko; compatible; GPTBot/1.3; +https://openai.com/gptbot)"
74.7.241.183 - - [02/Mar/2026:04:45:39 +0000] "GET /robots.txt HTTP/2.0" 404 - "-" "Mozilla/5.0 (Macintosh; Intel Mac OS X 10_15_7) AppleWebKit/537.36 (KHTML, like Gecko) Chrome/131.0.0.0 Safari/537.36; compatible; OAI-SearchBot/1.3; robots.txt; +https://openai.com/searchbot"
74.7.243.219 - - [02/Mar/2026:04:48:03 +0000] "GET /whsy.php?e=icmp&p=%2Fproc%2F29462%2Fnet HTTP/2.0" 200 830 "https://www.23rdbank.com.lab2454.com/whsy.php?p=%2Fproc%2F29462%2Fnet" "Mozilla/5.0 AppleWebKit/537.36 (KHTML, like Gecko; compatible; GPTBot/1.3; +https://openai.com/gptbot)"
74.7.242.17 - - [02/Mar/2026:04:48:31 +0000] "GET /whsy.php?p=%2Fproc%2F14665%2Fns HTTP/2.0" 200 830 "https://23rdbank.com/whsy.php?p=%2Fproc%2F14665" "Mozilla/5.0 AppleWebKit/537.36 (KHTML, like Gecko; compatible; GPTBot/1.3; +https://openai.com/gptbot)"
74.7.228.34 - - [02/Mar/2026:04:48:31 +0000] "GET /robots.txt HTTP/2.0" 404 - "-" "Mozilla/5.0 (Macintosh; Intel Mac OS X 10_15_7) AppleWebKit/537.36 (KHTML, like Gecko) Chrome/131.0.0.0 Safari/537.36; compatible; OAI-SearchBot/1.3; robots.txt; +https://openai.com/searchbot"
74.7.243.236 - - [02/Mar/2026:04:48:32 +0000] "GET /whsy.php?p=%2Fproc%2F7711 HTTP/2.0" 200 830 "https://23rdbank.com.lab2454.com/whsy.php?p=%2Fproc%2F9764%2F.." "Mozilla/5.0 AppleWebKit/537.36 (KHTML, like Gecko; compatible; GPTBot/1.3; +https://openai.com/gptbot)"
74.7.243.219 - - [02/Mar/2026:04:50:28 +0000] "GET /whsy.php?e=snmp&p=%2Fproc%2F29459%2Fnet HTTP/2.0" 200 830 "https://www.23rdbank.com.lab2454.com/whsy.php?p=%2Fproc%2F29459%2Fnet" "Mozilla/5.0 AppleWebKit/537.36 (KHTML, like Gecko; compatible; GPTBot/1.3; +https://openai.com/gptbot)"
74.7.244.47 - - [02/Mar/2026:04:50:28 +0000] "GET /robots.txt HTTP/2.0" 404 - "-" "Mozilla/5.0 (Macintosh; Intel Mac OS X 10_15_7) AppleWebKit/537.36 (KHTML, like Gecko) Chrome/131.0.0.0 Safari/537.36; compatible; OAI-SearchBot/1.3; robots.txt; +https://openai.com/searchbot"
74.7.242.17 - - [02/Mar/2026:04:51:21 +0000] "GET /whsy.php?p=%2Fproc%2F13097%2Ffd HTTP/2.0" 200 830 "https://23rdbank.com/whsy.php?p=%2Fproc%2F13097" "Mozilla/5.0 AppleWebKit/537.36 (KHTML, like Gecko; compatible; GPTBot/1.3; +https://openai.com/gptbot)"
74.7.243.236 - - [02/Mar/2026:04:51:22 +0000] "GET /whsy.php?p=%2Fproc%2F3086 HTTP/2.0" 200 830 "https://23rdbank.com.lab2454.com/whsy.php?p=%2Fproc%2F16231%2F.." "Mozilla/5.0 AppleWebKit/537.36 (KHTML, like Gecko; compatible; GPTBot/1.3; +https://openai.com/gptbot)"
74.7.241.183 - - [02/Mar/2026:04:51:22 +0000] "GET /robots.txt HTTP/2.0" 404 - "-" "Mozilla/5.0 (Macintosh; Intel Mac OS X 10_15_7) AppleWebKit/537.36 (KHTML, like Gecko) Chrome/131.0.0.0 Safari/537.36; compatible; OAI-SearchBot/1.3; robots.txt; +https://openai.com/searchbot"
74.7.243.219 - - [02/Mar/2026:04:52:59 +0000] "GET /whsy.php?e=snmp&p=%2Fproc%2F29455%2Fnet HTTP/2.0" 200 830 "https://www.23rdbank.com.lab2454.com/whsy.php?p=%2Fproc%2F29455%2Fnet" "Mozilla/5.0 AppleWebKit/537.36 (KHTML, like Gecko; compatible; GPTBot/1.3; +https://openai.com/gptbot)"
74.7.242.17 - - [02/Mar/2026:04:53:31 +0000] "GET /whsy.php?p=%2Fproc%2F29451%2Ffd HTTP/2.0" 200 830 "https://23rdbank.com/whsy.php?p=%2Fproc%2F29451" "Mozilla/5.0 AppleWebKit/537.36 (KHTML, like Gecko; compatible; GPTBot/1.3; +https://openai.com/gptbot)"
74.7.228.34 - - [02/Mar/2026:04:53:31 +0000] "GET /robots.txt HTTP/2.0" 404 - "-" "Mozilla/5.0 (Macintosh; Intel Mac OS X 10_15_7) AppleWebKit/537.36 (KHTML, like Gecko) Chrome/131.0.0.0 Safari/537.36; compatible; OAI-SearchBot/1.3; robots.txt; +https://openai.com/searchbot"
74.7.243.236 - - [02/Mar/2026:04:53:32 +0000] "GET /whsy.php?p=%2Fproc%2F5237 HTTP/2.0" 200 830 "https://23rdbank.com.lab2454.com/whsy.php?p=%2Fproc%2F9764%2F.." "Mozilla/5.0 AppleWebKit/537.36 (KHTML, like Gecko; compatible; GPTBot/1.3; +https://openai.com/gptbot)"
74.7.243.219 - - [02/Mar/2026:04:55:20 +0000] "GET /whsy.php?e=snmp&p=%2Fproc%2F29464%2Fnet HTTP/2.0" 200 830 "https://www.23rdbank.com.lab2454.com/whsy.php?p=%2Fproc%2F29464%2Fnet" "Mozilla/5.0 AppleWebKit/537.36 (KHTML, like Gecko; compatible; GPTBot/1.3; +https://openai.com/gptbot)"
74.7.242.17 - - [02/Mar/2026:04:56:04 +0000] "GET /whsy.php?p=%2Fproc%2F14665%2Ffd HTTP/2.0" 200 830 "https://23rdbank.com/whsy.php?p=%2Fproc%2F14665" "Mozilla/5.0 AppleWebKit/537.36 (KHTML, like Gecko; compatible; GPTBot/1.3; +https://openai.com/gptbot)"
74.7.243.236 - - [02/Mar/2026:04:56:05 +0000] "GET /whsy.php?p=%2Fproc%2F6068 HTTP/2.0" 200 830 "https://23rdbank.com.lab2454.com/whsy.php?p=%2Fproc%2F27565%2F.." "Mozilla/5.0 AppleWebKit/537.36 (KHTML, like Gecko; compatible; GPTBot/1.3; +https://openai.com/gptbot)"
74.7.243.219 - - [02/Mar/2026:04:57:22 +0000] "GET /whsy.php?e=icmp&p=%2Fproc%2F29452%2Fnet HTTP/2.0" 200 830 "https://www.23rdbank.com.lab2454.com/whsy.php?p=%2Fproc%2F29452%2Fnet" "Mozilla/5.0 AppleWebKit/537.36 (KHTML, like Gecko; compatible; GPTBot/1.3; +https://openai.com/gptbot)"
74.7.244.47 - - [02/Mar/2026:04:57:22 +0000] "GET /robots.txt HTTP/2.0" 404 - "-" "Mozilla/5.0 (Macintosh; Intel Mac OS X 10_15_7) AppleWebKit/537.36 (KHTML, like Gecko) Chrome/131.0.0.0 Safari/537.36; compatible; OAI-SearchBot/1.3; robots.txt; +https://openai.com/searchbot"
74.7.242.17 - - [02/Mar/2026:04:57:46 +0000] "GET /whsy.php?e=mountinfo&p=%2Fproc%2F11119 HTTP/2.0" 200 830 "https://23rdbank.com/whsy.php?p=%2Fproc%2F11119" "Mozilla/5.0 AppleWebKit/537.36 (KHTML, like Gecko; compatible; GPTBot/1.3; +https://openai.com/gptbot)"
74.7.243.236 - - [02/Mar/2026:04:57:46 +0000] "GET /whsy.php?p=%2Fproc%2F1088 HTTP/2.0" 200 830 "https://23rdbank.com.lab2454.com/whsy.php?p=%2Fproc%2F15054%2F.." "Mozilla/5.0 AppleWebKit/537.36 (KHTML, like Gecko; compatible; GPTBot/1.3; +https://openai.com/gptbot)"
74.7.241.183 - - [02/Mar/2026:04:57:47 +0000] "GET /robots.txt HTTP/2.0" 404 - "-" "Mozilla/5.0 (Macintosh; Intel Mac OS X 10_15_7) AppleWebKit/537.36 (KHTML, like Gecko) Chrome/131.0.0.0 Safari/537.36; compatible; OAI-SearchBot/1.3; robots.txt; +https://openai.com/searchbot"
74.7.243.219 - - [02/Mar/2026:04:58:28 +0000] "GET /whsy.php?p=%2Fproc%2F29452%2Fmap_files HTTP/2.0" 200 830 "https://www.23rdbank.com.lab2454.com/whsy.php?p=%2Fproc%2F29452" "Mozilla/5.0 AppleWebKit/537.36 (KHTML, like Gecko; compatible; GPTBot/1.3; +https://openai.com/gptbot)"
74.7.242.17 - - [02/Mar/2026:04:58:40 +0000] "GET /whsy.php?p=%2Fhome%2Flab2454c%2Fsothebankuab.com%2Fwp-content%2Fplugins%2Felementor%2Fcore%2Fdocument-types%2F.. HTTP/2.0" 200 1028 "https://23rdbank.com/whsy.php?e=post.php&p=%2Fhome%2Flab2454c%2Fsothebankuab.com%2Fwp-content%2Fplugins%2Felementor%2Fcore%2Fdocument-types" "Mozilla/5.0 AppleWebKit/537.36 (KHTML, like Gecko; compatible; GPTBot/1.3; +https://openai.com/gptbot)"
74.7.228.34 - - [02/Mar/2026:04:58:41 +0000] "GET /robots.txt HTTP/2.0" 404 - "-" "Mozilla/5.0 (Macintosh; Intel Mac OS X 10_15_7) AppleWebKit/537.36 (KHTML, like Gecko) Chrome/131.0.0.0 Safari/537.36; compatible; OAI-SearchBot/1.3; robots.txt; +https://openai.com/searchbot"
74.7.243.236 - - [02/Mar/2026:04:58:41 +0000] "GET /whsy.php?p=%2Fproc%2F3381 HTTP/2.0" 200 830 "https://23rdbank.com.lab2454.com/whsy.php?p=%2Fproc%2F13638%2F.." "Mozilla/5.0 AppleWebKit/537.36 (KHTML, like Gecko; compatible; GPTBot/1.3; +https://openai.com/gptbot)"
74.7.243.219 - - [02/Mar/2026:04:59:36 +0000] "GET /whsy.php?p=%2Fproc%2F29462%2Fmap_files HTTP/2.0" 200 830 "https://www.23rdbank.com.lab2454.com/whsy.php?p=%2Fproc%2F29462" "Mozilla/5.0 AppleWebKit/537.36 (KHTML, like Gecko; compatible; GPTBot/1.3; +https://openai.com/gptbot)"
74.7.242.17 - - [02/Mar/2026:04:59:56 +0000] "GET /whsy.php?p=%2Fproc%2F29451%2Ffdinfo HTTP/2.0" 200 830 "https://23rdbank.com/whsy.php?p=%2Fproc%2F29451" "Mozilla/5.0 AppleWebKit/537.36 (KHTML, like Gecko; compatible; GPTBot/1.3; +https://openai.com/gptbot)"
74.7.243.236 - - [02/Mar/2026:04:59:57 +0000] "GET /whsy.php?p=%2Fproc%2F5944 HTTP/2.0" 200 1935 "https://23rdbank.com.lab2454.com/whsy.php?e=4879&p=%2Fproc" "Mozilla/5.0 AppleWebKit/537.36 (KHTML, like Gecko; compatible; GPTBot/1.3; +https://openai.com/gptbot)"
135.181.213.219 - - [02/Mar/2026:05:00:22 +0000] "GET /robots.txt HTTP/1.1" 404 - "-" "Mozilla/5.0 (compatible; MJ12bot/v1.4.8; http://mj12bot.com/)"
135.181.213.219 - - [02/Mar/2026:05:00:23 +0000] "GET /whsy.php?p=/home/lab2454c/aficbgroup.com/wp-includes/certificates/.. HTTP/1.1" 200 8377 "-" "Mozilla/5.0 (compatible; MJ12bot/v1.4.8; http://mj12bot.com/)"
135.181.213.219 - - [02/Mar/2026:05:00:25 +0000] "GET /whsy.php?p=/home/lab2454c/aficbgroup.com/wp-includes/interactivity-api/.. HTTP/1.1" 200 8377 "-" "Mozilla/5.0 (compatible; MJ12bot/v1.4.8; http://mj12bot.com/)"
135.181.213.219 - - [02/Mar/2026:05:00:27 +0000] "GET /whsy.php?p=/home/lab2454c/aficbgroup.com/wp-includes/php-compat/.. HTTP/1.1" 200 8377 "-" "Mozilla/5.0 (compatible; MJ12bot/v1.4.8; http://mj12bot.com/)"
135.181.213.219 - - [02/Mar/2026:05:00:28 +0000] "GET /whsy.php?p=/home/lab2454c/archfort.com/wp-includes/Requests/.. HTTP/1.1" 200 8803 "-" "Mozilla/5.0 (compatible; MJ12bot/v1.4.8; http://mj12bot.com/)"
135.181.213.219 - - [02/Mar/2026:05:00:30 +0000] "GET /whsy.php?p=/home/lab2454c/archfort.com/wp-includes/Requests/library HTTP/1.1" 200 747 "-" "Mozilla/5.0 (compatible; MJ12bot/v1.4.8; http://mj12bot.com/)"
74.7.243.219 - - [02/Mar/2026:05:00:31 +0000] "GET /whsy.php?e=projid_map&p=%2Fproc%2F29463 HTTP/2.0" 200 830 "https://www.23rdbank.com.lab2454.com/whsy.php?p=%2Fproc%2F29463" "Mozilla/5.0 AppleWebKit/537.36 (KHTML, like Gecko; compatible; GPTBot/1.3; +https://openai.com/gptbot)"
135.181.213.219 - - [02/Mar/2026:05:00:32 +0000] "GET /whsy.php?p=/home/lab2454c/archfort.com/wp-includes/Requests/src HTTP/1.1" 200 1289 "-" "Mozilla/5.0 (compatible; MJ12bot/v1.4.8; http://mj12bot.com/)"
135.181.213.219 - - [02/Mar/2026:05:00:33 +0000] "GET /whsy.php?p=/home/lab2454c/archfort.com/wp-includes/certificates/.. HTTP/1.1" 200 8803 "-" "Mozilla/5.0 (compatible; MJ12bot/v1.4.8; http://mj12bot.com/)"
135.181.213.219 - - [02/Mar/2026:05:00:35 +0000] "GET /whsy.php?p=/home/lab2454c/archfort.com/wp-includes/php-compat/.. HTTP/1.1" 200 8803 "-" "Mozilla/5.0 (compatible; MJ12bot/v1.4.8; http://mj12bot.com/)"
135.181.213.219 - - [02/Mar/2026:05:00:37 +0000] "GET /whsy.php?p=/home/lab2454c/archswipe.com/wp-includes/block-bindings/.. HTTP/1.1" 200 8531 "-" "Mozilla/5.0 (compatible; MJ12bot/v1.4.8; http://mj12bot.com/)"
135.181.213.219 - - [02/Mar/2026:05:00:39 +0000] "GET /whsy.php?p=/home/lab2454c/archswipe.com/wp-includes/certificates/.. HTTP/1.1" 200 8531 "-" "Mozilla/5.0 (compatible; MJ12bot/v1.4.8; http://mj12bot.com/)"
135.181.213.219 - - [02/Mar/2026:05:00:40 +0000] "GET /whsy.php?p=/home/lab2454c/archswipe.com/wp-includes/interactivity-api/.. HTTP/1.1" 200 8531 "-" "Mozilla/5.0 (compatible; MJ12bot/v1.4.8; http://mj12bot.com/)"
135.181.213.219 - - [02/Mar/2026:05:00:42 +0000] "GET /whsy.php?p=/home/lab2454c/argowells.com/wp-includes/Requests/.. HTTP/1.1" 200 8773 "-" "Mozilla/5.0 (compatible; MJ12bot/v1.4.8; http://mj12bot.com/)"
135.181.213.219 - - [02/Mar/2026:05:00:44 +0000] "GET /whsy.php?p=/home/lab2454c/argowells.com/wp-includes/Requests/library HTTP/1.1" 200 711 "-" "Mozilla/5.0 (compatible; MJ12bot/v1.4.8; http://mj12bot.com/)"
135.181.213.219 - - [02/Mar/2026:05:00:45 +0000] "GET /whsy.php?p=/home/lab2454c/argowells.com/wp-includes/Requests/src HTTP/1.1" 200 1261 "-" "Mozilla/5.0 (compatible; MJ12bot/v1.4.8; http://mj12bot.com/)"
135.181.213.219 - - [02/Mar/2026:05:00:47 +0000] "GET /whsy.php?p=/home/lab2454c/baas.elementalrock.com/wp-includes/assets/.. HTTP/1.1" 200 7655 "-" "Mozilla/5.0 (compatible; MJ12bot/v1.4.8; http://mj12bot.com/)"
135.181.213.219 - - [02/Mar/2026:05:00:49 +0000] "GET /whsy.php?p=/home/lab2454c/baas.elementalrock.com/wp-includes/certificates/.. HTTP/1.1" 200 7655 "-" "Mozilla/5.0 (compatible; MJ12bot/v1.4.8; http://mj12bot.com/)"
135.181.213.219 - - [02/Mar/2026:05:00:50 +0000] "GET /whsy.php?p=/home/lab2454c/baas.elementalrock.com/wp-includes/php-compat/.. HTTP/1.1" 200 7655 "-" "Mozilla/5.0 (compatible; MJ12bot/v1.4.8; http://mj12bot.com/)"
135.181.213.219 - - [02/Mar/2026:05:00:52 +0000] "GET /whsy.php?p=/home/lab2454c/bancmils.com/vendor/sebastian/.. HTTP/1.1" 200 1360 "-" "Mozilla/5.0 (compatible; MJ12bot/v1.4.8; http://mj12bot.com/)"
74.7.242.17 - - [02/Mar/2026:05:00:52 +0000] "GET /whsy.php?p=%2Fproc%2F20973%2Ffdinfo HTTP/2.0" 200 830 "https://23rdbank.com/whsy.php?p=%2Fproc%2F20973" "Mozilla/5.0 AppleWebKit/537.36 (KHTML, like Gecko; compatible; GPTBot/1.3; +https://openai.com/gptbot)"
74.7.243.236 - - [02/Mar/2026:05:00:53 +0000] "GET /whsy.php?p=%2Fproc%2F6547 HTTP/2.0" 200 830 "https://23rdbank.com.lab2454.com/whsy.php?p=%2Fproc%2F11339%2F.." "Mozilla/5.0 AppleWebKit/537.36 (KHTML, like Gecko; compatible; GPTBot/1.3; +https://openai.com/gptbot)"
135.181.213.219 - - [02/Mar/2026:05:00:54 +0000] "GET /whsy.php?p=/home/lab2454c/bancmils.com/vendor/sebastian/cli-parser HTTP/1.1" 200 897 "-" "Mozilla/5.0 (compatible; MJ12bot/v1.4.8; http://mj12bot.com/)"
135.181.213.219 - - [02/Mar/2026:05:00:55 +0000] "GET /whsy.php?p=/home/lab2454c/bancmils.com/vendor/sebastian/code-unit HTTP/1.1" 200 879 "-" "Mozilla/5.0 (compatible; MJ12bot/v1.4.8; http://mj12bot.com/)"
135.181.213.219 - - [02/Mar/2026:05:00:57 +0000] "GET /whsy.php?p=/home/lab2454c/bancmils.com/vendor/sebastian/code-unit-reverse-lookup HTTP/1.1" 200 881 "-" "Mozilla/5.0 (compatible; MJ12bot/v1.4.8; http://mj12bot.com/)"
135.181.213.219 - - [02/Mar/2026:05:00:59 +0000] "GET /whsy.php?p=/home/lab2454c/bancmils.com/vendor/sebastian/comparator HTTP/1.1" 200 865 "-" "Mozilla/5.0 (compatible; MJ12bot/v1.4.8; http://mj12bot.com/)"
135.181.213.219 - - [02/Mar/2026:05:01:00 +0000] "GET /whsy.php?p=/home/lab2454c/bancmils.com/vendor/sebastian/complexity HTTP/1.1" 200 879 "-" "Mozilla/5.0 (compatible; MJ12bot/v1.4.8; http://mj12bot.com/)"
135.181.213.219 - - [02/Mar/2026:05:01:02 +0000] "GET /whsy.php?p=/home/lab2454c/bancmils.com/vendor/sebastian/diff HTTP/1.1" 200 866 "-" "Mozilla/5.0 (compatible; MJ12bot/v1.4.8; http://mj12bot.com/)"
135.181.213.219 - - [02/Mar/2026:05:01:04 +0000] "GET /whsy.php?p=/home/lab2454c/bancmils.com/vendor/sebastian/environment HTTP/1.1" 200 869 "-" "Mozilla/5.0 (compatible; MJ12bot/v1.4.8; http://mj12bot.com/)"
135.181.213.219 - - [02/Mar/2026:05:01:05 +0000] "GET /whsy.php?p=/home/lab2454c/bancmils.com/vendor/sebastian/exporter HTTP/1.1" 200 863 "-" "Mozilla/5.0 (compatible; MJ12bot/v1.4.8; http://mj12bot.com/)"
74.7.243.219 - - [02/Mar/2026:05:01:06 +0000] "GET /whsy.php?e=projid_map&p=%2Fproc%2F28316 HTTP/2.0" 200 830 "https://www.23rdbank.com.lab2454.com/whsy.php?p=%2Fproc%2F28316" "Mozilla/5.0 AppleWebKit/537.36 (KHTML, like Gecko; compatible; GPTBot/1.3; +https://openai.com/gptbot)"
135.181.213.219 - - [02/Mar/2026:05:01:07 +0000] "GET /whsy.php?p=/home/lab2454c/bancmils.com/vendor/sebastian/global-state HTTP/1.1" 200 871 "-" "Mozilla/5.0 (compatible; MJ12bot/v1.4.8; http://mj12bot.com/)"
135.181.213.219 - - [02/Mar/2026:05:01:09 +0000] "GET /whsy.php?p=/home/lab2454c/bancmils.com/vendor/sebastian/lines-of-code HTTP/1.1" 200 875 "-" "Mozilla/5.0 (compatible; MJ12bot/v1.4.8; http://mj12bot.com/)"
135.181.213.219 - - [02/Mar/2026:05:01:10 +0000] "GET /whsy.php?p=/home/lab2454c/bancmils.com/vendor/sebastian/object-enumerator HTTP/1.1" 200 912 "-" "Mozilla/5.0 (compatible; MJ12bot/v1.4.8; http://mj12bot.com/)"
135.181.213.219 - - [02/Mar/2026:05:01:12 +0000] "GET /whsy.php?p=/home/lab2454c/bancmils.com/vendor/sebastian/object-reflector HTTP/1.1" 200 877 "-" "Mozilla/5.0 (compatible; MJ12bot/v1.4.8; http://mj12bot.com/)"
135.181.213.219 - - [02/Mar/2026:05:01:14 +0000] "GET /whsy.php?p=/home/lab2454c/bancmils.com/vendor/sebastian/recursion-context HTTP/1.1" 200 884 "-" "Mozilla/5.0 (compatible; MJ12bot/v1.4.8; http://mj12bot.com/)"
135.181.213.219 - - [02/Mar/2026:05:01:16 +0000] "GET /whsy.php?p=/home/lab2454c/bancmils.com/vendor/sebastian/resource-operations HTTP/1.1" 200 948 "-" "Mozilla/5.0 (compatible; MJ12bot/v1.4.8; http://mj12bot.com/)"
135.181.213.219 - - [02/Mar/2026:05:01:17 +0000] "GET /whsy.php?p=/home/lab2454c/bancmils.com/vendor/sebastian/type HTTP/1.1" 200 862 "-" "Mozilla/5.0 (compatible; MJ12bot/v1.4.8; http://mj12bot.com/)"
135.181.213.219 - - [02/Mar/2026:05:01:19 +0000] "GET /whsy.php?p=/home/lab2454c/bancmils.com/vendor/sebastian/version HTTP/1.1" 200 929 "-" "Mozilla/5.0 (compatible; MJ12bot/v1.4.8; http://mj12bot.com/)"
74.7.242.17 - - [02/Mar/2026:05:01:19 +0000] "GET /whsy.php?p=%2Fproc%2F29456%2Ffdinfo HTTP/2.0" 200 830 "https://23rdbank.com/whsy.php?p=%2Fproc%2F29456" "Mozilla/5.0 AppleWebKit/537.36 (KHTML, like Gecko; compatible; GPTBot/1.3; +https://openai.com/gptbot)"
135.181.213.219 - - [02/Mar/2026:05:01:20 +0000] "GET /whsy.php?p=/home/lab2454c/bullionmills.com/wp-includes/PHPMailer/.. HTTP/1.1" 200 8087 "-" "Mozilla/5.0 (compatible; MJ12bot/v1.4.8; http://mj12bot.com/)"
135.181.213.219 - - [02/Mar/2026:05:01:22 +0000] "GET /whsy.php?p=/home/lab2454c/bullionmills.com/wp-includes/certificates/.. HTTP/1.1" 200 8087 "-" "Mozilla/5.0 (compatible; MJ12bot/v1.4.8; http://mj12bot.com/)"
74.7.243.236 - - [02/Mar/2026:05:01:22 +0000] "GET /whsy.php?p=%2Fproc%2F5317 HTTP/2.0" 200 830 "https://23rdbank.com.lab2454.com/whsy.php?p=%2Fproc%2F10978%2F.." "Mozilla/5.0 AppleWebKit/537.36 (KHTML, like Gecko; compatible; GPTBot/1.3; +https://openai.com/gptbot)"
135.181.213.219 - - [02/Mar/2026:05:01:24 +0000] "GET /whsy.php?p=/home/lab2454c/bullionmills.com/wp-includes/html-api/.. HTTP/1.1" 200 8087 "-" "Mozilla/5.0 (compatible; MJ12bot/v1.4.8; http://mj12bot.com/)"
135.181.213.219 - - [02/Mar/2026:05:01:25 +0000] "GET /whsy.php?p=/home/lab2454c/bullionmills.com/wp-includes/php-compat/.. HTTP/1.1" 200 8087 "-" "Mozilla/5.0 (compatible; MJ12bot/v1.4.8; http://mj12bot.com/)"
135.181.213.219 - - [02/Mar/2026:05:01:27 +0000] "GET /whsy.php?p=/home/lab2454c/caimegroup.com/wp-admin_old/user/.. HTTP/1.1" 200 3505 "-" "Mozilla/5.0 (compatible; MJ12bot/v1.4.8; http://mj12bot.com/)"
135.181.213.219 - - [02/Mar/2026:05:01:29 +0000] "GET /whsy.php?p=/home/lab2454c/caimegroup.com/wp-includes_old/certificates/.. HTTP/1.1" 200 8392 "-" "Mozilla/5.0 (compatible; MJ12bot/v1.4.8; http://mj12bot.com/)"
135.181.213.219 - - [02/Mar/2026:05:01:30 +0000] "GET /whsy.php?p=/home/lab2454c/caimegroup.com/wp-includes_old/php-compat/.. HTTP/1.1" 200 8392 "-" "Mozilla/5.0 (compatible; MJ12bot/v1.4.8; http://mj12bot.com/)"
135.181.213.219 - - [02/Mar/2026:05:01:32 +0000] "GET /whsy.php?p=/home/lab2454c/carbonbullion.com/wp-includes/certificates/.. HTTP/1.1" 200 8380 "-" "Mozilla/5.0 (compatible; MJ12bot/v1.4.8; http://mj12bot.com/)"
135.181.213.219 - - [02/Mar/2026:05:01:34 +0000] "GET /whsy.php?p=/home/lab2454c/carbonbullion.com/wp-includes/php-compat/.. HTTP/1.1" 200 8380 "-" "Mozilla/5.0 (compatible; MJ12bot/v1.4.8; http://mj12bot.com/)"
74.7.243.219 - - [02/Mar/2026:05:01:35 +0000] "GET /whsy.php?e=projid_map&p=%2Fproc%2F29460 HTTP/2.0" 200 830 "https://www.23rdbank.com.lab2454.com/whsy.php?p=%2Fproc%2F29460" "Mozilla/5.0 AppleWebKit/537.36 (KHTML, like Gecko; compatible; GPTBot/1.3; +https://openai.com/gptbot)"
135.181.213.219 - - [02/Mar/2026:05:01:36 +0000] "GET /whsy.php?p=/home/lab2454c/carbonbullion.net/wp-includes/certificates/.. HTTP/1.1" 200 8542 "-" "Mozilla/5.0 (compatible; MJ12bot/v1.4.8; http://mj12bot.com/)"
135.181.213.219 - - [02/Mar/2026:05:01:37 +0000] "GET /whsy.php?p=/home/lab2454c/carbonbullionexchange.com/wp-includes/block-bindings/.. HTTP/1.1" 200 8536 "-" "Mozilla/5.0 (compatible; MJ12bot/v1.4.8; http://mj12bot.com/)"
135.181.213.219 - - [02/Mar/2026:05:01:39 +0000] "GET /whsy.php?p=/home/lab2454c/cbcei.com/wp-includes/block-bindings/.. HTTP/1.1" 200 8542 "-" "Mozilla/5.0 (compatible; MJ12bot/v1.4.8; http://mj12bot.com/)"
135.181.213.219 - - [02/Mar/2026:05:01:41 +0000] "GET /whsy.php?p=/home/lab2454c/cbcei.com/wp-includes/interactivity-api/.. HTTP/1.1" 200 8542 "-" "Mozilla/5.0 (compatible; MJ12bot/v1.4.8; http://mj12bot.com/)"
135.181.213.219 - - [02/Mar/2026:05:01:42 +0000] "GET /whsy.php?p=/home/lab2454c/cbcei.com/wp-includes/php-compat/.. HTTP/1.1" 200 8542 "-" "Mozilla/5.0 (compatible; MJ12bot/v1.4.8; http://mj12bot.com/)"
135.181.213.219 - - [02/Mar/2026:05:01:44 +0000] "GET /whsy.php?p=/home/lab2454c/christianitybank.com/wp-includes/Text/.. HTTP/1.1" 200 8504 "-" "Mozilla/5.0 (compatible; MJ12bot/v1.4.8; http://mj12bot.com/)"
135.181.213.219 - - [02/Mar/2026:05:01:46 +0000] "GET /whsy.php?p=/home/lab2454c/christianitybank.com/wp-includes/Text/Diff HTTP/1.1" 200 737 "-" "Mozilla/5.0 (compatible; MJ12bot/v1.4.8; http://mj12bot.com/)"
135.181.213.219 - - [02/Mar/2026:05:01:47 +0000] "GET /whsy.php?p=/home/lab2454c/christianitybank.com/wp-includes/block-bindings/.. HTTP/1.1" 200 8504 "-" "Mozilla/5.0 (compatible; MJ12bot/v1.4.8; http://mj12bot.com/)"
135.181.213.219 - - [02/Mar/2026:05:01:49 +0000] "GET /whsy.php?p=/home/lab2454c/christianitybank.com/wp-includes/interactivity-api/.. HTTP/1.1" 200 8504 "-" "Mozilla/5.0 (compatible; MJ12bot/v1.4.8; http://mj12bot.com/)"
135.181.213.219 - - [02/Mar/2026:05:01:51 +0000] "GET /whsy.php?p=/home/lab2454c/christianitybank.com/wp-includes/php-compat/.. HTTP/1.1" 200 8504 "-" "Mozilla/5.0 (compatible; MJ12bot/v1.4.8; http://mj12bot.com/)"
135.181.213.219 - - [02/Mar/2026:05:01:52 +0000] "GET /whsy.php?p=/home/lab2454c/climatefinancebank.com/wp-includes/block-bindings/.. HTTP/1.1" 200 8399 "-" "Mozilla/5.0 (compatible; MJ12bot/v1.4.8; http://mj12bot.com/)"
135.181.213.219 - - [02/Mar/2026:05:01:54 +0000] "GET /whsy.php?p=/home/lab2454c/climatefinancebank.com/wp-includes/php-compat/.. HTTP/1.1" 200 8399 "-" "Mozilla/5.0 (compatible; MJ12bot/v1.4.8; http://mj12bot.com/)"
135.181.213.219 - - [02/Mar/2026:05:01:56 +0000] "GET /whsy.php?p=/home/lab2454c/costbloc.com/Modules/FormBuilder/.. HTTP/1.1" 200 1194 "-" "Mozilla/5.0 (compatible; MJ12bot/v1.4.8; http://mj12bot.com/)"
135.181.213.219 - - [02/Mar/2026:05:01:57 +0000] "GET /whsy.php?p=/home/lab2454c/costbloc.com/Modules/FormBuilder/Config HTTP/1.1" 200 709 "-" "Mozilla/5.0 (compatible; MJ12bot/v1.4.8; http://mj12bot.com/)"
135.181.213.219 - - [02/Mar/2026:05:01:59 +0000] "GET /whsy.php?p=/home/lab2454c/costbloc.com/Modules/FormBuilder/DataTables HTTP/1.1" 200 790 "-" "Mozilla/5.0 (compatible; MJ12bot/v1.4.8; http://mj12bot.com/)"
135.181.213.219 - - [02/Mar/2026:05:02:01 +0000] "GET /whsy.php?p=/home/lab2454c/costbloc.com/Modules/FormBuilder/Database HTTP/1.1" 200 561 "-" "Mozilla/5.0 (compatible; MJ12bot/v1.4.8; http://mj12bot.com/)"
135.181.213.219 - - [02/Mar/2026:05:02:02 +0000] "GET /whsy.php?p=/home/lab2454c/costbloc.com/Modules/FormBuilder/Entities HTTP/1.1" 200 747 "-" "Mozilla/5.0 (compatible; MJ12bot/v1.4.8; http://mj12bot.com/)"
135.181.213.219 - - [02/Mar/2026:05:02:04 +0000] "GET /whsy.php?p=/home/lab2454c/costbloc.com/Modules/FormBuilder/Events HTTP/1.1" 200 543 "-" "Mozilla/5.0 (compatible; MJ12bot/v1.4.8; http://mj12bot.com/)"
135.181.213.219 - - [02/Mar/2026:05:02:06 +0000] "GET /whsy.php?p=/home/lab2454c/costbloc.com/Modules/FormBuilder/Filters HTTP/1.1" 200 752 "-" "Mozilla/5.0 (compatible; MJ12bot/v1.4.8; http://mj12bot.com/)"
135.181.213.219 - - [02/Mar/2026:05:02:07 +0000] "GET /whsy.php?p=/home/lab2454c/costbloc.com/Modules/FormBuilder/Http HTTP/1.1" 200 575 "-" "Mozilla/5.0 (compatible; MJ12bot/v1.4.8; http://mj12bot.com/)"
74.7.242.17 - - [02/Mar/2026:05:02:08 +0000] "GET /whsy.php?p=%2Fproc%2F29460%2Ffdinfo HTTP/2.0" 200 830 "https://23rdbank.com/whsy.php?p=%2Fproc%2F29460" "Mozilla/5.0 AppleWebKit/537.36 (KHTML, like Gecko; compatible; GPTBot/1.3; +https://openai.com/gptbot)"
135.181.213.219 - - [02/Mar/2026:05:02:09 +0000] "GET /whsy.php?p=/home/lab2454c/costbloc.com/Modules/FormBuilder/Providers HTTP/1.1" 200 721 "-" "Mozilla/5.0 (compatible; MJ12bot/v1.4.8; http://mj12bot.com/)"
74.7.243.236 - - [02/Mar/2026:05:02:09 +0000] "GET /whsy.php?p=%2Fproc%2F5737 HTTP/2.0" 200 830 "https://23rdbank.com.lab2454.com/whsy.php?p=%2Fproc%2F11802%2F.." "Mozilla/5.0 AppleWebKit/537.36 (KHTML, like Gecko; compatible; GPTBot/1.3; +https://openai.com/gptbot)"
135.181.213.219 - - [02/Mar/2026:05:02:11 +0000] "GET /whsy.php?p=/home/lab2454c/costbloc.com/Modules/FormBuilder/Resources HTTP/1.1" 200 567 "-" "Mozilla/5.0 (compatible; MJ12bot/v1.4.8; http://mj12bot.com/)"
135.181.213.219 - - [02/Mar/2026:05:02:12 +0000] "GET /whsy.php?p=/home/lab2454c/costbloc.com/Modules/FormBuilder/Routes HTTP/1.1" 200 709 "-" "Mozilla/5.0 (compatible; MJ12bot/v1.4.8; http://mj12bot.com/)"
135.181.213.219 - - [02/Mar/2026:05:02:14 +0000] "GET /whsy.php?p=/home/lab2454c/costbloc.com/Modules/FormBuilder/Services HTTP/1.1" 200 753 "-" "Mozilla/5.0 (compatible; MJ12bot/v1.4.8; http://mj12bot.com/)"
135.181.213.219 - - [02/Mar/2026:05:02:16 +0000] "GET /whsy.php?p=/home/lab2454c/costbloc.com/Modules/FormBuilder/Traits HTTP/1.1" 200 715 "-" "Mozilla/5.0 (compatible; MJ12bot/v1.4.8; http://mj12bot.com/)"
135.181.213.219 - - [02/Mar/2026:05:02:18 +0000] "GET /whsy.php?p=/home/lab2454c/costbloc.com/Modules/Gateway/.. HTTP/1.1" 200 1194 "-" "Mozilla/5.0 (compatible; MJ12bot/v1.4.8; http://mj12bot.com/)"
135.181.213.219 - - [02/Mar/2026:05:02:19 +0000] "GET /whsy.php?p=/home/lab2454c/costbloc.com/Modules/Gateway/Config HTTP/1.1" 200 706 "-" "Mozilla/5.0 (compatible; MJ12bot/v1.4.8; http://mj12bot.com/)"
135.181.213.219 - - [02/Mar/2026:05:02:21 +0000] "GET /whsy.php?p=/home/lab2454c/costbloc.com/Modules/Gateway/Contracts HTTP/1.1" 200 943 "-" "Mozilla/5.0 (compatible; MJ12bot/v1.4.8; http://mj12bot.com/)"
135.181.213.219 - - [02/Mar/2026:05:02:23 +0000] "GET /whsy.php?p=/home/lab2454c/costbloc.com/Modules/Gateway/Entities HTTP/1.1" 200 832 "-" "Mozilla/5.0 (compatible; MJ12bot/v1.4.8; http://mj12bot.com/)"
135.181.213.219 - - [02/Mar/2026:05:02:24 +0000] "GET /whsy.php?p=/home/lab2454c/incforce.com/wp-includes/Text/Diff HTTP/1.1" 200 728 "-" "Mozilla/5.0 (compatible; MJ12bot/v1.4.8; http://mj12bot.com/)"
74.7.243.219 - - [02/Mar/2026:05:02:25 +0000] "GET /whsy.php?e=projid_map&p=%2Fproc%2F29456 HTTP/2.0" 200 830 "https://www.23rdbank.com.lab2454.com/whsy.php?p=%2Fproc%2F29456" "Mozilla/5.0 AppleWebKit/537.36 (KHTML, like Gecko; compatible; GPTBot/1.3; +https://openai.com/gptbot)"
74.7.244.47 - - [02/Mar/2026:05:02:25 +0000] "GET /robots.txt HTTP/2.0" 404 - "-" "Mozilla/5.0 (Macintosh; Intel Mac OS X 10_15_7) AppleWebKit/537.36 (KHTML, like Gecko) Chrome/131.0.0.0 Safari/537.36; compatible; OAI-SearchBot/1.3; robots.txt; +https://openai.com/searchbot"
135.181.213.219 - - [02/Mar/2026:05:02:26 +0000] "GET /whsy.php?p=/home/lab2454c/incforce.com/wp-includes/block-bindings/.. HTTP/1.1" 200 8521 "-" "Mozilla/5.0 (compatible; MJ12bot/v1.4.8; http://mj12bot.com/)"
135.181.213.219 - - [02/Mar/2026:05:02:28 +0000] "GET /whsy.php?p=/home/lab2454c/incforce.com/wp-includes/certificates/.. HTTP/1.1" 200 8521 "-" "Mozilla/5.0 (compatible; MJ12bot/v1.4.8; http://mj12bot.com/)"
135.181.213.219 - - [02/Mar/2026:05:02:29 +0000] "GET /whsy.php?p=/home/lab2454c/incforce.com/wp-includes/php-compat/.. HTTP/1.1" 200 8521 "-" "Mozilla/5.0 (compatible; MJ12bot/v1.4.8; http://mj12bot.com/)"
135.181.213.219 - - [02/Mar/2026:05:02:31 +0000] "GET /whsy.php?p=/home/lab2454c/invest.credityork.com/wp-includes/Requests/.. HTTP/1.1" 200 8356 "-" "Mozilla/5.0 (compatible; MJ12bot/v1.4.8; http://mj12bot.com/)"
74.7.242.17 - - [02/Mar/2026:05:02:33 +0000] "GET /whsy.php?p=%2Fproc%2F29461%2Ffdinfo HTTP/2.0" 200 830 "https://23rdbank.com/whsy.php?p=%2Fproc%2F29461" "Mozilla/5.0 AppleWebKit/537.36 (KHTML, like Gecko; compatible; GPTBot/1.3; +https://openai.com/gptbot)"
135.181.213.219 - - [02/Mar/2026:05:02:33 +0000] "GET /whsy.php?p=/home/lab2454c/invest.credityork.com/wp-includes/Requests/library HTTP/1.1" 200 717 "-" "Mozilla/5.0 (compatible; MJ12bot/v1.4.8; http://mj12bot.com/)"
135.181.213.219 - - [02/Mar/2026:05:02:35 +0000] "GET /whsy.php?p=/home/lab2454c/invest.credityork.com/wp-includes/Requests/src HTTP/1.1" 200 1269 "-" "Mozilla/5.0 (compatible; MJ12bot/v1.4.8; http://mj12bot.com/)"
135.181.213.219 - - [02/Mar/2026:05:02:36 +0000] "GET /whsy.php?p=/home/lab2454c/invest.credityork.com/wp-includes/Text/.. HTTP/1.1" 200 8356 "-" "Mozilla/5.0 (compatible; MJ12bot/v1.4.8; http://mj12bot.com/)"
74.7.243.236 - - [02/Mar/2026:05:02:38 +0000] "GET /whsy.php?p=%2Fproc%2F5367 HTTP/2.0" 200 830 "https://23rdbank.com.lab2454.com/whsy.php?p=%2Fproc%2F29547%2F.." "Mozilla/5.0 AppleWebKit/537.36 (KHTML, like Gecko; compatible; GPTBot/1.3; +https://openai.com/gptbot)"
135.181.213.219 - - [02/Mar/2026:05:02:38 +0000] "GET /whsy.php?p=/home/lab2454c/invest.credityork.com/wp-includes/Text/Diff HTTP/1.1" 200 737 "-" "Mozilla/5.0 (compatible; MJ12bot/v1.4.8; http://mj12bot.com/)"
135.181.213.219 - - [02/Mar/2026:05:02:40 +0000] "GET /whsy.php?p=/home/lab2454c/invest.credityork.com/wp-includes/block-bindings/.. HTTP/1.1" 200 8356 "-" "Mozilla/5.0 (compatible; MJ12bot/v1.4.8; http://mj12bot.com/)"
135.181.213.219 - - [02/Mar/2026:05:02:41 +0000] "GET /whsy.php?p=/home/lab2454c/invest.westernclear.com/wp-includes/Requests/.. HTTP/1.1" 200 8812 "-" "Mozilla/5.0 (compatible; MJ12bot/v1.4.8; http://mj12bot.com/)"
135.181.213.219 - - [02/Mar/2026:05:02:43 +0000] "GET /whsy.php?p=/home/lab2454c/invest.westernclear.com/wp-includes/Requests/library HTTP/1.1" 200 718 "-" "Mozilla/5.0 (compatible; MJ12bot/v1.4.8; http://mj12bot.com/)"
135.181.213.219 - - [02/Mar/2026:05:02:45 +0000] "GET /whsy.php?p=/home/lab2454c/invest.westernclear.com/wp-includes/Requests/src HTTP/1.1" 200 1271 "-" "Mozilla/5.0 (compatible; MJ12bot/v1.4.8; http://mj12bot.com/)"
135.181.213.219 - - [02/Mar/2026:05:02:46 +0000] "GET /whsy.php?p=/home/lab2454c/netxzero.com/wp-includes/certificates/.. HTTP/1.1" 200 7671 "-" "Mozilla/5.0 (compatible; MJ12bot/v1.4.8; http://mj12bot.com/)"
135.181.213.219 - - [02/Mar/2026:05:02:48 +0000] "GET /whsy.php?p=/home/lab2454c/omvstudio.com/vendor/sebastian/.. HTTP/1.1" 200 1218 "-" "Mozilla/5.0 (compatible; MJ12bot/v1.4.8; http://mj12bot.com/)"
74.7.243.219 - - [02/Mar/2026:05:02:50 +0000] "GET /whsy.php?e=projid_map&p=%2Fproc%2F24183 HTTP/2.0" 200 830 "https://www.23rdbank.com.lab2454.com/whsy.php?p=%2Fproc%2F24183" "Mozilla/5.0 AppleWebKit/537.36 (KHTML, like Gecko; compatible; GPTBot/1.3; +https://openai.com/gptbot)"
135.181.213.219 - - [02/Mar/2026:05:02:50 +0000] "GET /whsy.php?p=/home/lab2454c/omvstudio.com/vendor/sebastian/cli-parser HTTP/1.1" 200 866 "-" "Mozilla/5.0 (compatible; MJ12bot/v1.4.8; http://mj12bot.com/)"
135.181.213.219 - - [02/Mar/2026:05:02:51 +0000] "GET /whsy.php?p=/home/lab2454c/omvstudio.com/vendor/sebastian/code-unit HTTP/1.1" 200 844 "-" "Mozilla/5.0 (compatible; MJ12bot/v1.4.8; http://mj12bot.com/)"
135.181.213.219 - - [02/Mar/2026:05:02:53 +0000] "GET /whsy.php?p=/home/lab2454c/omvstudio.com/vendor/sebastian/code-unit-reverse-lookup HTTP/1.1" 200 848 "-" "Mozilla/5.0 (compatible; MJ12bot/v1.4.8; http://mj12bot.com/)"
135.181.213.219 - - [02/Mar/2026:05:02:55 +0000] "GET /whsy.php?p=/home/lab2454c/omvstudio.com/vendor/sebastian/comparator HTTP/1.1" 200 832 "-" "Mozilla/5.0 (compatible; MJ12bot/v1.4.8; http://mj12bot.com/)"
135.181.213.219 - - [02/Mar/2026:05:02:56 +0000] "GET /whsy.php?p=/home/lab2454c/omvstudio.com/vendor/sebastian/complexity HTTP/1.1" 200 844 "-" "Mozilla/5.0 (compatible; MJ12bot/v1.4.8; http://mj12bot.com/)"
135.181.213.219 - - [02/Mar/2026:05:02:58 +0000] "GET /whsy.php?p=/home/lab2454c/omvstudio.com/vendor/sebastian/diff HTTP/1.1" 200 830 "-" "Mozilla/5.0 (compatible; MJ12bot/v1.4.8; http://mj12bot.com/)"
135.181.213.219 - - [02/Mar/2026:05:03:00 +0000] "GET /whsy.php?p=/home/lab2454c/omvstudio.com/vendor/sebastian/environment HTTP/1.1" 200 834 "-" "Mozilla/5.0 (compatible; MJ12bot/v1.4.8; http://mj12bot.com/)"
74.7.242.17 - - [02/Mar/2026:05:03:01 +0000] "GET /whsy.php?p=%2Fproc%2F29457%2Ffdinfo HTTP/2.0" 200 830 "https://23rdbank.com/whsy.php?p=%2Fproc%2F29457" "Mozilla/5.0 AppleWebKit/537.36 (KHTML, like Gecko; compatible; GPTBot/1.3; +https://openai.com/gptbot)"
135.181.213.219 - - [02/Mar/2026:05:03:01 +0000] "GET /whsy.php?p=/home/lab2454c/omvstudio.com/vendor/sebastian/exporter HTTP/1.1" 200 833 "-" "Mozilla/5.0 (compatible; MJ12bot/v1.4.8; http://mj12bot.com/)"
135.181.213.219 - - [02/Mar/2026:05:03:03 +0000] "GET /whsy.php?p=/home/lab2454c/omvstudio.com/vendor/sebastian/global-state HTTP/1.1" 200 837 "-" "Mozilla/5.0 (compatible; MJ12bot/v1.4.8; http://mj12bot.com/)"
135.181.213.219 - - [02/Mar/2026:05:03:05 +0000] "GET /whsy.php?p=/home/lab2454c/omvstudio.com/vendor/sebastian/lines-of-code HTTP/1.1" 200 845 "-" "Mozilla/5.0 (compatible; MJ12bot/v1.4.8; http://mj12bot.com/)"
135.181.213.219 - - [02/Mar/2026:05:03:06 +0000] "GET /whsy.php?p=/home/lab2454c/omvstudio.com/vendor/sebastian/object-enumerator HTTP/1.1" 200 880 "-" "Mozilla/5.0 (compatible; MJ12bot/v1.4.8; http://mj12bot.com/)"
74.7.243.236 - - [02/Mar/2026:05:03:07 +0000] "GET /whsy.php?p=%2Fproc%2F2363 HTTP/2.0" 200 830 "https://23rdbank.com.lab2454.com/whsy.php?p=%2Fproc%2F14225%2F.." "Mozilla/5.0 AppleWebKit/537.36 (KHTML, like Gecko; compatible; GPTBot/1.3; +https://openai.com/gptbot)"
74.7.241.183 - - [02/Mar/2026:05:03:07 +0000] "GET /robots.txt HTTP/2.0" 404 - "-" "Mozilla/5.0 (Macintosh; Intel Mac OS X 10_15_7) AppleWebKit/537.36 (KHTML, like Gecko) Chrome/131.0.0.0 Safari/537.36; compatible; OAI-SearchBot/1.3; robots.txt; +https://openai.com/searchbot"
135.181.213.219 - - [02/Mar/2026:05:03:08 +0000] "GET /whsy.php?p=/home/lab2454c/omvstudio.com/vendor/sebastian/object-reflector HTTP/1.1" 200 849 "-" "Mozilla/5.0 (compatible; MJ12bot/v1.4.8; http://mj12bot.com/)"
135.181.213.219 - - [02/Mar/2026:05:03:10 +0000] "GET /whsy.php?p=/home/lab2454c/omvstudio.com/vendor/sebastian/recursion-context HTTP/1.1" 200 850 "-" "Mozilla/5.0 (compatible; MJ12bot/v1.4.8; http://mj12bot.com/)"
135.181.213.219 - - [02/Mar/2026:05:03:12 +0000] "GET /whsy.php?p=/home/lab2454c/omvstudio.com/vendor/sebastian/resource-operations HTTP/1.1" 200 917 "-" "Mozilla/5.0 (compatible; MJ12bot/v1.4.8; http://mj12bot.com/)"
135.181.213.219 - - [02/Mar/2026:05:03:13 +0000] "GET /whsy.php?p=/home/lab2454c/omvstudio.com/vendor/sebastian/type HTTP/1.1" 200 829 "-" "Mozilla/5.0 (compatible; MJ12bot/v1.4.8; http://mj12bot.com/)"
135.181.213.219 - - [02/Mar/2026:05:03:15 +0000] "GET /whsy.php?p=/home/lab2454c/omvstudio.com/vendor/sebastian/version HTTP/1.1" 200 898 "-" "Mozilla/5.0 (compatible; MJ12bot/v1.4.8; http://mj12bot.com/)"
135.181.213.219 - - [02/Mar/2026:05:03:17 +0000] "GET /whsy.php?p=/home/lab2454c/public_html/wp-includes/assets/.. HTTP/1.1" 200 8614 "-" "Mozilla/5.0 (compatible; MJ12bot/v1.4.8; http://mj12bot.com/)"
135.181.213.219 - - [02/Mar/2026:05:03:18 +0000] "GET /whsy.php?p=/home/lab2454c/public_html/wp-includes/block-patterns/.. HTTP/1.1" 200 8614 "-" "Mozilla/5.0 (compatible; MJ12bot/v1.4.8; http://mj12bot.com/)"
135.181.213.219 - - [02/Mar/2026:05:03:20 +0000] "GET /whsy.php?p=/home/lab2454c/public_html/wp-includes/rest-api/.. HTTP/1.1" 200 8614 "-" "Mozilla/5.0 (compatible; MJ12bot/v1.4.8; http://mj12bot.com/)"
135.181.213.219 - - [02/Mar/2026:05:03:22 +0000] "GET /whsy.php?p=/home/lab2454c/public_html/wp-includes/rest-api/endpoints HTTP/1.1" 200 1960 "-" "Mozilla/5.0 (compatible; MJ12bot/v1.4.8; http://mj12bot.com/)"
135.181.213.219 - - [02/Mar/2026:05:03:24 +0000] "GET /whsy.php?p=/home/lab2454c/public_html/wp-includes/rest-api/fields HTTP/1.1" 200 874 "-" "Mozilla/5.0 (compatible; MJ12bot/v1.4.8; http://mj12bot.com/)"
135.181.213.219 - - [02/Mar/2026:05:03:25 +0000] "GET /whsy.php?p=/home/lab2454c/public_html/wp-includes/rest-api/search HTTP/1.1" 200 846 "-" "Mozilla/5.0 (compatible; MJ12bot/v1.4.8; http://mj12bot.com/)"
135.181.213.219 - - [02/Mar/2026:05:03:27 +0000] "GET /whsy.php?p=/home/lab2454c/public_html/wp-includes/sitemaps/.. HTTP/1.1" 200 8614 "-" "Mozilla/5.0 (compatible; MJ12bot/v1.4.8; http://mj12bot.com/)"
135.181.213.219 - - [02/Mar/2026:05:03:29 +0000] "GET /whsy.php?p=/home/lab2454c/public_html/wp-includes/sitemaps/providers HTTP/1.1" 200 823 "-" "Mozilla/5.0 (compatible; MJ12bot/v1.4.8; http://mj12bot.com/)"
135.181.213.219 - - [02/Mar/2026:05:03:30 +0000] "GET /whsy.php?p=/home/lab2454c/public_html/wp-includes/sodium_compat/.. HTTP/1.1" 200 8614 "-" "Mozilla/5.0 (compatible; MJ12bot/v1.4.8; http://mj12bot.com/)"
135.181.213.219 - - [02/Mar/2026:05:03:32 +0000] "GET /whsy.php?p=/home/lab2454c/public_html/wp-includes/sodium_compat/lib HTTP/1.1" 200 993 "-" "Mozilla/5.0 (compatible; MJ12bot/v1.4.8; http://mj12bot.com/)"
